Jun 30 21:13:41.042720 np0000004037 devstack@g-api.service[99517]: DEBUG glance_store.backend [-] Registering store swift with schemes ('swift+https', 'swift', 'swift+http', 'swift+config') {{(pid=99517) create_stores /opt/stack/data/venv/lib/python3.12/site-packages/glance_store/backend.py:261}}
Jun 30 21:13:41.042784 np0000004037 devstack@g-api.service[99517]: DEBUG glance_store.driver [-] Late loading location class glance_store._drivers.swift.store.StoreLocation {{(pid=99517) get_store_location_class /opt/stack/data/venv/lib/python3.12/site-packages/glance_store/driver.py:134}}
Jun 30 21:13:41.042851 np0000004037 devstack@g-api.service[99517]: DEBUG glance_store.location [-] Registering scheme swift+https with {'store': , 'location_class': , 'store_entry': 'swift'} {{(pid=99517) register_scheme_map /opt/stack/data/venv/lib/python3.12/site-packages/glance_store/location.py:146}}
Jun 30 21:13:41.042926 np0000004037 devstack@g-api.service[99517]: DEBUG glance_store.location [-] Registering scheme swift with {'store': , 'location_class': , 'store_entry': 'swift'} {{(pid=99517) register_scheme_map /opt/stack/data/venv/lib/python3.12/site-packages/glance_store/location.py:146}}
Jun 30 21:13:41.042991 np0000004037 devstack@g-api.service[99517]: DEBUG glance_store.location [-] Registering scheme swift+http with {'store': , 'location_class': , 'store_entry': 'swift'} {{(pid=99517) register_scheme_map /opt/stack/data/venv/lib/python3.12/site-packages/glance_store/location.py:146}}
Jun 30 21:13:41.043045 np0000004037 devstack@g-api.service[99517]: DEBUG glance_store.location [-] Registering scheme swift+config with {'store': , 'location_class': , 'store_entry': 'swift'} {{(pid=99517) register_scheme_map /opt/stack/data/venv/lib/python3.12/site-packages/glance_store/location.py:146}}
Jun 30 21:13:41.043095 np0000004037 devstack@g-api.service[99517]: DEBUG glance_store.backend [-] Attempting to import store file {{(pid=99517) _load_store /opt/stack/data/venv/lib/python3.12/site-packages/glance_store/backend.py:215}}
Jun 30 21:13:41.043561 np0000004037 devstack@g-api.service[99517]: DEBUG glance_store.capabilities [-] Store glance_store._drivers.filesystem.Store doesn't support updating dynamic storage capabilities. Please overwrite 'update_capabilities' method of the store to implement updating logics if needed. {{(pid=99517) update_capabilities /opt/stack/data/venv/lib/python3.12/site-packages/glance_store/capabilities.py:91}}
Jun 30 21:13:41.043604 np0000004037 devstack@g-api.service[99517]: DEBUG glance_store.backend [-] Registering store file with schemes ('file', 'filesystem') {{(pid=99517) create_stores /opt/stack/data/venv/lib/python3.12/site-packages/glance_store/backend.py:261}}
Jun 30 21:13:41.043691 np0000004037 devstack@g-api.service[99517]: DEBUG glance_store.driver [-] Late loading location class glance_store._drivers.filesystem.StoreLocation {{(pid=99517) get_store_location_class /opt/stack/data/venv/lib/python3.12/site-packages/glance_store/driver.py:134}}
Jun 30 21:13:41.043754 np0000004037 devstack@g-api.service[99517]: DEBUG glance_store.location [-] Registering scheme file with {'store': , 'location_class': , 'store_entry': 'file'} {{(pid=99517) register_scheme_map /opt/stack/data/venv/lib/python3.12/site-packages/glance_store/location.py:146}}
Jun 30 21:13:41.043798 np0000004037 devstack@g-api.service[99517]: DEBUG glance_store.location [-] Registering scheme filesystem with {'store': , 'location_class': , 'store_entry': 'file'} {{(pid=99517) register_scheme_map /opt/stack/data/venv/lib/python3.12/site-packages/glance_store/location.py:146}}
Jun 30 21:13:41.043897 np0000004037 devstack@g-api.service[99517]: DEBUG glance_store.backend [-] Attempting to import store swift {{(pid=99517) _load_store /opt/stack/data/venv/lib/python3.12/site-packages/glance_store/backend.py:215}}
Jun 30 21:13:41.044891 np0000004037 devstack@g-api.service[99517]: DEBUG glance_store.capabilities [-] Store glance_store._drivers.swift.store.SingleTenantStore doesn't support updating dynamic storage capabilities. Please overwrite 'update_capabilities' method of the store to implement updating logics if needed. {{(pid=99517) update_capabilities /opt/stack/data/venv/lib/python3.12/site-packages/glance_store/capabilities.py:91}}
Jun 30 21:13:41.044938 np0000004037 devstack@g-api.service[99517]: DEBUG glance_store.driver [-] Late loading location class glance_store._drivers.swift.store.StoreLocation {{(pid=99517) get_store_location_class /opt/stack/data/venv/lib/python3.12/site-packages/glance_store/driver.py:134}}
Jun 30 21:13:41.045006 np0000004037 devstack@g-api.service[99517]: DEBUG glance_store.location [-] Registering scheme swift+https with {'store': , 'location_class': , 'store_entry': 'swift'} {{(pid=99517) register_scheme_map /opt/stack/data/venv/lib/python3.12/site-packages/glance_store/location.py:146}}
Jun 30 21:13:41.045057 np0000004037 devstack@g-api.service[99517]: DEBUG glance_store.location [-] Registering scheme swift+https with {'store': , 'location_class': , 'store_entry': 'swift'} {{(pid=99517) register_scheme_map /opt/stack/data/venv/lib/python3.12/site-packages/glance_store/location.py:146}}
Jun 30 21:13:41.045107 np0000004037 devstack@g-api.service[99517]: DEBUG glance_store.location [-] Registering scheme swift with {'store': , 'location_class': , 'store_entry': 'swift'} {{(pid=99517) register_scheme_map /opt/stack/data/venv/lib/python3.12/site-packages/glance_store/location.py:146}}
Jun 30 21:13:41.045160 np0000004037 devstack@g-api.service[99517]: DEBUG glance_store.location [-] Registering scheme swift+https with {'store': , 'location_class': , 'store_entry': 'swift'} {{(pid=99517) register_scheme_map /opt/stack/data/venv/lib/python3.12/site-packages/glance_store/location.py:146}}
Jun 30 21:13:41.045192 np0000004037 devstack@g-api.service[99517]: DEBUG glance_store.location [-] Registering scheme swift with {'store': , 'location_class': , 'store_entry': 'swift'} {{(pid=99517) register_scheme_map /opt/stack/data/venv/lib/python3.12/site-packages/glance_store/location.py:146}}
Jun 30 21:13:41.045252 np0000004037 devstack@g-api.service[99517]: DEBUG glance_store.location [-] Registering scheme swift+http with {'store': , 'location_class': , 'store_entry': 'swift'} {{(pid=99517) register_scheme_map /opt/stack/data/venv/lib/python3.12/site-packages/glance_store/location.py:146}}
Jun 30 21:13:41.045297 np0000004037 devstack@g-api.service[99517]: DEBUG glance_store.location [-] Registering scheme swift+https with {'store': , 'location_class': , 'store_entry': 'swift'} {{(pid=99517) register_scheme_map /opt/stack/data/venv/lib/python3.12/site-packages/glance_store/location.py:146}}
Jun 30 21:13:41.045344 np0000004037 devstack@g-api.service[99517]: DEBUG glance_store.location [-] Registering scheme swift with {'store': , 'location_class': , 'store_entry': 'swift'} {{(pid=99517) register_scheme_map /opt/stack/data/venv/lib/python3.12/site-packages/glance_store/location.py:146}}
Jun 30 21:13:41.045404 np0000004037 devstack@g-api.service[99517]: DEBUG glance_store.location [-] Registering scheme swift+http with {'store': , 'location_class': , 'store_entry': 'swift'} {{(pid=99517) register_scheme_map /opt/stack/data/venv/lib/python3.12/site-packages/glance_store/location.py:146}}
Jun 30 21:13:41.045455 np0000004037 devstack@g-api.service[99517]: DEBUG glance_store.location [-] Registering scheme swift+config with {'store': , 'location_class': , 'store_entry': 'swift'} {{(pid=99517) register_scheme_map /opt/stack/data/venv/lib/python3.12/site-packages/glance_store/location.py:146}}
Jun 30 21:13:41.045747 np0000004037 devstack@g-api.service[99517]: DEBUG glance.sqlite_migration [-] SQLite caching database not located, skipping migration {{(pid=99517) get_db_path /opt/stack/glance/glance/sqlite_migration.py:68}}
Jun 30 21:13:41.045924 np0000004037 devstack@g-api.service[99517]: WARNING glance.common.wsgi_app [-] Import methods are enabled but staging directory /tmp/staging/ does not exist; Imports will fail!
Jun 30 21:13:41.148382 np0000004037 devstack@g-api.service[99518]: DEBUG glance.common.config [None req-b7d7a5f3-135d-4a01-a2d4-29bfb9a0394a None None] Loading glance-api-keystone+cachemanagement from /etc/glance/glance-api-paste.ini {{(pid=99518) load_paste_app /opt/stack/glance/glance/common/config.py:759}}
Jun 30 21:13:41.152425 np0000004037 devstack@g-api.service[99521]: DEBUG glance.common.config [None req-3d87e671-0a31-4f41-a583-d0ecf3503db5 None None] Loading glance-api-keystone+cachemanagement from /etc/glance/glance-api-paste.ini {{(pid=99521) load_paste_app /opt/stack/glance/glance/common/config.py:759}}
Jun 30 21:13:41.174592 np0000004037 devstack@g-api.service[99517]: DEBUG glance.common.config [None req-b7d5166d-d475-4a11-ad62-d9e8818224ef None None] Loading glance-api-keystone+cachemanagement from /etc/glance/glance-api-paste.ini {{(pid=99517) load_paste_app /opt/stack/glance/glance/common/config.py:759}}
Jun 30 21:13:41.752410 np0000004037 devstack@g-api.service[99517]: INFO glance.image_cache [None req-b7d5166d-d475-4a11-ad62-d9e8818224ef None None] Image cache loaded driver 'centralized_db'.
Jun 30 21:13:41.753983 np0000004037 devstack@g-api.service[99518]: INFO glance.image_cache [None req-b7d7a5f3-135d-4a01-a2d4-29bfb9a0394a None None] Image cache loaded driver 'centralized_db'.
Jun 30 21:13:41.757308 np0000004037 devstack@g-api.service[99521]: INFO glance.image_cache [None req-3d87e671-0a31-4f41-a583-d0ecf3503db5 None None] Image cache loaded driver 'centralized_db'.
Jun 30 21:13:41.794989 np0000004037 devstack@g-api.service[99517]: INFO dbcounter [None req-b7d5166d-d475-4a11-ad62-d9e8818224ef None None] Registered counter for database glance
Jun 30 21:13:41.797111 np0000004037 devstack@g-api.service[99518]: INFO dbcounter [None req-b7d7a5f3-135d-4a01-a2d4-29bfb9a0394a None None] Registered counter for database glance
Jun 30 21:13:41.800318 np0000004037 devstack@g-api.service[99521]: INFO dbcounter [None req-3d87e671-0a31-4f41-a583-d0ecf3503db5 None None] Registered counter for database glance
Jun 30 21:13:41.835832 np0000004037 devstack@g-api.service[99517]: DEBUG oslo_db.sqlalchemy.engines [None req-b7d5166d-d475-4a11-ad62-d9e8818224ef None None] MySQL server mode set to STRICT_TRANS_TABLES,STRICT_ALL_TABLES,NO_ZERO_IN_DATE,NO_ZERO_DATE,ERROR_FOR_DIVISION_BY_ZERO,TRADITIONAL,NO_ENGINE_SUBSTITUTION {{(pid=99517) _check_effective_sql_mode /opt/stack/data/venv/lib/python3.12/site-packages/oslo_db/sqlalchemy/engines.py:325}}
Jun 30 21:13:41.838998 np0000004037 devstack@g-api.service[99518]: DEBUG oslo_db.sqlalchemy.engines [None req-b7d7a5f3-135d-4a01-a2d4-29bfb9a0394a None None] MySQL server mode set to STRICT_TRANS_TABLES,STRICT_ALL_TABLES,NO_ZERO_IN_DATE,NO_ZERO_DATE,ERROR_FOR_DIVISION_BY_ZERO,TRADITIONAL,NO_ENGINE_SUBSTITUTION {{(pid=99518) _check_effective_sql_mode /opt/stack/data/venv/lib/python3.12/site-packages/oslo_db/sqlalchemy/engines.py:325}}
Jun 30 21:13:41.842181 np0000004037 devstack@g-api.service[99521]: DEBUG oslo_db.sqlalchemy.engines [None req-3d87e671-0a31-4f41-a583-d0ecf3503db5 None None] MySQL server mode set to STRICT_TRANS_TABLES,STRICT_ALL_TABLES,NO_ZERO_IN_DATE,NO_ZERO_DATE,ERROR_FOR_DIVISION_BY_ZERO,TRADITIONAL,NO_ENGINE_SUBSTITUTION {{(pid=99521) _check_effective_sql_mode /opt/stack/data/venv/lib/python3.12/site-packages/oslo_db/sqlalchemy/engines.py:325}}
Jun 30 21:13:41.858101 np0000004037 devstack@g-api.service[99517]: DEBUG dbcounter [-] [99517] Writer thread running {{(pid=99517) stat_writer /opt/stack/data/venv/lib/python3.12/site-packages/dbcounter.py:102}}
Jun 30 21:13:41.860506 np0000004037 devstack@g-api.service[99518]: DEBUG dbcounter [-] [99518] Writer thread running {{(pid=99518) stat_writer /opt/stack/data/venv/lib/python3.12/site-packages/dbcounter.py:102}}
Jun 30 21:13:41.864533 np0000004037 devstack@g-api.service[99518]: DEBUG glance.image_cache.drivers.centralized_db [None req-b7d7a5f3-135d-4a01-a2d4-29bfb9a0394a None None] Node reference is already recorded, ignoring it {{(pid=99518) configure /opt/stack/glance/glance/image_cache/drivers/centralized_db.py:71}}
Jun 30 21:13:41.864926 np0000004037 devstack@g-api.service[99521]: DEBUG dbcounter [-] [99521] Writer thread running {{(pid=99521) stat_writer /opt/stack/data/venv/lib/python3.12/site-packages/dbcounter.py:102}}
Jun 30 21:13:41.867730 np0000004037 devstack@g-api.service[99521]: DEBUG glance.image_cache.drivers.centralized_db [None req-3d87e671-0a31-4f41-a583-d0ecf3503db5 None None] Node reference is already recorded, ignoring it {{(pid=99521) configure /opt/stack/glance/glance/image_cache/drivers/centralized_db.py:71}}
Jun 30 21:13:41.870197 np0000004037 devstack@g-api.service[99517]: INFO glance.image_cache [None req-b7d5166d-d475-4a11-ad62-d9e8818224ef None None] Image cache loaded driver 'centralized_db'.
Jun 30 21:13:41.871134 np0000004037 devstack@g-api.service[99518]: INFO glance.image_cache [None req-b7d7a5f3-135d-4a01-a2d4-29bfb9a0394a None None] Image cache loaded driver 'centralized_db'.
Jun 30 21:13:41.873148 np0000004037 devstack@g-api.service[99521]: INFO glance.image_cache [None req-3d87e671-0a31-4f41-a583-d0ecf3503db5 None None] Image cache loaded driver 'centralized_db'.
Jun 30 21:13:41.878269 np0000004037 devstack@g-api.service[99517]: DEBUG glance.image_cache.drivers.centralized_db [None req-b7d5166d-d475-4a11-ad62-d9e8818224ef None None] Node reference is already recorded, ignoring it {{(pid=99517) configure /opt/stack/glance/glance/image_cache/drivers/centralized_db.py:71}}
Jun 30 21:13:41.882224 np0000004037 devstack@g-api.service[99521]: DEBUG glance.image_cache.drivers.centralized_db [None req-3d87e671-0a31-4f41-a583-d0ecf3503db5 None None] Node reference is already recorded, ignoring it {{(pid=99521) configure /opt/stack/glance/glance/image_cache/drivers/centralized_db.py:71}}
Jun 30 21:13:41.975036 np0000004037 devstack@g-api.service[99517]: DEBUG glance.api.v2.cached_images [None req-b7d5166d-d475-4a11-ad62-d9e8818224ef None None] Started cache worker thread {{(pid=99517) __init__ /opt/stack/glance/glance/api/v2/cached_images.py:69}}
Jun 30 21:13:41.975738 np0000004037 devstack@g-api.service[99517]: INFO glance.image_cache [None req-b7d5166d-d475-4a11-ad62-d9e8818224ef None None] Image cache loaded driver 'centralized_db'.
Jun 30 21:13:41.976899 np0000004037 devstack@g-api.service[99518]: DEBUG glance.image_cache.drivers.centralized_db [None req-b7d7a5f3-135d-4a01-a2d4-29bfb9a0394a None None] Node reference is already recorded, ignoring it {{(pid=99518) configure /opt/stack/glance/glance/image_cache/drivers/centralized_db.py:71}}
Jun 30 21:13:41.981935 np0000004037 devstack@g-api.service[99518]: DEBUG glance.api.v2.cached_images [None req-b7d7a5f3-135d-4a01-a2d4-29bfb9a0394a None None] Started cache worker thread {{(pid=99518) __init__ /opt/stack/glance/glance/api/v2/cached_images.py:69}}
Jun 30 21:13:41.982231 np0000004037 devstack@g-api.service[99517]: DEBUG glance.image_cache.drivers.centralized_db [None req-b7d5166d-d475-4a11-ad62-d9e8818224ef None None] Node reference is already recorded, ignoring it {{(pid=99517) configure /opt/stack/glance/glance/image_cache/drivers/centralized_db.py:71}}
Jun 30 21:13:41.982489 np0000004037 devstack@g-api.service[99518]: INFO glance.image_cache [None req-b7d7a5f3-135d-4a01-a2d4-29bfb9a0394a None None] Image cache loaded driver 'centralized_db'.
Jun 30 21:13:41.983343 np0000004037 devstack@g-api.service[99521]: DEBUG glance.api.v2.cached_images [None req-3d87e671-0a31-4f41-a583-d0ecf3503db5 None None] Started cache worker thread {{(pid=99521) __init__ /opt/stack/glance/glance/api/v2/cached_images.py:69}}
Jun 30 21:13:41.984048 np0000004037 devstack@g-api.service[99521]: INFO glance.image_cache [None req-3d87e671-0a31-4f41-a583-d0ecf3503db5 None None] Image cache loaded driver 'centralized_db'.
Jun 30 21:13:41.986560 np0000004037 devstack@g-api.service[99517]: INFO glance.api.middleware.cache_manage [None req-b7d5166d-d475-4a11-ad62-d9e8818224ef None None] Initialized image cache management middleware
Jun 30 21:13:41.986723 np0000004037 devstack@g-api.service[99517]: INFO glance.image_cache [None req-b7d5166d-d475-4a11-ad62-d9e8818224ef None None] Image cache loaded driver 'centralized_db'.
Jun 30 21:13:41.989447 np0000004037 devstack@g-api.service[99518]: DEBUG glance.image_cache.drivers.centralized_db [None req-b7d7a5f3-135d-4a01-a2d4-29bfb9a0394a None None] Node reference is already recorded, ignoring it {{(pid=99518) configure /opt/stack/glance/glance/image_cache/drivers/centralized_db.py:71}}
Jun 30 21:13:41.990266 np0000004037 devstack@g-api.service[99521]: DEBUG glance.image_cache.drivers.centralized_db [None req-3d87e671-0a31-4f41-a583-d0ecf3503db5 None None] Node reference is already recorded, ignoring it {{(pid=99521) configure /opt/stack/glance/glance/image_cache/drivers/centralized_db.py:71}}
Jun 30 21:13:41.993394 np0000004037 devstack@g-api.service[99517]: DEBUG glance.image_cache.drivers.centralized_db [None req-b7d5166d-d475-4a11-ad62-d9e8818224ef None None] Node reference is already recorded, ignoring it {{(pid=99517) configure /opt/stack/glance/glance/image_cache/drivers/centralized_db.py:71}}
Jun 30 21:13:41.994207 np0000004037 devstack@g-api.service[99518]: INFO glance.api.middleware.cache_manage [None req-b7d7a5f3-135d-4a01-a2d4-29bfb9a0394a None None] Initialized image cache management middleware
Jun 30 21:13:41.994413 np0000004037 devstack@g-api.service[99518]: INFO glance.image_cache [None req-b7d7a5f3-135d-4a01-a2d4-29bfb9a0394a None None] Image cache loaded driver 'centralized_db'.
Jun 30 21:13:41.994762 np0000004037 devstack@g-api.service[99521]: INFO glance.api.middleware.cache_manage [None req-3d87e671-0a31-4f41-a583-d0ecf3503db5 None None] Initialized image cache management middleware
Jun 30 21:13:41.994908 np0000004037 devstack@g-api.service[99521]: INFO glance.image_cache [None req-3d87e671-0a31-4f41-a583-d0ecf3503db5 None None] Image cache loaded driver 'centralized_db'.
Jun 30 21:13:41.996700 np0000004037 devstack@g-api.service[99517]: INFO glance.api.middleware.cache [None req-b7d5166d-d475-4a11-ad62-d9e8818224ef None None] Initialized image cache middleware
Jun 30 21:13:42.001909 np0000004037 devstack@g-api.service[99521]: DEBUG glance.image_cache.drivers.centralized_db [None req-3d87e671-0a31-4f41-a583-d0ecf3503db5 None None] Node reference is already recorded, ignoring it {{(pid=99521) configure /opt/stack/glance/glance/image_cache/drivers/centralized_db.py:71}}
Jun 30 21:13:42.002349 np0000004037 devstack@g-api.service[99518]: DEBUG glance.image_cache.drivers.centralized_db [None req-b7d7a5f3-135d-4a01-a2d4-29bfb9a0394a None None] Node reference is already recorded, ignoring it {{(pid=99518) configure /opt/stack/glance/glance/image_cache/drivers/centralized_db.py:71}}
Jun 30 21:13:42.006451 np0000004037 devstack@g-api.service[99521]: INFO glance.api.middleware.cache [None req-3d87e671-0a31-4f41-a583-d0ecf3503db5 None None] Initialized image cache middleware
Jun 30 21:13:42.006791 np0000004037 devstack@g-api.service[99518]: INFO glance.api.middleware.cache [None req-b7d7a5f3-135d-4a01-a2d4-29bfb9a0394a None None] Initialized image cache middleware
Jun 30 21:13:42.008757 np0000004037 devstack@g-api.service[99517]: DEBUG glance.common.config [None req-b7d5166d-d475-4a11-ad62-d9e8818224ef None None] ******************************************************************************** {{(pid=99517) log_opt_values /opt/stack/data/venv/lib/python3.12/site-packages/oslo_config/cfg.py:3226}}
Jun 30 21:13:42.008843 np0000004037 devstack@g-api.service[99517]: DEBUG glance.common.config [None req-b7d5166d-d475-4a11-ad62-d9e8818224ef None None] Configuration options gathered from: {{(pid=99517) log_opt_values /opt/stack/data/venv/lib/python3.12/site-packages/oslo_config/cfg.py:3227}}
Jun 30 21:13:42.009157 np0000004037 devstack@g-api.service[99517]: DEBUG glance.common.config [None req-b7d5166d-d475-4a11-ad62-d9e8818224ef None None] command line args: [] {{(pid=99517) log_opt_values /opt/stack/data/venv/lib/python3.12/site-packages/oslo_config/cfg.py:3228}}
Jun 30 21:13:42.009287 np0000004037 devstack@g-api.service[99517]: DEBUG glance.common.config [None req-b7d5166d-d475-4a11-ad62-d9e8818224ef None None] config files: ['/etc/glance/glance-image-import.conf', '/etc/glance/glance-api.conf'] {{(pid=99517) log_opt_values /opt/stack/data/venv/lib/python3.12/site-packages/oslo_config/cfg.py:3229}}
Jun 30 21:13:42.009321 np0000004037 devstack@g-api.service[99517]: DEBUG glance.common.config [None req-b7d5166d-d475-4a11-ad62-d9e8818224ef None None] ================================================================================ {{(pid=99517) log_opt_values /opt/stack/data/venv/lib/python3.12/site-packages/oslo_config/cfg.py:3234}}
Jun 30 21:13:42.009446 np0000004037 devstack@g-api.service[99517]: DEBUG glance.common.config [None req-b7d5166d-d475-4a11-ad62-d9e8818224ef None None] allow_anonymous_access = False {{(pid=99517) log_opt_values /opt/stack/data/venv/lib/python3.12/site-packages/oslo_config/cfg.py:3242}}
Jun 30 21:13:42.009549 np0000004037 devstack@g-api.service[99517]: DEBUG glance.common.config [None req-b7d5166d-d475-4a11-ad62-d9e8818224ef None None] api_limit_max = 1000 {{(pid=99517) log_opt_values /opt/stack/data/venv/lib/python3.12/site-packages/oslo_config/cfg.py:3242}}
Jun 30 21:13:42.009653 np0000004037 devstack@g-api.service[99517]: DEBUG glance.common.config [None req-b7d5166d-d475-4a11-ad62-d9e8818224ef None None] backlog = 4096 {{(pid=99517) log_opt_values /opt/stack/data/venv/lib/python3.12/site-packages/oslo_config/cfg.py:3242}}
Jun 30 21:13:42.009781 np0000004037 devstack@g-api.service[99517]: DEBUG glance.common.config [None req-b7d5166d-d475-4a11-ad62-d9e8818224ef None None] bind_host = 0.0.0.0 {{(pid=99517) log_opt_values /opt/stack/data/venv/lib/python3.12/site-packages/oslo_config/cfg.py:3242}}
Jun 30 21:13:42.009895 np0000004037 devstack@g-api.service[99517]: DEBUG glance.common.config [None req-b7d5166d-d475-4a11-ad62-d9e8818224ef None None] bind_port = 19292 {{(pid=99517) log_opt_values /opt/stack/data/venv/lib/python3.12/site-packages/oslo_config/cfg.py:3242}}
Jun 30 21:13:42.009987 np0000004037 devstack@g-api.service[99517]: DEBUG glance.common.config [None req-b7d5166d-d475-4a11-ad62-d9e8818224ef None None] client_socket_timeout = 900 {{(pid=99517) log_opt_values /opt/stack/data/venv/lib/python3.12/site-packages/oslo_config/cfg.py:3242}}
Jun 30 21:13:42.010047 np0000004037 devstack@g-api.service[99517]: DEBUG glance.common.config [None req-b7d5166d-d475-4a11-ad62-d9e8818224ef None None] config_dir = [] {{(pid=99517) log_opt_values /opt/stack/data/venv/lib/python3.12/site-packages/oslo_config/cfg.py:3242}}
Jun 30 21:13:42.010118 np0000004037 devstack@g-api.service[99517]: DEBUG glance.common.config [None req-b7d5166d-d475-4a11-ad62-d9e8818224ef None None] config_file = ['/etc/glance/glance-image-import.conf', '/etc/glance/glance-api.conf'] {{(pid=99517) log_opt_values /opt/stack/data/venv/lib/python3.12/site-packages/oslo_config/cfg.py:3242}}
Jun 30 21:13:42.010205 np0000004037 devstack@g-api.service[99517]: DEBUG glance.common.config [None req-b7d5166d-d475-4a11-ad62-d9e8818224ef None None] config_source = [] {{(pid=99517) log_opt_values /opt/stack/data/venv/lib/python3.12/site-packages/oslo_config/cfg.py:3242}}
Jun 30 21:13:42.010327 np0000004037 devstack@g-api.service[99517]: DEBUG glance.common.config [None req-b7d5166d-d475-4a11-ad62-d9e8818224ef None None] control_exchange = glance {{(pid=99517) log_opt_values /opt/stack/data/venv/lib/python3.12/site-packages/oslo_config/cfg.py:3242}}
Jun 30 21:13:42.010419 np0000004037 devstack@g-api.service[99517]: DEBUG glance.common.config [None req-b7d5166d-d475-4a11-ad62-d9e8818224ef None None] debug = True {{(pid=99517) log_opt_values /opt/stack/data/venv/lib/python3.12/site-packages/oslo_config/cfg.py:3242}}
Jun 30 21:13:42.010573 np0000004037 devstack@g-api.service[99517]: DEBUG glance.common.config [None req-b7d5166d-d475-4a11-ad62-d9e8818224ef None None] default_log_levels = ['amqp=WARN', 'boto=WARN', 'sqlalchemy=WARN', 'suds=INFO', 'oslo.messaging=INFO', 'oslo_messaging=INFO', 'iso8601=WARN', 'requests.packages.urllib3.connectionpool=WARN', 'urllib3.connectionpool=WARN', 'websocket=WARN', 'requests.packages.urllib3.util.retry=WARN', 'urllib3.util.retry=WARN', 'keystonemiddleware=WARN', 'routes.middleware=WARN', 'stevedore=WARN', 'taskflow=WARN', 'keystoneauth=WARN', 'oslo.cache=INFO', 'oslo_policy=INFO', 'dogpile.core.dogpile=INFO'] {{(pid=99517) log_opt_values /opt/stack/data/venv/lib/python3.12/site-packages/oslo_config/cfg.py:3242}}
Jun 30 21:13:42.010721 np0000004037 devstack@g-api.service[99517]: DEBUG glance.common.config [None req-b7d5166d-d475-4a11-ad62-d9e8818224ef None None] default_publisher_id = image.localhost {{(pid=99517) log_opt_values /opt/stack/data/venv/lib/python3.12/site-packages/oslo_config/cfg.py:3242}}
Jun 30 21:13:42.010804 np0000004037 devstack@g-api.service[99517]: DEBUG glance.common.config [None req-b7d5166d-d475-4a11-ad62-d9e8818224ef None None] delayed_delete = False {{(pid=99517) log_opt_values /opt/stack/data/venv/lib/python3.12/site-packages/oslo_config/cfg.py:3242}}
Jun 30 21:13:42.010865 np0000004037 devstack@g-api.service[99517]: DEBUG glance.common.config [None req-b7d5166d-d475-4a11-ad62-d9e8818224ef None None] digest_algorithm = sha256 {{(pid=99517) log_opt_values /opt/stack/data/venv/lib/python3.12/site-packages/oslo_config/cfg.py:3242}}
Jun 30 21:13:42.010945 np0000004037 devstack@g-api.service[99517]: DEBUG glance.common.config [None req-b7d5166d-d475-4a11-ad62-d9e8818224ef None None] disabled_notifications = [] {{(pid=99517) log_opt_values /opt/stack/data/venv/lib/python3.12/site-packages/oslo_config/cfg.py:3242}}
Jun 30 21:13:42.011023 np0000004037 devstack@g-api.service[99517]: DEBUG glance.common.config [None req-b7d5166d-d475-4a11-ad62-d9e8818224ef None None] do_secure_hash = True {{(pid=99517) log_opt_values /opt/stack/data/venv/lib/python3.12/site-packages/oslo_config/cfg.py:3242}}
Jun 30 21:13:42.011141 np0000004037 devstack@g-api.service[99517]: DEBUG glance.common.config [None req-b7d5166d-d475-4a11-ad62-d9e8818224ef None None] enabled_backends = None {{(pid=99517) log_opt_values /opt/stack/data/venv/lib/python3.12/site-packages/oslo_config/cfg.py:3242}}
Jun 30 21:13:42.011232 np0000004037 devstack@g-api.service[99517]: DEBUG glance.common.config [None req-b7d5166d-d475-4a11-ad62-d9e8818224ef None None] enabled_import_methods = ['glance-direct', 'web-download', 'copy-image'] {{(pid=99517) log_opt_values /opt/stack/data/venv/lib/python3.12/site-packages/oslo_config/cfg.py:3242}}
Jun 30 21:13:42.011323 np0000004037 devstack@g-api.service[99517]: DEBUG glance.common.config [None req-b7d5166d-d475-4a11-ad62-d9e8818224ef None None] fatal_deprecations = False {{(pid=99517) log_opt_values /opt/stack/data/venv/lib/python3.12/site-packages/oslo_config/cfg.py:3242}}
Jun 30 21:13:42.011423 np0000004037 devstack@g-api.service[99517]: DEBUG glance.common.config [None req-b7d5166d-d475-4a11-ad62-d9e8818224ef None None] hashing_algorithm = sha512 {{(pid=99517) log_opt_values /opt/stack/data/venv/lib/python3.12/site-packages/oslo_config/cfg.py:3242}}
Jun 30 21:13:42.011518 np0000004037 devstack@g-api.service[99517]: DEBUG glance.common.config [None req-b7d5166d-d475-4a11-ad62-d9e8818224ef None None] http_keepalive = True {{(pid=99517) log_opt_values /opt/stack/data/venv/lib/python3.12/site-packages/oslo_config/cfg.py:3242}}
Jun 30 21:13:42.011598 np0000004037 devstack@g-api.service[99517]: DEBUG glance.common.config [None req-b7d5166d-d475-4a11-ad62-d9e8818224ef None None] http_retries = 3 {{(pid=99517) log_opt_values /opt/stack/data/venv/lib/python3.12/site-packages/oslo_config/cfg.py:3242}}
Jun 30 21:13:42.011700 np0000004037 devstack@g-api.service[99517]: DEBUG glance.common.config [None req-b7d5166d-d475-4a11-ad62-d9e8818224ef None None] image_cache_dir = /opt/stack/data/glance/cache/ {{(pid=99517) log_opt_values /opt/stack/data/venv/lib/python3.12/site-packages/oslo_config/cfg.py:3242}}
Jun 30 21:13:42.011793 np0000004037 devstack@g-api.service[99517]: DEBUG glance.common.config [None req-b7d5166d-d475-4a11-ad62-d9e8818224ef None None] image_cache_driver = centralized_db {{(pid=99517) log_opt_values /opt/stack/data/venv/lib/python3.12/site-packages/oslo_config/cfg.py:3242}}
Jun 30 21:13:42.011884 np0000004037 devstack@g-api.service[99517]: DEBUG glance.common.config [None req-b7d5166d-d475-4a11-ad62-d9e8818224ef None None] image_cache_max_size = 10737418240 {{(pid=99517) log_opt_values /opt/stack/data/venv/lib/python3.12/site-packages/oslo_config/cfg.py:3242}}
Jun 30 21:13:42.011962 np0000004037 devstack@g-api.service[99517]: DEBUG glance.common.config [None req-b7d5166d-d475-4a11-ad62-d9e8818224ef None None] image_cache_sqlite_db = cache.db {{(pid=99517) log_opt_values /opt/stack/data/venv/lib/python3.12/site-packages/oslo_config/cfg.py:3242}}
Jun 30 21:13:42.012048 np0000004037 devstack@g-api.service[99517]: DEBUG glance.common.config [None req-b7d5166d-d475-4a11-ad62-d9e8818224ef None None] image_cache_stall_time = 86400 {{(pid=99517) log_opt_values /opt/stack/data/venv/lib/python3.12/site-packages/oslo_config/cfg.py:3242}}
Jun 30 21:13:42.012123 np0000004037 devstack@g-api.service[99517]: DEBUG glance.common.config [None req-b7d5166d-d475-4a11-ad62-d9e8818224ef None None] image_location_quota = 10 {{(pid=99517) log_opt_values /opt/stack/data/venv/lib/python3.12/site-packages/oslo_config/cfg.py:3242}}
Jun 30 21:13:42.012210 np0000004037 devstack@g-api.service[99517]: DEBUG glance.common.config [None req-b7d5166d-d475-4a11-ad62-d9e8818224ef None None] image_member_quota = 128 {{(pid=99517) log_opt_values /opt/stack/data/venv/lib/python3.12/site-packages/oslo_config/cfg.py:3242}}
Jun 30 21:13:42.012321 np0000004037 devstack@g-api.service[99517]: DEBUG glance.common.config [None req-b7d5166d-d475-4a11-ad62-d9e8818224ef None None] image_property_quota = 128 {{(pid=99517) log_opt_values /opt/stack/data/venv/lib/python3.12/site-packages/oslo_config/cfg.py:3242}}
Jun 30 21:13:42.012415 np0000004037 devstack@g-api.service[99517]: DEBUG glance.common.config [None req-b7d5166d-d475-4a11-ad62-d9e8818224ef None None] image_size_cap = 1099511627776 {{(pid=99517) log_opt_values /opt/stack/data/venv/lib/python3.12/site-packages/oslo_config/cfg.py:3242}}
Jun 30 21:13:42.012524 np0000004037 devstack@g-api.service[99517]: DEBUG glance.common.config [None req-b7d5166d-d475-4a11-ad62-d9e8818224ef None None] image_tag_quota = 128 {{(pid=99517) log_opt_values /opt/stack/data/venv/lib/python3.12/site-packages/oslo_config/cfg.py:3242}}
Jun 30 21:13:42.012617 np0000004037 devstack@g-api.service[99517]: DEBUG glance.common.config [None req-b7d5166d-d475-4a11-ad62-d9e8818224ef None None] instance_format = [instance: %(uuid)s] {{(pid=99517) log_opt_values /opt/stack/data/venv/lib/python3.12/site-packages/oslo_config/cfg.py:3242}}
Jun 30 21:13:42.012723 np0000004037 devstack@g-api.service[99517]: DEBUG glance.common.config [None req-b7d5166d-d475-4a11-ad62-d9e8818224ef None None] instance_uuid_format = [instance: %(uuid)s] {{(pid=99517) log_opt_values /opt/stack/data/venv/lib/python3.12/site-packages/oslo_config/cfg.py:3242}}
Jun 30 21:13:42.012805 np0000004037 devstack@g-api.service[99517]: DEBUG glance.common.config [None req-b7d5166d-d475-4a11-ad62-d9e8818224ef None None] limit_param_default = 25 {{(pid=99517) log_opt_values /opt/stack/data/venv/lib/python3.12/site-packages/oslo_config/cfg.py:3242}}
Jun 30 21:13:42.012899 np0000004037 devstack@g-api.service[99517]: DEBUG glance.common.config [None req-b7d5166d-d475-4a11-ad62-d9e8818224ef None None] log_color = False {{(pid=99517) log_opt_values /opt/stack/data/venv/lib/python3.12/site-packages/oslo_config/cfg.py:3242}}
Jun 30 21:13:42.012981 np0000004037 devstack@g-api.service[99517]: DEBUG glance.common.config [None req-b7d5166d-d475-4a11-ad62-d9e8818224ef None None] log_config_append = None {{(pid=99517) log_opt_values /opt/stack/data/venv/lib/python3.12/site-packages/oslo_config/cfg.py:3242}}
Jun 30 21:13:42.013065 np0000004037 devstack@g-api.service[99517]: DEBUG glance.common.config [None req-b7d5166d-d475-4a11-ad62-d9e8818224ef None None] log_date_format = %Y-%m-%d %H:%M:%S {{(pid=99517) log_opt_values /opt/stack/data/venv/lib/python3.12/site-packages/oslo_config/cfg.py:3242}}
Jun 30 21:13:42.013146 np0000004037 devstack@g-api.service[99517]: DEBUG glance.common.config [None req-b7d5166d-d475-4a11-ad62-d9e8818224ef None None] log_dir = None {{(pid=99517) log_opt_values /opt/stack/data/venv/lib/python3.12/site-packages/oslo_config/cfg.py:3242}}
Jun 30 21:13:42.013259 np0000004037 devstack@g-api.service[99517]: DEBUG glance.common.config [None req-b7d5166d-d475-4a11-ad62-d9e8818224ef None None] log_file = None {{(pid=99517) log_opt_values /opt/stack/data/venv/lib/python3.12/site-packages/oslo_config/cfg.py:3242}}
Jun 30 21:13:42.013343 np0000004037 devstack@g-api.service[99517]: DEBUG glance.common.config [None req-b7d5166d-d475-4a11-ad62-d9e8818224ef None None] log_rotate_interval = 1 {{(pid=99517) log_opt_values /opt/stack/data/venv/lib/python3.12/site-packages/oslo_config/cfg.py:3242}}
Jun 30 21:13:42.013444 np0000004037 devstack@g-api.service[99517]: DEBUG glance.common.config [None req-b7d5166d-d475-4a11-ad62-d9e8818224ef None None] log_rotate_interval_type = days {{(pid=99517) log_opt_values /opt/stack/data/venv/lib/python3.12/site-packages/oslo_config/cfg.py:3242}}
Jun 30 21:13:42.013549 np0000004037 devstack@g-api.service[99517]: DEBUG glance.common.config [None req-b7d5166d-d475-4a11-ad62-d9e8818224ef None None] log_rotation_type = none {{(pid=99517) log_opt_values /opt/stack/data/venv/lib/python3.12/site-packages/oslo_config/cfg.py:3242}}
Jun 30 21:13:42.013618 np0000004037 devstack@g-api.service[99517]: DEBUG glance.common.config [None req-b7d5166d-d475-4a11-ad62-d9e8818224ef None None] logging_context_format_string = %(color)s%(levelname)s %(name)s [%(global_request_id)s %(request_id)s %(project_name)s %(user_name)s%(color)s] %(instance)s%(color)s%(message)s {{(pid=99517) log_opt_values /opt/stack/data/venv/lib/python3.12/site-packages/oslo_config/cfg.py:3242}}
Jun 30 21:13:42.013704 np0000004037 devstack@g-api.service[99517]: DEBUG glance.common.config [None req-b7d5166d-d475-4a11-ad62-d9e8818224ef None None] logging_debug_format_suffix = {{(pid=%(process)d) %(funcName)s %(pathname)s:%(lineno)d}} {{(pid=99517) log_opt_values /opt/stack/data/venv/lib/python3.12/site-packages/oslo_config/cfg.py:3242}}
Jun 30 21:13:42.013780 np0000004037 devstack@g-api.service[99517]: DEBUG glance.common.config [None req-b7d5166d-d475-4a11-ad62-d9e8818224ef None None] logging_default_format_string = %(color)s%(levelname)s %(name)s [-%(color)s] %(instance)s%(color)s%(message)s {{(pid=99517) log_opt_values /opt/stack/data/venv/lib/python3.12/site-packages/oslo_config/cfg.py:3242}}
Jun 30 21:13:42.013860 np0000004037 devstack@g-api.service[99517]: DEBUG glance.common.config [None req-b7d5166d-d475-4a11-ad62-d9e8818224ef None None] logging_exception_prefix = ERROR %(name)s %(instance)s {{(pid=99517) log_opt_values /opt/stack/data/venv/lib/python3.12/site-packages/oslo_config/cfg.py:3242}}
Jun 30 21:13:42.013925 np0000004037 devstack@g-api.service[99517]: DEBUG glance.common.config [None req-b7d5166d-d475-4a11-ad62-d9e8818224ef None None] logging_user_identity_format = %(user)s %(project)s %(domain)s %(system_scope)s %(user_domain)s %(project_domain)s {{(pid=99517) log_opt_values /opt/stack/data/venv/lib/python3.12/site-packages/oslo_config/cfg.py:3242}}
Jun 30 21:13:42.014010 np0000004037 devstack@g-api.service[99517]: DEBUG glance.common.config [None req-b7d5166d-d475-4a11-ad62-d9e8818224ef None None] max_header_line = 16384 {{(pid=99517) log_opt_values /opt/stack/data/venv/lib/python3.12/site-packages/oslo_config/cfg.py:3242}}
Jun 30 21:13:42.014088 np0000004037 devstack@g-api.service[99517]: DEBUG glance.common.config [None req-b7d5166d-d475-4a11-ad62-d9e8818224ef None None] max_logfile_count = 30 {{(pid=99517) log_opt_values /opt/stack/data/venv/lib/python3.12/site-packages/oslo_config/cfg.py:3242}}
Jun 30 21:13:42.014168 np0000004037 devstack@g-api.service[99517]: DEBUG glance.common.config [None req-b7d5166d-d475-4a11-ad62-d9e8818224ef None None] max_logfile_size_mb = 200 {{(pid=99517) log_opt_values /opt/stack/data/venv/lib/python3.12/site-packages/oslo_config/cfg.py:3242}}
Jun 30 21:13:42.014251 np0000004037 devstack@g-api.service[99517]: DEBUG glance.common.config [None req-b7d5166d-d475-4a11-ad62-d9e8818224ef None None] max_request_id_length = 64 {{(pid=99517) log_opt_values /opt/stack/data/venv/lib/python3.12/site-packages/oslo_config/cfg.py:3242}}
Jun 30 21:13:42.014363 np0000004037 devstack@g-api.service[99517]: DEBUG glance.common.config [None req-b7d5166d-d475-4a11-ad62-d9e8818224ef None None] metadata_encryption_key = **** {{(pid=99517) log_opt_values /opt/stack/data/venv/lib/python3.12/site-packages/oslo_config/cfg.py:3242}}
Jun 30 21:13:42.014464 np0000004037 devstack@g-api.service[99517]: DEBUG glance.common.config [None req-b7d5166d-d475-4a11-ad62-d9e8818224ef None None] node_staging_uri = file:///tmp/staging/ {{(pid=99517) log_opt_values /opt/stack/data/venv/lib/python3.12/site-packages/oslo_config/cfg.py:3242}}
Jun 30 21:13:42.014572 np0000004037 devstack@g-api.service[99517]: DEBUG glance.common.config [None req-b7d5166d-d475-4a11-ad62-d9e8818224ef None None] property_protection_file = None {{(pid=99517) log_opt_values /opt/stack/data/venv/lib/python3.12/site-packages/oslo_config/cfg.py:3242}}
Jun 30 21:13:42.014674 np0000004037 devstack@g-api.service[99517]: DEBUG glance.common.config [None req-b7d5166d-d475-4a11-ad62-d9e8818224ef None None] property_protection_rule_format = roles {{(pid=99517) log_opt_values /opt/stack/data/venv/lib/python3.12/site-packages/oslo_config/cfg.py:3242}}
Jun 30 21:13:42.014772 np0000004037 devstack@g-api.service[99517]: DEBUG glance.common.config [None req-b7d5166d-d475-4a11-ad62-d9e8818224ef None None] public_endpoint = https://10.4.3.8/image {{(pid=99517) log_opt_values /opt/stack/data/venv/lib/python3.12/site-packages/oslo_config/cfg.py:3242}}
Jun 30 21:13:42.014848 np0000004037 devstack@g-api.service[99517]: DEBUG glance.common.config [None req-b7d5166d-d475-4a11-ad62-d9e8818224ef None None] publish_errors = False {{(pid=99517) log_opt_values /opt/stack/data/venv/lib/python3.12/site-packages/oslo_config/cfg.py:3242}}
Jun 30 21:13:42.015173 np0000004037 devstack@g-api.service[99517]: DEBUG glance.common.config [None req-b7d5166d-d475-4a11-ad62-d9e8818224ef None None] pydev_worker_debug_host = None {{(pid=99517) log_opt_values /opt/stack/data/venv/lib/python3.12/site-packages/oslo_config/cfg.py:3242}}
Jun 30 21:13:42.015173 np0000004037 devstack@g-api.service[99517]: DEBUG glance.common.config [None req-b7d5166d-d475-4a11-ad62-d9e8818224ef None None] pydev_worker_debug_port = 5678 {{(pid=99517) log_opt_values /opt/stack/data/venv/lib/python3.12/site-packages/oslo_config/cfg.py:3242}}
Jun 30 21:13:42.015173 np0000004037 devstack@g-api.service[99517]: DEBUG glance.common.config [None req-b7d5166d-d475-4a11-ad62-d9e8818224ef None None] rate_limit_burst = 0 {{(pid=99517) log_opt_values /opt/stack/data/venv/lib/python3.12/site-packages/oslo_config/cfg.py:3242}}
Jun 30 21:13:42.015311 np0000004037 devstack@g-api.service[99517]: DEBUG glance.common.config [None req-b7d5166d-d475-4a11-ad62-d9e8818224ef None None] rate_limit_except_level = CRITICAL {{(pid=99517) log_opt_values /opt/stack/data/venv/lib/python3.12/site-packages/oslo_config/cfg.py:3242}}
Jun 30 21:13:42.015311 np0000004037 devstack@g-api.service[99517]: DEBUG glance.common.config [None req-b7d5166d-d475-4a11-ad62-d9e8818224ef None None] rate_limit_interval = 0 {{(pid=99517) log_opt_values /opt/stack/data/venv/lib/python3.12/site-packages/oslo_config/cfg.py:3242}}
Jun 30 21:13:42.015408 np0000004037 devstack@g-api.service[99517]: DEBUG glance.common.config [None req-b7d5166d-d475-4a11-ad62-d9e8818224ef None None] scrub_pool_size = 1 {{(pid=99517) log_opt_values /opt/stack/data/venv/lib/python3.12/site-packages/oslo_config/cfg.py:3242}}
Jun 30 21:13:42.015517 np0000004037 devstack@g-api.service[99517]: DEBUG glance.common.config [None req-b7d5166d-d475-4a11-ad62-d9e8818224ef None None] scrub_time = 0 {{(pid=99517) log_opt_values /opt/stack/data/venv/lib/python3.12/site-packages/oslo_config/cfg.py:3242}}
Jun 30 21:13:42.015598 np0000004037 devstack@g-api.service[99517]: DEBUG glance.common.config [None req-b7d5166d-d475-4a11-ad62-d9e8818224ef None None] shell_completion = None {{(pid=99517) log_opt_values /opt/stack/data/venv/lib/python3.12/site-packages/oslo_config/cfg.py:3242}}
Jun 30 21:13:42.015708 np0000004037 devstack@g-api.service[99517]: DEBUG glance.common.config [None req-b7d5166d-d475-4a11-ad62-d9e8818224ef None None] show_image_direct_url = False {{(pid=99517) log_opt_values /opt/stack/data/venv/lib/python3.12/site-packages/oslo_config/cfg.py:3242}}
Jun 30 21:13:42.015906 np0000004037 devstack@g-api.service[99517]: WARNING oslo_config.cfg [None req-b7d5166d-d475-4a11-ad62-d9e8818224ef None None] Deprecated: Option "show_multiple_locations" from group "DEFAULT" is deprecated for removal (Use of this option, deprecated since Newton, is a security risk and will be removed once we figure out a way to satisfy those use cases that currently require it. An earlier announcement that the same functionality can be achieved with greater granularity by using policies is incorrect. You cannot work around this option via policy configuration at the present time, though that is the direction we believe the fix will take. Please keep an eye on the Glance release notes to stay up to date on progress in addressing this issue.). Its value may be silently ignored in the future.
Jun 30 21:13:42.015991 np0000004037 devstack@g-api.service[99517]: DEBUG glance.common.config [None req-b7d5166d-d475-4a11-ad62-d9e8818224ef None None] show_multiple_locations = False {{(pid=99517) log_opt_values /opt/stack/data/venv/lib/python3.12/site-packages/oslo_config/cfg.py:3242}}
Jun 30 21:13:42.016089 np0000004037 devstack@g-api.service[99517]: DEBUG glance.common.config [None req-b7d5166d-d475-4a11-ad62-d9e8818224ef None None] syslog_log_facility = LOG_USER {{(pid=99517) log_opt_values /opt/stack/data/venv/lib/python3.12/site-packages/oslo_config/cfg.py:3242}}
Jun 30 21:13:42.016164 np0000004037 devstack@g-api.service[99517]: DEBUG glance.common.config [None req-b7d5166d-d475-4a11-ad62-d9e8818224ef None None] tcp_keepidle = 600 {{(pid=99517) log_opt_values /opt/stack/data/venv/lib/python3.12/site-packages/oslo_config/cfg.py:3242}}
Jun 30 21:13:42.016268 np0000004037 devstack@g-api.service[99517]: DEBUG glance.common.config [None req-b7d5166d-d475-4a11-ad62-d9e8818224ef None None] transport_url = **** {{(pid=99517) log_opt_values /opt/stack/data/venv/lib/python3.12/site-packages/oslo_config/cfg.py:3242}}
Jun 30 21:13:42.016372 np0000004037 devstack@g-api.service[99517]: DEBUG glance.common.config [None req-b7d5166d-d475-4a11-ad62-d9e8818224ef None None] use_journal = False {{(pid=99517) log_opt_values /opt/stack/data/venv/lib/python3.12/site-packages/oslo_config/cfg.py:3242}}
Jun 30 21:13:42.016475 np0000004037 devstack@g-api.service[99517]: DEBUG glance.common.config [None req-b7d5166d-d475-4a11-ad62-d9e8818224ef None None] use_json = False {{(pid=99517) log_opt_values /opt/stack/data/venv/lib/python3.12/site-packages/oslo_config/cfg.py:3242}}
Jun 30 21:13:42.016568 np0000004037 devstack@g-api.service[99517]: DEBUG glance.common.config [None req-b7d5166d-d475-4a11-ad62-d9e8818224ef None None] use_keystone_limits = True {{(pid=99517) log_opt_values /opt/stack/data/venv/lib/python3.12/site-packages/oslo_config/cfg.py:3242}}
Jun 30 21:13:42.016671 np0000004037 devstack@g-api.service[99517]: DEBUG glance.common.config [None req-b7d5166d-d475-4a11-ad62-d9e8818224ef None None] use_stderr = False {{(pid=99517) log_opt_values /opt/stack/data/venv/lib/python3.12/site-packages/oslo_config/cfg.py:3242}}
Jun 30 21:13:42.016760 np0000004037 devstack@g-api.service[99517]: DEBUG glance.common.config [None req-b7d5166d-d475-4a11-ad62-d9e8818224ef None None] use_syslog = False {{(pid=99517) log_opt_values /opt/stack/data/venv/lib/python3.12/site-packages/oslo_config/cfg.py:3242}}
Jun 30 21:13:42.016847 np0000004037 devstack@g-api.service[99517]: DEBUG glance.common.config [None req-b7d5166d-d475-4a11-ad62-d9e8818224ef None None] user_storage_quota = 0 {{(pid=99517) log_opt_values /opt/stack/data/venv/lib/python3.12/site-packages/oslo_config/cfg.py:3242}}
Jun 30 21:13:42.016936 np0000004037 devstack@g-api.service[99517]: DEBUG glance.common.config [None req-b7d5166d-d475-4a11-ad62-d9e8818224ef None None] worker_self_reference_url = http://127.0.0.1:60999 {{(pid=99517) log_opt_values /opt/stack/data/venv/lib/python3.12/site-packages/oslo_config/cfg.py:3242}}
Jun 30 21:13:42.017030 np0000004037 devstack@g-api.service[99517]: DEBUG glance.common.config [None req-b7d5166d-d475-4a11-ad62-d9e8818224ef None None] workers = None {{(pid=99517) log_opt_values /opt/stack/data/venv/lib/python3.12/site-packages/oslo_config/cfg.py:3242}}
Jun 30 21:13:42.017147 np0000004037 devstack@g-api.service[99517]: DEBUG glance.common.config [None req-b7d5166d-d475-4a11-ad62-d9e8818224ef None None] oslo_concurrency.disable_process_locking = False {{(pid=99517) log_opt_values /opt/stack/data/venv/lib/python3.12/site-packages/oslo_config/cfg.py:3253}}
Jun 30 21:13:42.017243 np0000004037 devstack@g-api.service[99517]: DEBUG glance.common.config [None req-b7d5166d-d475-4a11-ad62-d9e8818224ef None None] oslo_concurrency.lock_path = /opt/stack/data/glance/locks {{(pid=99517) log_opt_values /opt/stack/data/venv/lib/python3.12/site-packages/oslo_config/cfg.py:3253}}
Jun 30 21:13:42.017342 np0000004037 devstack@g-api.service[99517]: DEBUG glance.common.config [None req-b7d5166d-d475-4a11-ad62-d9e8818224ef None None] oslo_middleware.enable_proxy_headers_parsing = False {{(pid=99517) log_opt_values /opt/stack/data/venv/lib/python3.12/site-packages/oslo_config/cfg.py:3253}}
Jun 30 21:13:42.017443 np0000004037 devstack@g-api.service[99517]: DEBUG glance.common.config [None req-b7d5166d-d475-4a11-ad62-d9e8818224ef None None] oslo_middleware.http_basic_auth_user_file = /etc/htpasswd {{(pid=99517) log_opt_values /opt/stack/data/venv/lib/python3.12/site-packages/oslo_config/cfg.py:3253}}
Jun 30 21:13:42.017534 np0000004037 devstack@g-api.service[99517]: DEBUG glance.common.config [None req-b7d5166d-d475-4a11-ad62-d9e8818224ef None None] paste_deploy.config_file = None {{(pid=99517) log_opt_values /opt/stack/data/venv/lib/python3.12/site-packages/oslo_config/cfg.py:3253}}
Jun 30 21:13:42.017628 np0000004037 devstack@g-api.service[99517]: DEBUG glance.common.config [None req-b7d5166d-d475-4a11-ad62-d9e8818224ef None None] paste_deploy.flavor = keystone+cachemanagement {{(pid=99517) log_opt_values /opt/stack/data/venv/lib/python3.12/site-packages/oslo_config/cfg.py:3253}}
Jun 30 21:13:42.017802 np0000004037 devstack@g-api.service[99517]: DEBUG glance.common.config [None req-b7d5166d-d475-4a11-ad62-d9e8818224ef None None] image_format.container_formats = ['ami', 'ari', 'aki', 'bare', 'ovf', 'ova', 'docker', 'compressed'] {{(pid=99517) log_opt_values /opt/stack/data/venv/lib/python3.12/site-packages/oslo_config/cfg.py:3253}}
Jun 30 21:13:42.018009 np0000004037 devstack@g-api.service[99517]: DEBUG glance.common.config [None req-b7d5166d-d475-4a11-ad62-d9e8818224ef None None] image_format.disk_formats = ['ami', 'ari', 'aki', 'vhd', 'vhdx', 'vmdk', 'raw', 'qcow2', 'vdi', 'iso', 'ploop'] {{(pid=99517) log_opt_values /opt/stack/data/venv/lib/python3.12/site-packages/oslo_config/cfg.py:3253}}
Jun 30 21:13:42.018114 np0000004037 devstack@g-api.service[99517]: DEBUG glance.common.config [None req-b7d5166d-d475-4a11-ad62-d9e8818224ef None None] image_format.gpt_safety_checks_nonfatal = [] {{(pid=99517) log_opt_values /opt/stack/data/venv/lib/python3.12/site-packages/oslo_config/cfg.py:3253}}
Jun 30 21:13:42.018227 np0000004037 devstack@g-api.service[99517]: DEBUG glance.common.config [None req-b7d5166d-d475-4a11-ad62-d9e8818224ef None None] image_format.require_image_format_match = True {{(pid=99517) log_opt_values /opt/stack/data/venv/lib/python3.12/site-packages/oslo_config/cfg.py:3253}}
Jun 30 21:13:42.018355 np0000004037 devstack@g-api.service[99517]: DEBUG glance.common.config [None req-b7d5166d-d475-4a11-ad62-d9e8818224ef None None] image_format.vmdk_allowed_types = ['streamOptimized', 'monolithicSparse'] {{(pid=99517) log_opt_values /opt/stack/data/venv/lib/python3.12/site-packages/oslo_config/cfg.py:3253}}
Jun 30 21:13:42.018467 np0000004037 devstack@g-api.service[99517]: DEBUG glance.common.config [None req-b7d5166d-d475-4a11-ad62-d9e8818224ef None None] task.task_executor = taskflow {{(pid=99517) log_opt_values /opt/stack/data/venv/lib/python3.12/site-packages/oslo_config/cfg.py:3253}}
Jun 30 21:13:42.018557 np0000004037 devstack@g-api.service[99517]: DEBUG glance.common.config [None req-b7d5166d-d475-4a11-ad62-d9e8818224ef None None] task.task_time_to_live = 48 {{(pid=99517) log_opt_values /opt/stack/data/venv/lib/python3.12/site-packages/oslo_config/cfg.py:3253}}
Jun 30 21:13:42.018653 np0000004037 devstack@g-api.service[99517]: DEBUG glance.common.config [None req-b7d5166d-d475-4a11-ad62-d9e8818224ef None None] task.work_dir = None {{(pid=99517) log_opt_values /opt/stack/data/venv/lib/python3.12/site-packages/oslo_config/cfg.py:3253}}
Jun 30 21:13:42.018756 np0000004037 devstack@g-api.service[99517]: DEBUG glance.common.config [None req-b7d5166d-d475-4a11-ad62-d9e8818224ef None None] wsgi.python_interpreter = /opt/stack/data/venv/bin/python3 {{(pid=99517) log_opt_values /opt/stack/data/venv/lib/python3.12/site-packages/oslo_config/cfg.py:3253}}
