Jun 30 21:13:19.229792 np0000004037 nova-scheduler[93255]: DEBUG cotyledon.oslo_config_glue [-] oslo_messaging_rabbit.ssl_key_file = {{(pid=93255) log_opt_values /opt/stack/data/venv/lib/python3.12/site-packages/oslo_config/cfg.py:3253}}
Jun 30 21:13:19.229867 np0000004037 nova-scheduler[93255]: DEBUG cotyledon.oslo_config_glue [-] oslo_messaging_rabbit.ssl_version = {{(pid=93255) log_opt_values /opt/stack/data/venv/lib/python3.12/site-packages/oslo_config/cfg.py:3253}}
Jun 30 21:13:19.229936 np0000004037 nova-scheduler[93255]: DEBUG cotyledon.oslo_config_glue [-] oslo_messaging_rabbit.use_queue_manager = False {{(pid=93255) log_opt_values /opt/stack/data/venv/lib/python3.12/site-packages/oslo_config/cfg.py:3253}}
Jun 30 21:13:19.230029 np0000004037 nova-scheduler[93255]: DEBUG cotyledon.oslo_config_glue [-] oslo_messaging_notifications.driver = ['messagingv2'] {{(pid=93255) log_opt_values /opt/stack/data/venv/lib/python3.12/site-packages/oslo_config/cfg.py:3253}}
Jun 30 21:13:19.230108 np0000004037 nova-scheduler[93255]: DEBUG cotyledon.oslo_config_glue [-] oslo_messaging_notifications.retry = -1 {{(pid=93255) log_opt_values /opt/stack/data/venv/lib/python3.12/site-packages/oslo_config/cfg.py:3253}}
Jun 30 21:13:19.230176 np0000004037 nova-scheduler[93255]: DEBUG cotyledon.oslo_config_glue [-] oslo_messaging_notifications.topics = ['notifications'] {{(pid=93255) log_opt_values /opt/stack/data/venv/lib/python3.12/site-packages/oslo_config/cfg.py:3253}}
Jun 30 21:13:19.230247 np0000004037 nova-scheduler[93255]: DEBUG cotyledon.oslo_config_glue [-] oslo_messaging_notifications.transport_url = **** {{(pid=93255) log_opt_values /opt/stack/data/venv/lib/python3.12/site-packages/oslo_config/cfg.py:3253}}
Jun 30 21:13:19.230344 np0000004037 nova-scheduler[93255]: DEBUG cotyledon.oslo_config_glue [-] oslo_limit.auth_section = None {{(pid=93255) log_opt_values /opt/stack/data/venv/lib/python3.12/site-packages/oslo_config/cfg.py:3253}}
Jun 30 21:13:19.230426 np0000004037 nova-scheduler[93255]: DEBUG cotyledon.oslo_config_glue [-] oslo_limit.auth_type = None {{(pid=93255) log_opt_values /opt/stack/data/venv/lib/python3.12/site-packages/oslo_config/cfg.py:3253}}
Jun 30 21:13:19.230487 np0000004037 nova-scheduler[93255]: DEBUG cotyledon.oslo_config_glue [-] oslo_limit.cafile = None {{(pid=93255) log_opt_values /opt/stack/data/venv/lib/python3.12/site-packages/oslo_config/cfg.py:3253}}
Jun 30 21:13:19.230554 np0000004037 nova-scheduler[93255]: DEBUG cotyledon.oslo_config_glue [-] oslo_limit.certfile = None {{(pid=93255) log_opt_values /opt/stack/data/venv/lib/python3.12/site-packages/oslo_config/cfg.py:3253}}
Jun 30 21:13:19.230622 np0000004037 nova-scheduler[93255]: DEBUG cotyledon.oslo_config_glue [-] oslo_limit.collect_timing = False {{(pid=93255) log_opt_values /opt/stack/data/venv/lib/python3.12/site-packages/oslo_config/cfg.py:3253}}
Jun 30 21:13:19.230711 np0000004037 nova-scheduler[93255]: DEBUG cotyledon.oslo_config_glue [-] oslo_limit.connect_retries = None {{(pid=93255) log_opt_values /opt/stack/data/venv/lib/python3.12/site-packages/oslo_config/cfg.py:3253}}
Jun 30 21:13:19.230777 np0000004037 nova-scheduler[93255]: DEBUG cotyledon.oslo_config_glue [-] oslo_limit.connect_retry_delay = None {{(pid=93255) log_opt_values /opt/stack/data/venv/lib/python3.12/site-packages/oslo_config/cfg.py:3253}}
Jun 30 21:13:19.230843 np0000004037 nova-scheduler[93255]: DEBUG cotyledon.oslo_config_glue [-] oslo_limit.endpoint_id = None {{(pid=93255) log_opt_values /opt/stack/data/venv/lib/python3.12/site-packages/oslo_config/cfg.py:3253}}
Jun 30 21:13:19.230932 np0000004037 nova-scheduler[93255]: DEBUG cotyledon.oslo_config_glue [-] oslo_limit.endpoint_interface = public {{(pid=93255) log_opt_values /opt/stack/data/venv/lib/python3.12/site-packages/oslo_config/cfg.py:3253}}
Jun 30 21:13:19.230998 np0000004037 nova-scheduler[93255]: DEBUG cotyledon.oslo_config_glue [-] oslo_limit.endpoint_override = None {{(pid=93255) log_opt_values /opt/stack/data/venv/lib/python3.12/site-packages/oslo_config/cfg.py:3253}}
Jun 30 21:13:19.231066 np0000004037 nova-scheduler[93255]: DEBUG cotyledon.oslo_config_glue [-] oslo_limit.endpoint_region_name = None {{(pid=93255) log_opt_values /opt/stack/data/venv/lib/python3.12/site-packages/oslo_config/cfg.py:3253}}
Jun 30 21:13:19.231144 np0000004037 nova-scheduler[93255]: DEBUG cotyledon.oslo_config_glue [-] oslo_limit.endpoint_service_name = None {{(pid=93255) log_opt_values /opt/stack/data/venv/lib/python3.12/site-packages/oslo_config/cfg.py:3253}}
Jun 30 21:13:19.231211 np0000004037 nova-scheduler[93255]: DEBUG cotyledon.oslo_config_glue [-] oslo_limit.endpoint_service_type = None {{(pid=93255) log_opt_values /opt/stack/data/venv/lib/python3.12/site-packages/oslo_config/cfg.py:3253}}
Jun 30 21:13:19.231273 np0000004037 nova-scheduler[93255]: DEBUG cotyledon.oslo_config_glue [-] oslo_limit.insecure = False {{(pid=93255) log_opt_values /opt/stack/data/venv/lib/python3.12/site-packages/oslo_config/cfg.py:3253}}
Jun 30 21:13:19.231334 np0000004037 nova-scheduler[93255]: DEBUG cotyledon.oslo_config_glue [-] oslo_limit.keyfile = None {{(pid=93255) log_opt_values /opt/stack/data/venv/lib/python3.12/site-packages/oslo_config/cfg.py:3253}}
Jun 30 21:13:19.231394 np0000004037 nova-scheduler[93255]: DEBUG cotyledon.oslo_config_glue [-] oslo_limit.max_version = None {{(pid=93255) log_opt_values /opt/stack/data/venv/lib/python3.12/site-packages/oslo_config/cfg.py:3253}}
Jun 30 21:13:19.231432 np0000004037 nova-scheduler[93255]: DEBUG cotyledon.oslo_config_glue [-] oslo_limit.min_version = None {{(pid=93255) log_opt_values /opt/stack/data/venv/lib/python3.12/site-packages/oslo_config/cfg.py:3253}}
Jun 30 21:13:19.231470 np0000004037 nova-scheduler[93255]: DEBUG cotyledon.oslo_config_glue [-] oslo_limit.region_name = None {{(pid=93255) log_opt_values /opt/stack/data/venv/lib/python3.12/site-packages/oslo_config/cfg.py:3253}}
Jun 30 21:13:19.231511 np0000004037 nova-scheduler[93255]: DEBUG cotyledon.oslo_config_glue [-] oslo_limit.retriable_status_codes = None {{(pid=93255) log_opt_values /opt/stack/data/venv/lib/python3.12/site-packages/oslo_config/cfg.py:3253}}
Jun 30 21:13:19.231551 np0000004037 nova-scheduler[93255]: DEBUG cotyledon.oslo_config_glue [-] oslo_limit.service_name = None {{(pid=93255) log_opt_values /opt/stack/data/venv/lib/python3.12/site-packages/oslo_config/cfg.py:3253}}
Jun 30 21:13:19.231602 np0000004037 nova-scheduler[93255]: DEBUG cotyledon.oslo_config_glue [-] oslo_limit.service_type = None {{(pid=93255) log_opt_values /opt/stack/data/venv/lib/python3.12/site-packages/oslo_config/cfg.py:3253}}
Jun 30 21:13:19.231665 np0000004037 nova-scheduler[93255]: DEBUG cotyledon.oslo_config_glue [-] oslo_limit.split_loggers = False {{(pid=93255) log_opt_values /opt/stack/data/venv/lib/python3.12/site-packages/oslo_config/cfg.py:3253}}
Jun 30 21:13:19.231709 np0000004037 nova-scheduler[93255]: DEBUG cotyledon.oslo_config_glue [-] oslo_limit.status_code_retries = None {{(pid=93255) log_opt_values /opt/stack/data/venv/lib/python3.12/site-packages/oslo_config/cfg.py:3253}}
Jun 30 21:13:19.231750 np0000004037 nova-scheduler[93255]: DEBUG cotyledon.oslo_config_glue [-] oslo_limit.status_code_retry_delay = None {{(pid=93255) log_opt_values /opt/stack/data/venv/lib/python3.12/site-packages/oslo_config/cfg.py:3253}}
Jun 30 21:13:19.231792 np0000004037 nova-scheduler[93255]: DEBUG cotyledon.oslo_config_glue [-] oslo_limit.timeout = None {{(pid=93255) log_opt_values /opt/stack/data/venv/lib/python3.12/site-packages/oslo_config/cfg.py:3253}}
Jun 30 21:13:19.231833 np0000004037 nova-scheduler[93255]: DEBUG cotyledon.oslo_config_glue [-] oslo_limit.valid_interfaces = None {{(pid=93255) log_opt_values /opt/stack/data/venv/lib/python3.12/site-packages/oslo_config/cfg.py:3253}}
Jun 30 21:13:19.231874 np0000004037 nova-scheduler[93255]: DEBUG cotyledon.oslo_config_glue [-] oslo_limit.version = None {{(pid=93255) log_opt_values /opt/stack/data/venv/lib/python3.12/site-packages/oslo_config/cfg.py:3253}}
Jun 30 21:13:19.231916 np0000004037 nova-scheduler[93255]: DEBUG cotyledon.oslo_config_glue [-] oslo_reports.file_event_handler = None {{(pid=93255) log_opt_values /opt/stack/data/venv/lib/python3.12/site-packages/oslo_config/cfg.py:3253}}
Jun 30 21:13:19.231956 np0000004037 nova-scheduler[93255]: DEBUG cotyledon.oslo_config_glue [-] oslo_reports.file_event_handler_interval = 1 {{(pid=93255) log_opt_values /opt/stack/data/venv/lib/python3.12/site-packages/oslo_config/cfg.py:3253}}
Jun 30 21:13:19.232017 np0000004037 nova-scheduler[93255]: DEBUG cotyledon.oslo_config_glue [-] oslo_reports.log_dir = None {{(pid=93255) log_opt_values /opt/stack/data/venv/lib/python3.12/site-packages/oslo_config/cfg.py:3253}}
Jun 30 21:13:19.232072 np0000004037 nova-scheduler[93255]: DEBUG cotyledon.oslo_config_glue [-] ******************************************************************************** {{(pid=93255) log_opt_values /opt/stack/data/venv/lib/python3.12/site-packages/oslo_config/cfg.py:3260}}
Jun 30 21:13:19.232176 np0000004037 nova-scheduler[93255]: DEBUG cotyledon._service_worker [-] Run service ServiceWrapper(1) [93255] {{(pid=93255) wait_forever /opt/stack/data/venv/lib/python3.12/site-packages/cotyledon/_service_worker.py:218}}
Jun 30 21:13:19.233552 np0000004037 nova-scheduler[93255]: INFO nova.service [-] Starting scheduler node (version 33.1.0)
Jun 30 21:13:19.238609 np0000004037 nova-scheduler[93255]: INFO dbcounter [None req-54d4670a-58e8-4b36-8a2d-760331270c1f None None] Registered counter for database nova_cell0
Jun 30 21:13:19.248576 np0000004037 nova-scheduler[93257]: DEBUG nova.service [None req-9cc5022c-dfd8-4ca1-8279-b1111d30a1e1 None None] Join ServiceGroup membership for this service scheduler {{(pid=93257) start /opt/stack/nova/nova/service.py:222}}
Jun 30 21:13:19.248746 np0000004037 nova-scheduler[93257]: DEBUG nova.servicegroup.drivers.db [None req-9cc5022c-dfd8-4ca1-8279-b1111d30a1e1 None None] DB_Driver: join new ServiceGroup member np0000004037 to the scheduler group, service = {{(pid=93257) join /opt/stack/nova/nova/servicegroup/drivers/db.py:44}}
Jun 30 21:13:19.254371 np0000004037 nova-scheduler[93251]: DEBUG nova.service [None req-9da673aa-6337-4aeb-aa58-11a3dd145afa None None] Join ServiceGroup membership for this service scheduler {{(pid=93251) start /opt/stack/nova/nova/service.py:222}}
Jun 30 21:13:19.254587 np0000004037 nova-scheduler[93251]: DEBUG nova.servicegroup.drivers.db [None req-9da673aa-6337-4aeb-aa58-11a3dd145afa None None] DB_Driver: join new ServiceGroup member np0000004037 to the scheduler group, service = {{(pid=93251) join /opt/stack/nova/nova/servicegroup/drivers/db.py:44}}
Jun 30 21:13:19.286769 np0000004037 nova-scheduler[93255]: DEBUG oslo_db.sqlalchemy.engines [None req-54d4670a-58e8-4b36-8a2d-760331270c1f None None] MySQL server mode set to STRICT_TRANS_TABLES,STRICT_ALL_TABLES,NO_ZERO_IN_DATE,NO_ZERO_DATE,ERROR_FOR_DIVISION_BY_ZERO,TRADITIONAL,NO_ENGINE_SUBSTITUTION {{(pid=93255) _check_effective_sql_mode /opt/stack/data/venv/lib/python3.12/site-packages/oslo_db/sqlalchemy/engines.py:325}}
Jun 30 21:13:19.297575 np0000004037 nova-scheduler[93255]: DEBUG dbcounter [-] [93255] Writer thread running {{(pid=93255) stat_writer /opt/stack/data/venv/lib/python3.12/site-packages/dbcounter.py:102}}
Jun 30 21:13:19.301112 np0000004037 nova-scheduler[93255]: DEBUG nova.service [None req-54d4670a-58e8-4b36-8a2d-760331270c1f None None] Creating RPC server for service: nova-scheduler on topic: scheduler {{(pid=93255) start /opt/stack/nova/nova/service.py:196}}
Jun 30 21:13:19.319895 np0000004037 nova-scheduler[93255]: DEBUG nova.service [None req-54d4670a-58e8-4b36-8a2d-760331270c1f None None] Join ServiceGroup membership for this service scheduler {{(pid=93255) start /opt/stack/nova/nova/service.py:222}}
Jun 30 21:13:19.320202 np0000004037 nova-scheduler[93255]: DEBUG nova.servicegroup.drivers.db [None req-54d4670a-58e8-4b36-8a2d-760331270c1f None None] DB_Driver: join new ServiceGroup member np0000004037 to the scheduler group, service = {{(pid=93255) join /opt/stack/nova/nova/servicegroup/drivers/db.py:44}}
Jun 30 21:13:24.265305 np0000004037 nova-scheduler[93257]: DEBUG oslo.service.backend._threading.loopingcall [-] Fixed interval looping call 'nova.servicegroup.drivers.db.DbDriver._report_state' sleeping for 119.98 seconds {{(pid=93257) _run_loop /opt/stack/data/venv/lib/python3.12/site-packages/oslo_service/backend/_threading/loopingcall.py:125}}
Jun 30 21:13:24.265947 np0000004037 nova-scheduler[93251]: DEBUG oslo.service.backend._threading.loopingcall [-] Fixed interval looping call 'nova.servicegroup.drivers.db.DbDriver._report_state' sleeping for 119.99 seconds {{(pid=93251) _run_loop /opt/stack/data/venv/lib/python3.12/site-packages/oslo_service/backend/_threading/loopingcall.py:125}}
Jun 30 21:13:24.340520 np0000004037 nova-scheduler[93255]: DEBUG oslo.service.backend._threading.loopingcall [-] Fixed interval looping call 'nova.servicegroup.drivers.db.DbDriver._report_state' sleeping for 119.98 seconds {{(pid=93255) _run_loop /opt/stack/data/venv/lib/python3.12/site-packages/oslo_service/backend/_threading/loopingcall.py:125}}
Jun 30 21:13:27.824164 np0000004037 nova-scheduler[92045]: DEBUG dbcounter [-] [92045] Writing DB stats nova_api:SELECT=3 {{(pid=92045) stat_writer /opt/stack/data/venv/lib/python3.12/site-packages/dbcounter.py:115}}
Jun 30 21:13:27.956357 np0000004037 nova-scheduler[92045]: DEBUG dbcounter [-] [92045] Writing DB stats nova_cell0:SELECT=1 {{(pid=92045) stat_writer /opt/stack/data/venv/lib/python3.12/site-packages/dbcounter.py:115}}
Jun 30 21:13:27.962369 np0000004037 nova-scheduler[92045]: DEBUG dbcounter [-] [92045] Writing DB stats nova_cell1:SELECT=1 {{(pid=92045) stat_writer /opt/stack/data/venv/lib/python3.12/site-packages/dbcounter.py:115}}
Jun 30 21:13:34.259573 np0000004037 nova-scheduler[93257]: DEBUG dbcounter [-] [93257] Writing DB stats nova_cell0:SELECT=3,nova_cell0:UPDATE=1 {{(pid=93257) stat_writer /opt/stack/data/venv/lib/python3.12/site-packages/dbcounter.py:115}}
Jun 30 21:13:34.264930 np0000004037 nova-scheduler[93251]: DEBUG dbcounter [-] [93251] Writing DB stats nova_cell0:SELECT=4,nova_cell0:INSERT=1,nova_cell0:UPDATE=1 {{(pid=93251) stat_writer /opt/stack/data/venv/lib/python3.12/site-packages/dbcounter.py:115}}
Jun 30 21:13:34.332457 np0000004037 nova-scheduler[93255]: DEBUG dbcounter [-] [93255] Writing DB stats nova_cell0:SELECT=3 {{(pid=93255) stat_writer /opt/stack/data/venv/lib/python3.12/site-packages/dbcounter.py:115}}
Jun 30 21:13:40.323181 np0000004037 nova-scheduler[93255]: DEBUG oslo.service.backend._threading.loopingcall [None req-237e1e74-e9b6-4724-a8a3-e2b61810802f None None] Dynamic interval looping call 'nova.service.Service.periodic_tasks' sleeping for 60.00 seconds {{(pid=93255) _run_loop /opt/stack/data/venv/lib/python3.12/site-packages/oslo_service/backend/_threading/loopingcall.py:125}}
Jun 30 21:13:44.250483 np0000004037 nova-scheduler[93257]: DEBUG oslo.service.backend._threading.loopingcall [None req-433aa88c-0669-440b-aa11-b5838cb85b89 None None] Dynamic interval looping call 'nova.service.Service.periodic_tasks' sleeping for 60.00 seconds {{(pid=93257) _run_loop /opt/stack/data/venv/lib/python3.12/site-packages/oslo_service/backend/_threading/loopingcall.py:125}}
Jun 30 21:14:01.257067 np0000004037 nova-scheduler[93251]: DEBUG oslo.service.backend._threading.loopingcall [None req-f64b3021-824f-4837-80e7-dc2adf9fc5f5 None None] Dynamic interval looping call 'nova.service.Service.periodic_tasks' sleeping for 60.00 seconds {{(pid=93251) _run_loop /opt/stack/data/venv/lib/python3.12/site-packages/oslo_service/backend/_threading/loopingcall.py:125}}
Jun 30 21:14:40.323661 np0000004037 nova-scheduler[93255]: DEBUG oslo.service.backend._threading.loopingcall [None req-237e1e74-e9b6-4724-a8a3-e2b61810802f None None] Dynamic interval looping call 'nova.service.Service.periodic_tasks' sleeping for 60.00 seconds {{(pid=93255) _run_loop /opt/stack/data/venv/lib/python3.12/site-packages/oslo_service/backend/_threading/loopingcall.py:125}}
Jun 30 21:14:44.250951 np0000004037 nova-scheduler[93257]: DEBUG oslo.service.backend._threading.loopingcall [None req-433aa88c-0669-440b-aa11-b5838cb85b89 None None] Dynamic interval looping call 'nova.service.Service.periodic_tasks' sleeping for 60.00 seconds {{(pid=93257) _run_loop /opt/stack/data/venv/lib/python3.12/site-packages/oslo_service/backend/_threading/loopingcall.py:125}}
Jun 30 21:15:01.257555 np0000004037 nova-scheduler[93251]: DEBUG oslo.service.backend._threading.loopingcall [None req-f64b3021-824f-4837-80e7-dc2adf9fc5f5 None None] Dynamic interval looping call 'nova.service.Service.periodic_tasks' sleeping for 60.00 seconds {{(pid=93251) _run_loop /opt/stack/data/venv/lib/python3.12/site-packages/oslo_service/backend/_threading/loopingcall.py:125}}
Jun 30 21:15:24.252598 np0000004037 nova-scheduler[93257]: DEBUG oslo.service.backend._threading.loopingcall [-] Fixed interval looping call 'nova.servicegroup.drivers.db.DbDriver._report_state' sleeping for 119.99 seconds {{(pid=93257) _run_loop /opt/stack/data/venv/lib/python3.12/site-packages/oslo_service/backend/_threading/loopingcall.py:125}}
Jun 30 21:15:24.259391 np0000004037 nova-scheduler[93251]: DEBUG oslo.service.backend._threading.loopingcall [-] Fixed interval looping call 'nova.servicegroup.drivers.db.DbDriver._report_state' sleeping for 120.00 seconds {{(pid=93251) _run_loop /opt/stack/data/venv/lib/python3.12/site-packages/oslo_service/backend/_threading/loopingcall.py:125}}
Jun 30 21:15:24.324017 np0000004037 nova-scheduler[93255]: DEBUG oslo.service.backend._threading.loopingcall [-] Fixed interval looping call 'nova.servicegroup.drivers.db.DbDriver._report_state' sleeping for 120.00 seconds {{(pid=93255) _run_loop /opt/stack/data/venv/lib/python3.12/site-packages/oslo_service/backend/_threading/loopingcall.py:125}}
Jun 30 21:15:34.248848 np0000004037 nova-scheduler[93257]: DEBUG dbcounter [-] [93257] Writing DB stats nova_cell0:SELECT=1,nova_cell0:UPDATE=1 {{(pid=93257) stat_writer /opt/stack/data/venv/lib/python3.12/site-packages/dbcounter.py:115}}
Jun 30 21:15:34.258304 np0000004037 nova-scheduler[93251]: DEBUG dbcounter [-] [93251] Writing DB stats nova_cell0:SELECT=1 {{(pid=93251) stat_writer /opt/stack/data/venv/lib/python3.12/site-packages/dbcounter.py:115}}
Jun 30 21:15:34.322380 np0000004037 nova-scheduler[93255]: DEBUG dbcounter [-] [93255] Writing DB stats nova_cell0:SELECT=1 {{(pid=93255) stat_writer /opt/stack/data/venv/lib/python3.12/site-packages/dbcounter.py:115}}
Jun 30 21:15:40.324500 np0000004037 nova-scheduler[93255]: DEBUG oslo.service.backend._threading.loopingcall [None req-237e1e74-e9b6-4724-a8a3-e2b61810802f None None] Dynamic interval looping call 'nova.service.Service.periodic_tasks' sleeping for 60.00 seconds {{(pid=93255) _run_loop /opt/stack/data/venv/lib/python3.12/site-packages/oslo_service/backend/_threading/loopingcall.py:125}}
Jun 30 21:15:44.251450 np0000004037 nova-scheduler[93257]: DEBUG oslo.service.backend._threading.loopingcall [None req-433aa88c-0669-440b-aa11-b5838cb85b89 None None] Dynamic interval looping call 'nova.service.Service.periodic_tasks' sleeping for 60.00 seconds {{(pid=93257) _run_loop /opt/stack/data/venv/lib/python3.12/site-packages/oslo_service/backend/_threading/loopingcall.py:125}}
Jun 30 21:15:47.617671 np0000004037 nova-scheduler[93257]: DEBUG nova.scheduler.manager [None req-142d0de1-96d1-47ce-bf5d-c3af0925a263 tempest-ServerBootFromVolumeStableRescueTest-972357261 tempest-ServerBootFromVolumeStableRescueTest-972357261-project-member] Starting to schedule for instances: ['bd6c64a2-65b5-4f93-9e7e-a3b1e3097b1f'] {{(pid=93257) select_destinations /opt/stack/nova/nova/scheduler/manager.py:209}}
Jun 30 21:15:47.618889 np0000004037 nova-scheduler[93257]: DEBUG nova.scheduler.request_filter [None req-142d0de1-96d1-47ce-bf5d-c3af0925a263 tempest-ServerBootFromVolumeStableRescueTest-972357261 tempest-ServerBootFromVolumeStableRescueTest-972357261-project-member] compute_status_filter request filter added forbidden trait COMPUTE_STATUS_DISABLED {{(pid=93257) compute_status_filter /opt/stack/nova/nova/scheduler/request_filter.py:253}}
Jun 30 21:15:47.619847 np0000004037 nova-scheduler[93257]: DEBUG nova.scheduler.request_filter [None req-142d0de1-96d1-47ce-bf5d-c3af0925a263 tempest-ServerBootFromVolumeStableRescueTest-972357261 tempest-ServerBootFromVolumeStableRescueTest-972357261-project-member] Request filter 'compute_status_filter' took 0.0 seconds {{(pid=93257) wrapper /opt/stack/nova/nova/scheduler/request_filter.py:46}}
Jun 30 21:15:47.620158 np0000004037 nova-scheduler[93257]: DEBUG nova.scheduler.request_filter [None req-142d0de1-96d1-47ce-bf5d-c3af0925a263 tempest-ServerBootFromVolumeStableRescueTest-972357261 tempest-ServerBootFromVolumeStableRescueTest-972357261-project-member] Request filter 'accelerators_filter' took 0.0 seconds {{(pid=93257) wrapper /opt/stack/nova/nova/scheduler/request_filter.py:46}}
Jun 30 21:15:47.620581 np0000004037 nova-scheduler[93257]: DEBUG nova.scheduler.request_filter [None req-142d0de1-96d1-47ce-bf5d-c3af0925a263 tempest-ServerBootFromVolumeStableRescueTest-972357261 tempest-ServerBootFromVolumeStableRescueTest-972357261-project-member] Request filter 'packed_virtqueue_filter' took 0.0 seconds {{(pid=93257) wrapper /opt/stack/nova/nova/scheduler/request_filter.py:46}}
Jun 30 21:15:47.620873 np0000004037 nova-scheduler[93257]: DEBUG nova.scheduler.request_filter [None req-142d0de1-96d1-47ce-bf5d-c3af0925a263 tempest-ServerBootFromVolumeStableRescueTest-972357261 tempest-ServerBootFromVolumeStableRescueTest-972357261-project-member] Request filter 'remote_managed_ports_filter' took 0.0 seconds {{(pid=93257) wrapper /opt/stack/nova/nova/scheduler/request_filter.py:46}}
Jun 30 21:15:47.621034 np0000004037 nova-scheduler[93257]: DEBUG nova.scheduler.request_filter [None req-142d0de1-96d1-47ce-bf5d-c3af0925a263 tempest-ServerBootFromVolumeStableRescueTest-972357261 tempest-ServerBootFromVolumeStableRescueTest-972357261-project-member] ephemeral_encryption_filter skipped {{(pid=93257) ephemeral_encryption_filter /opt/stack/nova/nova/scheduler/request_filter.py:426}}
Jun 30 21:15:47.621224 np0000004037 nova-scheduler[93257]: DEBUG nova.scheduler.request_filter [None req-142d0de1-96d1-47ce-bf5d-c3af0925a263 tempest-ServerBootFromVolumeStableRescueTest-972357261 tempest-ServerBootFromVolumeStableRescueTest-972357261-project-member] virtio_sound_filter skipped {{(pid=93257) virtio_sound_filter /opt/stack/nova/nova/scheduler/request_filter.py:460}}
Jun 30 21:15:47.621364 np0000004037 nova-scheduler[93257]: DEBUG nova.scheduler.request_filter [None req-142d0de1-96d1-47ce-bf5d-c3af0925a263 tempest-ServerBootFromVolumeStableRescueTest-972357261 tempest-ServerBootFromVolumeStableRescueTest-972357261-project-member] tpm_secret_security_filter skipped {{(pid=93257) tpm_secret_security_filter /opt/stack/nova/nova/scheduler/request_filter.py:477}}
Jun 30 21:15:47.647840 np0000004037 nova-scheduler[93251]: DEBUG nova.scheduler.manager [None req-332b3ac5-557f-45ff-a53f-1f40bee428c0 tempest-DeleteServersTestJSON-782917585 tempest-DeleteServersTestJSON-782917585-project-member] Starting to schedule for instances: ['f611ac7d-eb3d-4021-851b-ae4f1446932e'] {{(pid=93251) select_destinations /opt/stack/nova/nova/scheduler/manager.py:209}}
Jun 30 21:15:47.648372 np0000004037 nova-scheduler[93251]: DEBUG nova.scheduler.request_filter [None req-332b3ac5-557f-45ff-a53f-1f40bee428c0 tempest-DeleteServersTestJSON-782917585 tempest-DeleteServersTestJSON-782917585-project-member] compute_status_filter request filter added forbidden trait COMPUTE_STATUS_DISABLED {{(pid=93251) compute_status_filter /opt/stack/nova/nova/scheduler/request_filter.py:253}}
Jun 30 21:15:47.648852 np0000004037 nova-scheduler[93251]: DEBUG nova.scheduler.request_filter [None req-332b3ac5-557f-45ff-a53f-1f40bee428c0 tempest-DeleteServersTestJSON-782917585 tempest-DeleteServersTestJSON-782917585-project-member] Request filter 'compute_status_filter' took 0.0 seconds {{(pid=93251) wrapper /opt/stack/nova/nova/scheduler/request_filter.py:46}}
Jun 30 21:15:47.649581 np0000004037 nova-scheduler[93251]: DEBUG nova.scheduler.request_filter [None req-332b3ac5-557f-45ff-a53f-1f40bee428c0 tempest-DeleteServersTestJSON-782917585 tempest-DeleteServersTestJSON-782917585-project-member] Request filter 'accelerators_filter' took 0.0 seconds {{(pid=93251) wrapper /opt/stack/nova/nova/scheduler/request_filter.py:46}}
Jun 30 21:15:47.649839 np0000004037 nova-scheduler[93251]: DEBUG nova.scheduler.request_filter [None req-332b3ac5-557f-45ff-a53f-1f40bee428c0 tempest-DeleteServersTestJSON-782917585 tempest-DeleteServersTestJSON-782917585-project-member] Request filter 'packed_virtqueue_filter' took 0.0 seconds {{(pid=93251) wrapper /opt/stack/nova/nova/scheduler/request_filter.py:46}}
Jun 30 21:15:47.650164 np0000004037 nova-scheduler[93251]: DEBUG nova.scheduler.request_filter [None req-332b3ac5-557f-45ff-a53f-1f40bee428c0 tempest-DeleteServersTestJSON-782917585 tempest-DeleteServersTestJSON-782917585-project-member] Request filter 'remote_managed_ports_filter' took 0.0 seconds {{(pid=93251) wrapper /opt/stack/nova/nova/scheduler/request_filter.py:46}}
Jun 30 21:15:47.650354 np0000004037 nova-scheduler[93251]: DEBUG nova.scheduler.request_filter [None req-332b3ac5-557f-45ff-a53f-1f40bee428c0 tempest-DeleteServersTestJSON-782917585 tempest-DeleteServersTestJSON-782917585-project-member] ephemeral_encryption_filter skipped {{(pid=93251) ephemeral_encryption_filter /opt/stack/nova/nova/scheduler/request_filter.py:426}}
Jun 30 21:15:47.650534 np0000004037 nova-scheduler[93251]: DEBUG nova.scheduler.request_filter [None req-332b3ac5-557f-45ff-a53f-1f40bee428c0 tempest-DeleteServersTestJSON-782917585 tempest-DeleteServersTestJSON-782917585-project-member] virtio_sound_filter skipped {{(pid=93251) virtio_sound_filter /opt/stack/nova/nova/scheduler/request_filter.py:460}}
Jun 30 21:15:47.650739 np0000004037 nova-scheduler[93251]: DEBUG nova.scheduler.request_filter [None req-332b3ac5-557f-45ff-a53f-1f40bee428c0 tempest-DeleteServersTestJSON-782917585 tempest-DeleteServersTestJSON-782917585-project-member] tpm_secret_security_filter skipped {{(pid=93251) tpm_secret_security_filter /opt/stack/nova/nova/scheduler/request_filter.py:477}}
Jun 30 21:15:48.058291 np0000004037 nova-scheduler[93251]: INFO nova.utils [None req-332b3ac5-557f-45ff-a53f-1f40bee428c0 tempest-DeleteServersTestJSON-782917585 tempest-DeleteServersTestJSON-782917585-project-member] The cell worker thread pool ForkProcess-1.cell_worker is initialized
Jun 30 21:15:48.058616 np0000004037 nova-scheduler[93251]: DEBUG oslo_concurrency.lockutils [None req-332b3ac5-557f-45ff-a53f-1f40bee428c0 tempest-DeleteServersTestJSON-782917585 tempest-DeleteServersTestJSON-782917585-project-member] Acquiring lock "4c9b23ff-59a4-4e05-9b65-be52ce45fed9" by "nova.context.set_target_cell..get_or_set_cached_cell_and_set_connections" {{(pid=93251) inner /opt/stack/data/venv/lib/python3.12/site-packages/oslo_concurrency/lockutils.py:511}}
Jun 30 21:15:48.058788 np0000004037 nova-scheduler[93251]: DEBUG oslo_concurrency.lockutils [None req-332b3ac5-557f-45ff-a53f-1f40bee428c0 tempest-DeleteServersTestJSON-782917585 tempest-DeleteServersTestJSON-782917585-project-member] Lock "4c9b23ff-59a4-4e05-9b65-be52ce45fed9" acquired by "nova.context.set_target_cell..get_or_set_cached_cell_and_set_connections" :: waited 0.000s {{(pid=93251) inner /opt/stack/data/venv/lib/python3.12/site-packages/oslo_concurrency/lockutils.py:524}}
Jun 30 21:15:48.060130 np0000004037 nova-scheduler[93251]: DEBUG oslo_concurrency.lockutils [None req-332b3ac5-557f-45ff-a53f-1f40bee428c0 tempest-DeleteServersTestJSON-782917585 tempest-DeleteServersTestJSON-782917585-project-member] Lock "4c9b23ff-59a4-4e05-9b65-be52ce45fed9" "released" by "nova.context.set_target_cell..get_or_set_cached_cell_and_set_connections" :: held 0.001s {{(pid=93251) inner /opt/stack/data/venv/lib/python3.12/site-packages/oslo_concurrency/lockutils.py:543}}
Jun 30 21:15:48.062017 np0000004037 nova-scheduler[93251]: INFO dbcounter [None req-332b3ac5-557f-45ff-a53f-1f40bee428c0 tempest-DeleteServersTestJSON-782917585 tempest-DeleteServersTestJSON-782917585-project-member] Registered counter for database nova_cell1
Jun 30 21:15:48.094057 np0000004037 nova-scheduler[93257]: INFO nova.utils [None req-142d0de1-96d1-47ce-bf5d-c3af0925a263 tempest-ServerBootFromVolumeStableRescueTest-972357261 tempest-ServerBootFromVolumeStableRescueTest-972357261-project-member] The cell worker thread pool ForkProcess-3.cell_worker is initialized
Jun 30 21:15:48.095713 np0000004037 nova-scheduler[93257]: DEBUG oslo_concurrency.lockutils [None req-142d0de1-96d1-47ce-bf5d-c3af0925a263 tempest-ServerBootFromVolumeStableRescueTest-972357261 tempest-ServerBootFromVolumeStableRescueTest-972357261-project-member] Acquiring lock "4c9b23ff-59a4-4e05-9b65-be52ce45fed9" by "nova.context.set_target_cell..get_or_set_cached_cell_and_set_connections" {{(pid=93257) inner /opt/stack/data/venv/lib/python3.12/site-packages/oslo_concurrency/lockutils.py:511}}
Jun 30 21:15:48.095713 np0000004037 nova-scheduler[93257]: DEBUG oslo_concurrency.lockutils [None req-142d0de1-96d1-47ce-bf5d-c3af0925a263 tempest-ServerBootFromVolumeStableRescueTest-972357261 tempest-ServerBootFromVolumeStableRescueTest-972357261-project-member] Lock "4c9b23ff-59a4-4e05-9b65-be52ce45fed9" acquired by "nova.context.set_target_cell..get_or_set_cached_cell_and_set_connections" :: waited 0.000s {{(pid=93257) inner /opt/stack/data/venv/lib/python3.12/site-packages/oslo_concurrency/lockutils.py:524}}
Jun 30 21:15:48.096625 np0000004037 nova-scheduler[93257]: DEBUG oslo_concurrency.lockutils [None req-142d0de1-96d1-47ce-bf5d-c3af0925a263 tempest-ServerBootFromVolumeStableRescueTest-972357261 tempest-ServerBootFromVolumeStableRescueTest-972357261-project-member] Lock "4c9b23ff-59a4-4e05-9b65-be52ce45fed9" "released" by "nova.context.set_target_cell..get_or_set_cached_cell_and_set_connections" :: held 0.002s {{(pid=93257) inner /opt/stack/data/venv/lib/python3.12/site-packages/oslo_concurrency/lockutils.py:543}}
Jun 30 21:15:48.098527 np0000004037 nova-scheduler[93257]: INFO dbcounter [None req-142d0de1-96d1-47ce-bf5d-c3af0925a263 tempest-ServerBootFromVolumeStableRescueTest-972357261 tempest-ServerBootFromVolumeStableRescueTest-972357261-project-member] Registered counter for database nova_cell1
Jun 30 21:15:48.099583 np0000004037 nova-scheduler[93251]: DEBUG oslo_db.sqlalchemy.engines [None req-332b3ac5-557f-45ff-a53f-1f40bee428c0 tempest-DeleteServersTestJSON-782917585 tempest-DeleteServersTestJSON-782917585-project-member] MySQL server mode set to STRICT_TRANS_TABLES,STRICT_ALL_TABLES,NO_ZERO_IN_DATE,NO_ZERO_DATE,ERROR_FOR_DIVISION_BY_ZERO,TRADITIONAL,NO_ENGINE_SUBSTITUTION {{(pid=93251) _check_effective_sql_mode /opt/stack/data/venv/lib/python3.12/site-packages/oslo_db/sqlalchemy/engines.py:325}}
Jun 30 21:15:48.105934 np0000004037 nova-scheduler[93251]: DEBUG dbcounter [-] [93251] Writer thread running {{(pid=93251) stat_writer /opt/stack/data/venv/lib/python3.12/site-packages/dbcounter.py:102}}
Jun 30 21:15:48.118148 np0000004037 nova-scheduler[93251]: DEBUG oslo_db.sqlalchemy.engines [None req-332b3ac5-557f-45ff-a53f-1f40bee428c0 tempest-DeleteServersTestJSON-782917585 tempest-DeleteServersTestJSON-782917585-project-member] Parent process 92045 forked (93251) with an open database connection, which is being discarded and recreated. {{(pid=93251) checkout /opt/stack/data/venv/lib/python3.12/site-packages/oslo_db/sqlalchemy/engines.py:402}}
Jun 30 21:15:48.133511 np0000004037 nova-scheduler[93257]: DEBUG oslo_db.sqlalchemy.engines [None req-142d0de1-96d1-47ce-bf5d-c3af0925a263 tempest-ServerBootFromVolumeStableRescueTest-972357261 tempest-ServerBootFromVolumeStableRescueTest-972357261-project-member] MySQL server mode set to STRICT_TRANS_TABLES,STRICT_ALL_TABLES,NO_ZERO_IN_DATE,NO_ZERO_DATE,ERROR_FOR_DIVISION_BY_ZERO,TRADITIONAL,NO_ENGINE_SUBSTITUTION {{(pid=93257) _check_effective_sql_mode /opt/stack/data/venv/lib/python3.12/site-packages/oslo_db/sqlalchemy/engines.py:325}}
Jun 30 21:15:48.139189 np0000004037 nova-scheduler[93257]: DEBUG dbcounter [-] [93257] Writer thread running {{(pid=93257) stat_writer /opt/stack/data/venv/lib/python3.12/site-packages/dbcounter.py:102}}
Jun 30 21:15:48.148729 np0000004037 nova-scheduler[93251]: DEBUG dbcounter [-] [93251] Writer thread running {{(pid=93251) stat_writer /opt/stack/data/venv/lib/python3.12/site-packages/dbcounter.py:102}}
Jun 30 21:15:48.151503 np0000004037 nova-scheduler[93251]: DEBUG oslo_concurrency.lockutils [None req-332b3ac5-557f-45ff-a53f-1f40bee428c0 tempest-DeleteServersTestJSON-782917585 tempest-DeleteServersTestJSON-782917585-project-member] Acquiring lock "4c9b23ff-59a4-4e05-9b65-be52ce45fed9" by "nova.context.set_target_cell..get_or_set_cached_cell_and_set_connections" {{(pid=93251) inner /opt/stack/data/venv/lib/python3.12/site-packages/oslo_concurrency/lockutils.py:511}}
Jun 30 21:15:48.151678 np0000004037 nova-scheduler[93251]: DEBUG oslo_concurrency.lockutils [None req-332b3ac5-557f-45ff-a53f-1f40bee428c0 tempest-DeleteServersTestJSON-782917585 tempest-DeleteServersTestJSON-782917585-project-member] Lock "4c9b23ff-59a4-4e05-9b65-be52ce45fed9" acquired by "nova.context.set_target_cell..get_or_set_cached_cell_and_set_connections" :: waited 0.000s {{(pid=93251) inner /opt/stack/data/venv/lib/python3.12/site-packages/oslo_concurrency/lockutils.py:524}}
Jun 30 21:15:48.151799 np0000004037 nova-scheduler[93251]: DEBUG oslo_concurrency.lockutils [None req-332b3ac5-557f-45ff-a53f-1f40bee428c0 tempest-DeleteServersTestJSON-782917585 tempest-DeleteServersTestJSON-782917585-project-member] Lock "4c9b23ff-59a4-4e05-9b65-be52ce45fed9" "released" by "nova.context.set_target_cell..get_or_set_cached_cell_and_set_connections" :: held 0.000s {{(pid=93251) inner /opt/stack/data/venv/lib/python3.12/site-packages/oslo_concurrency/lockutils.py:543}}
Jun 30 21:15:48.155086 np0000004037 nova-scheduler[93251]: DEBUG oslo_concurrency.lockutils [None req-332b3ac5-557f-45ff-a53f-1f40bee428c0 tempest-DeleteServersTestJSON-782917585 tempest-DeleteServersTestJSON-782917585-project-member] Acquiring lock "np0000004037-np0000004037" by "nova.scheduler.host_manager.HostState.update.._locked_update" {{(pid=93251) inner /opt/stack/data/venv/lib/python3.12/site-packages/oslo_concurrency/lockutils.py:511}}
Jun 30 21:15:48.155223 np0000004037 nova-scheduler[93251]: DEBUG oslo_concurrency.lockutils [None req-332b3ac5-557f-45ff-a53f-1f40bee428c0 tempest-DeleteServersTestJSON-782917585 tempest-DeleteServersTestJSON-782917585-project-member] Lock "np0000004037-np0000004037" acquired by "nova.scheduler.host_manager.HostState.update.._locked_update" :: waited 0.000s {{(pid=93251) inner /opt/stack/data/venv/lib/python3.12/site-packages/oslo_concurrency/lockutils.py:524}}
Jun 30 21:15:48.156132 np0000004037 nova-scheduler[93251]: DEBUG nova.scheduler.host_manager [None req-332b3ac5-557f-45ff-a53f-1f40bee428c0 tempest-DeleteServersTestJSON-782917585 tempest-DeleteServersTestJSON-782917585-project-member] Update host state from compute node: ComputeNode(cpu_allocation_ratio=4.0,cpu_info='{"arch": "x86_64", "model": "EPYC-Milan", "vendor": "AMD", "topology": {"cells": 1, "sockets": 16, "cores": 1, "threads": 1}, "maxphysaddr": {"mode": "emulate", "bits": 40}, "features": ["apic", "rdrand", "spec-ctrl", "clflush", "null-sel-clr-base", "pause-filter", "sse", "pge", "sha-ni", "v-vmsave-vmload", "smep", "pku", "fsrm", "fxsr_opt", "vpclmulqdq", "avx", "movbe", "pfthreshold", "ibpb", "adx", "stibp-always-on", "cmp_legacy", "pschange-mc-no", "bmi1", "mds-no", "amd-psfd", "sse4a", "fxsr", "nrip-save", "syscall", "sse4.1", "sse2", "arch-capabilities", "bmi2", "popcnt", "mtrr", "wbnoinvd", "pse", "misalignsse", "tsc-deadline", "erms", "cx8", "lbrv", "svm", "invpcid", "lm", "xgetbv1", "topoext", "pcid", "ibrs", "skip-l1dfl-vmentry", "arat", "msr", "aes", "amd-stibp", "tsc-scale", "de", "virt-ssbd", "f16c", "npt", "rdseed", "pae", "amd-ssbd", "avx2", "cx16", "nx", "ssbd", "fsgsbase", "vme", "xsaveerptr", "x2apic", "sse4.2", "mmxext", "vmcb-clean", "lfence-always-serializing", "rdpid", "3dnowprefetch", "flushbyasid", "pse36", "pni", "rdtscp", "xsave", "sep", "pclmuldq", "cr8legacy", "svme-addr-chk", "mca", "pat", "no-nested-data-bp", "mce", "rdctl-no", "abm", "umip", "mmx", "hypervisor", "tsc", "clzero", "pdpe1gb", "clwb", "fma", "fpu", "perfctr_core", "xsavec", "xsaveopt", "ssse3", "xsaves", "clflushopt", "vgif", "lahf_lm", "cmov", "gds-no", "stibp", "smap", "tsc_adjust", "osvw", "vaes"]}',created_at=2026-06-30T21:13:45Z,current_workload=0,deleted=False,deleted_at=None,disk_allocation_ratio=1.0,disk_available_least=73,free_disk_gb=95,free_ram_mb=62765,host='np0000004037',host_ip=10.4.3.8,hypervisor_hostname='np0000004037',hypervisor_type='QEMU',hypervisor_version=8002002,id=1,local_gb=95,local_gb_used=0,mapped=1,memory_mb=63277,memory_mb_used=512,metrics='[]',numa_topology='{"nova_object.name": "NUMATopology", "nova_object.namespace": "nova", "nova_object.version": "1.2", "nova_object.data": {"cells": [{"nova_object.name": "NUMACell", "nova_object.namespace": "nova", "nova_object.version": "1.5", "nova_object.data": {"id": 0, "cpuset": [0, 1, 2, 3, 4, 5, 6, 7, 8, 9, 10, 11, 12, 13, 14, 15], "pcpuset": [0, 1, 2, 3, 4, 5, 6, 7, 8, 9, 10, 11, 12, 13, 14, 15], "memory": 63277, "cpu_usage": 0, "memory_usage": 0, "pinned_cpus": [], "siblings": [[6], [12], [2], [15], [5], [11], [8], [14], [4], [1], [7], [10], [0], [13], [3], [9]], "mempages": [{"nova_object.name": "NUMAPagesTopology", "nova_object.namespace": "nova", "nova_object.version": "1.1", "nova_object.data": {"size_kb": 4, "total": 16177930, "used": 0, "reserved": 0}, "nova_object.changes": ["size_kb", "used", "reserved", "total"]}, {"nova_object.name": "NUMAPagesTopology", "nova_object.namespace": "nova", "nova_object.version": "1.1", "nova_object.data": {"size_kb": 2048, "total": 41, "used": 0, "reserved": 0}, "nova_object.changes": ["size_kb", "used", "reserved", "total"]}, {"nova_object.name": "NUMAPagesTopology", "nova_object.namespace": "nova", "nova_object.version": "1.1", "nova_object.data": {"size_kb": 1048576, "total": 0, "used": 0, "reserved": 0}, "nova_object.changes": ["size_kb", "used", "reserved", "total"]}], "network_metadata": {"nova_object.name": "NetworkMetadata", "nova_object.namespace": "nova", "nova_object.version": "1.0", "nova_object.data": {"physnets": [], "tunneled": false}, "nova_object.changes": ["physnets", "tunneled"]}, "socket": null}, "nova_object.changes": ["memory", "cpu_usage", "cpuset", "id", "memory_usage", "siblings", "socket", "mempages", "pcpuset", "pinned_cpus", "network_metadata"]}]}, "nova_object.changes": ["cells"]}',pci_device_pools=PciDevicePoolList,ram_allocation_ratio=1.0,running_vms=0,service_id=2,stats={failed_builds='0',uptime=' 21:15:30 up 13 min, 2 users, load average: 1.45, 1.32, 0.77
Jun 30 21:15:48.156132 np0000004037 nova-scheduler[93251]: '},supported_hv_specs=[HVSpec,HVSpec,HVSpec,HVSpec,HVSpec,HVSpec,HVSpec,HVSpec,HVSpec,HVSpec,HVSpec,HVSpec,HVSpec,HVSpec,HVSpec,HVSpec,HVSpec,HVSpec,HVSpec,HVSpec,HVSpec,HVSpec,HVSpec,HVSpec,HVSpec],updated_at=2026-06-30T21:15:32Z,uuid=2a6ac839-52b3-4b62-9ec4-f2bf68eb70d6,vcpus=16,vcpus_used=0) {{(pid=93251) _locked_update /opt/stack/nova/nova/scheduler/host_manager.py:168}}
Jun 30 21:15:48.156872 np0000004037 nova-scheduler[93251]: DEBUG nova.scheduler.host_manager [None req-332b3ac5-557f-45ff-a53f-1f40bee428c0 tempest-DeleteServersTestJSON-782917585 tempest-DeleteServersTestJSON-782917585-project-member] Update host state with aggregates: [] {{(pid=93251) _locked_update /opt/stack/nova/nova/scheduler/host_manager.py:171}}
Jun 30 21:15:48.157009 np0000004037 nova-scheduler[93251]: DEBUG nova.scheduler.host_manager [None req-332b3ac5-557f-45ff-a53f-1f40bee428c0 tempest-DeleteServersTestJSON-782917585 tempest-DeleteServersTestJSON-782917585-project-member] Update host state with service dict: {'id': 2, 'uuid': '55f79346-064e-4ed1-a406-82adf47f240a', 'host': 'np0000004037', 'binary': 'nova-compute', 'topic': 'compute', 'report_count': 1, 'disabled': False, 'disabled_reason': None, 'last_seen_up': datetime.datetime(2026, 6, 30, 21, 13, 54, tzinfo=datetime.timezone.utc), 'forced_down': False, 'version': 72, 'created_at': datetime.datetime(2026, 6, 30, 21, 13, 43, tzinfo=datetime.timezone.utc), 'updated_at': datetime.datetime(2026, 6, 30, 21, 13, 54, tzinfo=datetime.timezone.utc), 'deleted_at': None, 'deleted': False} {{(pid=93251) _locked_update /opt/stack/nova/nova/scheduler/host_manager.py:174}}
Jun 30 21:15:48.157130 np0000004037 nova-scheduler[93251]: DEBUG nova.scheduler.host_manager [None req-332b3ac5-557f-45ff-a53f-1f40bee428c0 tempest-DeleteServersTestJSON-782917585 tempest-DeleteServersTestJSON-782917585-project-member] Update host state with instances: [] {{(pid=93251) _locked_update /opt/stack/nova/nova/scheduler/host_manager.py:177}}
Jun 30 21:15:48.157198 np0000004037 nova-scheduler[93251]: DEBUG oslo_concurrency.lockutils [None req-332b3ac5-557f-45ff-a53f-1f40bee428c0 tempest-DeleteServersTestJSON-782917585 tempest-DeleteServersTestJSON-782917585-project-member] Lock "np0000004037-np0000004037" "released" by "nova.scheduler.host_manager.HostState.update.._locked_update" :: held 0.002s {{(pid=93251) inner /opt/stack/data/venv/lib/python3.12/site-packages/oslo_concurrency/lockutils.py:543}}
Jun 30 21:15:48.157600 np0000004037 nova-scheduler[93251]: DEBUG nova.filters [None req-332b3ac5-557f-45ff-a53f-1f40bee428c0 tempest-DeleteServersTestJSON-782917585 tempest-DeleteServersTestJSON-782917585-project-member] Starting with 1 host(s) {{(pid=93251) get_filtered_objects /opt/stack/nova/nova/filters.py:70}}
Jun 30 21:15:48.157871 np0000004037 nova-scheduler[93251]: DEBUG nova.filters [None req-332b3ac5-557f-45ff-a53f-1f40bee428c0 tempest-DeleteServersTestJSON-782917585 tempest-DeleteServersTestJSON-782917585-project-member] Filter ComputeFilter returned 1 host(s) {{(pid=93251) get_filtered_objects /opt/stack/nova/nova/filters.py:102}}
Jun 30 21:15:48.158005 np0000004037 nova-scheduler[93251]: DEBUG nova.filters [None req-332b3ac5-557f-45ff-a53f-1f40bee428c0 tempest-DeleteServersTestJSON-782917585 tempest-DeleteServersTestJSON-782917585-project-member] Filter ComputeCapabilitiesFilter returned 1 host(s) {{(pid=93251) get_filtered_objects /opt/stack/nova/nova/filters.py:102}}
Jun 30 21:15:48.158178 np0000004037 nova-scheduler[93251]: DEBUG nova.filters [None req-332b3ac5-557f-45ff-a53f-1f40bee428c0 tempest-DeleteServersTestJSON-782917585 tempest-DeleteServersTestJSON-782917585-project-member] Filter ImagePropertiesFilter returned 1 host(s) {{(pid=93251) get_filtered_objects /opt/stack/nova/nova/filters.py:102}}
Jun 30 21:15:48.158418 np0000004037 nova-scheduler[93251]: DEBUG nova.filters [None req-332b3ac5-557f-45ff-a53f-1f40bee428c0 tempest-DeleteServersTestJSON-782917585 tempest-DeleteServersTestJSON-782917585-project-member] Filter ServerGroupAntiAffinityFilter returned 1 host(s) {{(pid=93251) get_filtered_objects /opt/stack/nova/nova/filters.py:102}}
Jun 30 21:15:48.158418 np0000004037 nova-scheduler[93251]: DEBUG nova.filters [None req-332b3ac5-557f-45ff-a53f-1f40bee428c0 tempest-DeleteServersTestJSON-782917585 tempest-DeleteServersTestJSON-782917585-project-member] Filter ServerGroupAffinityFilter returned 1 host(s) {{(pid=93251) get_filtered_objects /opt/stack/nova/nova/filters.py:102}}
Jun 30 21:15:48.158522 np0000004037 nova-scheduler[93251]: DEBUG nova.filters [None req-332b3ac5-557f-45ff-a53f-1f40bee428c0 tempest-DeleteServersTestJSON-782917585 tempest-DeleteServersTestJSON-782917585-project-member] Filter SameHostFilter returned 1 host(s) {{(pid=93251) get_filtered_objects /opt/stack/nova/nova/filters.py:102}}
Jun 30 21:15:48.158686 np0000004037 nova-scheduler[93251]: DEBUG nova.filters [None req-332b3ac5-557f-45ff-a53f-1f40bee428c0 tempest-DeleteServersTestJSON-782917585 tempest-DeleteServersTestJSON-782917585-project-member] Filter DifferentHostFilter returned 1 host(s) {{(pid=93251) get_filtered_objects /opt/stack/nova/nova/filters.py:102}}
Jun 30 21:15:48.158803 np0000004037 nova-scheduler[93251]: DEBUG nova.scheduler.manager [None req-332b3ac5-557f-45ff-a53f-1f40bee428c0 tempest-DeleteServersTestJSON-782917585 tempest-DeleteServersTestJSON-782917585-project-member] Filtered [(np0000004037, np0000004037) ram: 62765MB disk: 74752MB io_ops: 0 instances: 0, allocation_candidates: 1] {{(pid=93251) _get_sorted_hosts /opt/stack/nova/nova/scheduler/manager.py:742}}
Jun 30 21:15:48.158978 np0000004037 nova-scheduler[93251]: DEBUG nova.scheduler.manager [None req-332b3ac5-557f-45ff-a53f-1f40bee428c0 tempest-DeleteServersTestJSON-782917585 tempest-DeleteServersTestJSON-782917585-project-member] Weighed [WeighedHost [host: (np0000004037, np0000004037) ram: 62765MB disk: 74752MB io_ops: 0 instances: 0, allocation_candidates: 1, weight: 0.0]] {{(pid=93251) _get_sorted_hosts /opt/stack/nova/nova/scheduler/manager.py:764}}
Jun 30 21:15:48.159147 np0000004037 nova-scheduler[93251]: DEBUG nova.scheduler.utils [None req-332b3ac5-557f-45ff-a53f-1f40bee428c0 tempest-DeleteServersTestJSON-782917585 tempest-DeleteServersTestJSON-782917585-project-member] Attempting to claim resources in the placement API for instance f611ac7d-eb3d-4021-851b-ae4f1446932e {{(pid=93251) claim_resources /opt/stack/nova/nova/scheduler/utils.py:1345}}
Jun 30 21:15:48.186470 np0000004037 nova-scheduler[93257]: DEBUG dbcounter [-] [93257] Writer thread running {{(pid=93257) stat_writer /opt/stack/data/venv/lib/python3.12/site-packages/dbcounter.py:102}}
Jun 30 21:15:48.193465 np0000004037 nova-scheduler[93257]: DEBUG oslo_concurrency.lockutils [None req-142d0de1-96d1-47ce-bf5d-c3af0925a263 tempest-ServerBootFromVolumeStableRescueTest-972357261 tempest-ServerBootFromVolumeStableRescueTest-972357261-project-member] Acquiring lock "4c9b23ff-59a4-4e05-9b65-be52ce45fed9" by "nova.context.set_target_cell..get_or_set_cached_cell_and_set_connections" {{(pid=93257) inner /opt/stack/data/venv/lib/python3.12/site-packages/oslo_concurrency/lockutils.py:511}}
Jun 30 21:15:48.193799 np0000004037 nova-scheduler[93257]: DEBUG oslo_concurrency.lockutils [None req-142d0de1-96d1-47ce-bf5d-c3af0925a263 tempest-ServerBootFromVolumeStableRescueTest-972357261 tempest-ServerBootFromVolumeStableRescueTest-972357261-project-member] Lock "4c9b23ff-59a4-4e05-9b65-be52ce45fed9" acquired by "nova.context.set_target_cell..get_or_set_cached_cell_and_set_connections" :: waited 0.000s {{(pid=93257) inner /opt/stack/data/venv/lib/python3.12/site-packages/oslo_concurrency/lockutils.py:524}}
Jun 30 21:15:48.193890 np0000004037 nova-scheduler[93257]: DEBUG oslo_concurrency.lockutils [None req-142d0de1-96d1-47ce-bf5d-c3af0925a263 tempest-ServerBootFromVolumeStableRescueTest-972357261 tempest-ServerBootFromVolumeStableRescueTest-972357261-project-member] Lock "4c9b23ff-59a4-4e05-9b65-be52ce45fed9" "released" by "nova.context.set_target_cell..get_or_set_cached_cell_and_set_connections" :: held 0.000s {{(pid=93257) inner /opt/stack/data/venv/lib/python3.12/site-packages/oslo_concurrency/lockutils.py:543}}
Jun 30 21:15:48.196625 np0000004037 nova-scheduler[93257]: DEBUG oslo_concurrency.lockutils [None req-142d0de1-96d1-47ce-bf5d-c3af0925a263 tempest-ServerBootFromVolumeStableRescueTest-972357261 tempest-ServerBootFromVolumeStableRescueTest-972357261-project-member] Acquiring lock "np0000004037-np0000004037" by "nova.scheduler.host_manager.HostState.update.._locked_update" {{(pid=93257) inner /opt/stack/data/venv/lib/python3.12/site-packages/oslo_concurrency/lockutils.py:511}}
Jun 30 21:15:48.196889 np0000004037 nova-scheduler[93257]: DEBUG oslo_concurrency.lockutils [None req-142d0de1-96d1-47ce-bf5d-c3af0925a263 tempest-ServerBootFromVolumeStableRescueTest-972357261 tempest-ServerBootFromVolumeStableRescueTest-972357261-project-member] Lock "np0000004037-np0000004037" acquired by "nova.scheduler.host_manager.HostState.update.._locked_update" :: waited 0.000s {{(pid=93257) inner /opt/stack/data/venv/lib/python3.12/site-packages/oslo_concurrency/lockutils.py:524}}
