Aug 21 16:08:41.191828 np0000007916 nova-scheduler[96645]: DEBUG cotyledon.oslo_config_glue [-] workarounds.libvirt_disable_apic = False {{(pid=96645) log_opt_values /opt/stack/data/venv/lib/python3.12/site-packages/oslo_config/cfg.py:3560}}
Aug 21 16:08:41.191828 np0000007916 nova-scheduler[96645]: DEBUG cotyledon.oslo_config_glue [-] workarounds.never_download_image_if_on_rbd = False {{(pid=96645) log_opt_values /opt/stack/data/venv/lib/python3.12/site-packages/oslo_config/cfg.py:3560}}
Aug 21 16:08:41.191828 np0000007916 nova-scheduler[96645]: DEBUG cotyledon.oslo_config_glue [-] workarounds.qemu_monitor_announce_self_count = 3 {{(pid=96645) log_opt_values /opt/stack/data/venv/lib/python3.12/site-packages/oslo_config/cfg.py:3560}}
Aug 21 16:08:41.192127 np0000007916 nova-scheduler[96645]: DEBUG cotyledon.oslo_config_glue [-] workarounds.qemu_monitor_announce_self_interval = 1 {{(pid=96645) log_opt_values /opt/stack/data/venv/lib/python3.12/site-packages/oslo_config/cfg.py:3560}}
Aug 21 16:08:41.192127 np0000007916 nova-scheduler[96645]: DEBUG cotyledon.oslo_config_glue [-] workarounds.reserve_disk_resource_for_image_cache = False {{(pid=96645) log_opt_values /opt/stack/data/venv/lib/python3.12/site-packages/oslo_config/cfg.py:3560}}
Aug 21 16:08:41.192127 np0000007916 nova-scheduler[96645]: DEBUG cotyledon.oslo_config_glue [-] workarounds.skip_cpu_compare_at_startup = False {{(pid=96645) log_opt_values /opt/stack/data/venv/lib/python3.12/site-packages/oslo_config/cfg.py:3560}}
Aug 21 16:08:41.192127 np0000007916 nova-scheduler[96645]: DEBUG cotyledon.oslo_config_glue [-] workarounds.skip_cpu_compare_on_dest = False {{(pid=96645) log_opt_values /opt/stack/data/venv/lib/python3.12/site-packages/oslo_config/cfg.py:3560}}
Aug 21 16:08:41.192127 np0000007916 nova-scheduler[96645]: DEBUG cotyledon.oslo_config_glue [-] workarounds.skip_hypervisor_version_check_on_lm = False {{(pid=96645) log_opt_values /opt/stack/data/venv/lib/python3.12/site-packages/oslo_config/cfg.py:3560}}
Aug 21 16:08:41.192127 np0000007916 nova-scheduler[96645]: DEBUG cotyledon.oslo_config_glue [-] workarounds.skip_reserve_in_use_ironic_nodes = False {{(pid=96645) log_opt_values /opt/stack/data/venv/lib/python3.12/site-packages/oslo_config/cfg.py:3560}}
Aug 21 16:08:41.192127 np0000007916 nova-scheduler[96645]: DEBUG cotyledon.oslo_config_glue [-] workarounds.unified_limits_count_pcpu_as_vcpu = False {{(pid=96645) log_opt_values /opt/stack/data/venv/lib/python3.12/site-packages/oslo_config/cfg.py:3560}}
Aug 21 16:08:41.192127 np0000007916 nova-scheduler[96645]: DEBUG cotyledon.oslo_config_glue [-] workarounds.wait_for_vif_plugged_event_during_hard_reboot = [] {{(pid=96645) log_opt_values /opt/stack/data/venv/lib/python3.12/site-packages/oslo_config/cfg.py:3560}}
Aug 21 16:08:41.192373 np0000007916 nova-scheduler[96645]: DEBUG cotyledon.oslo_config_glue [-] wsgi.api_paste_config = /etc/nova/api-paste.ini {{(pid=96645) log_opt_values /opt/stack/data/venv/lib/python3.12/site-packages/oslo_config/cfg.py:3560}}
Aug 21 16:08:41.192373 np0000007916 nova-scheduler[96645]: DEBUG cotyledon.oslo_config_glue [-] wsgi.secure_proxy_ssl_header = None {{(pid=96645) log_opt_values /opt/stack/data/venv/lib/python3.12/site-packages/oslo_config/cfg.py:3560}}
Aug 21 16:08:41.192373 np0000007916 nova-scheduler[96645]: DEBUG cotyledon.oslo_config_glue [-] zvm.ca_file = None {{(pid=96645) log_opt_values /opt/stack/data/venv/lib/python3.12/site-packages/oslo_config/cfg.py:3560}}
Aug 21 16:08:41.192373 np0000007916 nova-scheduler[96645]: DEBUG cotyledon.oslo_config_glue [-] zvm.cloud_connector_url = None {{(pid=96645) log_opt_values /opt/stack/data/venv/lib/python3.12/site-packages/oslo_config/cfg.py:3560}}
Aug 21 16:08:41.192373 np0000007916 nova-scheduler[96645]: DEBUG cotyledon.oslo_config_glue [-] zvm.image_tmp_path = /opt/stack/data/nova/images {{(pid=96645) log_opt_values /opt/stack/data/venv/lib/python3.12/site-packages/oslo_config/cfg.py:3560}}
Aug 21 16:08:41.192373 np0000007916 nova-scheduler[96645]: DEBUG cotyledon.oslo_config_glue [-] zvm.reachable_timeout = 300 {{(pid=96645) log_opt_values /opt/stack/data/venv/lib/python3.12/site-packages/oslo_config/cfg.py:3560}}
Aug 21 16:08:41.192373 np0000007916 nova-scheduler[96645]: DEBUG cotyledon.oslo_config_glue [-] oslo_versionedobjects.fatal_exception_format_errors = False {{(pid=96645) log_opt_values /opt/stack/data/venv/lib/python3.12/site-packages/oslo_config/cfg.py:3560}}
Aug 21 16:08:41.192373 np0000007916 nova-scheduler[96645]: DEBUG cotyledon.oslo_config_glue [-] oslo_middleware.http_basic_auth_user_file = /etc/htpasswd {{(pid=96645) log_opt_values /opt/stack/data/venv/lib/python3.12/site-packages/oslo_config/cfg.py:3560}}
Aug 21 16:08:41.192373 np0000007916 nova-scheduler[96645]: DEBUG cotyledon.oslo_config_glue [-] oslo_messaging_metrics.metrics_buffer_size = 1000 {{(pid=96645) log_opt_values /opt/stack/data/venv/lib/python3.12/site-packages/oslo_config/cfg.py:3560}}
Aug 21 16:08:41.192696 np0000007916 nova-scheduler[96645]: DEBUG cotyledon.oslo_config_glue [-] oslo_messaging_metrics.metrics_enabled = False {{(pid=96645) log_opt_values /opt/stack/data/venv/lib/python3.12/site-packages/oslo_config/cfg.py:3560}}
Aug 21 16:08:41.192696 np0000007916 nova-scheduler[96645]: DEBUG cotyledon.oslo_config_glue [-] oslo_messaging_metrics.metrics_process_name = {{(pid=96645) log_opt_values /opt/stack/data/venv/lib/python3.12/site-packages/oslo_config/cfg.py:3560}}
Aug 21 16:08:41.192696 np0000007916 nova-scheduler[96645]: DEBUG cotyledon.oslo_config_glue [-] oslo_messaging_metrics.metrics_socket_file = /var/tmp/metrics_collector.sock {{(pid=96645) log_opt_values /opt/stack/data/venv/lib/python3.12/site-packages/oslo_config/cfg.py:3560}}
Aug 21 16:08:41.192696 np0000007916 nova-scheduler[96645]: DEBUG cotyledon.oslo_config_glue [-] oslo_messaging_metrics.metrics_thread_stop_timeout = 10 {{(pid=96645) log_opt_values /opt/stack/data/venv/lib/python3.12/site-packages/oslo_config/cfg.py:3560}}
Aug 21 16:08:41.192696 np0000007916 nova-scheduler[96645]: DEBUG cotyledon.oslo_config_glue [-] profiler.connection_string = messaging:// {{(pid=96645) log_opt_values /opt/stack/data/venv/lib/python3.12/site-packages/oslo_config/cfg.py:3560}}
Aug 21 16:08:41.192696 np0000007916 nova-scheduler[96645]: DEBUG cotyledon.oslo_config_glue [-] profiler.enabled = False {{(pid=96645) log_opt_values /opt/stack/data/venv/lib/python3.12/site-packages/oslo_config/cfg.py:3560}}
Aug 21 16:08:41.192696 np0000007916 nova-scheduler[96645]: DEBUG cotyledon.oslo_config_glue [-] profiler.es_doc_type = notification {{(pid=96645) log_opt_values /opt/stack/data/venv/lib/python3.12/site-packages/oslo_config/cfg.py:3560}}
Aug 21 16:08:41.192696 np0000007916 nova-scheduler[96645]: DEBUG cotyledon.oslo_config_glue [-] profiler.es_scroll_size = 10000 {{(pid=96645) log_opt_values /opt/stack/data/venv/lib/python3.12/site-packages/oslo_config/cfg.py:3560}}
Aug 21 16:08:41.192696 np0000007916 nova-scheduler[96645]: DEBUG cotyledon.oslo_config_glue [-] profiler.es_scroll_time = 2m {{(pid=96645) log_opt_values /opt/stack/data/venv/lib/python3.12/site-packages/oslo_config/cfg.py:3560}}
Aug 21 16:08:41.193049 np0000007916 nova-scheduler[96645]: DEBUG cotyledon.oslo_config_glue [-] profiler.filter_error_trace = False {{(pid=96645) log_opt_values /opt/stack/data/venv/lib/python3.12/site-packages/oslo_config/cfg.py:3560}}
Aug 21 16:08:41.193049 np0000007916 nova-scheduler[96645]: DEBUG cotyledon.oslo_config_glue [-] profiler.hmac_keys = **** {{(pid=96645) log_opt_values /opt/stack/data/venv/lib/python3.12/site-packages/oslo_config/cfg.py:3560}}
Aug 21 16:08:41.193049 np0000007916 nova-scheduler[96645]: DEBUG cotyledon.oslo_config_glue [-] profiler.sentinel_service_name = mymaster {{(pid=96645) log_opt_values /opt/stack/data/venv/lib/python3.12/site-packages/oslo_config/cfg.py:3560}}
Aug 21 16:08:41.193049 np0000007916 nova-scheduler[96645]: DEBUG cotyledon.oslo_config_glue [-] profiler.socket_timeout = 0.1 {{(pid=96645) log_opt_values /opt/stack/data/venv/lib/python3.12/site-packages/oslo_config/cfg.py:3560}}
Aug 21 16:08:41.193049 np0000007916 nova-scheduler[96645]: DEBUG cotyledon.oslo_config_glue [-] profiler.trace_requests = False {{(pid=96645) log_opt_values /opt/stack/data/venv/lib/python3.12/site-packages/oslo_config/cfg.py:3560}}
Aug 21 16:08:41.193049 np0000007916 nova-scheduler[96645]: DEBUG cotyledon.oslo_config_glue [-] profiler.trace_sqlalchemy = False {{(pid=96645) log_opt_values /opt/stack/data/venv/lib/python3.12/site-packages/oslo_config/cfg.py:3560}}
Aug 21 16:08:41.193049 np0000007916 nova-scheduler[96645]: DEBUG cotyledon.oslo_config_glue [-] profiler_jaeger.process_tags = {} {{(pid=96645) log_opt_values /opt/stack/data/venv/lib/python3.12/site-packages/oslo_config/cfg.py:3560}}
Aug 21 16:08:41.193049 np0000007916 nova-scheduler[96645]: DEBUG cotyledon.oslo_config_glue [-] profiler_jaeger.service_name_prefix = None {{(pid=96645) log_opt_values /opt/stack/data/venv/lib/python3.12/site-packages/oslo_config/cfg.py:3560}}
Aug 21 16:08:41.193049 np0000007916 nova-scheduler[96645]: DEBUG cotyledon.oslo_config_glue [-] profiler_otlp.service_name_prefix = None {{(pid=96645) log_opt_values /opt/stack/data/venv/lib/python3.12/site-packages/oslo_config/cfg.py:3560}}
Aug 21 16:08:41.193332 np0000007916 nova-scheduler[96645]: DEBUG cotyledon.oslo_config_glue [-] oslo_messaging_rabbit.amqp_auto_delete = False {{(pid=96645) log_opt_values /opt/stack/data/venv/lib/python3.12/site-packages/oslo_config/cfg.py:3560}}
Aug 21 16:08:41.193332 np0000007916 nova-scheduler[96645]: DEBUG cotyledon.oslo_config_glue [-] oslo_messaging_rabbit.amqp_durable_queues = False {{(pid=96645) log_opt_values /opt/stack/data/venv/lib/python3.12/site-packages/oslo_config/cfg.py:3560}}
Aug 21 16:08:41.193332 np0000007916 nova-scheduler[96645]: DEBUG cotyledon.oslo_config_glue [-] oslo_messaging_rabbit.conn_pool_min_size = 2 {{(pid=96645) log_opt_values /opt/stack/data/venv/lib/python3.12/site-packages/oslo_config/cfg.py:3560}}
Aug 21 16:08:41.193332 np0000007916 nova-scheduler[96645]: DEBUG cotyledon.oslo_config_glue [-] oslo_messaging_rabbit.conn_pool_ttl = 1200 {{(pid=96645) log_opt_values /opt/stack/data/venv/lib/python3.12/site-packages/oslo_config/cfg.py:3560}}
Aug 21 16:08:41.193332 np0000007916 nova-scheduler[96645]: DEBUG cotyledon.oslo_config_glue [-] oslo_messaging_rabbit.direct_mandatory_flag = True {{(pid=96645) log_opt_values /opt/stack/data/venv/lib/python3.12/site-packages/oslo_config/cfg.py:3560}}
Aug 21 16:08:41.193332 np0000007916 nova-scheduler[96645]: DEBUG cotyledon.oslo_config_glue [-] oslo_messaging_rabbit.enable_cancel_on_failover = False {{(pid=96645) log_opt_values /opt/stack/data/venv/lib/python3.12/site-packages/oslo_config/cfg.py:3560}}
Aug 21 16:08:41.193332 np0000007916 nova-scheduler[96645]: DEBUG cotyledon.oslo_config_glue [-] oslo_messaging_rabbit.heartbeat_rate = 3 {{(pid=96645) log_opt_values /opt/stack/data/venv/lib/python3.12/site-packages/oslo_config/cfg.py:3560}}
Aug 21 16:08:41.193332 np0000007916 nova-scheduler[96645]: DEBUG cotyledon.oslo_config_glue [-] oslo_messaging_rabbit.heartbeat_timeout_threshold = 60 {{(pid=96645) log_opt_values /opt/stack/data/venv/lib/python3.12/site-packages/oslo_config/cfg.py:3560}}
Aug 21 16:08:41.193332 np0000007916 nova-scheduler[96645]: DEBUG cotyledon.oslo_config_glue [-] oslo_messaging_rabbit.hostname = np0000007916 {{(pid=96645) log_opt_values /opt/stack/data/venv/lib/python3.12/site-packages/oslo_config/cfg.py:3560}}
Aug 21 16:08:41.193685 np0000007916 nova-scheduler[96645]: DEBUG cotyledon.oslo_config_glue [-] oslo_messaging_rabbit.kombu_compression = None {{(pid=96645) log_opt_values /opt/stack/data/venv/lib/python3.12/site-packages/oslo_config/cfg.py:3560}}
Aug 21 16:08:41.193685 np0000007916 nova-scheduler[96645]: DEBUG cotyledon.oslo_config_glue [-] oslo_messaging_rabbit.kombu_failover_strategy = round-robin {{(pid=96645) log_opt_values /opt/stack/data/venv/lib/python3.12/site-packages/oslo_config/cfg.py:3560}}
Aug 21 16:08:41.193685 np0000007916 nova-scheduler[96645]: DEBUG cotyledon.oslo_config_glue [-] oslo_messaging_rabbit.kombu_missing_consumer_retry_timeout = 60 {{(pid=96645) log_opt_values /opt/stack/data/venv/lib/python3.12/site-packages/oslo_config/cfg.py:3560}}
Aug 21 16:08:41.193685 np0000007916 nova-scheduler[96645]: DEBUG cotyledon.oslo_config_glue [-] oslo_messaging_rabbit.kombu_reconnect_delay = 1.0 {{(pid=96645) log_opt_values /opt/stack/data/venv/lib/python3.12/site-packages/oslo_config/cfg.py:3560}}
Aug 21 16:08:41.193685 np0000007916 nova-scheduler[96645]: DEBUG cotyledon.oslo_config_glue [-] oslo_messaging_rabbit.kombu_reconnect_splay = 0.0 {{(pid=96645) log_opt_values /opt/stack/data/venv/lib/python3.12/site-packages/oslo_config/cfg.py:3560}}
Aug 21 16:08:41.193685 np0000007916 nova-scheduler[96645]: DEBUG cotyledon.oslo_config_glue [-] oslo_messaging_rabbit.processname = nova-scheduler {{(pid=96645) log_opt_values /opt/stack/data/venv/lib/python3.12/site-packages/oslo_config/cfg.py:3560}}
Aug 21 16:08:41.193685 np0000007916 nova-scheduler[96645]: DEBUG cotyledon.oslo_config_glue [-] oslo_messaging_rabbit.rabbit_ha_queues = False {{(pid=96645) log_opt_values /opt/stack/data/venv/lib/python3.12/site-packages/oslo_config/cfg.py:3560}}
Aug 21 16:08:41.193685 np0000007916 nova-scheduler[96645]: DEBUG cotyledon.oslo_config_glue [-] oslo_messaging_rabbit.rabbit_interval_max = 30 {{(pid=96645) log_opt_values /opt/stack/data/venv/lib/python3.12/site-packages/oslo_config/cfg.py:3560}}
Aug 21 16:08:41.193685 np0000007916 nova-scheduler[96645]: DEBUG cotyledon.oslo_config_glue [-] oslo_messaging_rabbit.rabbit_login_method = AMQPLAIN {{(pid=96645) log_opt_values /opt/stack/data/venv/lib/python3.12/site-packages/oslo_config/cfg.py:3560}}
Aug 21 16:08:41.194028 np0000007916 nova-scheduler[96645]: DEBUG cotyledon.oslo_config_glue [-] oslo_messaging_rabbit.rabbit_qos_prefetch_count = 0 {{(pid=96645) log_opt_values /opt/stack/data/venv/lib/python3.12/site-packages/oslo_config/cfg.py:3560}}
Aug 21 16:08:41.194028 np0000007916 nova-scheduler[96645]: DEBUG cotyledon.oslo_config_glue [-] oslo_messaging_rabbit.rabbit_quorum_delivery_limit = 0 {{(pid=96645) log_opt_values /opt/stack/data/venv/lib/python3.12/site-packages/oslo_config/cfg.py:3560}}
Aug 21 16:08:41.194028 np0000007916 nova-scheduler[96645]: DEBUG cotyledon.oslo_config_glue [-] oslo_messaging_rabbit.rabbit_quorum_max_memory_bytes = 0 {{(pid=96645) log_opt_values /opt/stack/data/venv/lib/python3.12/site-packages/oslo_config/cfg.py:3560}}
Aug 21 16:08:41.194028 np0000007916 nova-scheduler[96645]: DEBUG cotyledon.oslo_config_glue [-] oslo_messaging_rabbit.rabbit_quorum_max_memory_length = 0 {{(pid=96645) log_opt_values /opt/stack/data/venv/lib/python3.12/site-packages/oslo_config/cfg.py:3560}}
Aug 21 16:08:41.194028 np0000007916 nova-scheduler[96645]: DEBUG cotyledon.oslo_config_glue [-] oslo_messaging_rabbit.rabbit_quorum_queue = False {{(pid=96645) log_opt_values /opt/stack/data/venv/lib/python3.12/site-packages/oslo_config/cfg.py:3560}}
Aug 21 16:08:41.194028 np0000007916 nova-scheduler[96645]: DEBUG cotyledon.oslo_config_glue [-] oslo_messaging_rabbit.rabbit_retry_backoff = 2 {{(pid=96645) log_opt_values /opt/stack/data/venv/lib/python3.12/site-packages/oslo_config/cfg.py:3560}}
Aug 21 16:08:41.194028 np0000007916 nova-scheduler[96645]: DEBUG cotyledon.oslo_config_glue [-] oslo_messaging_rabbit.rabbit_retry_interval = 1 {{(pid=96645) log_opt_values /opt/stack/data/venv/lib/python3.12/site-packages/oslo_config/cfg.py:3560}}
Aug 21 16:08:41.194028 np0000007916 nova-scheduler[96645]: DEBUG cotyledon.oslo_config_glue [-] oslo_messaging_rabbit.rabbit_stream_fanout = False {{(pid=96645) log_opt_values /opt/stack/data/venv/lib/python3.12/site-packages/oslo_config/cfg.py:3560}}
Aug 21 16:08:41.194239 np0000007916 nova-scheduler[96645]: DEBUG cotyledon.oslo_config_glue [-] oslo_messaging_rabbit.rabbit_transient_queues_ttl = 1800 {{(pid=96645) log_opt_values /opt/stack/data/venv/lib/python3.12/site-packages/oslo_config/cfg.py:3560}}
Aug 21 16:08:41.194239 np0000007916 nova-scheduler[96645]: DEBUG cotyledon.oslo_config_glue [-] oslo_messaging_rabbit.rabbit_transient_quorum_queue = False {{(pid=96645) log_opt_values /opt/stack/data/venv/lib/python3.12/site-packages/oslo_config/cfg.py:3560}}
Aug 21 16:08:41.194239 np0000007916 nova-scheduler[96645]: DEBUG cotyledon.oslo_config_glue [-] oslo_messaging_rabbit.rpc_conn_pool_size = 30 {{(pid=96645) log_opt_values /opt/stack/data/venv/lib/python3.12/site-packages/oslo_config/cfg.py:3560}}
Aug 21 16:08:41.194239 np0000007916 nova-scheduler[96645]: DEBUG cotyledon.oslo_config_glue [-] oslo_messaging_rabbit.ssl = False {{(pid=96645) log_opt_values /opt/stack/data/venv/lib/python3.12/site-packages/oslo_config/cfg.py:3560}}
Aug 21 16:08:41.194239 np0000007916 nova-scheduler[96645]: DEBUG cotyledon.oslo_config_glue [-] oslo_messaging_rabbit.ssl_ca_file = {{(pid=96645) log_opt_values /opt/stack/data/venv/lib/python3.12/site-packages/oslo_config/cfg.py:3560}}
Aug 21 16:08:41.194342 np0000007916 nova-scheduler[96643]: INFO dbcounter [None req-2b0c1954-919e-4722-bead-ed27f1ba5489 None None] Registered counter for database nova_cell0
Aug 21 16:08:41.194372 np0000007916 nova-scheduler[96645]: DEBUG cotyledon.oslo_config_glue [-] oslo_messaging_rabbit.ssl_cert_file = {{(pid=96645) log_opt_values /opt/stack/data/venv/lib/python3.12/site-packages/oslo_config/cfg.py:3560}}
Aug 21 16:08:41.194372 np0000007916 nova-scheduler[96645]: DEBUG cotyledon.oslo_config_glue [-] oslo_messaging_rabbit.ssl_enforce_fips_mode = False {{(pid=96645) log_opt_values /opt/stack/data/venv/lib/python3.12/site-packages/oslo_config/cfg.py:3560}}
Aug 21 16:08:41.194372 np0000007916 nova-scheduler[96645]: DEBUG cotyledon.oslo_config_glue [-] oslo_messaging_rabbit.ssl_enforce_hostname_verification = True {{(pid=96645) log_opt_values /opt/stack/data/venv/lib/python3.12/site-packages/oslo_config/cfg.py:3560}}
Aug 21 16:08:41.194372 np0000007916 nova-scheduler[96645]: DEBUG cotyledon.oslo_config_glue [-] oslo_messaging_rabbit.ssl_key_file = {{(pid=96645) log_opt_values /opt/stack/data/venv/lib/python3.12/site-packages/oslo_config/cfg.py:3560}}
Aug 21 16:08:41.194372 np0000007916 nova-scheduler[96645]: DEBUG cotyledon.oslo_config_glue [-] oslo_messaging_rabbit.ssl_version = {{(pid=96645) log_opt_values /opt/stack/data/venv/lib/python3.12/site-packages/oslo_config/cfg.py:3560}}
Aug 21 16:08:41.194372 np0000007916 nova-scheduler[96645]: DEBUG cotyledon.oslo_config_glue [-] oslo_messaging_rabbit.use_queue_manager = False {{(pid=96645) log_opt_values /opt/stack/data/venv/lib/python3.12/site-packages/oslo_config/cfg.py:3560}}
Aug 21 16:08:41.194372 np0000007916 nova-scheduler[96645]: DEBUG cotyledon.oslo_config_glue [-] oslo_messaging_notifications.driver = ['messagingv2'] {{(pid=96645) log_opt_values /opt/stack/data/venv/lib/python3.12/site-packages/oslo_config/cfg.py:3560}}
Aug 21 16:08:41.194372 np0000007916 nova-scheduler[96645]: DEBUG cotyledon.oslo_config_glue [-] oslo_messaging_notifications.retry = -1 {{(pid=96645) log_opt_values /opt/stack/data/venv/lib/python3.12/site-packages/oslo_config/cfg.py:3560}}
Aug 21 16:08:41.194372 np0000007916 nova-scheduler[96645]: DEBUG cotyledon.oslo_config_glue [-] oslo_messaging_notifications.topics = ['notifications'] {{(pid=96645) log_opt_values /opt/stack/data/venv/lib/python3.12/site-packages/oslo_config/cfg.py:3560}}
Aug 21 16:08:41.194564 np0000007916 nova-scheduler[96645]: DEBUG cotyledon.oslo_config_glue [-] oslo_messaging_notifications.transport_url = **** {{(pid=96645) log_opt_values /opt/stack/data/venv/lib/python3.12/site-packages/oslo_config/cfg.py:3560}}
Aug 21 16:08:41.194564 np0000007916 nova-scheduler[96645]: DEBUG cotyledon.oslo_config_glue [-] oslo_limit.auth_section = None {{(pid=96645) log_opt_values /opt/stack/data/venv/lib/python3.12/site-packages/oslo_config/cfg.py:3560}}
Aug 21 16:08:41.194564 np0000007916 nova-scheduler[96645]: DEBUG cotyledon.oslo_config_glue [-] oslo_limit.auth_type = None {{(pid=96645) log_opt_values /opt/stack/data/venv/lib/python3.12/site-packages/oslo_config/cfg.py:3560}}
Aug 21 16:08:41.194564 np0000007916 nova-scheduler[96645]: DEBUG cotyledon.oslo_config_glue [-] oslo_limit.cafile = None {{(pid=96645) log_opt_values /opt/stack/data/venv/lib/python3.12/site-packages/oslo_config/cfg.py:3560}}
Aug 21 16:08:41.194564 np0000007916 nova-scheduler[96645]: DEBUG cotyledon.oslo_config_glue [-] oslo_limit.certfile = None {{(pid=96645) log_opt_values /opt/stack/data/venv/lib/python3.12/site-packages/oslo_config/cfg.py:3560}}
Aug 21 16:08:41.194564 np0000007916 nova-scheduler[96645]: DEBUG cotyledon.oslo_config_glue [-] oslo_limit.collect_timing = False {{(pid=96645) log_opt_values /opt/stack/data/venv/lib/python3.12/site-packages/oslo_config/cfg.py:3560}}
Aug 21 16:08:41.194564 np0000007916 nova-scheduler[96645]: DEBUG cotyledon.oslo_config_glue [-] oslo_limit.connect_retries = None {{(pid=96645) log_opt_values /opt/stack/data/venv/lib/python3.12/site-packages/oslo_config/cfg.py:3560}}
Aug 21 16:08:41.194564 np0000007916 nova-scheduler[96645]: DEBUG cotyledon.oslo_config_glue [-] oslo_limit.connect_retry_delay = None {{(pid=96645) log_opt_values /opt/stack/data/venv/lib/python3.12/site-packages/oslo_config/cfg.py:3560}}
Aug 21 16:08:41.194564 np0000007916 nova-scheduler[96645]: DEBUG cotyledon.oslo_config_glue [-] oslo_limit.endpoint_id = None {{(pid=96645) log_opt_values /opt/stack/data/venv/lib/python3.12/site-packages/oslo_config/cfg.py:3560}}
Aug 21 16:08:41.194740 np0000007916 nova-scheduler[96645]: DEBUG cotyledon.oslo_config_glue [-] oslo_limit.endpoint_interface = public {{(pid=96645) log_opt_values /opt/stack/data/venv/lib/python3.12/site-packages/oslo_config/cfg.py:3560}}
Aug 21 16:08:41.194740 np0000007916 nova-scheduler[96645]: DEBUG cotyledon.oslo_config_glue [-] oslo_limit.endpoint_override = None {{(pid=96645) log_opt_values /opt/stack/data/venv/lib/python3.12/site-packages/oslo_config/cfg.py:3560}}
Aug 21 16:08:41.194740 np0000007916 nova-scheduler[96645]: DEBUG cotyledon.oslo_config_glue [-] oslo_limit.endpoint_region_name = None {{(pid=96645) log_opt_values /opt/stack/data/venv/lib/python3.12/site-packages/oslo_config/cfg.py:3560}}
Aug 21 16:08:41.194740 np0000007916 nova-scheduler[96645]: DEBUG cotyledon.oslo_config_glue [-] oslo_limit.endpoint_service_name = None {{(pid=96645) log_opt_values /opt/stack/data/venv/lib/python3.12/site-packages/oslo_config/cfg.py:3560}}
Aug 21 16:08:41.194740 np0000007916 nova-scheduler[96645]: DEBUG cotyledon.oslo_config_glue [-] oslo_limit.endpoint_service_type = None {{(pid=96645) log_opt_values /opt/stack/data/venv/lib/python3.12/site-packages/oslo_config/cfg.py:3560}}
Aug 21 16:08:41.194740 np0000007916 nova-scheduler[96645]: DEBUG cotyledon.oslo_config_glue [-] oslo_limit.insecure = False {{(pid=96645) log_opt_values /opt/stack/data/venv/lib/python3.12/site-packages/oslo_config/cfg.py:3560}}
Aug 21 16:08:41.194937 np0000007916 nova-scheduler[96641]: DEBUG oslo_db.sqlalchemy.engines [None req-b63fc53f-24ba-4fb0-83c4-f4fd3153d8b7 None None] MySQL server mode set to STRICT_TRANS_TABLES,STRICT_ALL_TABLES,NO_ZERO_IN_DATE,NO_ZERO_DATE,ERROR_FOR_DIVISION_BY_ZERO,TRADITIONAL,NO_ENGINE_SUBSTITUTION {{(pid=96641) _check_effective_sql_mode /opt/stack/data/venv/lib/python3.12/site-packages/oslo_db/sqlalchemy/engines.py:325}}
Aug 21 16:08:41.194981 np0000007916 nova-scheduler[96645]: DEBUG cotyledon.oslo_config_glue [-] oslo_limit.keyfile = None {{(pid=96645) log_opt_values /opt/stack/data/venv/lib/python3.12/site-packages/oslo_config/cfg.py:3560}}
Aug 21 16:08:41.194981 np0000007916 nova-scheduler[96645]: DEBUG cotyledon.oslo_config_glue [-] oslo_limit.max_version = None {{(pid=96645) log_opt_values /opt/stack/data/venv/lib/python3.12/site-packages/oslo_config/cfg.py:3560}}
Aug 21 16:08:41.194981 np0000007916 nova-scheduler[96645]: DEBUG cotyledon.oslo_config_glue [-] oslo_limit.min_version = None {{(pid=96645) log_opt_values /opt/stack/data/venv/lib/python3.12/site-packages/oslo_config/cfg.py:3560}}
Aug 21 16:08:41.194981 np0000007916 nova-scheduler[96645]: DEBUG cotyledon.oslo_config_glue [-] oslo_limit.region_name = None {{(pid=96645) log_opt_values /opt/stack/data/venv/lib/python3.12/site-packages/oslo_config/cfg.py:3560}}
Aug 21 16:08:41.194981 np0000007916 nova-scheduler[96645]: DEBUG cotyledon.oslo_config_glue [-] oslo_limit.retriable_status_codes = None {{(pid=96645) log_opt_values /opt/stack/data/venv/lib/python3.12/site-packages/oslo_config/cfg.py:3560}}
Aug 21 16:08:41.194981 np0000007916 nova-scheduler[96645]: DEBUG cotyledon.oslo_config_glue [-] oslo_limit.service_name = None {{(pid=96645) log_opt_values /opt/stack/data/venv/lib/python3.12/site-packages/oslo_config/cfg.py:3560}}
Aug 21 16:08:41.194981 np0000007916 nova-scheduler[96645]: DEBUG cotyledon.oslo_config_glue [-] oslo_limit.service_type = None {{(pid=96645) log_opt_values /opt/stack/data/venv/lib/python3.12/site-packages/oslo_config/cfg.py:3560}}
Aug 21 16:08:41.194981 np0000007916 nova-scheduler[96645]: DEBUG cotyledon.oslo_config_glue [-] oslo_limit.split_loggers = False {{(pid=96645) log_opt_values /opt/stack/data/venv/lib/python3.12/site-packages/oslo_config/cfg.py:3560}}
Aug 21 16:08:41.194981 np0000007916 nova-scheduler[96645]: DEBUG cotyledon.oslo_config_glue [-] oslo_limit.status_code_retries = None {{(pid=96645) log_opt_values /opt/stack/data/venv/lib/python3.12/site-packages/oslo_config/cfg.py:3560}}
Aug 21 16:08:41.195253 np0000007916 nova-scheduler[96645]: DEBUG cotyledon.oslo_config_glue [-] oslo_limit.status_code_retry_delay = None {{(pid=96645) log_opt_values /opt/stack/data/venv/lib/python3.12/site-packages/oslo_config/cfg.py:3560}}
Aug 21 16:08:41.195253 np0000007916 nova-scheduler[96645]: DEBUG cotyledon.oslo_config_glue [-] oslo_limit.timeout = None {{(pid=96645) log_opt_values /opt/stack/data/venv/lib/python3.12/site-packages/oslo_config/cfg.py:3560}}
Aug 21 16:08:41.195253 np0000007916 nova-scheduler[96645]: DEBUG cotyledon.oslo_config_glue [-] oslo_limit.valid_interfaces = None {{(pid=96645) log_opt_values /opt/stack/data/venv/lib/python3.12/site-packages/oslo_config/cfg.py:3560}}
Aug 21 16:08:41.195253 np0000007916 nova-scheduler[96645]: DEBUG cotyledon.oslo_config_glue [-] oslo_limit.version = None {{(pid=96645) log_opt_values /opt/stack/data/venv/lib/python3.12/site-packages/oslo_config/cfg.py:3560}}
Aug 21 16:08:41.195253 np0000007916 nova-scheduler[96645]: DEBUG cotyledon.oslo_config_glue [-] oslo_reports.file_event_handler = None {{(pid=96645) log_opt_values /opt/stack/data/venv/lib/python3.12/site-packages/oslo_config/cfg.py:3560}}
Aug 21 16:08:41.195253 np0000007916 nova-scheduler[96645]: DEBUG cotyledon.oslo_config_glue [-] oslo_reports.file_event_handler_interval = 1 {{(pid=96645) log_opt_values /opt/stack/data/venv/lib/python3.12/site-packages/oslo_config/cfg.py:3560}}
Aug 21 16:08:41.195253 np0000007916 nova-scheduler[96645]: DEBUG cotyledon.oslo_config_glue [-] oslo_reports.log_dir = None {{(pid=96645) log_opt_values /opt/stack/data/venv/lib/python3.12/site-packages/oslo_config/cfg.py:3560}}
Aug 21 16:08:41.195253 np0000007916 nova-scheduler[96645]: DEBUG cotyledon.oslo_config_glue [-] ******************************************************************************** {{(pid=96645) log_opt_values /opt/stack/data/venv/lib/python3.12/site-packages/oslo_config/cfg.py:3567}}
Aug 21 16:08:41.195253 np0000007916 nova-scheduler[96645]: DEBUG cotyledon._service_worker [-] Run service ServiceWrapper(3) [96645] {{(pid=96645) wait_forever /opt/stack/data/venv/lib/python3.12/site-packages/cotyledon/_service_worker.py:218}}
Aug 21 16:08:41.195523 np0000007916 nova-scheduler[96645]: INFO nova.service [-] Starting scheduler node (version 33.1.0)
Aug 21 16:08:41.195523 np0000007916 nova-scheduler[96645]: INFO dbcounter [None req-5fb7b694-f8b7-4dd6-8bdd-1a9fa758ef63 None None] Registered counter for database nova_cell0
Aug 21 16:08:41.195587 np0000007916 nova-scheduler[96641]: DEBUG dbcounter [-] [96641] Writer thread running {{(pid=96641) stat_writer /opt/stack/data/venv/lib/python3.12/site-packages/dbcounter.py:102}}
Aug 21 16:08:41.195587 np0000007916 nova-scheduler[96641]: DEBUG nova.service [None req-b63fc53f-24ba-4fb0-83c4-f4fd3153d8b7 None None] Creating RPC server for service: nova-scheduler on topic: scheduler {{(pid=96641) start /opt/stack/nova/nova/service.py:262}}
Aug 21 16:08:41.199895 np0000007916 nova-scheduler[96639]: DEBUG oslo_db.sqlalchemy.engines [None req-3e97dd27-54fc-41f7-bd48-a217b6b95c9b None None] MySQL server mode set to STRICT_TRANS_TABLES,STRICT_ALL_TABLES,NO_ZERO_IN_DATE,NO_ZERO_DATE,ERROR_FOR_DIVISION_BY_ZERO,TRADITIONAL,NO_ENGINE_SUBSTITUTION {{(pid=96639) _check_effective_sql_mode /opt/stack/data/venv/lib/python3.12/site-packages/oslo_db/sqlalchemy/engines.py:325}}
Aug 21 16:08:41.211859 np0000007916 nova-scheduler[96639]: DEBUG dbcounter [-] [96639] Writer thread running {{(pid=96639) stat_writer /opt/stack/data/venv/lib/python3.12/site-packages/dbcounter.py:102}}
Aug 21 16:08:41.215105 np0000007916 nova-scheduler[96639]: DEBUG nova.service [None req-3e97dd27-54fc-41f7-bd48-a217b6b95c9b None None] Creating RPC server for service: nova-scheduler on topic: scheduler {{(pid=96639) start /opt/stack/nova/nova/service.py:262}}
Aug 21 16:08:41.218132 np0000007916 nova-scheduler[96645]: DEBUG oslo_db.sqlalchemy.engines [None req-5fb7b694-f8b7-4dd6-8bdd-1a9fa758ef63 None None] MySQL server mode set to STRICT_TRANS_TABLES,STRICT_ALL_TABLES,NO_ZERO_IN_DATE,NO_ZERO_DATE,ERROR_FOR_DIVISION_BY_ZERO,TRADITIONAL,NO_ENGINE_SUBSTITUTION {{(pid=96645) _check_effective_sql_mode /opt/stack/data/venv/lib/python3.12/site-packages/oslo_db/sqlalchemy/engines.py:325}}
Aug 21 16:08:41.221549 np0000007916 nova-scheduler[96643]: DEBUG oslo_db.sqlalchemy.engines [None req-2b0c1954-919e-4722-bead-ed27f1ba5489 None None] MySQL server mode set to STRICT_TRANS_TABLES,STRICT_ALL_TABLES,NO_ZERO_IN_DATE,NO_ZERO_DATE,ERROR_FOR_DIVISION_BY_ZERO,TRADITIONAL,NO_ENGINE_SUBSTITUTION {{(pid=96643) _check_effective_sql_mode /opt/stack/data/venv/lib/python3.12/site-packages/oslo_db/sqlalchemy/engines.py:325}}
Aug 21 16:08:41.225845 np0000007916 nova-scheduler[96641]: DEBUG nova.service [None req-b63fc53f-24ba-4fb0-83c4-f4fd3153d8b7 None None] Join ServiceGroup membership for this service scheduler {{(pid=96641) start /opt/stack/nova/nova/service.py:288}}
Aug 21 16:08:41.226133 np0000007916 nova-scheduler[96641]: DEBUG nova.servicegroup.drivers.db [None req-b63fc53f-24ba-4fb0-83c4-f4fd3153d8b7 None None] DB_Driver: join new ServiceGroup member np0000007916 to the scheduler group, service = {{(pid=96641) join /opt/stack/nova/nova/servicegroup/drivers/db.py:44}}
Aug 21 16:08:41.234986 np0000007916 nova-scheduler[96645]: DEBUG dbcounter [-] [96645] Writer thread running {{(pid=96645) stat_writer /opt/stack/data/venv/lib/python3.12/site-packages/dbcounter.py:102}}
Aug 21 16:08:41.236431 np0000007916 nova-scheduler[96643]: DEBUG dbcounter [-] [96643] Writer thread running {{(pid=96643) stat_writer /opt/stack/data/venv/lib/python3.12/site-packages/dbcounter.py:102}}
Aug 21 16:08:41.240073 np0000007916 nova-scheduler[96645]: DEBUG nova.service [None req-5fb7b694-f8b7-4dd6-8bdd-1a9fa758ef63 None None] Creating RPC server for service: nova-scheduler on topic: scheduler {{(pid=96645) start /opt/stack/nova/nova/service.py:262}}
Aug 21 16:08:41.240426 np0000007916 nova-scheduler[96643]: DEBUG nova.service [None req-2b0c1954-919e-4722-bead-ed27f1ba5489 None None] Creating RPC server for service: nova-scheduler on topic: scheduler {{(pid=96643) start /opt/stack/nova/nova/service.py:262}}
Aug 21 16:08:41.244373 np0000007916 nova-scheduler[96639]: DEBUG nova.service [None req-3e97dd27-54fc-41f7-bd48-a217b6b95c9b None None] Join ServiceGroup membership for this service scheduler {{(pid=96639) start /opt/stack/nova/nova/service.py:288}}
Aug 21 16:08:41.244736 np0000007916 nova-scheduler[96639]: DEBUG nova.servicegroup.drivers.db [None req-3e97dd27-54fc-41f7-bd48-a217b6b95c9b None None] DB_Driver: join new ServiceGroup member np0000007916 to the scheduler group, service = {{(pid=96639) join /opt/stack/nova/nova/servicegroup/drivers/db.py:44}}
Aug 21 16:08:41.263693 np0000007916 nova-scheduler[96645]: DEBUG nova.service [None req-5fb7b694-f8b7-4dd6-8bdd-1a9fa758ef63 None None] Join ServiceGroup membership for this service scheduler {{(pid=96645) start /opt/stack/nova/nova/service.py:288}}
Aug 21 16:08:41.263995 np0000007916 nova-scheduler[96645]: DEBUG nova.servicegroup.drivers.db [None req-5fb7b694-f8b7-4dd6-8bdd-1a9fa758ef63 None None] DB_Driver: join new ServiceGroup member np0000007916 to the scheduler group, service = {{(pid=96645) join /opt/stack/nova/nova/servicegroup/drivers/db.py:44}}
Aug 21 16:08:41.270115 np0000007916 nova-scheduler[96643]: DEBUG nova.service [None req-2b0c1954-919e-4722-bead-ed27f1ba5489 None None] Join ServiceGroup membership for this service scheduler {{(pid=96643) start /opt/stack/nova/nova/service.py:288}}
Aug 21 16:08:41.270317 np0000007916 nova-scheduler[96643]: DEBUG nova.servicegroup.drivers.db [None req-2b0c1954-919e-4722-bead-ed27f1ba5489 None None] DB_Driver: join new ServiceGroup member np0000007916 to the scheduler group, service = {{(pid=96643) join /opt/stack/nova/nova/servicegroup/drivers/db.py:44}}
Aug 21 16:08:46.252006 np0000007916 nova-scheduler[96641]: DEBUG oslo.service.backend._threading.loopingcall [-] Fixed interval looping call 'nova.servicegroup.drivers.db.DbDriver._report_state' sleeping for 119.98 seconds {{(pid=96641) _run_loop /opt/stack/data/venv/lib/python3.12/site-packages/oslo_service/backend/_threading/loopingcall.py:125}}
Aug 21 16:08:46.256572 np0000007916 nova-scheduler[96639]: DEBUG oslo.service.backend._threading.loopingcall [-] Fixed interval looping call 'nova.servicegroup.drivers.db.DbDriver._report_state' sleeping for 119.99 seconds {{(pid=96639) _run_loop /opt/stack/data/venv/lib/python3.12/site-packages/oslo_service/backend/_threading/loopingcall.py:125}}
Aug 21 16:08:46.275019 np0000007916 nova-scheduler[96645]: DEBUG oslo.service.backend._threading.loopingcall [-] Fixed interval looping call 'nova.servicegroup.drivers.db.DbDriver._report_state' sleeping for 119.99 seconds {{(pid=96645) _run_loop /opt/stack/data/venv/lib/python3.12/site-packages/oslo_service/backend/_threading/loopingcall.py:125}}
Aug 21 16:08:46.282552 np0000007916 nova-scheduler[96643]: DEBUG oslo.service.backend._threading.loopingcall [-] Fixed interval looping call 'nova.servicegroup.drivers.db.DbDriver._report_state' sleeping for 119.99 seconds {{(pid=96643) _run_loop /opt/stack/data/venv/lib/python3.12/site-packages/oslo_service/backend/_threading/loopingcall.py:125}}
Aug 21 16:08:49.791393 np0000007916 nova-scheduler[95447]: DEBUG dbcounter [-] [95447] Writing DB stats nova_api:SELECT=3 {{(pid=95447) stat_writer /opt/stack/data/venv/lib/python3.12/site-packages/dbcounter.py:115}}
Aug 21 16:08:49.937430 np0000007916 nova-scheduler[95447]: DEBUG dbcounter [-] [95447] Writing DB stats nova_cell1:SELECT=1 {{(pid=95447) stat_writer /opt/stack/data/venv/lib/python3.12/site-packages/dbcounter.py:115}}
Aug 21 16:08:49.940666 np0000007916 nova-scheduler[95447]: DEBUG dbcounter [-] [95447] Writing DB stats nova_cell0:SELECT=1 {{(pid=95447) stat_writer /opt/stack/data/venv/lib/python3.12/site-packages/dbcounter.py:115}}
Aug 21 16:08:56.235111 np0000007916 nova-scheduler[96641]: DEBUG dbcounter [-] [96641] Writing DB stats nova_cell0:SELECT=4,nova_cell0:INSERT=1,nova_cell0:UPDATE=1 {{(pid=96641) stat_writer /opt/stack/data/venv/lib/python3.12/site-packages/dbcounter.py:115}}
Aug 21 16:08:56.253767 np0000007916 nova-scheduler[96639]: DEBUG dbcounter [-] [96639] Writing DB stats nova_cell0:SELECT=3 {{(pid=96639) stat_writer /opt/stack/data/venv/lib/python3.12/site-packages/dbcounter.py:115}}
Aug 21 16:08:56.275073 np0000007916 nova-scheduler[96645]: DEBUG dbcounter [-] [96645] Writing DB stats nova_cell0:SELECT=3 {{(pid=96645) stat_writer /opt/stack/data/venv/lib/python3.12/site-packages/dbcounter.py:115}}
Aug 21 16:08:56.279337 np0000007916 nova-scheduler[96643]: DEBUG dbcounter [-] [96643] Writing DB stats nova_cell0:SELECT=3 {{(pid=96643) stat_writer /opt/stack/data/venv/lib/python3.12/site-packages/dbcounter.py:115}}
Aug 21 16:09:06.247416 np0000007916 nova-scheduler[96639]: DEBUG oslo.service.backend._threading.loopingcall [None req-6898f096-ef03-4106-bf7c-7ee82ba8262d None None] Dynamic interval looping call 'nova.service.Service.periodic_tasks' sleeping for 60.00 seconds {{(pid=96639) _run_loop /opt/stack/data/venv/lib/python3.12/site-packages/oslo_service/backend/_threading/loopingcall.py:125}}
Aug 21 16:09:23.228376 np0000007916 nova-scheduler[96641]: DEBUG oslo.service.backend._threading.loopingcall [None req-d60973ac-688d-4f98-b9b3-9b1ff503beec None None] Dynamic interval looping call 'nova.service.Service.periodic_tasks' sleeping for 60.00 seconds {{(pid=96641) _run_loop /opt/stack/data/venv/lib/python3.12/site-packages/oslo_service/backend/_threading/loopingcall.py:125}}
Aug 21 16:09:28.266177 np0000007916 nova-scheduler[96645]: DEBUG oslo.service.backend._threading.loopingcall [None req-8e791762-8c3d-48e8-b77b-025433e0202d None None] Dynamic interval looping call 'nova.service.Service.periodic_tasks' sleeping for 60.00 seconds {{(pid=96645) _run_loop /opt/stack/data/venv/lib/python3.12/site-packages/oslo_service/backend/_threading/loopingcall.py:125}}
Aug 21 16:09:38.272558 np0000007916 nova-scheduler[96643]: DEBUG oslo.service.backend._threading.loopingcall [None req-28b5eea9-87dd-4c8e-b7d0-ddb5fa48a4d6 None None] Dynamic interval looping call 'nova.service.Service.periodic_tasks' sleeping for 60.00 seconds {{(pid=96643) _run_loop /opt/stack/data/venv/lib/python3.12/site-packages/oslo_service/backend/_threading/loopingcall.py:125}}
Aug 21 16:10:06.248004 np0000007916 nova-scheduler[96639]: DEBUG oslo.service.backend._threading.loopingcall [None req-6898f096-ef03-4106-bf7c-7ee82ba8262d None None] Dynamic interval looping call 'nova.service.Service.periodic_tasks' sleeping for 60.00 seconds {{(pid=96639) _run_loop /opt/stack/data/venv/lib/python3.12/site-packages/oslo_service/backend/_threading/loopingcall.py:125}}
Aug 21 16:10:23.229182 np0000007916 nova-scheduler[96641]: DEBUG oslo.service.backend._threading.loopingcall [None req-d60973ac-688d-4f98-b9b3-9b1ff503beec None None] Dynamic interval looping call 'nova.service.Service.periodic_tasks' sleeping for 60.00 seconds {{(pid=96641) _run_loop /opt/stack/data/venv/lib/python3.12/site-packages/oslo_service/backend/_threading/loopingcall.py:125}}
Aug 21 16:10:28.266666 np0000007916 nova-scheduler[96645]: DEBUG oslo.service.backend._threading.loopingcall [None req-8e791762-8c3d-48e8-b77b-025433e0202d None None] Dynamic interval looping call 'nova.service.Service.periodic_tasks' sleeping for 60.00 seconds {{(pid=96645) _run_loop /opt/stack/data/venv/lib/python3.12/site-packages/oslo_service/backend/_threading/loopingcall.py:125}}
Aug 21 16:10:38.273222 np0000007916 nova-scheduler[96643]: DEBUG oslo.service.backend._threading.loopingcall [None req-28b5eea9-87dd-4c8e-b7d0-ddb5fa48a4d6 None None] Dynamic interval looping call 'nova.service.Service.periodic_tasks' sleeping for 60.00 seconds {{(pid=96643) _run_loop /opt/stack/data/venv/lib/python3.12/site-packages/oslo_service/backend/_threading/loopingcall.py:125}}
Aug 21 16:10:46.241073 np0000007916 nova-scheduler[96641]: DEBUG oslo.service.backend._threading.loopingcall [-] Fixed interval looping call 'nova.servicegroup.drivers.db.DbDriver._report_state' sleeping for 119.99 seconds {{(pid=96641) _run_loop /opt/stack/data/venv/lib/python3.12/site-packages/oslo_service/backend/_threading/loopingcall.py:125}}
Aug 21 16:10:46.252485 np0000007916 nova-scheduler[96639]: DEBUG oslo.service.backend._threading.loopingcall [-] Fixed interval looping call 'nova.servicegroup.drivers.db.DbDriver._report_state' sleeping for 120.00 seconds {{(pid=96639) _run_loop /opt/stack/data/venv/lib/python3.12/site-packages/oslo_service/backend/_threading/loopingcall.py:125}}
Aug 21 16:10:46.270243 np0000007916 nova-scheduler[96645]: DEBUG oslo.service.backend._threading.loopingcall [-] Fixed interval looping call 'nova.servicegroup.drivers.db.DbDriver._report_state' sleeping for 120.00 seconds {{(pid=96645) _run_loop /opt/stack/data/venv/lib/python3.12/site-packages/oslo_service/backend/_threading/loopingcall.py:125}}
Aug 21 16:10:46.280275 np0000007916 nova-scheduler[96643]: DEBUG oslo.service.backend._threading.loopingcall [-] Fixed interval looping call 'nova.servicegroup.drivers.db.DbDriver._report_state' sleeping for 119.99 seconds {{(pid=96643) _run_loop /opt/stack/data/venv/lib/python3.12/site-packages/oslo_service/backend/_threading/loopingcall.py:125}}
Aug 21 16:10:51.327308 np0000007916 nova-scheduler[96641]: DEBUG nova.scheduler.manager [None req-1509d617-7bf3-4019-84c2-34707af3d459 tempest-DeleteServersTestJSON-444338852 tempest-DeleteServersTestJSON-444338852-project-member] Starting to schedule for instances: ['8191454b-caef-46e8-b3fc-11542b9121eb'] {{(pid=96641) select_destinations /opt/stack/nova/nova/scheduler/manager.py:197}}
Aug 21 16:10:51.328740 np0000007916 nova-scheduler[96641]: DEBUG nova.scheduler.request_filter [None req-1509d617-7bf3-4019-84c2-34707af3d459 tempest-DeleteServersTestJSON-444338852 tempest-DeleteServersTestJSON-444338852-project-member] compute_status_filter request filter added forbidden trait COMPUTE_STATUS_DISABLED {{(pid=96641) compute_status_filter /opt/stack/nova/nova/scheduler/request_filter.py:253}}
Aug 21 16:10:51.329104 np0000007916 nova-scheduler[96641]: DEBUG nova.scheduler.request_filter [None req-1509d617-7bf3-4019-84c2-34707af3d459 tempest-DeleteServersTestJSON-444338852 tempest-DeleteServersTestJSON-444338852-project-member] Request filter 'compute_status_filter' took 0.0 seconds {{(pid=96641) wrapper /opt/stack/nova/nova/scheduler/request_filter.py:46}}
Aug 21 16:10:51.329849 np0000007916 nova-scheduler[96641]: DEBUG nova.scheduler.request_filter [None req-1509d617-7bf3-4019-84c2-34707af3d459 tempest-DeleteServersTestJSON-444338852 tempest-DeleteServersTestJSON-444338852-project-member] Request filter 'accelerators_filter' took 0.0 seconds {{(pid=96641) wrapper /opt/stack/nova/nova/scheduler/request_filter.py:46}}
Aug 21 16:10:51.329849 np0000007916 nova-scheduler[96641]: DEBUG nova.scheduler.request_filter [None req-1509d617-7bf3-4019-84c2-34707af3d459 tempest-DeleteServersTestJSON-444338852 tempest-DeleteServersTestJSON-444338852-project-member] Request filter 'packed_virtqueue_filter' took 0.0 seconds {{(pid=96641) wrapper /opt/stack/nova/nova/scheduler/request_filter.py:46}}
Aug 21 16:10:51.329849 np0000007916 nova-scheduler[96641]: DEBUG nova.scheduler.request_filter [None req-1509d617-7bf3-4019-84c2-34707af3d459 tempest-DeleteServersTestJSON-444338852 tempest-DeleteServersTestJSON-444338852-project-member] Request filter 'remote_managed_ports_filter' took 0.0 seconds {{(pid=96641) wrapper /opt/stack/nova/nova/scheduler/request_filter.py:46}}
Aug 21 16:10:51.330249 np0000007916 nova-scheduler[96641]: DEBUG nova.scheduler.request_filter [None req-1509d617-7bf3-4019-84c2-34707af3d459 tempest-DeleteServersTestJSON-444338852 tempest-DeleteServersTestJSON-444338852-project-member] ephemeral_encryption_filter skipped {{(pid=96641) ephemeral_encryption_filter /opt/stack/nova/nova/scheduler/request_filter.py:426}}
Aug 21 16:10:51.330249 np0000007916 nova-scheduler[96641]: DEBUG nova.scheduler.request_filter [None req-1509d617-7bf3-4019-84c2-34707af3d459 tempest-DeleteServersTestJSON-444338852 tempest-DeleteServersTestJSON-444338852-project-member] virtio_sound_filter skipped {{(pid=96641) virtio_sound_filter /opt/stack/nova/nova/scheduler/request_filter.py:460}}
Aug 21 16:10:51.330924 np0000007916 nova-scheduler[96641]: DEBUG nova.scheduler.request_filter [None req-1509d617-7bf3-4019-84c2-34707af3d459 tempest-DeleteServersTestJSON-444338852 tempest-DeleteServersTestJSON-444338852-project-member] tpm_secret_security_filter skipped {{(pid=96641) tpm_secret_security_filter /opt/stack/nova/nova/scheduler/request_filter.py:477}}
Aug 21 16:10:51.964601 np0000007916 nova-scheduler[96641]: DEBUG oslo_concurrency.lockutils [None req-1509d617-7bf3-4019-84c2-34707af3d459 tempest-DeleteServersTestJSON-444338852 tempest-DeleteServersTestJSON-444338852-project-member] Acquiring lock "8b45edf0-9c1a-47da-9ed8-4ac8449d05a0" by "nova.context.set_target_cell..get_or_set_cached_cell_and_set_connections" {{(pid=96641) inner /opt/stack/data/venv/lib/python3.12/site-packages/oslo_concurrency/lockutils.py:512}}
Aug 21 16:10:51.964784 np0000007916 nova-scheduler[96641]: DEBUG oslo_concurrency.lockutils [None req-1509d617-7bf3-4019-84c2-34707af3d459 tempest-DeleteServersTestJSON-444338852 tempest-DeleteServersTestJSON-444338852-project-member] Lock "8b45edf0-9c1a-47da-9ed8-4ac8449d05a0" acquired by "nova.context.set_target_cell..get_or_set_cached_cell_and_set_connections" :: waited 0.000s {{(pid=96641) inner /opt/stack/data/venv/lib/python3.12/site-packages/oslo_concurrency/lockutils.py:525}}
Aug 21 16:10:51.966617 np0000007916 nova-scheduler[96641]: DEBUG oslo_concurrency.lockutils [None req-1509d617-7bf3-4019-84c2-34707af3d459 tempest-DeleteServersTestJSON-444338852 tempest-DeleteServersTestJSON-444338852-project-member] Lock "8b45edf0-9c1a-47da-9ed8-4ac8449d05a0" "released" by "nova.context.set_target_cell..get_or_set_cached_cell_and_set_connections" :: held 0.002s {{(pid=96641) inner /opt/stack/data/venv/lib/python3.12/site-packages/oslo_concurrency/lockutils.py:544}}
Aug 21 16:10:51.967547 np0000007916 nova-scheduler[96641]: INFO nova.thread_pool_factory [None req-1509d617-7bf3-4019-84c2-34707af3d459 tempest-DeleteServersTestJSON-444338852 tempest-DeleteServersTestJSON-444338852-project-member] The cell_worker thread pool ForkProcess-2.cell_worker is initialized
Aug 21 16:10:51.969507 np0000007916 nova-scheduler[96641]: INFO dbcounter [None req-1509d617-7bf3-4019-84c2-34707af3d459 tempest-DeleteServersTestJSON-444338852 tempest-DeleteServersTestJSON-444338852-project-member] Registered counter for database nova_cell1
Aug 21 16:10:52.012573 np0000007916 nova-scheduler[96641]: DEBUG oslo_db.sqlalchemy.engines [None req-1509d617-7bf3-4019-84c2-34707af3d459 tempest-DeleteServersTestJSON-444338852 tempest-DeleteServersTestJSON-444338852-project-member] MySQL server mode set to STRICT_TRANS_TABLES,STRICT_ALL_TABLES,NO_ZERO_IN_DATE,NO_ZERO_DATE,ERROR_FOR_DIVISION_BY_ZERO,TRADITIONAL,NO_ENGINE_SUBSTITUTION {{(pid=96641) _check_effective_sql_mode /opt/stack/data/venv/lib/python3.12/site-packages/oslo_db/sqlalchemy/engines.py:325}}
Aug 21 16:10:52.018663 np0000007916 nova-scheduler[96641]: DEBUG dbcounter [-] [96641] Writer thread running {{(pid=96641) stat_writer /opt/stack/data/venv/lib/python3.12/site-packages/dbcounter.py:102}}
Aug 21 16:10:52.031324 np0000007916 nova-scheduler[96641]: DEBUG oslo_db.sqlalchemy.engines [None req-1509d617-7bf3-4019-84c2-34707af3d459 tempest-DeleteServersTestJSON-444338852 tempest-DeleteServersTestJSON-444338852-project-member] Parent process 95447 forked (96641) with an open database connection, which is being discarded and recreated. {{(pid=96641) checkout /opt/stack/data/venv/lib/python3.12/site-packages/oslo_db/sqlalchemy/engines.py:402}}
Aug 21 16:10:52.079604 np0000007916 nova-scheduler[96641]: DEBUG dbcounter [-] [96641] Writer thread running {{(pid=96641) stat_writer /opt/stack/data/venv/lib/python3.12/site-packages/dbcounter.py:102}}
Aug 21 16:10:52.082754 np0000007916 nova-scheduler[96641]: DEBUG oslo_concurrency.lockutils [None req-1509d617-7bf3-4019-84c2-34707af3d459 tempest-DeleteServersTestJSON-444338852 tempest-DeleteServersTestJSON-444338852-project-member] Acquiring lock "8b45edf0-9c1a-47da-9ed8-4ac8449d05a0" by "nova.context.set_target_cell..get_or_set_cached_cell_and_set_connections" {{(pid=96641) inner /opt/stack/data/venv/lib/python3.12/site-packages/oslo_concurrency/lockutils.py:512}}
Aug 21 16:10:52.082964 np0000007916 nova-scheduler[96641]: DEBUG oslo_concurrency.lockutils [None req-1509d617-7bf3-4019-84c2-34707af3d459 tempest-DeleteServersTestJSON-444338852 tempest-DeleteServersTestJSON-444338852-project-member] Lock "8b45edf0-9c1a-47da-9ed8-4ac8449d05a0" acquired by "nova.context.set_target_cell..get_or_set_cached_cell_and_set_connections" :: waited 0.000s {{(pid=96641) inner /opt/stack/data/venv/lib/python3.12/site-packages/oslo_concurrency/lockutils.py:525}}
Aug 21 16:10:52.083090 np0000007916 nova-scheduler[96641]: DEBUG oslo_concurrency.lockutils [None req-1509d617-7bf3-4019-84c2-34707af3d459 tempest-DeleteServersTestJSON-444338852 tempest-DeleteServersTestJSON-444338852-project-member] Lock "8b45edf0-9c1a-47da-9ed8-4ac8449d05a0" "released" by "nova.context.set_target_cell..get_or_set_cached_cell_and_set_connections" :: held 0.000s {{(pid=96641) inner /opt/stack/data/venv/lib/python3.12/site-packages/oslo_concurrency/lockutils.py:544}}
Aug 21 16:10:52.086746 np0000007916 nova-scheduler[96641]: DEBUG oslo_concurrency.lockutils [None req-1509d617-7bf3-4019-84c2-34707af3d459 tempest-DeleteServersTestJSON-444338852 tempest-DeleteServersTestJSON-444338852-project-member] Acquiring lock "np0000007916-np0000007916" by "nova.scheduler.host_manager.HostState.update.._locked_update" {{(pid=96641) inner /opt/stack/data/venv/lib/python3.12/site-packages/oslo_concurrency/lockutils.py:512}}
