Aug 17 18:20:30.176031 np0000007568 devstack@c-api.service[100393]: DEBUG cinder.api.openstack.wsgi [None req-f5b7b731-0c8d-4eec-8a3a-df42a4f47e58 tempest-ServerActionsV293TestJSON-510575822 tempest-ServerActionsV293TestJSON-510575822-project-member] Empty body provided in request {{(pid=100393) get_body /opt/stack/cinder/cinder/api/openstack/wsgi.py:725}}
Aug 17 18:20:30.176393 np0000007568 devstack@c-api.service[100393]: DEBUG cinder.api.openstack.wsgi [None req-f5b7b731-0c8d-4eec-8a3a-df42a4f47e58 tempest-ServerActionsV293TestJSON-510575822 tempest-ServerActionsV293TestJSON-510575822-project-member] Calling method 'show' {{(pid=100393) _process_stack /opt/stack/cinder/cinder/api/openstack/wsgi.py:878}}
Aug 17 18:20:30.191251 np0000007568 devstack@c-api.service[100393]: /opt/stack/data/venv/lib/python3.12/site-packages/oslo_context/context.py:102: DeprecationWarning: Policy enforcement is depending on the value of is_admin. This key is deprecated. Please update your policy file to use the standard policy values.
Aug 17 18:20:30.191251 np0000007568 devstack@c-api.service[100393]: warnings.warn(
Aug 17 18:20:30.200056 np0000007568 devstack@c-api.service[100393]: INFO cinder.volume.api [None req-f5b7b731-0c8d-4eec-8a3a-df42a4f47e58 tempest-ServerActionsV293TestJSON-510575822 tempest-ServerActionsV293TestJSON-510575822-project-member] Volume info retrieved successfully.
Aug 17 18:20:30.200219 np0000007568 devstack@c-api.service[100391]: DEBUG cinder.volume.api [None req-eef4c617-1e51-4070-9d40-7d318ea42ce7 tempest-VolumesBackupsV39Test-1065090933 tempest-VolumesBackupsV39Test-1065090933-project-member] Task 'cinder.volume.flows.api.create_volume.EntryCreateTask;volume:create' (4d1a56b7-ba8f-497e-b6ab-5d603073845b) transitioned into state 'SUCCESS' from state 'RUNNING' with result '{'volume_id': '5eb56ba7-7da6-469a-9d6a-8c8b4d0a027e', 'volume_properties': VolumeProperties(attach_status='detached',availability_zone='nova',cgsnapshot_id=None,consistencygroup_id=None,display_description=None,display_name='tempest-VolumesBackupsV39Test-Volume-355319448',encryption_key_id=None,group_id=None,group_type_id=,metadata={},multiattach=False,project_id='76562e6b29434800a7a22f5ad8bdb58a',qos_specs=None,replication_status=,reservations=['662dfa43-e39e-4cf8-b16d-335ba52b0bd2','00fefcfa-8748-4717-b55f-f8b3f13621e1','1aa0d821-73c4-496e-8636-4de725952640','ba67a42b-0175-43d5-b52b-a4f0cb36de0a'],size=1,snapshot_id=None,source_replicaid=,source_volid=None,status='creating',user_id='2182b0e117a8400a85cd4c8e004d15e5',volume_type_id=c3da0c8c-dc8f-4e51-a66b-a4fc289ca295), 'volume': Volume(_name_id=None,admin_metadata=,attach_status='detached',availability_zone='nova',bootable=False,cluster=,cluster_name=None,consistencygroup=,consistencygroup_id=None,created_at=2026-08-17T18:20:30Z,deleted=False,deleted_at=None,display_description=None,display_name='tempest-VolumesBackupsV39Test-Volume-355319448',ec2_id=None,encryption_key_id=None,glance_metadata=,group=,group_id=None,host=None,id=5eb56ba7-7da6-469a-9d6a-8c8b4d0a027e,launched_at=None,metadata={},migration_status=None,multiattach=False,previous_status=None,project_id='76562e6b29434800a7a22f5ad8bdb58a',provider_auth=None,provider_geometry=None,provider_id=None,provider_location=None,replication_driver_data=None,replication_extended_status=None,replication_status=None,scheduled_at=None,service_uuid=None,shared_targets=True,size=1,snapshot_id=None,snapshots=,source_volid=None,status='creating',terminated_at=None,updated_at=None,use_quota=True,user_id='2182b0e117a8400a85cd4c8e004d15e5',volume_attachment=VolumeAttachmentList,volume_type=VolumeType(c3da0c8c-dc8f-4e51-a66b-a4fc289ca295),volume_type_id=c3da0c8c-dc8f-4e51-a66b-a4fc289ca295)}' {{(pid=100391) _task_receiver /opt/stack/data/venv/lib/python3.12/site-packages/taskflow/listeners/logging.py:218}}
Aug 17 18:20:30.201352 np0000007568 devstack@c-api.service[100391]: DEBUG cinder.volume.api [None req-eef4c617-1e51-4070-9d40-7d318ea42ce7 tempest-VolumesBackupsV39Test-1065090933 tempest-VolumesBackupsV39Test-1065090933-project-member] Task 'cinder.volume.flows.api.create_volume.QuotaCommitTask;volume:create' (3de38396-567d-439f-8b7c-f6c62135b991) transitioned into state 'RUNNING' from state 'PENDING' {{(pid=100391) _task_receiver /opt/stack/data/venv/lib/python3.12/site-packages/taskflow/listeners/logging.py:242}}
Aug 17 18:20:30.209688 np0000007568 devstack@c-api.service[100393]: INFO cinder.api.openstack.wsgi [None req-f5b7b731-0c8d-4eec-8a3a-df42a4f47e58 tempest-ServerActionsV293TestJSON-510575822 tempest-ServerActionsV293TestJSON-510575822-project-member] https://10.4.3.179/volume/v3/volumes/a6b7a065-27eb-4a3a-b36f-7189c5bf21bc returned with HTTP 200
Aug 17 18:20:30.210682 np0000007568 devstack@c-api.service[100393]: [pid: 100393|app: 0|req: 118/467] 10.4.3.179 () {68 vars in 1389 bytes} [Mon Aug 17 18:20:30 2026] GET /volume/v3/volumes/a6b7a065-27eb-4a3a-b36f-7189c5bf21bc => generated 1832 bytes in 38 msecs (HTTP/1.1 200) 7 headers in 287 bytes (1 switches on core 0)
Aug 17 18:20:30.234622 np0000007568 devstack@c-api.service[100391]: DEBUG cinder.volume.api [None req-eef4c617-1e51-4070-9d40-7d318ea42ce7 tempest-VolumesBackupsV39Test-1065090933 tempest-VolumesBackupsV39Test-1065090933-project-member] Task 'cinder.volume.flows.api.create_volume.QuotaCommitTask;volume:create' (3de38396-567d-439f-8b7c-f6c62135b991) transitioned into state 'SUCCESS' from state 'RUNNING' with result '{'volume_properties': VolumeProperties(attach_status='detached',availability_zone='nova',cgsnapshot_id=None,consistencygroup_id=None,display_description=None,display_name='tempest-VolumesBackupsV39Test-Volume-355319448',encryption_key_id=None,group_id=None,group_type_id=,metadata={},multiattach=False,project_id='76562e6b29434800a7a22f5ad8bdb58a',qos_specs=None,replication_status=,reservations=['662dfa43-e39e-4cf8-b16d-335ba52b0bd2','00fefcfa-8748-4717-b55f-f8b3f13621e1','1aa0d821-73c4-496e-8636-4de725952640','ba67a42b-0175-43d5-b52b-a4f0cb36de0a'],size=1,snapshot_id=None,source_replicaid=,source_volid=None,status='creating',user_id='2182b0e117a8400a85cd4c8e004d15e5',volume_type_id=c3da0c8c-dc8f-4e51-a66b-a4fc289ca295)}' {{(pid=100391) _task_receiver /opt/stack/data/venv/lib/python3.12/site-packages/taskflow/listeners/logging.py:218}}
Aug 17 18:20:30.235863 np0000007568 devstack@c-api.service[100391]: DEBUG cinder.volume.api [None req-eef4c617-1e51-4070-9d40-7d318ea42ce7 tempest-VolumesBackupsV39Test-1065090933 tempest-VolumesBackupsV39Test-1065090933-project-member] Task 'cinder.volume.flows.api.create_volume.VolumeCastTask;volume:create' (5a0fdb70-5a8f-4f8b-b857-031deac496d0) transitioned into state 'RUNNING' from state 'PENDING' {{(pid=100391) _task_receiver /opt/stack/data/venv/lib/python3.12/site-packages/taskflow/listeners/logging.py:242}}
Aug 17 18:20:30.251938 np0000007568 devstack@c-api.service[100391]: DEBUG cinder.volume.api [None req-eef4c617-1e51-4070-9d40-7d318ea42ce7 tempest-VolumesBackupsV39Test-1065090933 tempest-VolumesBackupsV39Test-1065090933-project-member] Task 'cinder.volume.flows.api.create_volume.VolumeCastTask;volume:create' (5a0fdb70-5a8f-4f8b-b857-031deac496d0) transitioned into state 'SUCCESS' from state 'RUNNING' with result 'None' {{(pid=100391) _task_receiver /opt/stack/data/venv/lib/python3.12/site-packages/taskflow/listeners/logging.py:218}}
Aug 17 18:20:30.253320 np0000007568 devstack@c-api.service[100391]: DEBUG cinder.volume.api [None req-eef4c617-1e51-4070-9d40-7d318ea42ce7 tempest-VolumesBackupsV39Test-1065090933 tempest-VolumesBackupsV39Test-1065090933-project-member] Flow 'volume_create_api' (9c28bfaf-e33f-4ac0-877f-f5d353ce242f) transitioned into state 'SUCCESS' from state 'RUNNING' {{(pid=100391) _flow_receiver /opt/stack/data/venv/lib/python3.12/site-packages/taskflow/listeners/logging.py:160}}
Aug 17 18:20:30.253817 np0000007568 devstack@c-api.service[100391]: INFO cinder.volume.api [None req-eef4c617-1e51-4070-9d40-7d318ea42ce7 tempest-VolumesBackupsV39Test-1065090933 tempest-VolumesBackupsV39Test-1065090933-project-member] Create volume request issued successfully.
Aug 17 18:20:30.255695 np0000007568 devstack@c-api.service[100391]: INFO cinder.api.openstack.wsgi [None req-eef4c617-1e51-4070-9d40-7d318ea42ce7 tempest-VolumesBackupsV39Test-1065090933 tempest-VolumesBackupsV39Test-1065090933-project-member] https://10.4.3.179/volume/v3/volumes returned with HTTP 202
Aug 17 18:20:30.256630 np0000007568 devstack@c-api.service[100391]: [pid: 100391|app: 0|req: 117/468] 10.4.3.179 () {70 vars in 1298 bytes} [Mon Aug 17 18:20:29 2026] POST /volume/v3/volumes => generated 751 bytes in 471 msecs (HTTP/1.1 202) 7 headers in 291 bytes (1 switches on core 0)
Aug 17 18:20:30.274589 np0000007568 devstack@c-api.service[100392]: DEBUG cinder.api.middleware.request_id [None req-674250e9-c58c-4a0a-bb8f-b9819335fc90 None None] RequestId filter calling following filter/app {{(pid=100392) _context_setter /opt/stack/cinder/cinder/api/middleware/request_id.py:62}}
Aug 17 18:20:30.276366 np0000007568 devstack@c-api.service[100392]: INFO cinder.api.openstack.wsgi [None req-674250e9-c58c-4a0a-bb8f-b9819335fc90 tempest-VolumesBackupsV39Test-1065090933 tempest-VolumesBackupsV39Test-1065090933-project-member] GET https://10.4.3.179/volume/v3/volumes/5eb56ba7-7da6-469a-9d6a-8c8b4d0a027e
Aug 17 18:20:30.276760 np0000007568 devstack@c-api.service[100392]: DEBUG cinder.api.openstack.wsgi [None req-674250e9-c58c-4a0a-bb8f-b9819335fc90 tempest-VolumesBackupsV39Test-1065090933 tempest-VolumesBackupsV39Test-1065090933-project-member] Empty body provided in request {{(pid=100392) get_body /opt/stack/cinder/cinder/api/openstack/wsgi.py:725}}
Aug 17 18:20:30.279542 np0000007568 devstack@c-api.service[100392]: DEBUG cinder.api.openstack.wsgi [None req-674250e9-c58c-4a0a-bb8f-b9819335fc90 tempest-VolumesBackupsV39Test-1065090933 tempest-VolumesBackupsV39Test-1065090933-project-member] Calling method 'show' {{(pid=100392) _process_stack /opt/stack/cinder/cinder/api/openstack/wsgi.py:878}}
Aug 17 18:20:30.297824 np0000007568 devstack@c-api.service[100392]: /opt/stack/data/venv/lib/python3.12/site-packages/oslo_context/context.py:102: DeprecationWarning: Policy enforcement is depending on the value of is_admin. This key is deprecated. Please update your policy file to use the standard policy values.
Aug 17 18:20:30.297824 np0000007568 devstack@c-api.service[100392]: warnings.warn(
Aug 17 18:20:30.308298 np0000007568 devstack@c-api.service[100392]: INFO cinder.volume.api [None req-674250e9-c58c-4a0a-bb8f-b9819335fc90 tempest-VolumesBackupsV39Test-1065090933 tempest-VolumesBackupsV39Test-1065090933-project-member] Volume info retrieved successfully.
Aug 17 18:20:30.313303 np0000007568 devstack@c-api.service[100392]: INFO cinder.api.openstack.wsgi [None req-674250e9-c58c-4a0a-bb8f-b9819335fc90 tempest-VolumesBackupsV39Test-1065090933 tempest-VolumesBackupsV39Test-1065090933-project-member] https://10.4.3.179/volume/v3/volumes/5eb56ba7-7da6-469a-9d6a-8c8b4d0a027e returned with HTTP 200
Aug 17 18:20:30.313868 np0000007568 devstack@c-api.service[100392]: [pid: 100392|app: 0|req: 117/469] 10.4.3.179 () {68 vars in 1388 bytes} [Mon Aug 17 18:20:30 2026] GET /volume/v3/volumes/5eb56ba7-7da6-469a-9d6a-8c8b4d0a027e => generated 819 bytes in 40 msecs (HTTP/1.1 200) 7 headers in 285 bytes (1 switches on core 0)
Aug 17 18:20:30.669210 np0000007568 devstack@c-api.service[100394]: DEBUG cinder.api.middleware.request_id [req-926c1a86-8fcc-4bf8-8306-09735a8dac55 req-e2ff76c1-2245-4399-bc7b-4775bd9398b8 None None] RequestId filter calling following filter/app {{(pid=100394) _context_setter /opt/stack/cinder/cinder/api/middleware/request_id.py:62}}
Aug 17 18:20:30.673012 np0000007568 devstack@c-api.service[100394]: INFO cinder.api.openstack.wsgi [req-926c1a86-8fcc-4bf8-8306-09735a8dac55 req-e2ff76c1-2245-4399-bc7b-4775bd9398b8 tempest-ServerActionsTestOtherB-1813834220 tempest-ServerActionsTestOtherB-1813834220-project-member] PUT https://10.4.3.179/volume/v3/attachments/84a2b006-d55f-430f-b941-58aea3b0483e
Aug 17 18:20:30.676840 np0000007568 devstack@c-api.service[100394]: DEBUG cinder.api.openstack.wsgi [req-926c1a86-8fcc-4bf8-8306-09735a8dac55 req-e2ff76c1-2245-4399-bc7b-4775bd9398b8 tempest-ServerActionsTestOtherB-1813834220 tempest-ServerActionsTestOtherB-1813834220-project-member] Action: 'update', calling method: version_select, body: {"attachment": {"connector": {"platform": "x86_64", "os_type": "linux", "ip": "10.4.3.179", "host": "np0000007568", "multipath": true, "enforce_multipath": true, "initiator": "iqn.2016-04.com.open-iscsi:ad3f6e92dd75", "do_local_attach": false, "uuid": "8515de1c-ba7e-467b-adde-6d9f8a8dbc1f", "system uuid": "2d2170c1-021d-4615-809a-bcd8b1bdbee3", "nvme_native_multipath": false, "mountpoint": "/dev/vdb"}}} {{(pid=100394) _process_stack /opt/stack/cinder/cinder/api/openstack/wsgi.py:876}}
Aug 17 18:20:30.687716 np0000007568 devstack@c-api.service[100394]: DEBUG cinder.coordination [req-926c1a86-8fcc-4bf8-8306-09735a8dac55 req-e2ff76c1-2245-4399-bc7b-4775bd9398b8 tempest-ServerActionsTestOtherB-1813834220 tempest-ServerActionsTestOtherB-1813834220-project-member] Acquiring lock "cinder-attachment_update-fed43468-a213-4f72-a247-094b543dd273-np0000007568" by "attachment_update" {{(pid=100394) __acquire /opt/stack/cinder/cinder/coordination.py:138}}
Aug 17 18:20:30.698036 np0000007568 devstack@c-api.service[100394]: DEBUG cinder.coordination [req-926c1a86-8fcc-4bf8-8306-09735a8dac55 req-e2ff76c1-2245-4399-bc7b-4775bd9398b8 tempest-ServerActionsTestOtherB-1813834220 tempest-ServerActionsTestOtherB-1813834220-project-member] Lock "cinder-attachment_update-fed43468-a213-4f72-a247-094b543dd273-np0000007568" acquired by "attachment_update" :: waited 0.008s {{(pid=100394) __acquire /opt/stack/cinder/cinder/coordination.py:141}}
Aug 17 18:20:30.698036 np0000007568 devstack@c-api.service[100394]: /opt/stack/data/venv/lib/python3.12/site-packages/oslo_context/context.py:102: DeprecationWarning: Policy enforcement is depending on the value of is_admin. This key is deprecated. Please update your policy file to use the standard policy values.
Aug 17 18:20:30.698036 np0000007568 devstack@c-api.service[100394]: warnings.warn(
Aug 17 18:20:30.733516 np0000007568 devstack@c-api.service[100393]: DEBUG cinder.api.middleware.request_id [req-566d971d-1725-4c31-b5b6-1fc6f63cad7e req-3fc47a22-bfbd-42a6-94b8-9c0b3d9083ab None None] RequestId filter calling following filter/app {{(pid=100393) _context_setter /opt/stack/cinder/cinder/api/middleware/request_id.py:62}}
Aug 17 18:20:30.742352 np0000007568 devstack@c-api.service[100393]: INFO cinder.api.openstack.wsgi [req-566d971d-1725-4c31-b5b6-1fc6f63cad7e req-3fc47a22-bfbd-42a6-94b8-9c0b3d9083ab tempest-TestMultiAttachVolumeSwap-780722058 tempest-TestMultiAttachVolumeSwap-780722058-project-member] GET https://10.4.3.179/volume/v3/volumes/77073d1c-013f-4208-a47a-9c4bc6907956
Aug 17 18:20:30.742352 np0000007568 devstack@c-api.service[100393]: DEBUG cinder.api.openstack.wsgi [req-566d971d-1725-4c31-b5b6-1fc6f63cad7e req-3fc47a22-bfbd-42a6-94b8-9c0b3d9083ab tempest-TestMultiAttachVolumeSwap-780722058 tempest-TestMultiAttachVolumeSwap-780722058-project-member] Empty body provided in request {{(pid=100393) get_body /opt/stack/cinder/cinder/api/openstack/wsgi.py:725}}
Aug 17 18:20:30.742352 np0000007568 devstack@c-api.service[100393]: DEBUG cinder.api.openstack.wsgi [req-566d971d-1725-4c31-b5b6-1fc6f63cad7e req-3fc47a22-bfbd-42a6-94b8-9c0b3d9083ab tempest-TestMultiAttachVolumeSwap-780722058 tempest-TestMultiAttachVolumeSwap-780722058-project-member] Calling method 'show' {{(pid=100393) _process_stack /opt/stack/cinder/cinder/api/openstack/wsgi.py:878}}
Aug 17 18:20:30.753508 np0000007568 devstack@c-api.service[100393]: /opt/stack/data/venv/lib/python3.12/site-packages/oslo_context/context.py:102: DeprecationWarning: Policy enforcement is depending on the value of is_admin. This key is deprecated. Please update your policy file to use the standard policy values.
Aug 17 18:20:30.753508 np0000007568 devstack@c-api.service[100393]: warnings.warn(
Aug 17 18:20:30.760309 np0000007568 devstack@c-api.service[100393]: INFO cinder.volume.api [req-566d971d-1725-4c31-b5b6-1fc6f63cad7e req-3fc47a22-bfbd-42a6-94b8-9c0b3d9083ab tempest-TestMultiAttachVolumeSwap-780722058 tempest-TestMultiAttachVolumeSwap-780722058-project-member] Volume info retrieved successfully.
Aug 17 18:20:30.767001 np0000007568 devstack@c-api.service[100393]: INFO cinder.api.openstack.wsgi [req-566d971d-1725-4c31-b5b6-1fc6f63cad7e req-3fc47a22-bfbd-42a6-94b8-9c0b3d9083ab tempest-TestMultiAttachVolumeSwap-780722058 tempest-TestMultiAttachVolumeSwap-780722058-project-member] https://10.4.3.179/volume/v3/volumes/77073d1c-013f-4208-a47a-9c4bc6907956 returned with HTTP 200
Aug 17 18:20:30.767531 np0000007568 devstack@c-api.service[100393]: [pid: 100393|app: 0|req: 119/470] 10.4.3.179 () {68 vars in 1598 bytes} [Mon Aug 17 18:20:30 2026] GET /volume/v3/volumes/77073d1c-013f-4208-a47a-9c4bc6907956 => generated 868 bytes in 35 msecs (HTTP/1.1 200) 7 headers in 285 bytes (1 switches on core 0)
Aug 17 18:20:30.830506 np0000007568 devstack@c-api.service[100394]: DEBUG cinder.coordination [req-926c1a86-8fcc-4bf8-8306-09735a8dac55 req-e2ff76c1-2245-4399-bc7b-4775bd9398b8 tempest-ServerActionsTestOtherB-1813834220 tempest-ServerActionsTestOtherB-1813834220-project-member] Lock "cinder-attachment_update-fed43468-a213-4f72-a247-094b543dd273-np0000007568" released by "attachment_update" :: held 0.134s {{(pid=100394) __release /opt/stack/cinder/cinder/coordination.py:152}}
Aug 17 18:20:30.832153 np0000007568 devstack@c-api.service[100394]: INFO cinder.api.openstack.wsgi [req-926c1a86-8fcc-4bf8-8306-09735a8dac55 req-e2ff76c1-2245-4399-bc7b-4775bd9398b8 tempest-ServerActionsTestOtherB-1813834220 tempest-ServerActionsTestOtherB-1813834220-project-member] https://10.4.3.179/volume/v3/attachments/84a2b006-d55f-430f-b941-58aea3b0483e returned with HTTP 200
Aug 17 18:20:30.832153 np0000007568 devstack@c-api.service[100394]: [pid: 100394|app: 0|req: 118/471] 10.4.3.179 () {74 vars in 1704 bytes} [Mon Aug 17 18:20:30 2026] PUT /volume/v3/attachments/84a2b006-d55f-430f-b941-58aea3b0483e => generated 969 bytes in 164 msecs (HTTP/1.1 200) 7 headers in 286 bytes (1 switches on core 0)
Aug 17 18:20:30.851167 np0000007568 devstack@c-api.service[100391]: DEBUG cinder.api.middleware.request_id [req-926c1a86-8fcc-4bf8-8306-09735a8dac55 req-9478e599-41db-4f6d-9fd1-885a920b73c8 None None] RequestId filter calling following filter/app {{(pid=100391) _context_setter /opt/stack/cinder/cinder/api/middleware/request_id.py:62}}
Aug 17 18:20:30.854169 np0000007568 devstack@c-api.service[100391]: INFO cinder.api.openstack.wsgi [req-926c1a86-8fcc-4bf8-8306-09735a8dac55 req-9478e599-41db-4f6d-9fd1-885a920b73c8 tempest-ServerActionsTestOtherB-1813834220 tempest-ServerActionsTestOtherB-1813834220-project-member] GET https://10.4.3.179/volume/v3/attachments/84a2b006-d55f-430f-b941-58aea3b0483e
Aug 17 18:20:30.854169 np0000007568 devstack@c-api.service[100391]: DEBUG cinder.api.openstack.wsgi [req-926c1a86-8fcc-4bf8-8306-09735a8dac55 req-9478e599-41db-4f6d-9fd1-885a920b73c8 tempest-ServerActionsTestOtherB-1813834220 tempest-ServerActionsTestOtherB-1813834220-project-member] Empty body provided in request {{(pid=100391) get_body /opt/stack/cinder/cinder/api/openstack/wsgi.py:725}}
Aug 17 18:20:30.854169 np0000007568 devstack@c-api.service[100391]: DEBUG cinder.api.openstack.wsgi [req-926c1a86-8fcc-4bf8-8306-09735a8dac55 req-9478e599-41db-4f6d-9fd1-885a920b73c8 tempest-ServerActionsTestOtherB-1813834220 tempest-ServerActionsTestOtherB-1813834220-project-member] Calling method 'version_select' {{(pid=100391) _process_stack /opt/stack/cinder/cinder/api/openstack/wsgi.py:878}}
Aug 17 18:20:30.881674 np0000007568 devstack@c-api.service[100391]: INFO cinder.api.openstack.wsgi [req-926c1a86-8fcc-4bf8-8306-09735a8dac55 req-9478e599-41db-4f6d-9fd1-885a920b73c8 tempest-ServerActionsTestOtherB-1813834220 tempest-ServerActionsTestOtherB-1813834220-project-member] https://10.4.3.179/volume/v3/attachments/84a2b006-d55f-430f-b941-58aea3b0483e returned with HTTP 200
Aug 17 18:20:30.882380 np0000007568 devstack@c-api.service[100391]: [pid: 100391|app: 0|req: 118/472] 10.4.3.179 () {70 vars in 1651 bytes} [Mon Aug 17 18:20:30 2026] GET /volume/v3/attachments/84a2b006-d55f-430f-b941-58aea3b0483e => generated 994 bytes in 32 msecs (HTTP/1.1 200) 7 headers in 286 bytes (1 switches on core 0)
Aug 17 18:20:30.928235 np0000007568 devstack@c-api.service[100392]: DEBUG cinder.api.middleware.request_id [None req-261b09b3-1754-40f1-bc79-fdde11f6e350 None None] RequestId filter calling following filter/app {{(pid=100392) _context_setter /opt/stack/cinder/cinder/api/middleware/request_id.py:62}}
Aug 17 18:20:30.928411 np0000007568 devstack@c-api.service[100392]: INFO cinder.api.openstack.wsgi [None req-261b09b3-1754-40f1-bc79-fdde11f6e350 None None] GET https://10.4.3.179/volume//
Aug 17 18:20:30.928590 np0000007568 devstack@c-api.service[100392]: DEBUG cinder.api.openstack.wsgi [None req-261b09b3-1754-40f1-bc79-fdde11f6e350 None None] Empty body provided in request {{(pid=100392) get_body /opt/stack/cinder/cinder/api/openstack/wsgi.py:725}}
Aug 17 18:20:30.929576 np0000007568 devstack@c-api.service[100392]: DEBUG cinder.api.openstack.wsgi [None req-261b09b3-1754-40f1-bc79-fdde11f6e350 None None] Calling method 'all' {{(pid=100392) _process_stack /opt/stack/cinder/cinder/api/openstack/wsgi.py:878}}
Aug 17 18:20:30.929576 np0000007568 devstack@c-api.service[100392]: INFO cinder.api.openstack.wsgi [None req-261b09b3-1754-40f1-bc79-fdde11f6e350 None None] https://10.4.3.179/volume// returned with HTTP 300
Aug 17 18:20:30.929576 np0000007568 devstack@c-api.service[100392]: [pid: 100392|app: 0|req: 118/473] 10.4.3.179 () {66 vars in 1428 bytes} [Mon Aug 17 18:20:30 2026] GET /volume/ => generated 386 bytes in 2 msecs (HTTP/1.1 300) 7 headers in 299 bytes (1 switches on core 0)
Aug 17 18:20:30.941588 np0000007568 devstack@c-api.service[100393]: DEBUG cinder.api.middleware.request_id [req-566d971d-1725-4c31-b5b6-1fc6f63cad7e req-de943e51-dea8-4d0d-b0bb-0c6bf86d8f33 None None] RequestId filter calling following filter/app {{(pid=100393) _context_setter /opt/stack/cinder/cinder/api/middleware/request_id.py:62}}
Aug 17 18:20:30.944091 np0000007568 devstack@c-api.service[100393]: INFO cinder.api.openstack.wsgi [req-566d971d-1725-4c31-b5b6-1fc6f63cad7e req-de943e51-dea8-4d0d-b0bb-0c6bf86d8f33 tempest-TestMultiAttachVolumeSwap-780722058 tempest-TestMultiAttachVolumeSwap-780722058-project-member] POST https://10.4.3.179/volume/v3/attachments
Aug 17 18:20:30.944498 np0000007568 devstack@c-api.service[100393]: DEBUG cinder.api.openstack.wsgi [req-566d971d-1725-4c31-b5b6-1fc6f63cad7e req-de943e51-dea8-4d0d-b0bb-0c6bf86d8f33 tempest-TestMultiAttachVolumeSwap-780722058 tempest-TestMultiAttachVolumeSwap-780722058-project-member] Action: 'create', calling method: version_select, body: {"attachment": {"volume_uuid": "77073d1c-013f-4208-a47a-9c4bc6907956", "connector": null, "instance_uuid": "72847263-7618-44be-b0ef-905376c594ac"}} {{(pid=100393) _process_stack /opt/stack/cinder/cinder/api/openstack/wsgi.py:876}}
Aug 17 18:20:30.959056 np0000007568 devstack@c-api.service[100393]: /opt/stack/data/venv/lib/python3.12/site-packages/oslo_context/context.py:102: DeprecationWarning: Policy enforcement is depending on the value of is_admin. This key is deprecated. Please update your policy file to use the standard policy values.
Aug 17 18:20:30.959056 np0000007568 devstack@c-api.service[100393]: warnings.warn(
Aug 17 18:20:31.009727 np0000007568 devstack@c-api.service[100393]: WARNING cinder.volume.api [req-566d971d-1725-4c31-b5b6-1fc6f63cad7e req-de943e51-dea8-4d0d-b0bb-0c6bf86d8f33 tempest-TestMultiAttachVolumeSwap-780722058 tempest-TestMultiAttachVolumeSwap-780722058-project-member] Using volume_admin_metadata to set Read Only mode is deprecated! Please use the mode argument in attachment-create.
Aug 17 18:20:31.024666 np0000007568 devstack@c-api.service[100393]: INFO cinder.api.openstack.wsgi [req-566d971d-1725-4c31-b5b6-1fc6f63cad7e req-de943e51-dea8-4d0d-b0bb-0c6bf86d8f33 tempest-TestMultiAttachVolumeSwap-780722058 tempest-TestMultiAttachVolumeSwap-780722058-project-member] https://10.4.3.179/volume/v3/attachments returned with HTTP 200
Aug 17 18:20:31.025528 np0000007568 devstack@c-api.service[100393]: [pid: 100393|app: 0|req: 120/474] 10.4.3.179 () {74 vars in 1594 bytes} [Mon Aug 17 18:20:30 2026] POST /volume/v3/attachments => generated 271 bytes in 85 msecs (HTTP/1.1 200) 7 headers in 286 bytes (1 switches on core 0)
Aug 17 18:20:31.078822 np0000007568 devstack@c-api.service[100394]: DEBUG cinder.api.middleware.request_id [None req-f4c3b19a-5be2-4f9b-a148-07237b94d6e5 None None] RequestId filter calling following filter/app {{(pid=100394) _context_setter /opt/stack/cinder/cinder/api/middleware/request_id.py:62}}
Aug 17 18:20:31.082796 np0000007568 devstack@c-api.service[100394]: INFO cinder.api.openstack.wsgi [None req-f4c3b19a-5be2-4f9b-a148-07237b94d6e5 tempest-TestMultiAttachVolumeSwap-780722058 tempest-TestMultiAttachVolumeSwap-780722058-project-member] GET https://10.4.3.179/volume/v3/volumes/77073d1c-013f-4208-a47a-9c4bc6907956
Aug 17 18:20:31.082796 np0000007568 devstack@c-api.service[100394]: DEBUG cinder.api.openstack.wsgi [None req-f4c3b19a-5be2-4f9b-a148-07237b94d6e5 tempest-TestMultiAttachVolumeSwap-780722058 tempest-TestMultiAttachVolumeSwap-780722058-project-member] Empty body provided in request {{(pid=100394) get_body /opt/stack/cinder/cinder/api/openstack/wsgi.py:725}}
Aug 17 18:20:31.082796 np0000007568 devstack@c-api.service[100394]: DEBUG cinder.api.openstack.wsgi [None req-f4c3b19a-5be2-4f9b-a148-07237b94d6e5 tempest-TestMultiAttachVolumeSwap-780722058 tempest-TestMultiAttachVolumeSwap-780722058-project-member] Calling method 'show' {{(pid=100394) _process_stack /opt/stack/cinder/cinder/api/openstack/wsgi.py:878}}
Aug 17 18:20:31.103198 np0000007568 devstack@c-api.service[100394]: /opt/stack/data/venv/lib/python3.12/site-packages/oslo_context/context.py:102: DeprecationWarning: Policy enforcement is depending on the value of is_admin. This key is deprecated. Please update your policy file to use the standard policy values.
Aug 17 18:20:31.103198 np0000007568 devstack@c-api.service[100394]: warnings.warn(
Aug 17 18:20:31.109995 np0000007568 devstack@c-api.service[100394]: INFO cinder.volume.api [None req-f4c3b19a-5be2-4f9b-a148-07237b94d6e5 tempest-TestMultiAttachVolumeSwap-780722058 tempest-TestMultiAttachVolumeSwap-780722058-project-member] Volume info retrieved successfully.
Aug 17 18:20:31.111622 np0000007568 devstack@c-api.service[100391]: DEBUG cinder.api.middleware.request_id [None req-d12eac84-a516-49dc-831e-082247209966 None None] RequestId filter calling following filter/app {{(pid=100391) _context_setter /opt/stack/cinder/cinder/api/middleware/request_id.py:62}}
Aug 17 18:20:31.112191 np0000007568 devstack@c-api.service[100391]: INFO cinder.api.openstack.wsgi [None req-d12eac84-a516-49dc-831e-082247209966 None None] GET https://10.4.3.179/volume//
Aug 17 18:20:31.112353 np0000007568 devstack@c-api.service[100391]: DEBUG cinder.api.openstack.wsgi [None req-d12eac84-a516-49dc-831e-082247209966 None None] Empty body provided in request {{(pid=100391) get_body /opt/stack/cinder/cinder/api/openstack/wsgi.py:725}}
Aug 17 18:20:31.112592 np0000007568 devstack@c-api.service[100391]: DEBUG cinder.api.openstack.wsgi [None req-d12eac84-a516-49dc-831e-082247209966 None None] Calling method 'all' {{(pid=100391) _process_stack /opt/stack/cinder/cinder/api/openstack/wsgi.py:878}}
Aug 17 18:20:31.113037 np0000007568 devstack@c-api.service[100391]: INFO cinder.api.openstack.wsgi [None req-d12eac84-a516-49dc-831e-082247209966 None None] https://10.4.3.179/volume// returned with HTTP 300
Aug 17 18:20:31.113391 np0000007568 devstack@c-api.service[100391]: [pid: 100391|app: 0|req: 119/475] 10.4.3.179 () {66 vars in 1426 bytes} [Mon Aug 17 18:20:31 2026] GET /volume/ => generated 386 bytes in 2 msecs (HTTP/1.1 300) 7 headers in 299 bytes (1 switches on core 0)
Aug 17 18:20:31.117520 np0000007568 devstack@c-api.service[100394]: INFO cinder.api.openstack.wsgi [None req-f4c3b19a-5be2-4f9b-a148-07237b94d6e5 tempest-TestMultiAttachVolumeSwap-780722058 tempest-TestMultiAttachVolumeSwap-780722058-project-member] https://10.4.3.179/volume/v3/volumes/77073d1c-013f-4208-a47a-9c4bc6907956 returned with HTTP 200
Aug 17 18:20:31.118068 np0000007568 devstack@c-api.service[100394]: [pid: 100394|app: 0|req: 119/476] 10.4.3.179 () {66 vars in 1348 bytes} [Mon Aug 17 18:20:31 2026] GET /volume/v3/volumes/77073d1c-013f-4208-a47a-9c4bc6907956 => generated 867 bytes in 40 msecs (HTTP/1.1 200) 7 headers in 285 bytes (1 switches on core 0)
Aug 17 18:20:31.136266 np0000007568 devstack@c-api.service[100392]: DEBUG cinder.api.middleware.request_id [None req-39d2f365-2cc2-410a-b467-a8ed5de08a10 None None] RequestId filter calling following filter/app {{(pid=100392) _context_setter /opt/stack/cinder/cinder/api/middleware/request_id.py:62}}
Aug 17 18:20:31.142713 np0000007568 devstack@c-api.service[100392]: INFO cinder.api.openstack.wsgi [None req-39d2f365-2cc2-410a-b467-a8ed5de08a10 tempest-AttachVolumeNegativeTest-617587409 tempest-AttachVolumeNegativeTest-617587409-project-member] GET https://10.4.3.179/volume/v3/volumes/ac2c5a2e-4fa9-4c88-8859-570ac0d96c7d
Aug 17 18:20:31.142713 np0000007568 devstack@c-api.service[100392]: DEBUG cinder.api.openstack.wsgi [None req-39d2f365-2cc2-410a-b467-a8ed5de08a10 tempest-AttachVolumeNegativeTest-617587409 tempest-AttachVolumeNegativeTest-617587409-project-member] Empty body provided in request {{(pid=100392) get_body /opt/stack/cinder/cinder/api/openstack/wsgi.py:725}}
Aug 17 18:20:31.142713 np0000007568 devstack@c-api.service[100392]: DEBUG cinder.api.openstack.wsgi [None req-39d2f365-2cc2-410a-b467-a8ed5de08a10 tempest-AttachVolumeNegativeTest-617587409 tempest-AttachVolumeNegativeTest-617587409-project-member] Calling method 'show' {{(pid=100392) _process_stack /opt/stack/cinder/cinder/api/openstack/wsgi.py:878}}
Aug 17 18:20:31.161961 np0000007568 devstack@c-api.service[100392]: /opt/stack/data/venv/lib/python3.12/site-packages/oslo_context/context.py:102: DeprecationWarning: Policy enforcement is depending on the value of is_admin. This key is deprecated. Please update your policy file to use the standard policy values.
Aug 17 18:20:31.161961 np0000007568 devstack@c-api.service[100392]: warnings.warn(
Aug 17 18:20:31.167067 np0000007568 devstack@c-api.service[100392]: INFO cinder.volume.api [None req-39d2f365-2cc2-410a-b467-a8ed5de08a10 tempest-AttachVolumeNegativeTest-617587409 tempest-AttachVolumeNegativeTest-617587409-project-member] Volume info retrieved successfully.
Aug 17 18:20:31.169449 np0000007568 devstack@c-api.service[100393]: DEBUG cinder.api.middleware.request_id [req-566d971d-1725-4c31-b5b6-1fc6f63cad7e req-58120adb-eb02-43f9-b671-65303973d107 None None] RequestId filter calling following filter/app {{(pid=100393) _context_setter /opt/stack/cinder/cinder/api/middleware/request_id.py:62}}
Aug 17 18:20:31.172017 np0000007568 devstack@c-api.service[100392]: INFO cinder.api.openstack.wsgi [None req-39d2f365-2cc2-410a-b467-a8ed5de08a10 tempest-AttachVolumeNegativeTest-617587409 tempest-AttachVolumeNegativeTest-617587409-project-member] https://10.4.3.179/volume/v3/volumes/ac2c5a2e-4fa9-4c88-8859-570ac0d96c7d returned with HTTP 200
Aug 17 18:20:31.172922 np0000007568 devstack@c-api.service[100392]: [pid: 100392|app: 0|req: 119/477] 10.4.3.179 () {66 vars in 1348 bytes} [Mon Aug 17 18:20:31 2026] GET /volume/v3/volumes/ac2c5a2e-4fa9-4c88-8859-570ac0d96c7d => generated 848 bytes in 36 msecs (HTTP/1.1 200) 7 headers in 285 bytes (1 switches on core 0)
Aug 17 18:20:31.173837 np0000007568 devstack@c-api.service[100393]: INFO cinder.api.openstack.wsgi [req-566d971d-1725-4c31-b5b6-1fc6f63cad7e req-58120adb-eb02-43f9-b671-65303973d107 tempest-TestMultiAttachVolumeSwap-780722058 tempest-TestMultiAttachVolumeSwap-780722058-project-member] GET https://10.4.3.179/volume/v3/volumes/77073d1c-013f-4208-a47a-9c4bc6907956
Aug 17 18:20:31.174345 np0000007568 devstack@c-api.service[100393]: DEBUG cinder.api.openstack.wsgi [req-566d971d-1725-4c31-b5b6-1fc6f63cad7e req-58120adb-eb02-43f9-b671-65303973d107 tempest-TestMultiAttachVolumeSwap-780722058 tempest-TestMultiAttachVolumeSwap-780722058-project-member] Empty body provided in request {{(pid=100393) get_body /opt/stack/cinder/cinder/api/openstack/wsgi.py:725}}
Aug 17 18:20:31.174345 np0000007568 devstack@c-api.service[100393]: DEBUG cinder.api.openstack.wsgi [req-566d971d-1725-4c31-b5b6-1fc6f63cad7e req-58120adb-eb02-43f9-b671-65303973d107 tempest-TestMultiAttachVolumeSwap-780722058 tempest-TestMultiAttachVolumeSwap-780722058-project-member] Calling method 'show' {{(pid=100393) _process_stack /opt/stack/cinder/cinder/api/openstack/wsgi.py:878}}
Aug 17 18:20:31.192252 np0000007568 devstack@c-api.service[100393]: /opt/stack/data/venv/lib/python3.12/site-packages/oslo_context/context.py:102: DeprecationWarning: Policy enforcement is depending on the value of is_admin. This key is deprecated. Please update your policy file to use the standard policy values.
Aug 17 18:20:31.192252 np0000007568 devstack@c-api.service[100393]: warnings.warn(
Aug 17 18:20:31.198824 np0000007568 devstack@c-api.service[100393]: INFO cinder.volume.api [req-566d971d-1725-4c31-b5b6-1fc6f63cad7e req-58120adb-eb02-43f9-b671-65303973d107 tempest-TestMultiAttachVolumeSwap-780722058 tempest-TestMultiAttachVolumeSwap-780722058-project-member] Volume info retrieved successfully.
Aug 17 18:20:31.205827 np0000007568 devstack@c-api.service[100393]: INFO cinder.api.openstack.wsgi [req-566d971d-1725-4c31-b5b6-1fc6f63cad7e req-58120adb-eb02-43f9-b671-65303973d107 tempest-TestMultiAttachVolumeSwap-780722058 tempest-TestMultiAttachVolumeSwap-780722058-project-member] https://10.4.3.179/volume/v3/volumes/77073d1c-013f-4208-a47a-9c4bc6907956 returned with HTTP 200
Aug 17 18:20:31.208231 np0000007568 devstack@c-api.service[100393]: [pid: 100393|app: 0|req: 121/478] 10.4.3.179 () {70 vars in 1639 bytes} [Mon Aug 17 18:20:31 2026] GET /volume/v3/volumes/77073d1c-013f-4208-a47a-9c4bc6907956 => generated 1047 bytes in 38 msecs (HTTP/1.1 200) 7 headers in 287 bytes (1 switches on core 0)
Aug 17 18:20:31.334697 np0000007568 devstack@c-api.service[100391]: DEBUG cinder.api.middleware.request_id [None req-49f1c4eb-1e13-417f-a967-e0ba8b1c86a1 None None] RequestId filter calling following filter/app {{(pid=100391) _context_setter /opt/stack/cinder/cinder/api/middleware/request_id.py:62}}
Aug 17 18:20:31.337031 np0000007568 devstack@c-api.service[100391]: INFO cinder.api.openstack.wsgi [None req-49f1c4eb-1e13-417f-a967-e0ba8b1c86a1 tempest-VolumesBackupsV39Test-1065090933 tempest-VolumesBackupsV39Test-1065090933-project-member] GET https://10.4.3.179/volume/v3/volumes/5eb56ba7-7da6-469a-9d6a-8c8b4d0a027e
Aug 17 18:20:31.337126 np0000007568 devstack@c-api.service[100391]: DEBUG cinder.api.openstack.wsgi [None req-49f1c4eb-1e13-417f-a967-e0ba8b1c86a1 tempest-VolumesBackupsV39Test-1065090933 tempest-VolumesBackupsV39Test-1065090933-project-member] Empty body provided in request {{(pid=100391) get_body /opt/stack/cinder/cinder/api/openstack/wsgi.py:725}}
Aug 17 18:20:31.337301 np0000007568 devstack@c-api.service[100391]: DEBUG cinder.api.openstack.wsgi [None req-49f1c4eb-1e13-417f-a967-e0ba8b1c86a1 tempest-VolumesBackupsV39Test-1065090933 tempest-VolumesBackupsV39Test-1065090933-project-member] Calling method 'show' {{(pid=100391) _process_stack /opt/stack/cinder/cinder/api/openstack/wsgi.py:878}}
Aug 17 18:20:31.349743 np0000007568 devstack@c-api.service[100391]: /opt/stack/data/venv/lib/python3.12/site-packages/oslo_context/context.py:102: DeprecationWarning: Policy enforcement is depending on the value of is_admin. This key is deprecated. Please update your policy file to use the standard policy values.
Aug 17 18:20:31.349743 np0000007568 devstack@c-api.service[100391]: warnings.warn(
Aug 17 18:20:31.369404 np0000007568 devstack@c-api.service[100391]: INFO cinder.volume.api [None req-49f1c4eb-1e13-417f-a967-e0ba8b1c86a1 tempest-VolumesBackupsV39Test-1065090933 tempest-VolumesBackupsV39Test-1065090933-project-member] Volume info retrieved successfully.
Aug 17 18:20:31.384248 np0000007568 devstack@c-api.service[100391]: INFO cinder.api.openstack.wsgi [None req-49f1c4eb-1e13-417f-a967-e0ba8b1c86a1 tempest-VolumesBackupsV39Test-1065090933 tempest-VolumesBackupsV39Test-1065090933-project-member] https://10.4.3.179/volume/v3/volumes/5eb56ba7-7da6-469a-9d6a-8c8b4d0a027e returned with HTTP 200
Aug 17 18:20:31.384834 np0000007568 devstack@c-api.service[100391]: [pid: 100391|app: 0|req: 120/479] 10.4.3.179 () {68 vars in 1388 bytes} [Mon Aug 17 18:20:31 2026] GET /volume/v3/volumes/5eb56ba7-7da6-469a-9d6a-8c8b4d0a027e => generated 844 bytes in 50 msecs (HTTP/1.1 200) 7 headers in 285 bytes (1 switches on core 0)
Aug 17 18:20:31.396677 np0000007568 devstack@c-api.service[100394]: DEBUG cinder.api.middleware.request_id [req-566d971d-1725-4c31-b5b6-1fc6f63cad7e req-67a14fe1-a23a-4e25-8c7d-8f82b81335eb None None] RequestId filter calling following filter/app {{(pid=100394) _context_setter /opt/stack/cinder/cinder/api/middleware/request_id.py:62}}
Aug 17 18:20:31.407692 np0000007568 devstack@c-api.service[100394]: INFO cinder.api.openstack.wsgi [req-566d971d-1725-4c31-b5b6-1fc6f63cad7e req-67a14fe1-a23a-4e25-8c7d-8f82b81335eb tempest-TestMultiAttachVolumeSwap-780722058 tempest-TestMultiAttachVolumeSwap-780722058-project-member] PUT https://10.4.3.179/volume/v3/attachments/26a7e156-ccc1-402c-9d74-719a53db4dc9
Aug 17 18:20:31.408925 np0000007568 devstack@c-api.service[100394]: DEBUG cinder.api.openstack.wsgi [req-566d971d-1725-4c31-b5b6-1fc6f63cad7e req-67a14fe1-a23a-4e25-8c7d-8f82b81335eb tempest-TestMultiAttachVolumeSwap-780722058 tempest-TestMultiAttachVolumeSwap-780722058-project-member] Action: 'update', calling method: version_select, body: {"attachment": {"connector": {"platform": "x86_64", "os_type": "linux", "ip": "10.4.3.179", "host": "np0000007568", "multipath": true, "enforce_multipath": true, "initiator": "iqn.2016-04.com.open-iscsi:ad3f6e92dd75", "do_local_attach": false, "uuid": "8515de1c-ba7e-467b-adde-6d9f8a8dbc1f", "system uuid": "2d2170c1-021d-4615-809a-bcd8b1bdbee3", "nvme_native_multipath": false, "mountpoint": "/dev/vdb"}}} {{(pid=100394) _process_stack /opt/stack/cinder/cinder/api/openstack/wsgi.py:876}}
Aug 17 18:20:31.415495 np0000007568 devstack@c-api.service[100392]: DEBUG cinder.api.middleware.request_id [None req-ad826964-0004-44e8-9529-7d67937b8c45 None None] RequestId filter calling following filter/app {{(pid=100392) _context_setter /opt/stack/cinder/cinder/api/middleware/request_id.py:62}}
Aug 17 18:20:31.417769 np0000007568 devstack@c-api.service[100392]: INFO cinder.api.openstack.wsgi [None req-ad826964-0004-44e8-9529-7d67937b8c45 tempest-VolumesBackupsV39Test-1065090933 tempest-VolumesBackupsV39Test-1065090933-project-member] POST https://10.4.3.179/volume/v3/backups
Aug 17 18:20:31.417946 np0000007568 devstack@c-api.service[100392]: DEBUG cinder.api.openstack.wsgi [None req-ad826964-0004-44e8-9529-7d67937b8c45 tempest-VolumesBackupsV39Test-1065090933 tempest-VolumesBackupsV39Test-1065090933-project-member] Action: 'create', calling method: create, body: {"backup": {"volume_id": "5eb56ba7-7da6-469a-9d6a-8c8b4d0a027e", "name": "tempest-VolumesBackupsV39Test-Backup-750350106", "container": "tempest-volumesbackupsv39test-backup-container-1673170402"}} {{(pid=100392) _process_stack /opt/stack/cinder/cinder/api/openstack/wsgi.py:876}}
Aug 17 18:20:31.420097 np0000007568 devstack@c-api.service[100392]: DEBUG cinder.api.contrib.backups [None req-ad826964-0004-44e8-9529-7d67937b8c45 tempest-VolumesBackupsV39Test-1065090933 tempest-VolumesBackupsV39Test-1065090933-project-member] Creating new backup {'backup': {'volume_id': '5eb56ba7-7da6-469a-9d6a-8c8b4d0a027e', 'name': 'tempest-VolumesBackupsV39Test-Backup-750350106', 'container': 'tempest-volumesbackupsv39test-backup-container-1673170402'}} {{(pid=100392) create /opt/stack/cinder/cinder/api/contrib/backups.py:155}}
Aug 17 18:20:31.421149 np0000007568 devstack@c-api.service[100392]: INFO cinder.api.contrib.backups [None req-ad826964-0004-44e8-9529-7d67937b8c45 tempest-VolumesBackupsV39Test-1065090933 tempest-VolumesBackupsV39Test-1065090933-project-member] Creating backup of volume 5eb56ba7-7da6-469a-9d6a-8c8b4d0a027e in container tempest-volumesbackupsv39test-backup-container-1673170402
Aug 17 18:20:31.427487 np0000007568 devstack@c-api.service[100394]: DEBUG cinder.coordination [req-566d971d-1725-4c31-b5b6-1fc6f63cad7e req-67a14fe1-a23a-4e25-8c7d-8f82b81335eb tempest-TestMultiAttachVolumeSwap-780722058 tempest-TestMultiAttachVolumeSwap-780722058-project-member] Acquiring lock "cinder-attachment_update-77073d1c-013f-4208-a47a-9c4bc6907956-np0000007568" by "attachment_update" {{(pid=100394) __acquire /opt/stack/cinder/cinder/coordination.py:138}}
Aug 17 18:20:31.430552 np0000007568 devstack@c-api.service[100392]: /opt/stack/data/venv/lib/python3.12/site-packages/oslo_context/context.py:102: DeprecationWarning: Policy enforcement is depending on the value of is_admin. This key is deprecated. Please update your policy file to use the standard policy values.
Aug 17 18:20:31.430552 np0000007568 devstack@c-api.service[100392]: warnings.warn(
Aug 17 18:20:31.431127 np0000007568 devstack@c-api.service[100392]: INFO cinder.volume.api [None req-ad826964-0004-44e8-9529-7d67937b8c45 tempest-VolumesBackupsV39Test-1065090933 tempest-VolumesBackupsV39Test-1065090933-project-member] Volume info retrieved successfully.
Aug 17 18:20:31.436473 np0000007568 devstack@c-api.service[100394]: DEBUG cinder.coordination [req-566d971d-1725-4c31-b5b6-1fc6f63cad7e req-67a14fe1-a23a-4e25-8c7d-8f82b81335eb tempest-TestMultiAttachVolumeSwap-780722058 tempest-TestMultiAttachVolumeSwap-780722058-project-member] Lock "cinder-attachment_update-77073d1c-013f-4208-a47a-9c4bc6907956-np0000007568" acquired by "attachment_update" :: waited 0.008s {{(pid=100394) __acquire /opt/stack/cinder/cinder/coordination.py:141}}
Aug 17 18:20:31.436950 np0000007568 devstack@c-api.service[100394]: /opt/stack/data/venv/lib/python3.12/site-packages/oslo_context/context.py:102: DeprecationWarning: Policy enforcement is depending on the value of is_admin. This key is deprecated. Please update your policy file to use the standard policy values.
Aug 17 18:20:31.436950 np0000007568 devstack@c-api.service[100394]: warnings.warn(
Aug 17 18:20:31.463830 np0000007568 devstack@c-api.service[100393]: DEBUG cinder.api.middleware.request_id [req-6e98f773-1dd4-416e-829e-1850b1bc29ad req-f64a7afc-d25b-4a90-af16-8c2ef48f4a67 None None] RequestId filter calling following filter/app {{(pid=100393) _context_setter /opt/stack/cinder/cinder/api/middleware/request_id.py:62}}
Aug 17 18:20:31.468484 np0000007568 devstack@c-api.service[100393]: INFO cinder.api.openstack.wsgi [req-6e98f773-1dd4-416e-829e-1850b1bc29ad req-f64a7afc-d25b-4a90-af16-8c2ef48f4a67 tempest-TaggedBootDevicesTest_v242-646199726 tempest-TaggedBootDevicesTest_v242-646199726-project-member] DELETE https://10.4.3.179/volume/v3/attachments/6ede9dff-dbba-4b84-9914-5da543eafee7
Aug 17 18:20:31.468851 np0000007568 devstack@c-api.service[100393]: DEBUG cinder.api.openstack.wsgi [req-6e98f773-1dd4-416e-829e-1850b1bc29ad req-f64a7afc-d25b-4a90-af16-8c2ef48f4a67 tempest-TaggedBootDevicesTest_v242-646199726 tempest-TaggedBootDevicesTest_v242-646199726-project-member] Empty body provided in request {{(pid=100393) get_body /opt/stack/cinder/cinder/api/openstack/wsgi.py:725}}
Aug 17 18:20:31.469158 np0000007568 devstack@c-api.service[100393]: DEBUG cinder.api.openstack.wsgi [req-6e98f773-1dd4-416e-829e-1850b1bc29ad req-f64a7afc-d25b-4a90-af16-8c2ef48f4a67 tempest-TaggedBootDevicesTest_v242-646199726 tempest-TaggedBootDevicesTest_v242-646199726-project-member] Calling method 'version_select' {{(pid=100393) _process_stack /opt/stack/cinder/cinder/api/openstack/wsgi.py:878}}
Aug 17 18:20:31.482959 np0000007568 devstack@c-api.service[100393]: /opt/stack/data/venv/lib/python3.12/site-packages/oslo_context/context.py:102: DeprecationWarning: Policy enforcement is depending on the value of is_admin. This key is deprecated. Please update your policy file to use the standard policy values.
Aug 17 18:20:31.482959 np0000007568 devstack@c-api.service[100393]: warnings.warn(
Aug 17 18:20:31.552009 np0000007568 devstack@c-api.service[100392]: DEBUG cinder.quota [None req-ad826964-0004-44e8-9529-7d67937b8c45 tempest-VolumesBackupsV39Test-1065090933 tempest-VolumesBackupsV39Test-1065090933-project-member] Created reservations ['6d142e0c-57a4-4bce-bf01-e56af39d73bd', '97bfd6e7-a7ad-4455-bf98-de624a4a2db3'] {{(pid=100392) reserve /opt/stack/cinder/cinder/quota.py:752}}
Aug 17 18:20:31.595083 np0000007568 devstack@c-api.service[100393]: INFO cinder.api.openstack.wsgi [req-6e98f773-1dd4-416e-829e-1850b1bc29ad req-f64a7afc-d25b-4a90-af16-8c2ef48f4a67 tempest-TaggedBootDevicesTest_v242-646199726 tempest-TaggedBootDevicesTest_v242-646199726-project-member] https://10.4.3.179/volume/v3/attachments/6ede9dff-dbba-4b84-9914-5da543eafee7 returned with HTTP 200
Aug 17 18:20:31.595083 np0000007568 devstack@c-api.service[100393]: [pid: 100393|app: 0|req: 122/480] 10.4.3.179 () {72 vars in 1673 bytes} [Mon Aug 17 18:20:31 2026] DELETE /volume/v3/attachments/6ede9dff-dbba-4b84-9914-5da543eafee7 => generated 19 bytes in 131 msecs (HTTP/1.1 200) 7 headers in 285 bytes (1 switches on core 0)
Aug 17 18:20:31.604348 np0000007568 devstack@c-api.service[100391]: DEBUG cinder.api.middleware.request_id [req-6e98f773-1dd4-416e-829e-1850b1bc29ad req-d921d452-4153-4e7f-ab8b-d019660d079c None None] RequestId filter calling following filter/app {{(pid=100391) _context_setter /opt/stack/cinder/cinder/api/middleware/request_id.py:62}}
Aug 17 18:20:31.608337 np0000007568 devstack@c-api.service[100391]: INFO cinder.api.openstack.wsgi [req-6e98f773-1dd4-416e-829e-1850b1bc29ad req-d921d452-4153-4e7f-ab8b-d019660d079c tempest-TaggedBootDevicesTest_v242-646199726 tempest-TaggedBootDevicesTest_v242-646199726-project-member] DELETE https://10.4.3.179/volume/v3/attachments/2a592cb3-8ba3-4d3c-8a68-9621127df4b3
Aug 17 18:20:31.613981 np0000007568 devstack@c-api.service[100391]: DEBUG cinder.api.openstack.wsgi [req-6e98f773-1dd4-416e-829e-1850b1bc29ad req-d921d452-4153-4e7f-ab8b-d019660d079c tempest-TaggedBootDevicesTest_v242-646199726 tempest-TaggedBootDevicesTest_v242-646199726-project-member] Empty body provided in request {{(pid=100391) get_body /opt/stack/cinder/cinder/api/openstack/wsgi.py:725}}
Aug 17 18:20:31.613981 np0000007568 devstack@c-api.service[100391]: DEBUG cinder.api.openstack.wsgi [req-6e98f773-1dd4-416e-829e-1850b1bc29ad req-d921d452-4153-4e7f-ab8b-d019660d079c tempest-TaggedBootDevicesTest_v242-646199726 tempest-TaggedBootDevicesTest_v242-646199726-project-member] Calling method 'version_select' {{(pid=100391) _process_stack /opt/stack/cinder/cinder/api/openstack/wsgi.py:878}}
Aug 17 18:20:31.640255 np0000007568 devstack@c-api.service[100391]: /opt/stack/data/venv/lib/python3.12/site-packages/oslo_context/context.py:102: DeprecationWarning: Policy enforcement is depending on the value of is_admin. This key is deprecated. Please update your policy file to use the standard policy values.
Aug 17 18:20:31.640255 np0000007568 devstack@c-api.service[100391]: warnings.warn(
Aug 17 18:20:31.642856 np0000007568 devstack@c-api.service[100394]: DEBUG cinder.coordination [req-566d971d-1725-4c31-b5b6-1fc6f63cad7e req-67a14fe1-a23a-4e25-8c7d-8f82b81335eb tempest-TestMultiAttachVolumeSwap-780722058 tempest-TestMultiAttachVolumeSwap-780722058-project-member] Lock "cinder-attachment_update-77073d1c-013f-4208-a47a-9c4bc6907956-np0000007568" released by "attachment_update" :: held 0.208s {{(pid=100394) __release /opt/stack/cinder/cinder/coordination.py:152}}
Aug 17 18:20:31.642996 np0000007568 devstack@c-api.service[100394]: INFO cinder.api.openstack.wsgi [req-566d971d-1725-4c31-b5b6-1fc6f63cad7e req-67a14fe1-a23a-4e25-8c7d-8f82b81335eb tempest-TestMultiAttachVolumeSwap-780722058 tempest-TestMultiAttachVolumeSwap-780722058-project-member] https://10.4.3.179/volume/v3/attachments/26a7e156-ccc1-402c-9d74-719a53db4dc9 returned with HTTP 200
Aug 17 18:20:31.644209 np0000007568 devstack@c-api.service[100394]: [pid: 100394|app: 0|req: 120/481] 10.4.3.179 () {74 vars in 1704 bytes} [Mon Aug 17 18:20:31 2026] PUT /volume/v3/attachments/26a7e156-ccc1-402c-9d74-719a53db4dc9 => generated 967 bytes in 248 msecs (HTTP/1.1 200) 7 headers in 286 bytes (1 switches on core 0)
Aug 17 18:20:31.657031 np0000007568 devstack@c-api.service[100392]: INFO cinder.api.openstack.wsgi [None req-ad826964-0004-44e8-9529-7d67937b8c45 tempest-VolumesBackupsV39Test-1065090933 tempest-VolumesBackupsV39Test-1065090933-project-member] https://10.4.3.179/volume/v3/backups returned with HTTP 202
Aug 17 18:20:31.657647 np0000007568 devstack@c-api.service[100392]: [pid: 100392|app: 0|req: 120/482] 10.4.3.179 () {70 vars in 1299 bytes} [Mon Aug 17 18:20:31 2026] POST /volume/v3/backups => generated 332 bytes in 246 msecs (HTTP/1.1 202) 7 headers in 291 bytes (2 switches on core 0)
Aug 17 18:20:31.670833 np0000007568 devstack@c-api.service[100393]: DEBUG cinder.api.middleware.request_id [None req-497b9f83-8702-4621-b899-25e00465c81d None None] RequestId filter calling following filter/app {{(pid=100393) _context_setter /opt/stack/cinder/cinder/api/middleware/request_id.py:62}}
