Aug 17 18:15:15.567410 np0000007568 nova-scheduler[96782]: DEBUG cotyledon.oslo_config_glue [-] workarounds.handle_virt_lifecycle_events = True {{(pid=96782) log_opt_values /opt/stack/data/venv/lib/python3.12/site-packages/oslo_config/cfg.py:3560}}
Aug 17 18:15:15.567410 np0000007568 nova-scheduler[96782]: DEBUG cotyledon.oslo_config_glue [-] workarounds.libvirt_disable_apic = False {{(pid=96782) log_opt_values /opt/stack/data/venv/lib/python3.12/site-packages/oslo_config/cfg.py:3560}}
Aug 17 18:15:15.567410 np0000007568 nova-scheduler[96782]: DEBUG cotyledon.oslo_config_glue [-] workarounds.never_download_image_if_on_rbd = False {{(pid=96782) log_opt_values /opt/stack/data/venv/lib/python3.12/site-packages/oslo_config/cfg.py:3560}}
Aug 17 18:15:15.567410 np0000007568 nova-scheduler[96782]: DEBUG cotyledon.oslo_config_glue [-] workarounds.qemu_monitor_announce_self_count = 3 {{(pid=96782) log_opt_values /opt/stack/data/venv/lib/python3.12/site-packages/oslo_config/cfg.py:3560}}
Aug 17 18:15:15.567410 np0000007568 nova-scheduler[96782]: DEBUG cotyledon.oslo_config_glue [-] workarounds.qemu_monitor_announce_self_interval = 1 {{(pid=96782) log_opt_values /opt/stack/data/venv/lib/python3.12/site-packages/oslo_config/cfg.py:3560}}
Aug 17 18:15:15.567410 np0000007568 nova-scheduler[96782]: DEBUG cotyledon.oslo_config_glue [-] workarounds.reserve_disk_resource_for_image_cache = False {{(pid=96782) log_opt_values /opt/stack/data/venv/lib/python3.12/site-packages/oslo_config/cfg.py:3560}}
Aug 17 18:15:15.567410 np0000007568 nova-scheduler[96782]: DEBUG cotyledon.oslo_config_glue [-] workarounds.skip_cpu_compare_at_startup = False {{(pid=96782) log_opt_values /opt/stack/data/venv/lib/python3.12/site-packages/oslo_config/cfg.py:3560}}
Aug 17 18:15:15.567410 np0000007568 nova-scheduler[96782]: DEBUG cotyledon.oslo_config_glue [-] workarounds.skip_cpu_compare_on_dest = False {{(pid=96782) log_opt_values /opt/stack/data/venv/lib/python3.12/site-packages/oslo_config/cfg.py:3560}}
Aug 17 18:15:15.567410 np0000007568 nova-scheduler[96782]: DEBUG cotyledon.oslo_config_glue [-] workarounds.skip_hypervisor_version_check_on_lm = False {{(pid=96782) log_opt_values /opt/stack/data/venv/lib/python3.12/site-packages/oslo_config/cfg.py:3560}}
Aug 17 18:15:15.567599 np0000007568 nova-scheduler[96782]: DEBUG cotyledon.oslo_config_glue [-] workarounds.skip_reserve_in_use_ironic_nodes = False {{(pid=96782) log_opt_values /opt/stack/data/venv/lib/python3.12/site-packages/oslo_config/cfg.py:3560}}
Aug 17 18:15:15.567599 np0000007568 nova-scheduler[96782]: DEBUG cotyledon.oslo_config_glue [-] workarounds.unified_limits_count_pcpu_as_vcpu = False {{(pid=96782) log_opt_values /opt/stack/data/venv/lib/python3.12/site-packages/oslo_config/cfg.py:3560}}
Aug 17 18:15:15.567599 np0000007568 nova-scheduler[96782]: DEBUG cotyledon.oslo_config_glue [-] workarounds.wait_for_vif_plugged_event_during_hard_reboot = [] {{(pid=96782) log_opt_values /opt/stack/data/venv/lib/python3.12/site-packages/oslo_config/cfg.py:3560}}
Aug 17 18:15:15.567599 np0000007568 nova-scheduler[96782]: DEBUG cotyledon.oslo_config_glue [-] wsgi.api_paste_config = /etc/nova/api-paste.ini {{(pid=96782) log_opt_values /opt/stack/data/venv/lib/python3.12/site-packages/oslo_config/cfg.py:3560}}
Aug 17 18:15:15.567599 np0000007568 nova-scheduler[96782]: DEBUG cotyledon.oslo_config_glue [-] wsgi.secure_proxy_ssl_header = None {{(pid=96782) log_opt_values /opt/stack/data/venv/lib/python3.12/site-packages/oslo_config/cfg.py:3560}}
Aug 17 18:15:15.567599 np0000007568 nova-scheduler[96782]: DEBUG cotyledon.oslo_config_glue [-] zvm.ca_file = None {{(pid=96782) log_opt_values /opt/stack/data/venv/lib/python3.12/site-packages/oslo_config/cfg.py:3560}}
Aug 17 18:15:15.567599 np0000007568 nova-scheduler[96782]: DEBUG cotyledon.oslo_config_glue [-] zvm.cloud_connector_url = None {{(pid=96782) log_opt_values /opt/stack/data/venv/lib/python3.12/site-packages/oslo_config/cfg.py:3560}}
Aug 17 18:15:15.567599 np0000007568 nova-scheduler[96782]: DEBUG cotyledon.oslo_config_glue [-] zvm.image_tmp_path = /opt/stack/data/nova/images {{(pid=96782) log_opt_values /opt/stack/data/venv/lib/python3.12/site-packages/oslo_config/cfg.py:3560}}
Aug 17 18:15:15.567599 np0000007568 nova-scheduler[96782]: DEBUG cotyledon.oslo_config_glue [-] zvm.reachable_timeout = 300 {{(pid=96782) log_opt_values /opt/stack/data/venv/lib/python3.12/site-packages/oslo_config/cfg.py:3560}}
Aug 17 18:15:15.567772 np0000007568 nova-scheduler[96782]: DEBUG cotyledon.oslo_config_glue [-] oslo_versionedobjects.fatal_exception_format_errors = False {{(pid=96782) log_opt_values /opt/stack/data/venv/lib/python3.12/site-packages/oslo_config/cfg.py:3560}}
Aug 17 18:15:15.567772 np0000007568 nova-scheduler[96782]: DEBUG cotyledon.oslo_config_glue [-] oslo_middleware.http_basic_auth_user_file = /etc/htpasswd {{(pid=96782) log_opt_values /opt/stack/data/venv/lib/python3.12/site-packages/oslo_config/cfg.py:3560}}
Aug 17 18:15:15.567772 np0000007568 nova-scheduler[96782]: DEBUG cotyledon.oslo_config_glue [-] oslo_messaging_metrics.metrics_buffer_size = 1000 {{(pid=96782) log_opt_values /opt/stack/data/venv/lib/python3.12/site-packages/oslo_config/cfg.py:3560}}
Aug 17 18:15:15.567772 np0000007568 nova-scheduler[96782]: DEBUG cotyledon.oslo_config_glue [-] oslo_messaging_metrics.metrics_enabled = False {{(pid=96782) log_opt_values /opt/stack/data/venv/lib/python3.12/site-packages/oslo_config/cfg.py:3560}}
Aug 17 18:15:15.567772 np0000007568 nova-scheduler[96782]: DEBUG cotyledon.oslo_config_glue [-] oslo_messaging_metrics.metrics_process_name = {{(pid=96782) log_opt_values /opt/stack/data/venv/lib/python3.12/site-packages/oslo_config/cfg.py:3560}}
Aug 17 18:15:15.567772 np0000007568 nova-scheduler[96782]: DEBUG cotyledon.oslo_config_glue [-] oslo_messaging_metrics.metrics_socket_file = /var/tmp/metrics_collector.sock {{(pid=96782) log_opt_values /opt/stack/data/venv/lib/python3.12/site-packages/oslo_config/cfg.py:3560}}
Aug 17 18:15:15.567772 np0000007568 nova-scheduler[96782]: DEBUG cotyledon.oslo_config_glue [-] oslo_messaging_metrics.metrics_thread_stop_timeout = 10 {{(pid=96782) log_opt_values /opt/stack/data/venv/lib/python3.12/site-packages/oslo_config/cfg.py:3560}}
Aug 17 18:15:15.567772 np0000007568 nova-scheduler[96782]: DEBUG cotyledon.oslo_config_glue [-] profiler.connection_string = messaging:// {{(pid=96782) log_opt_values /opt/stack/data/venv/lib/python3.12/site-packages/oslo_config/cfg.py:3560}}
Aug 17 18:15:15.567980 np0000007568 nova-scheduler[96782]: DEBUG cotyledon.oslo_config_glue [-] profiler.enabled = False {{(pid=96782) log_opt_values /opt/stack/data/venv/lib/python3.12/site-packages/oslo_config/cfg.py:3560}}
Aug 17 18:15:15.567980 np0000007568 nova-scheduler[96782]: DEBUG cotyledon.oslo_config_glue [-] profiler.es_doc_type = notification {{(pid=96782) log_opt_values /opt/stack/data/venv/lib/python3.12/site-packages/oslo_config/cfg.py:3560}}
Aug 17 18:15:15.567980 np0000007568 nova-scheduler[96782]: DEBUG cotyledon.oslo_config_glue [-] profiler.es_scroll_size = 10000 {{(pid=96782) log_opt_values /opt/stack/data/venv/lib/python3.12/site-packages/oslo_config/cfg.py:3560}}
Aug 17 18:15:15.567980 np0000007568 nova-scheduler[96782]: DEBUG cotyledon.oslo_config_glue [-] profiler.es_scroll_time = 2m {{(pid=96782) log_opt_values /opt/stack/data/venv/lib/python3.12/site-packages/oslo_config/cfg.py:3560}}
Aug 17 18:15:15.567980 np0000007568 nova-scheduler[96782]: DEBUG cotyledon.oslo_config_glue [-] profiler.filter_error_trace = False {{(pid=96782) log_opt_values /opt/stack/data/venv/lib/python3.12/site-packages/oslo_config/cfg.py:3560}}
Aug 17 18:15:15.567980 np0000007568 nova-scheduler[96782]: DEBUG cotyledon.oslo_config_glue [-] profiler.hmac_keys = **** {{(pid=96782) log_opt_values /opt/stack/data/venv/lib/python3.12/site-packages/oslo_config/cfg.py:3560}}
Aug 17 18:15:15.567980 np0000007568 nova-scheduler[96782]: DEBUG cotyledon.oslo_config_glue [-] profiler.sentinel_service_name = mymaster {{(pid=96782) log_opt_values /opt/stack/data/venv/lib/python3.12/site-packages/oslo_config/cfg.py:3560}}
Aug 17 18:15:15.567980 np0000007568 nova-scheduler[96782]: DEBUG cotyledon.oslo_config_glue [-] profiler.socket_timeout = 0.1 {{(pid=96782) log_opt_values /opt/stack/data/venv/lib/python3.12/site-packages/oslo_config/cfg.py:3560}}
Aug 17 18:15:15.567980 np0000007568 nova-scheduler[96782]: DEBUG cotyledon.oslo_config_glue [-] profiler.trace_requests = False {{(pid=96782) log_opt_values /opt/stack/data/venv/lib/python3.12/site-packages/oslo_config/cfg.py:3560}}
Aug 17 18:15:15.568140 np0000007568 nova-scheduler[96782]: DEBUG cotyledon.oslo_config_glue [-] profiler.trace_sqlalchemy = False {{(pid=96782) log_opt_values /opt/stack/data/venv/lib/python3.12/site-packages/oslo_config/cfg.py:3560}}
Aug 17 18:15:15.568140 np0000007568 nova-scheduler[96782]: DEBUG cotyledon.oslo_config_glue [-] profiler_jaeger.process_tags = {} {{(pid=96782) log_opt_values /opt/stack/data/venv/lib/python3.12/site-packages/oslo_config/cfg.py:3560}}
Aug 17 18:15:15.568140 np0000007568 nova-scheduler[96782]: DEBUG cotyledon.oslo_config_glue [-] profiler_jaeger.service_name_prefix = None {{(pid=96782) log_opt_values /opt/stack/data/venv/lib/python3.12/site-packages/oslo_config/cfg.py:3560}}
Aug 17 18:15:15.568140 np0000007568 nova-scheduler[96782]: DEBUG cotyledon.oslo_config_glue [-] profiler_otlp.service_name_prefix = None {{(pid=96782) log_opt_values /opt/stack/data/venv/lib/python3.12/site-packages/oslo_config/cfg.py:3560}}
Aug 17 18:15:15.568140 np0000007568 nova-scheduler[96782]: DEBUG cotyledon.oslo_config_glue [-] oslo_messaging_rabbit.amqp_auto_delete = False {{(pid=96782) log_opt_values /opt/stack/data/venv/lib/python3.12/site-packages/oslo_config/cfg.py:3560}}
Aug 17 18:15:15.568140 np0000007568 nova-scheduler[96782]: DEBUG cotyledon.oslo_config_glue [-] oslo_messaging_rabbit.amqp_durable_queues = False {{(pid=96782) log_opt_values /opt/stack/data/venv/lib/python3.12/site-packages/oslo_config/cfg.py:3560}}
Aug 17 18:15:15.568140 np0000007568 nova-scheduler[96782]: DEBUG cotyledon.oslo_config_glue [-] oslo_messaging_rabbit.conn_pool_min_size = 2 {{(pid=96782) log_opt_values /opt/stack/data/venv/lib/python3.12/site-packages/oslo_config/cfg.py:3560}}
Aug 17 18:15:15.568140 np0000007568 nova-scheduler[96782]: DEBUG cotyledon.oslo_config_glue [-] oslo_messaging_rabbit.conn_pool_ttl = 1200 {{(pid=96782) log_opt_values /opt/stack/data/venv/lib/python3.12/site-packages/oslo_config/cfg.py:3560}}
Aug 17 18:15:15.568140 np0000007568 nova-scheduler[96782]: DEBUG cotyledon.oslo_config_glue [-] oslo_messaging_rabbit.direct_mandatory_flag = True {{(pid=96782) log_opt_values /opt/stack/data/venv/lib/python3.12/site-packages/oslo_config/cfg.py:3560}}
Aug 17 18:15:15.568338 np0000007568 nova-scheduler[96782]: DEBUG cotyledon.oslo_config_glue [-] oslo_messaging_rabbit.enable_cancel_on_failover = False {{(pid=96782) log_opt_values /opt/stack/data/venv/lib/python3.12/site-packages/oslo_config/cfg.py:3560}}
Aug 17 18:15:15.568338 np0000007568 nova-scheduler[96782]: DEBUG cotyledon.oslo_config_glue [-] oslo_messaging_rabbit.heartbeat_rate = 3 {{(pid=96782) log_opt_values /opt/stack/data/venv/lib/python3.12/site-packages/oslo_config/cfg.py:3560}}
Aug 17 18:15:15.568338 np0000007568 nova-scheduler[96782]: DEBUG cotyledon.oslo_config_glue [-] oslo_messaging_rabbit.heartbeat_timeout_threshold = 60 {{(pid=96782) log_opt_values /opt/stack/data/venv/lib/python3.12/site-packages/oslo_config/cfg.py:3560}}
Aug 17 18:15:15.568338 np0000007568 nova-scheduler[96782]: DEBUG cotyledon.oslo_config_glue [-] oslo_messaging_rabbit.hostname = np0000007568 {{(pid=96782) log_opt_values /opt/stack/data/venv/lib/python3.12/site-packages/oslo_config/cfg.py:3560}}
Aug 17 18:15:15.568338 np0000007568 nova-scheduler[96782]: DEBUG cotyledon.oslo_config_glue [-] oslo_messaging_rabbit.kombu_compression = None {{(pid=96782) log_opt_values /opt/stack/data/venv/lib/python3.12/site-packages/oslo_config/cfg.py:3560}}
Aug 17 18:15:15.568338 np0000007568 nova-scheduler[96782]: DEBUG cotyledon.oslo_config_glue [-] oslo_messaging_rabbit.kombu_failover_strategy = round-robin {{(pid=96782) log_opt_values /opt/stack/data/venv/lib/python3.12/site-packages/oslo_config/cfg.py:3560}}
Aug 17 18:15:15.568338 np0000007568 nova-scheduler[96782]: DEBUG cotyledon.oslo_config_glue [-] oslo_messaging_rabbit.kombu_missing_consumer_retry_timeout = 60 {{(pid=96782) log_opt_values /opt/stack/data/venv/lib/python3.12/site-packages/oslo_config/cfg.py:3560}}
Aug 17 18:15:15.568338 np0000007568 nova-scheduler[96782]: DEBUG cotyledon.oslo_config_glue [-] oslo_messaging_rabbit.kombu_reconnect_delay = 1.0 {{(pid=96782) log_opt_values /opt/stack/data/venv/lib/python3.12/site-packages/oslo_config/cfg.py:3560}}
Aug 17 18:15:15.568338 np0000007568 nova-scheduler[96782]: DEBUG cotyledon.oslo_config_glue [-] oslo_messaging_rabbit.kombu_reconnect_splay = 0.0 {{(pid=96782) log_opt_values /opt/stack/data/venv/lib/python3.12/site-packages/oslo_config/cfg.py:3560}}
Aug 17 18:15:15.568535 np0000007568 nova-scheduler[96782]: DEBUG cotyledon.oslo_config_glue [-] oslo_messaging_rabbit.processname = nova-scheduler {{(pid=96782) log_opt_values /opt/stack/data/venv/lib/python3.12/site-packages/oslo_config/cfg.py:3560}}
Aug 17 18:15:15.568535 np0000007568 nova-scheduler[96782]: DEBUG cotyledon.oslo_config_glue [-] oslo_messaging_rabbit.rabbit_ha_queues = False {{(pid=96782) log_opt_values /opt/stack/data/venv/lib/python3.12/site-packages/oslo_config/cfg.py:3560}}
Aug 17 18:15:15.568535 np0000007568 nova-scheduler[96782]: DEBUG cotyledon.oslo_config_glue [-] oslo_messaging_rabbit.rabbit_interval_max = 30 {{(pid=96782) log_opt_values /opt/stack/data/venv/lib/python3.12/site-packages/oslo_config/cfg.py:3560}}
Aug 17 18:15:15.568535 np0000007568 nova-scheduler[96782]: DEBUG cotyledon.oslo_config_glue [-] oslo_messaging_rabbit.rabbit_login_method = AMQPLAIN {{(pid=96782) log_opt_values /opt/stack/data/venv/lib/python3.12/site-packages/oslo_config/cfg.py:3560}}
Aug 17 18:15:15.568535 np0000007568 nova-scheduler[96782]: DEBUG cotyledon.oslo_config_glue [-] oslo_messaging_rabbit.rabbit_qos_prefetch_count = 0 {{(pid=96782) log_opt_values /opt/stack/data/venv/lib/python3.12/site-packages/oslo_config/cfg.py:3560}}
Aug 17 18:15:15.568535 np0000007568 nova-scheduler[96782]: DEBUG cotyledon.oslo_config_glue [-] oslo_messaging_rabbit.rabbit_quorum_delivery_limit = 0 {{(pid=96782) log_opt_values /opt/stack/data/venv/lib/python3.12/site-packages/oslo_config/cfg.py:3560}}
Aug 17 18:15:15.568535 np0000007568 nova-scheduler[96782]: DEBUG cotyledon.oslo_config_glue [-] oslo_messaging_rabbit.rabbit_quorum_max_memory_bytes = 0 {{(pid=96782) log_opt_values /opt/stack/data/venv/lib/python3.12/site-packages/oslo_config/cfg.py:3560}}
Aug 17 18:15:15.568535 np0000007568 nova-scheduler[96782]: DEBUG cotyledon.oslo_config_glue [-] oslo_messaging_rabbit.rabbit_quorum_max_memory_length = 0 {{(pid=96782) log_opt_values /opt/stack/data/venv/lib/python3.12/site-packages/oslo_config/cfg.py:3560}}
Aug 17 18:15:15.568535 np0000007568 nova-scheduler[96782]: DEBUG cotyledon.oslo_config_glue [-] oslo_messaging_rabbit.rabbit_quorum_queue = False {{(pid=96782) log_opt_values /opt/stack/data/venv/lib/python3.12/site-packages/oslo_config/cfg.py:3560}}
Aug 17 18:15:15.568710 np0000007568 nova-scheduler[96782]: DEBUG cotyledon.oslo_config_glue [-] oslo_messaging_rabbit.rabbit_retry_backoff = 2 {{(pid=96782) log_opt_values /opt/stack/data/venv/lib/python3.12/site-packages/oslo_config/cfg.py:3560}}
Aug 17 18:15:15.568710 np0000007568 nova-scheduler[96782]: DEBUG cotyledon.oslo_config_glue [-] oslo_messaging_rabbit.rabbit_retry_interval = 1 {{(pid=96782) log_opt_values /opt/stack/data/venv/lib/python3.12/site-packages/oslo_config/cfg.py:3560}}
Aug 17 18:15:15.568710 np0000007568 nova-scheduler[96782]: DEBUG cotyledon.oslo_config_glue [-] oslo_messaging_rabbit.rabbit_stream_fanout = False {{(pid=96782) log_opt_values /opt/stack/data/venv/lib/python3.12/site-packages/oslo_config/cfg.py:3560}}
Aug 17 18:15:15.568710 np0000007568 nova-scheduler[96782]: DEBUG cotyledon.oslo_config_glue [-] oslo_messaging_rabbit.rabbit_transient_queues_ttl = 1800 {{(pid=96782) log_opt_values /opt/stack/data/venv/lib/python3.12/site-packages/oslo_config/cfg.py:3560}}
Aug 17 18:15:15.568710 np0000007568 nova-scheduler[96782]: DEBUG cotyledon.oslo_config_glue [-] oslo_messaging_rabbit.rabbit_transient_quorum_queue = False {{(pid=96782) log_opt_values /opt/stack/data/venv/lib/python3.12/site-packages/oslo_config/cfg.py:3560}}
Aug 17 18:15:15.568710 np0000007568 nova-scheduler[96782]: DEBUG cotyledon.oslo_config_glue [-] oslo_messaging_rabbit.rpc_conn_pool_size = 30 {{(pid=96782) log_opt_values /opt/stack/data/venv/lib/python3.12/site-packages/oslo_config/cfg.py:3560}}
Aug 17 18:15:15.568710 np0000007568 nova-scheduler[96782]: DEBUG cotyledon.oslo_config_glue [-] oslo_messaging_rabbit.ssl = False {{(pid=96782) log_opt_values /opt/stack/data/venv/lib/python3.12/site-packages/oslo_config/cfg.py:3560}}
Aug 17 18:15:15.568710 np0000007568 nova-scheduler[96782]: DEBUG cotyledon.oslo_config_glue [-] oslo_messaging_rabbit.ssl_ca_file = {{(pid=96782) log_opt_values /opt/stack/data/venv/lib/python3.12/site-packages/oslo_config/cfg.py:3560}}
Aug 17 18:15:15.568710 np0000007568 nova-scheduler[96782]: DEBUG cotyledon.oslo_config_glue [-] oslo_messaging_rabbit.ssl_cert_file = {{(pid=96782) log_opt_values /opt/stack/data/venv/lib/python3.12/site-packages/oslo_config/cfg.py:3560}}
Aug 17 18:15:15.568902 np0000007568 nova-scheduler[96782]: DEBUG cotyledon.oslo_config_glue [-] oslo_messaging_rabbit.ssl_enforce_fips_mode = False {{(pid=96782) log_opt_values /opt/stack/data/venv/lib/python3.12/site-packages/oslo_config/cfg.py:3560}}
Aug 17 18:15:15.568902 np0000007568 nova-scheduler[96782]: DEBUG cotyledon.oslo_config_glue [-] oslo_messaging_rabbit.ssl_enforce_hostname_verification = True {{(pid=96782) log_opt_values /opt/stack/data/venv/lib/python3.12/site-packages/oslo_config/cfg.py:3560}}
Aug 17 18:15:15.568902 np0000007568 nova-scheduler[96782]: DEBUG cotyledon.oslo_config_glue [-] oslo_messaging_rabbit.ssl_key_file = {{(pid=96782) log_opt_values /opt/stack/data/venv/lib/python3.12/site-packages/oslo_config/cfg.py:3560}}
Aug 17 18:15:15.568902 np0000007568 nova-scheduler[96782]: DEBUG cotyledon.oslo_config_glue [-] oslo_messaging_rabbit.ssl_version = {{(pid=96782) log_opt_values /opt/stack/data/venv/lib/python3.12/site-packages/oslo_config/cfg.py:3560}}
Aug 17 18:15:15.568902 np0000007568 nova-scheduler[96782]: DEBUG cotyledon.oslo_config_glue [-] oslo_messaging_rabbit.use_queue_manager = False {{(pid=96782) log_opt_values /opt/stack/data/venv/lib/python3.12/site-packages/oslo_config/cfg.py:3560}}
Aug 17 18:15:15.568902 np0000007568 nova-scheduler[96782]: DEBUG cotyledon.oslo_config_glue [-] oslo_messaging_notifications.driver = ['messagingv2'] {{(pid=96782) log_opt_values /opt/stack/data/venv/lib/python3.12/site-packages/oslo_config/cfg.py:3560}}
Aug 17 18:15:15.568902 np0000007568 nova-scheduler[96782]: DEBUG cotyledon.oslo_config_glue [-] oslo_messaging_notifications.retry = -1 {{(pid=96782) log_opt_values /opt/stack/data/venv/lib/python3.12/site-packages/oslo_config/cfg.py:3560}}
Aug 17 18:15:15.568902 np0000007568 nova-scheduler[96782]: DEBUG cotyledon.oslo_config_glue [-] oslo_messaging_notifications.topics = ['notifications'] {{(pid=96782) log_opt_values /opt/stack/data/venv/lib/python3.12/site-packages/oslo_config/cfg.py:3560}}
Aug 17 18:15:15.568902 np0000007568 nova-scheduler[96782]: DEBUG cotyledon.oslo_config_glue [-] oslo_messaging_notifications.transport_url = **** {{(pid=96782) log_opt_values /opt/stack/data/venv/lib/python3.12/site-packages/oslo_config/cfg.py:3560}}
Aug 17 18:15:15.569142 np0000007568 nova-scheduler[96782]: DEBUG cotyledon.oslo_config_glue [-] oslo_limit.auth_section = None {{(pid=96782) log_opt_values /opt/stack/data/venv/lib/python3.12/site-packages/oslo_config/cfg.py:3560}}
Aug 17 18:15:15.569142 np0000007568 nova-scheduler[96782]: DEBUG cotyledon.oslo_config_glue [-] oslo_limit.auth_type = None {{(pid=96782) log_opt_values /opt/stack/data/venv/lib/python3.12/site-packages/oslo_config/cfg.py:3560}}
Aug 17 18:15:15.569142 np0000007568 nova-scheduler[96782]: DEBUG cotyledon.oslo_config_glue [-] oslo_limit.cafile = None {{(pid=96782) log_opt_values /opt/stack/data/venv/lib/python3.12/site-packages/oslo_config/cfg.py:3560}}
Aug 17 18:15:15.569142 np0000007568 nova-scheduler[96782]: DEBUG cotyledon.oslo_config_glue [-] oslo_limit.certfile = None {{(pid=96782) log_opt_values /opt/stack/data/venv/lib/python3.12/site-packages/oslo_config/cfg.py:3560}}
Aug 17 18:15:15.569142 np0000007568 nova-scheduler[96782]: DEBUG cotyledon.oslo_config_glue [-] oslo_limit.collect_timing = False {{(pid=96782) log_opt_values /opt/stack/data/venv/lib/python3.12/site-packages/oslo_config/cfg.py:3560}}
Aug 17 18:15:15.569142 np0000007568 nova-scheduler[96782]: DEBUG cotyledon.oslo_config_glue [-] oslo_limit.connect_retries = None {{(pid=96782) log_opt_values /opt/stack/data/venv/lib/python3.12/site-packages/oslo_config/cfg.py:3560}}
Aug 17 18:15:15.569142 np0000007568 nova-scheduler[96782]: DEBUG cotyledon.oslo_config_glue [-] oslo_limit.connect_retry_delay = None {{(pid=96782) log_opt_values /opt/stack/data/venv/lib/python3.12/site-packages/oslo_config/cfg.py:3560}}
Aug 17 18:15:15.569142 np0000007568 nova-scheduler[96782]: DEBUG cotyledon.oslo_config_glue [-] oslo_limit.endpoint_id = None {{(pid=96782) log_opt_values /opt/stack/data/venv/lib/python3.12/site-packages/oslo_config/cfg.py:3560}}
Aug 17 18:15:15.569142 np0000007568 nova-scheduler[96782]: DEBUG cotyledon.oslo_config_glue [-] oslo_limit.endpoint_interface = public {{(pid=96782) log_opt_values /opt/stack/data/venv/lib/python3.12/site-packages/oslo_config/cfg.py:3560}}
Aug 17 18:15:15.569663 np0000007568 nova-scheduler[96782]: DEBUG cotyledon.oslo_config_glue [-] oslo_limit.endpoint_override = None {{(pid=96782) log_opt_values /opt/stack/data/venv/lib/python3.12/site-packages/oslo_config/cfg.py:3560}}
Aug 17 18:15:15.569663 np0000007568 nova-scheduler[96782]: DEBUG cotyledon.oslo_config_glue [-] oslo_limit.endpoint_region_name = None {{(pid=96782) log_opt_values /opt/stack/data/venv/lib/python3.12/site-packages/oslo_config/cfg.py:3560}}
Aug 17 18:15:15.569663 np0000007568 nova-scheduler[96782]: DEBUG cotyledon.oslo_config_glue [-] oslo_limit.endpoint_service_name = None {{(pid=96782) log_opt_values /opt/stack/data/venv/lib/python3.12/site-packages/oslo_config/cfg.py:3560}}
Aug 17 18:15:15.569663 np0000007568 nova-scheduler[96782]: DEBUG cotyledon.oslo_config_glue [-] oslo_limit.endpoint_service_type = None {{(pid=96782) log_opt_values /opt/stack/data/venv/lib/python3.12/site-packages/oslo_config/cfg.py:3560}}
Aug 17 18:15:15.569663 np0000007568 nova-scheduler[96782]: DEBUG cotyledon.oslo_config_glue [-] oslo_limit.insecure = False {{(pid=96782) log_opt_values /opt/stack/data/venv/lib/python3.12/site-packages/oslo_config/cfg.py:3560}}
Aug 17 18:15:15.569663 np0000007568 nova-scheduler[96782]: DEBUG cotyledon.oslo_config_glue [-] oslo_limit.keyfile = None {{(pid=96782) log_opt_values /opt/stack/data/venv/lib/python3.12/site-packages/oslo_config/cfg.py:3560}}
Aug 17 18:15:15.569663 np0000007568 nova-scheduler[96782]: DEBUG cotyledon.oslo_config_glue [-] oslo_limit.max_version = None {{(pid=96782) log_opt_values /opt/stack/data/venv/lib/python3.12/site-packages/oslo_config/cfg.py:3560}}
Aug 17 18:15:15.569663 np0000007568 nova-scheduler[96782]: DEBUG cotyledon.oslo_config_glue [-] oslo_limit.min_version = None {{(pid=96782) log_opt_values /opt/stack/data/venv/lib/python3.12/site-packages/oslo_config/cfg.py:3560}}
Aug 17 18:15:15.569663 np0000007568 nova-scheduler[96782]: DEBUG cotyledon.oslo_config_glue [-] oslo_limit.region_name = None {{(pid=96782) log_opt_values /opt/stack/data/venv/lib/python3.12/site-packages/oslo_config/cfg.py:3560}}
Aug 17 18:15:15.569940 np0000007568 nova-scheduler[96782]: DEBUG cotyledon.oslo_config_glue [-] oslo_limit.retriable_status_codes = None {{(pid=96782) log_opt_values /opt/stack/data/venv/lib/python3.12/site-packages/oslo_config/cfg.py:3560}}
Aug 17 18:15:15.569940 np0000007568 nova-scheduler[96782]: DEBUG cotyledon.oslo_config_glue [-] oslo_limit.service_name = None {{(pid=96782) log_opt_values /opt/stack/data/venv/lib/python3.12/site-packages/oslo_config/cfg.py:3560}}
Aug 17 18:15:15.569940 np0000007568 nova-scheduler[96782]: DEBUG cotyledon.oslo_config_glue [-] oslo_limit.service_type = None {{(pid=96782) log_opt_values /opt/stack/data/venv/lib/python3.12/site-packages/oslo_config/cfg.py:3560}}
Aug 17 18:15:15.569940 np0000007568 nova-scheduler[96782]: DEBUG cotyledon.oslo_config_glue [-] oslo_limit.split_loggers = False {{(pid=96782) log_opt_values /opt/stack/data/venv/lib/python3.12/site-packages/oslo_config/cfg.py:3560}}
Aug 17 18:15:15.569940 np0000007568 nova-scheduler[96782]: DEBUG cotyledon.oslo_config_glue [-] oslo_limit.status_code_retries = None {{(pid=96782) log_opt_values /opt/stack/data/venv/lib/python3.12/site-packages/oslo_config/cfg.py:3560}}
Aug 17 18:15:15.569940 np0000007568 nova-scheduler[96782]: DEBUG cotyledon.oslo_config_glue [-] oslo_limit.status_code_retry_delay = None {{(pid=96782) log_opt_values /opt/stack/data/venv/lib/python3.12/site-packages/oslo_config/cfg.py:3560}}
Aug 17 18:15:15.569940 np0000007568 nova-scheduler[96782]: DEBUG cotyledon.oslo_config_glue [-] oslo_limit.timeout = None {{(pid=96782) log_opt_values /opt/stack/data/venv/lib/python3.12/site-packages/oslo_config/cfg.py:3560}}
Aug 17 18:15:15.569940 np0000007568 nova-scheduler[96782]: DEBUG cotyledon.oslo_config_glue [-] oslo_limit.valid_interfaces = None {{(pid=96782) log_opt_values /opt/stack/data/venv/lib/python3.12/site-packages/oslo_config/cfg.py:3560}}
Aug 17 18:15:15.569940 np0000007568 nova-scheduler[96782]: DEBUG cotyledon.oslo_config_glue [-] oslo_limit.version = None {{(pid=96782) log_opt_values /opt/stack/data/venv/lib/python3.12/site-packages/oslo_config/cfg.py:3560}}
Aug 17 18:15:15.570134 np0000007568 nova-scheduler[96782]: DEBUG cotyledon.oslo_config_glue [-] oslo_reports.file_event_handler = None {{(pid=96782) log_opt_values /opt/stack/data/venv/lib/python3.12/site-packages/oslo_config/cfg.py:3560}}
Aug 17 18:15:15.570134 np0000007568 nova-scheduler[96782]: DEBUG cotyledon.oslo_config_glue [-] oslo_reports.file_event_handler_interval = 1 {{(pid=96782) log_opt_values /opt/stack/data/venv/lib/python3.12/site-packages/oslo_config/cfg.py:3560}}
Aug 17 18:15:15.570134 np0000007568 nova-scheduler[96782]: DEBUG cotyledon.oslo_config_glue [-] oslo_reports.log_dir = None {{(pid=96782) log_opt_values /opt/stack/data/venv/lib/python3.12/site-packages/oslo_config/cfg.py:3560}}
Aug 17 18:15:15.570134 np0000007568 nova-scheduler[96782]: DEBUG cotyledon.oslo_config_glue [-] ******************************************************************************** {{(pid=96782) log_opt_values /opt/stack/data/venv/lib/python3.12/site-packages/oslo_config/cfg.py:3567}}
Aug 17 18:15:15.570134 np0000007568 nova-scheduler[96782]: DEBUG cotyledon._service_worker [-] Run service ServiceWrapper(3) [96782] {{(pid=96782) wait_forever /opt/stack/data/venv/lib/python3.12/site-packages/cotyledon/_service_worker.py:218}}
Aug 17 18:15:15.570134 np0000007568 nova-scheduler[96782]: INFO nova.service [-] Starting scheduler node (version 33.1.0)
Aug 17 18:15:15.570265 np0000007568 nova-scheduler[96778]: DEBUG oslo_db.sqlalchemy.engines [None req-c4e778e3-2b80-4847-ad6a-26279f61c37b None None] MySQL server mode set to STRICT_TRANS_TABLES,STRICT_ALL_TABLES,NO_ZERO_IN_DATE,NO_ZERO_DATE,ERROR_FOR_DIVISION_BY_ZERO,TRADITIONAL,NO_ENGINE_SUBSTITUTION {{(pid=96778) _check_effective_sql_mode /opt/stack/data/venv/lib/python3.12/site-packages/oslo_db/sqlalchemy/engines.py:325}}
Aug 17 18:15:15.570308 np0000007568 nova-scheduler[96782]: INFO dbcounter [None req-fa66ebc8-2be5-458e-8003-681acb887044 None None] Registered counter for database nova_cell0
Aug 17 18:15:15.570341 np0000007568 nova-scheduler[96778]: DEBUG dbcounter [-] [96778] Writer thread running {{(pid=96778) stat_writer /opt/stack/data/venv/lib/python3.12/site-packages/dbcounter.py:102}}
Aug 17 18:15:15.570378 np0000007568 nova-scheduler[96776]: DEBUG oslo_db.sqlalchemy.engines [None req-e44422f3-d8f1-4a89-bf21-e3ef47d34ada None None] MySQL server mode set to STRICT_TRANS_TABLES,STRICT_ALL_TABLES,NO_ZERO_IN_DATE,NO_ZERO_DATE,ERROR_FOR_DIVISION_BY_ZERO,TRADITIONAL,NO_ENGINE_SUBSTITUTION {{(pid=96776) _check_effective_sql_mode /opt/stack/data/venv/lib/python3.12/site-packages/oslo_db/sqlalchemy/engines.py:325}}
Aug 17 18:15:15.572344 np0000007568 nova-scheduler[96778]: DEBUG nova.service [None req-c4e778e3-2b80-4847-ad6a-26279f61c37b None None] Creating RPC server for service: nova-scheduler on topic: scheduler {{(pid=96778) start /opt/stack/nova/nova/service.py:262}}
Aug 17 18:15:15.576279 np0000007568 nova-scheduler[96780]: DEBUG oslo_db.sqlalchemy.engines [None req-778a8da1-6e1e-4034-b565-77da3f3879f2 None None] MySQL server mode set to STRICT_TRANS_TABLES,STRICT_ALL_TABLES,NO_ZERO_IN_DATE,NO_ZERO_DATE,ERROR_FOR_DIVISION_BY_ZERO,TRADITIONAL,NO_ENGINE_SUBSTITUTION {{(pid=96780) _check_effective_sql_mode /opt/stack/data/venv/lib/python3.12/site-packages/oslo_db/sqlalchemy/engines.py:325}}
Aug 17 18:15:15.579364 np0000007568 nova-scheduler[96776]: DEBUG dbcounter [-] [96776] Writer thread running {{(pid=96776) stat_writer /opt/stack/data/venv/lib/python3.12/site-packages/dbcounter.py:102}}
Aug 17 18:15:15.582527 np0000007568 nova-scheduler[96776]: DEBUG nova.service [None req-e44422f3-d8f1-4a89-bf21-e3ef47d34ada None None] Creating RPC server for service: nova-scheduler on topic: scheduler {{(pid=96776) start /opt/stack/nova/nova/service.py:262}}
Aug 17 18:15:15.590865 np0000007568 nova-scheduler[96780]: DEBUG dbcounter [-] [96780] Writer thread running {{(pid=96780) stat_writer /opt/stack/data/venv/lib/python3.12/site-packages/dbcounter.py:102}}
Aug 17 18:15:15.592074 np0000007568 nova-scheduler[96780]: DEBUG nova.service [None req-778a8da1-6e1e-4034-b565-77da3f3879f2 None None] Creating RPC server for service: nova-scheduler on topic: scheduler {{(pid=96780) start /opt/stack/nova/nova/service.py:262}}
Aug 17 18:15:15.593272 np0000007568 nova-scheduler[96782]: DEBUG oslo_db.sqlalchemy.engines [None req-fa66ebc8-2be5-458e-8003-681acb887044 None None] MySQL server mode set to STRICT_TRANS_TABLES,STRICT_ALL_TABLES,NO_ZERO_IN_DATE,NO_ZERO_DATE,ERROR_FOR_DIVISION_BY_ZERO,TRADITIONAL,NO_ENGINE_SUBSTITUTION {{(pid=96782) _check_effective_sql_mode /opt/stack/data/venv/lib/python3.12/site-packages/oslo_db/sqlalchemy/engines.py:325}}
Aug 17 18:15:15.605775 np0000007568 nova-scheduler[96782]: DEBUG dbcounter [-] [96782] Writer thread running {{(pid=96782) stat_writer /opt/stack/data/venv/lib/python3.12/site-packages/dbcounter.py:102}}
Aug 17 18:15:15.607865 np0000007568 nova-scheduler[96776]: DEBUG nova.service [None req-e44422f3-d8f1-4a89-bf21-e3ef47d34ada None None] Join ServiceGroup membership for this service scheduler {{(pid=96776) start /opt/stack/nova/nova/service.py:288}}
Aug 17 18:15:15.608250 np0000007568 nova-scheduler[96776]: DEBUG nova.servicegroup.drivers.db [None req-e44422f3-d8f1-4a89-bf21-e3ef47d34ada None None] DB_Driver: join new ServiceGroup member np0000007568 to the scheduler group, service = {{(pid=96776) join /opt/stack/nova/nova/servicegroup/drivers/db.py:44}}
Aug 17 18:15:15.609634 np0000007568 nova-scheduler[96782]: DEBUG nova.service [None req-fa66ebc8-2be5-458e-8003-681acb887044 None None] Creating RPC server for service: nova-scheduler on topic: scheduler {{(pid=96782) start /opt/stack/nova/nova/service.py:262}}
Aug 17 18:15:15.611747 np0000007568 nova-scheduler[96778]: DEBUG nova.service [None req-c4e778e3-2b80-4847-ad6a-26279f61c37b None None] Join ServiceGroup membership for this service scheduler {{(pid=96778) start /opt/stack/nova/nova/service.py:288}}
Aug 17 18:15:15.611931 np0000007568 nova-scheduler[96778]: DEBUG nova.servicegroup.drivers.db [None req-c4e778e3-2b80-4847-ad6a-26279f61c37b None None] DB_Driver: join new ServiceGroup member np0000007568 to the scheduler group, service = {{(pid=96778) join /opt/stack/nova/nova/servicegroup/drivers/db.py:44}}
Aug 17 18:15:15.614441 np0000007568 nova-scheduler[96780]: DEBUG nova.service [None req-778a8da1-6e1e-4034-b565-77da3f3879f2 None None] Join ServiceGroup membership for this service scheduler {{(pid=96780) start /opt/stack/nova/nova/service.py:288}}
Aug 17 18:15:15.614701 np0000007568 nova-scheduler[96780]: DEBUG nova.servicegroup.drivers.db [None req-778a8da1-6e1e-4034-b565-77da3f3879f2 None None] DB_Driver: join new ServiceGroup member np0000007568 to the scheduler group, service = {{(pid=96780) join /opt/stack/nova/nova/servicegroup/drivers/db.py:44}}
Aug 17 18:15:15.626788 np0000007568 nova-scheduler[96782]: DEBUG nova.service [None req-fa66ebc8-2be5-458e-8003-681acb887044 None None] Join ServiceGroup membership for this service scheduler {{(pid=96782) start /opt/stack/nova/nova/service.py:288}}
Aug 17 18:15:15.626997 np0000007568 nova-scheduler[96782]: DEBUG nova.servicegroup.drivers.db [None req-fa66ebc8-2be5-458e-8003-681acb887044 None None] DB_Driver: join new ServiceGroup member np0000007568 to the scheduler group, service = {{(pid=96782) join /opt/stack/nova/nova/servicegroup/drivers/db.py:44}}
Aug 17 18:15:20.626209 np0000007568 nova-scheduler[96776]: DEBUG oslo.service.backend._threading.loopingcall [-] Fixed interval looping call 'nova.servicegroup.drivers.db.DbDriver._report_state' sleeping for 119.98 seconds {{(pid=96776) _run_loop /opt/stack/data/venv/lib/python3.12/site-packages/oslo_service/backend/_threading/loopingcall.py:125}}
Aug 17 18:15:20.626910 np0000007568 nova-scheduler[96778]: DEBUG oslo.service.backend._threading.loopingcall [-] Fixed interval looping call 'nova.servicegroup.drivers.db.DbDriver._report_state' sleeping for 119.99 seconds {{(pid=96778) _run_loop /opt/stack/data/venv/lib/python3.12/site-packages/oslo_service/backend/_threading/loopingcall.py:125}}
Aug 17 18:15:20.631631 np0000007568 nova-scheduler[96780]: DEBUG oslo.service.backend._threading.loopingcall [-] Fixed interval looping call 'nova.servicegroup.drivers.db.DbDriver._report_state' sleeping for 119.98 seconds {{(pid=96780) _run_loop /opt/stack/data/venv/lib/python3.12/site-packages/oslo_service/backend/_threading/loopingcall.py:125}}
Aug 17 18:15:20.640690 np0000007568 nova-scheduler[96782]: DEBUG oslo.service.backend._threading.loopingcall [-] Fixed interval looping call 'nova.servicegroup.drivers.db.DbDriver._report_state' sleeping for 119.99 seconds {{(pid=96782) _run_loop /opt/stack/data/venv/lib/python3.12/site-packages/oslo_service/backend/_threading/loopingcall.py:125}}
Aug 17 18:15:22.614328 np0000007568 nova-scheduler[96778]: DEBUG oslo.service.backend._threading.loopingcall [None req-7a625ec0-aba7-4695-ac7d-98c5da4a2b8b None None] Dynamic interval looping call 'nova.service.Service.periodic_tasks' sleeping for 60.00 seconds {{(pid=96778) _run_loop /opt/stack/data/venv/lib/python3.12/site-packages/oslo_service/backend/_threading/loopingcall.py:125}}
Aug 17 18:15:24.152835 np0000007568 nova-scheduler[95572]: DEBUG dbcounter [-] [95572] Writing DB stats nova_api:SELECT=3 {{(pid=95572) stat_writer /opt/stack/data/venv/lib/python3.12/site-packages/dbcounter.py:115}}
Aug 17 18:15:24.294316 np0000007568 nova-scheduler[95572]: DEBUG dbcounter [-] [95572] Writing DB stats nova_cell0:SELECT=1 {{(pid=95572) stat_writer /opt/stack/data/venv/lib/python3.12/site-packages/dbcounter.py:115}}
Aug 17 18:15:24.307823 np0000007568 nova-scheduler[95572]: DEBUG dbcounter [-] [95572] Writing DB stats nova_cell1:SELECT=1 {{(pid=95572) stat_writer /opt/stack/data/venv/lib/python3.12/site-packages/dbcounter.py:115}}
Aug 17 18:15:30.621445 np0000007568 nova-scheduler[96776]: DEBUG dbcounter [-] [96776] Writing DB stats nova_cell0:SELECT=3,nova_cell0:UPDATE=1 {{(pid=96776) stat_writer /opt/stack/data/venv/lib/python3.12/site-packages/dbcounter.py:115}}
Aug 17 18:15:30.624832 np0000007568 nova-scheduler[96778]: DEBUG dbcounter [-] [96778] Writing DB stats nova_cell0:SELECT=4,nova_cell0:INSERT=1,nova_cell0:UPDATE=1 {{(pid=96778) stat_writer /opt/stack/data/venv/lib/python3.12/site-packages/dbcounter.py:115}}
Aug 17 18:15:30.628440 np0000007568 nova-scheduler[96780]: DEBUG dbcounter [-] [96780] Writing DB stats nova_cell0:SELECT=3,nova_cell0:UPDATE=1 {{(pid=96780) stat_writer /opt/stack/data/venv/lib/python3.12/site-packages/dbcounter.py:115}}
Aug 17 18:15:30.637020 np0000007568 nova-scheduler[96782]: DEBUG dbcounter [-] [96782] Writing DB stats nova_cell0:SELECT=3 {{(pid=96782) stat_writer /opt/stack/data/venv/lib/python3.12/site-packages/dbcounter.py:115}}
Aug 17 18:15:55.629046 np0000007568 nova-scheduler[96782]: DEBUG oslo.service.backend._threading.loopingcall [None req-f91843a0-349b-4947-a922-4c9bf957be03 None None] Dynamic interval looping call 'nova.service.Service.periodic_tasks' sleeping for 60.00 seconds {{(pid=96782) _run_loop /opt/stack/data/venv/lib/python3.12/site-packages/oslo_service/backend/_threading/loopingcall.py:125}}
Aug 17 18:15:59.610144 np0000007568 nova-scheduler[96776]: DEBUG oslo.service.backend._threading.loopingcall [None req-0d4421c0-d88b-4afa-8af1-961f47e9e0f6 None None] Dynamic interval looping call 'nova.service.Service.periodic_tasks' sleeping for 60.00 seconds {{(pid=96776) _run_loop /opt/stack/data/venv/lib/python3.12/site-packages/oslo_service/backend/_threading/loopingcall.py:125}}
Aug 17 18:16:03.616661 np0000007568 nova-scheduler[96780]: DEBUG oslo.service.backend._threading.loopingcall [None req-b5b3bff4-271f-48d8-8df5-92defc7e3aa3 None None] Dynamic interval looping call 'nova.service.Service.periodic_tasks' sleeping for 60.00 seconds {{(pid=96780) _run_loop /opt/stack/data/venv/lib/python3.12/site-packages/oslo_service/backend/_threading/loopingcall.py:125}}
Aug 17 18:16:22.614915 np0000007568 nova-scheduler[96778]: DEBUG oslo.service.backend._threading.loopingcall [None req-7a625ec0-aba7-4695-ac7d-98c5da4a2b8b None None] Dynamic interval looping call 'nova.service.Service.periodic_tasks' sleeping for 60.00 seconds {{(pid=96778) _run_loop /opt/stack/data/venv/lib/python3.12/site-packages/oslo_service/backend/_threading/loopingcall.py:125}}
Aug 17 18:16:55.629534 np0000007568 nova-scheduler[96782]: DEBUG oslo.service.backend._threading.loopingcall [None req-f91843a0-349b-4947-a922-4c9bf957be03 None None] Dynamic interval looping call 'nova.service.Service.periodic_tasks' sleeping for 60.00 seconds {{(pid=96782) _run_loop /opt/stack/data/venv/lib/python3.12/site-packages/oslo_service/backend/_threading/loopingcall.py:125}}
Aug 17 18:16:59.610589 np0000007568 nova-scheduler[96776]: DEBUG oslo.service.backend._threading.loopingcall [None req-0d4421c0-d88b-4afa-8af1-961f47e9e0f6 None None] Dynamic interval looping call 'nova.service.Service.periodic_tasks' sleeping for 60.00 seconds {{(pid=96776) _run_loop /opt/stack/data/venv/lib/python3.12/site-packages/oslo_service/backend/_threading/loopingcall.py:125}}
Aug 17 18:17:03.617220 np0000007568 nova-scheduler[96780]: DEBUG oslo.service.backend._threading.loopingcall [None req-b5b3bff4-271f-48d8-8df5-92defc7e3aa3 None None] Dynamic interval looping call 'nova.service.Service.periodic_tasks' sleeping for 60.00 seconds {{(pid=96780) _run_loop /opt/stack/data/venv/lib/python3.12/site-packages/oslo_service/backend/_threading/loopingcall.py:125}}
Aug 17 18:17:20.615846 np0000007568 nova-scheduler[96776]: DEBUG oslo.service.backend._threading.loopingcall [-] Fixed interval looping call 'nova.servicegroup.drivers.db.DbDriver._report_state' sleeping for 119.99 seconds {{(pid=96776) _run_loop /opt/stack/data/venv/lib/python3.12/site-packages/oslo_service/backend/_threading/loopingcall.py:125}}
Aug 17 18:17:20.618148 np0000007568 nova-scheduler[96780]: DEBUG oslo.service.backend._threading.loopingcall [-] Fixed interval looping call 'nova.servicegroup.drivers.db.DbDriver._report_state' sleeping for 119.99 seconds {{(pid=96780) _run_loop /opt/stack/data/venv/lib/python3.12/site-packages/oslo_service/backend/_threading/loopingcall.py:125}}
Aug 17 18:17:20.621359 np0000007568 nova-scheduler[96778]: DEBUG oslo.service.backend._threading.loopingcall [-] Fixed interval looping call 'nova.servicegroup.drivers.db.DbDriver._report_state' sleeping for 120.00 seconds {{(pid=96778) _run_loop /opt/stack/data/venv/lib/python3.12/site-packages/oslo_service/backend/_threading/loopingcall.py:125}}
Aug 17 18:17:20.635003 np0000007568 nova-scheduler[96782]: DEBUG oslo.service.backend._threading.loopingcall [-] Fixed interval looping call 'nova.servicegroup.drivers.db.DbDriver._report_state' sleeping for 120.00 seconds {{(pid=96782) _run_loop /opt/stack/data/venv/lib/python3.12/site-packages/oslo_service/backend/_threading/loopingcall.py:125}}
Aug 17 18:17:22.615411 np0000007568 nova-scheduler[96778]: DEBUG oslo.service.backend._threading.loopingcall [None req-7a625ec0-aba7-4695-ac7d-98c5da4a2b8b None None] Dynamic interval looping call 'nova.service.Service.periodic_tasks' sleeping for 60.00 seconds {{(pid=96778) _run_loop /opt/stack/data/venv/lib/python3.12/site-packages/oslo_service/backend/_threading/loopingcall.py:125}}
Aug 17 18:17:30.610840 np0000007568 nova-scheduler[96776]: DEBUG dbcounter [-] [96776] Writing DB stats nova_cell0:SELECT=1,nova_cell0:UPDATE=1 {{(pid=96776) stat_writer /opt/stack/data/venv/lib/python3.12/site-packages/dbcounter.py:115}}
Aug 17 18:17:30.618223 np0000007568 nova-scheduler[96780]: DEBUG dbcounter [-] [96780] Writing DB stats nova_cell0:SELECT=1,nova_cell0:UPDATE=1 {{(pid=96780) stat_writer /opt/stack/data/venv/lib/python3.12/site-packages/dbcounter.py:115}}
Aug 17 18:17:30.619091 np0000007568 nova-scheduler[96778]: DEBUG dbcounter [-] [96778] Writing DB stats nova_cell0:SELECT=1 {{(pid=96778) stat_writer /opt/stack/data/venv/lib/python3.12/site-packages/dbcounter.py:115}}
Aug 17 18:17:30.633334 np0000007568 nova-scheduler[96782]: DEBUG dbcounter [-] [96782] Writing DB stats nova_cell0:SELECT=1 {{(pid=96782) stat_writer /opt/stack/data/venv/lib/python3.12/site-packages/dbcounter.py:115}}
Aug 17 18:17:31.528085 np0000007568 nova-scheduler[96776]: DEBUG nova.scheduler.manager [None req-45e75ea0-e72a-4e9f-9784-6aa46c5d2390 tempest-ServerBootFromVolumeStableRescueTest-2118337066 tempest-ServerBootFromVolumeStableRescueTest-2118337066-project-member] Starting to schedule for instances: ['216fb371-f16d-4832-98eb-fad3b6feb291'] {{(pid=96776) select_destinations /opt/stack/nova/nova/scheduler/manager.py:197}}
Aug 17 18:17:31.528549 np0000007568 nova-scheduler[96776]: DEBUG nova.scheduler.request_filter [None req-45e75ea0-e72a-4e9f-9784-6aa46c5d2390 tempest-ServerBootFromVolumeStableRescueTest-2118337066 tempest-ServerBootFromVolumeStableRescueTest-2118337066-project-member] compute_status_filter request filter added forbidden trait COMPUTE_STATUS_DISABLED {{(pid=96776) compute_status_filter /opt/stack/nova/nova/scheduler/request_filter.py:253}}
Aug 17 18:17:31.528659 np0000007568 nova-scheduler[96776]: DEBUG nova.scheduler.request_filter [None req-45e75ea0-e72a-4e9f-9784-6aa46c5d2390 tempest-ServerBootFromVolumeStableRescueTest-2118337066 tempest-ServerBootFromVolumeStableRescueTest-2118337066-project-member] Request filter 'compute_status_filter' took 0.0 seconds {{(pid=96776) wrapper /opt/stack/nova/nova/scheduler/request_filter.py:46}}
Aug 17 18:17:31.528866 np0000007568 nova-scheduler[96776]: DEBUG nova.scheduler.request_filter [None req-45e75ea0-e72a-4e9f-9784-6aa46c5d2390 tempest-ServerBootFromVolumeStableRescueTest-2118337066 tempest-ServerBootFromVolumeStableRescueTest-2118337066-project-member] Request filter 'accelerators_filter' took 0.0 seconds {{(pid=96776) wrapper /opt/stack/nova/nova/scheduler/request_filter.py:46}}
Aug 17 18:17:31.529058 np0000007568 nova-scheduler[96776]: DEBUG nova.scheduler.request_filter [None req-45e75ea0-e72a-4e9f-9784-6aa46c5d2390 tempest-ServerBootFromVolumeStableRescueTest-2118337066 tempest-ServerBootFromVolumeStableRescueTest-2118337066-project-member] Request filter 'packed_virtqueue_filter' took 0.0 seconds {{(pid=96776) wrapper /opt/stack/nova/nova/scheduler/request_filter.py:46}}
Aug 17 18:17:31.529314 np0000007568 nova-scheduler[96776]: DEBUG nova.scheduler.request_filter [None req-45e75ea0-e72a-4e9f-9784-6aa46c5d2390 tempest-ServerBootFromVolumeStableRescueTest-2118337066 tempest-ServerBootFromVolumeStableRescueTest-2118337066-project-member] Request filter 'remote_managed_ports_filter' took 0.0 seconds {{(pid=96776) wrapper /opt/stack/nova/nova/scheduler/request_filter.py:46}}
Aug 17 18:17:31.529441 np0000007568 nova-scheduler[96776]: DEBUG nova.scheduler.request_filter [None req-45e75ea0-e72a-4e9f-9784-6aa46c5d2390 tempest-ServerBootFromVolumeStableRescueTest-2118337066 tempest-ServerBootFromVolumeStableRescueTest-2118337066-project-member] ephemeral_encryption_filter skipped {{(pid=96776) ephemeral_encryption_filter /opt/stack/nova/nova/scheduler/request_filter.py:426}}
Aug 17 18:17:31.529569 np0000007568 nova-scheduler[96776]: DEBUG nova.scheduler.request_filter [None req-45e75ea0-e72a-4e9f-9784-6aa46c5d2390 tempest-ServerBootFromVolumeStableRescueTest-2118337066 tempest-ServerBootFromVolumeStableRescueTest-2118337066-project-member] virtio_sound_filter skipped {{(pid=96776) virtio_sound_filter /opt/stack/nova/nova/scheduler/request_filter.py:460}}
Aug 17 18:17:31.529684 np0000007568 nova-scheduler[96776]: DEBUG nova.scheduler.request_filter [None req-45e75ea0-e72a-4e9f-9784-6aa46c5d2390 tempest-ServerBootFromVolumeStableRescueTest-2118337066 tempest-ServerBootFromVolumeStableRescueTest-2118337066-project-member] tpm_secret_security_filter skipped {{(pid=96776) tpm_secret_security_filter /opt/stack/nova/nova/scheduler/request_filter.py:477}}
Aug 17 18:17:32.077694 np0000007568 nova-scheduler[96776]: INFO nova.utils [None req-45e75ea0-e72a-4e9f-9784-6aa46c5d2390 tempest-ServerBootFromVolumeStableRescueTest-2118337066 tempest-ServerBootFromVolumeStableRescueTest-2118337066-project-member] The cell worker thread pool ForkProcess-1.cell_worker is initialized
Aug 17 18:17:32.078179 np0000007568 nova-scheduler[96776]: DEBUG oslo_concurrency.lockutils [None req-45e75ea0-e72a-4e9f-9784-6aa46c5d2390 tempest-ServerBootFromVolumeStableRescueTest-2118337066 tempest-ServerBootFromVolumeStableRescueTest-2118337066-project-member] Acquiring lock "630ea115-06e1-44d3-924c-a9d561f69f0a" by "nova.context.set_target_cell..get_or_set_cached_cell_and_set_connections" {{(pid=96776) inner /opt/stack/data/venv/lib/python3.12/site-packages/oslo_concurrency/lockutils.py:512}}
Aug 17 18:17:32.078310 np0000007568 nova-scheduler[96776]: DEBUG oslo_concurrency.lockutils [None req-45e75ea0-e72a-4e9f-9784-6aa46c5d2390 tempest-ServerBootFromVolumeStableRescueTest-2118337066 tempest-ServerBootFromVolumeStableRescueTest-2118337066-project-member] Lock "630ea115-06e1-44d3-924c-a9d561f69f0a" acquired by "nova.context.set_target_cell..get_or_set_cached_cell_and_set_connections" :: waited 0.000s {{(pid=96776) inner /opt/stack/data/venv/lib/python3.12/site-packages/oslo_concurrency/lockutils.py:525}}
Aug 17 18:17:32.079996 np0000007568 nova-scheduler[96776]: DEBUG oslo_concurrency.lockutils [None req-45e75ea0-e72a-4e9f-9784-6aa46c5d2390 tempest-ServerBootFromVolumeStableRescueTest-2118337066 tempest-ServerBootFromVolumeStableRescueTest-2118337066-project-member] Lock "630ea115-06e1-44d3-924c-a9d561f69f0a" "released" by "nova.context.set_target_cell..get_or_set_cached_cell_and_set_connections" :: held 0.002s {{(pid=96776) inner /opt/stack/data/venv/lib/python3.12/site-packages/oslo_concurrency/lockutils.py:544}}
Aug 17 18:17:32.082121 np0000007568 nova-scheduler[96776]: INFO dbcounter [None req-45e75ea0-e72a-4e9f-9784-6aa46c5d2390 tempest-ServerBootFromVolumeStableRescueTest-2118337066 tempest-ServerBootFromVolumeStableRescueTest-2118337066-project-member] Registered counter for database nova_cell1
Aug 17 18:17:32.123054 np0000007568 nova-scheduler[96776]: DEBUG oslo_db.sqlalchemy.engines [None req-45e75ea0-e72a-4e9f-9784-6aa46c5d2390 tempest-ServerBootFromVolumeStableRescueTest-2118337066 tempest-ServerBootFromVolumeStableRescueTest-2118337066-project-member] MySQL server mode set to STRICT_TRANS_TABLES,STRICT_ALL_TABLES,NO_ZERO_IN_DATE,NO_ZERO_DATE,ERROR_FOR_DIVISION_BY_ZERO,TRADITIONAL,NO_ENGINE_SUBSTITUTION {{(pid=96776) _check_effective_sql_mode /opt/stack/data/venv/lib/python3.12/site-packages/oslo_db/sqlalchemy/engines.py:325}}
Aug 17 18:17:32.128087 np0000007568 nova-scheduler[96776]: DEBUG dbcounter [-] [96776] Writer thread running {{(pid=96776) stat_writer /opt/stack/data/venv/lib/python3.12/site-packages/dbcounter.py:102}}
Aug 17 18:17:32.138250 np0000007568 nova-scheduler[96776]: DEBUG oslo_db.sqlalchemy.engines [None req-45e75ea0-e72a-4e9f-9784-6aa46c5d2390 tempest-ServerBootFromVolumeStableRescueTest-2118337066 tempest-ServerBootFromVolumeStableRescueTest-2118337066-project-member] Parent process 95572 forked (96776) with an open database connection, which is being discarded and recreated. {{(pid=96776) checkout /opt/stack/data/venv/lib/python3.12/site-packages/oslo_db/sqlalchemy/engines.py:402}}
Aug 17 18:17:32.190507 np0000007568 nova-scheduler[96776]: DEBUG dbcounter [-] [96776] Writer thread running {{(pid=96776) stat_writer /opt/stack/data/venv/lib/python3.12/site-packages/dbcounter.py:102}}
