Jul 02 19:17:16.825216 np0000004307 nova-scheduler[93330]: DEBUG cotyledon.oslo_config_glue [-] oslo_limit.certfile = None {{(pid=93330) log_opt_values /opt/stack/data/venv/lib/python3.12/site-packages/oslo_config/cfg.py:3253}}
Jul 02 19:17:16.825216 np0000004307 nova-scheduler[93330]: DEBUG cotyledon.oslo_config_glue [-] oslo_limit.collect_timing = False {{(pid=93330) log_opt_values /opt/stack/data/venv/lib/python3.12/site-packages/oslo_config/cfg.py:3253}}
Jul 02 19:17:16.825216 np0000004307 nova-scheduler[93330]: DEBUG cotyledon.oslo_config_glue [-] oslo_limit.connect_retries = None {{(pid=93330) log_opt_values /opt/stack/data/venv/lib/python3.12/site-packages/oslo_config/cfg.py:3253}}
Jul 02 19:17:16.825216 np0000004307 nova-scheduler[93330]: DEBUG cotyledon.oslo_config_glue [-] oslo_limit.connect_retry_delay = None {{(pid=93330) log_opt_values /opt/stack/data/venv/lib/python3.12/site-packages/oslo_config/cfg.py:3253}}
Jul 02 19:17:16.825216 np0000004307 nova-scheduler[93330]: DEBUG cotyledon.oslo_config_glue [-] oslo_limit.endpoint_id = None {{(pid=93330) log_opt_values /opt/stack/data/venv/lib/python3.12/site-packages/oslo_config/cfg.py:3253}}
Jul 02 19:17:16.825216 np0000004307 nova-scheduler[93330]: DEBUG cotyledon.oslo_config_glue [-] oslo_limit.endpoint_interface = public {{(pid=93330) log_opt_values /opt/stack/data/venv/lib/python3.12/site-packages/oslo_config/cfg.py:3253}}
Jul 02 19:17:16.825216 np0000004307 nova-scheduler[93330]: DEBUG cotyledon.oslo_config_glue [-] oslo_limit.endpoint_override = None {{(pid=93330) log_opt_values /opt/stack/data/venv/lib/python3.12/site-packages/oslo_config/cfg.py:3253}}
Jul 02 19:17:16.825216 np0000004307 nova-scheduler[93330]: DEBUG cotyledon.oslo_config_glue [-] oslo_limit.endpoint_region_name = None {{(pid=93330) log_opt_values /opt/stack/data/venv/lib/python3.12/site-packages/oslo_config/cfg.py:3253}}
Jul 02 19:17:16.825216 np0000004307 nova-scheduler[93330]: DEBUG cotyledon.oslo_config_glue [-] oslo_limit.endpoint_service_name = None {{(pid=93330) log_opt_values /opt/stack/data/venv/lib/python3.12/site-packages/oslo_config/cfg.py:3253}}
Jul 02 19:17:16.825433 np0000004307 nova-scheduler[93330]: DEBUG cotyledon.oslo_config_glue [-] oslo_limit.endpoint_service_type = None {{(pid=93330) log_opt_values /opt/stack/data/venv/lib/python3.12/site-packages/oslo_config/cfg.py:3253}}
Jul 02 19:17:16.825433 np0000004307 nova-scheduler[93330]: DEBUG cotyledon.oslo_config_glue [-] oslo_limit.insecure = False {{(pid=93330) log_opt_values /opt/stack/data/venv/lib/python3.12/site-packages/oslo_config/cfg.py:3253}}
Jul 02 19:17:16.825433 np0000004307 nova-scheduler[93330]: DEBUG cotyledon.oslo_config_glue [-] oslo_limit.keyfile = None {{(pid=93330) log_opt_values /opt/stack/data/venv/lib/python3.12/site-packages/oslo_config/cfg.py:3253}}
Jul 02 19:17:16.825433 np0000004307 nova-scheduler[93330]: DEBUG cotyledon.oslo_config_glue [-] oslo_limit.max_version = None {{(pid=93330) log_opt_values /opt/stack/data/venv/lib/python3.12/site-packages/oslo_config/cfg.py:3253}}
Jul 02 19:17:16.825433 np0000004307 nova-scheduler[93330]: DEBUG cotyledon.oslo_config_glue [-] oslo_limit.min_version = None {{(pid=93330) log_opt_values /opt/stack/data/venv/lib/python3.12/site-packages/oslo_config/cfg.py:3253}}
Jul 02 19:17:16.825433 np0000004307 nova-scheduler[93330]: DEBUG cotyledon.oslo_config_glue [-] oslo_limit.region_name = None {{(pid=93330) log_opt_values /opt/stack/data/venv/lib/python3.12/site-packages/oslo_config/cfg.py:3253}}
Jul 02 19:17:16.825433 np0000004307 nova-scheduler[93330]: DEBUG cotyledon.oslo_config_glue [-] oslo_limit.retriable_status_codes = None {{(pid=93330) log_opt_values /opt/stack/data/venv/lib/python3.12/site-packages/oslo_config/cfg.py:3253}}
Jul 02 19:17:16.825433 np0000004307 nova-scheduler[93330]: DEBUG cotyledon.oslo_config_glue [-] oslo_limit.service_name = None {{(pid=93330) log_opt_values /opt/stack/data/venv/lib/python3.12/site-packages/oslo_config/cfg.py:3253}}
Jul 02 19:17:16.825433 np0000004307 nova-scheduler[93330]: DEBUG cotyledon.oslo_config_glue [-] oslo_limit.service_type = None {{(pid=93330) log_opt_values /opt/stack/data/venv/lib/python3.12/site-packages/oslo_config/cfg.py:3253}}
Jul 02 19:17:16.825705 np0000004307 nova-scheduler[93330]: DEBUG cotyledon.oslo_config_glue [-] oslo_limit.split_loggers = False {{(pid=93330) log_opt_values /opt/stack/data/venv/lib/python3.12/site-packages/oslo_config/cfg.py:3253}}
Jul 02 19:17:16.825705 np0000004307 nova-scheduler[93330]: DEBUG cotyledon.oslo_config_glue [-] oslo_limit.status_code_retries = None {{(pid=93330) log_opt_values /opt/stack/data/venv/lib/python3.12/site-packages/oslo_config/cfg.py:3253}}
Jul 02 19:17:16.825705 np0000004307 nova-scheduler[93330]: DEBUG cotyledon.oslo_config_glue [-] oslo_limit.status_code_retry_delay = None {{(pid=93330) log_opt_values /opt/stack/data/venv/lib/python3.12/site-packages/oslo_config/cfg.py:3253}}
Jul 02 19:17:16.825705 np0000004307 nova-scheduler[93330]: DEBUG cotyledon.oslo_config_glue [-] oslo_limit.timeout = None {{(pid=93330) log_opt_values /opt/stack/data/venv/lib/python3.12/site-packages/oslo_config/cfg.py:3253}}
Jul 02 19:17:16.825705 np0000004307 nova-scheduler[93330]: DEBUG cotyledon.oslo_config_glue [-] oslo_limit.valid_interfaces = None {{(pid=93330) log_opt_values /opt/stack/data/venv/lib/python3.12/site-packages/oslo_config/cfg.py:3253}}
Jul 02 19:17:16.825705 np0000004307 nova-scheduler[93330]: DEBUG cotyledon.oslo_config_glue [-] oslo_limit.version = None {{(pid=93330) log_opt_values /opt/stack/data/venv/lib/python3.12/site-packages/oslo_config/cfg.py:3253}}
Jul 02 19:17:16.825705 np0000004307 nova-scheduler[93330]: DEBUG cotyledon.oslo_config_glue [-] oslo_reports.file_event_handler = None {{(pid=93330) log_opt_values /opt/stack/data/venv/lib/python3.12/site-packages/oslo_config/cfg.py:3253}}
Jul 02 19:17:16.825705 np0000004307 nova-scheduler[93330]: DEBUG cotyledon.oslo_config_glue [-] oslo_reports.file_event_handler_interval = 1 {{(pid=93330) log_opt_values /opt/stack/data/venv/lib/python3.12/site-packages/oslo_config/cfg.py:3253}}
Jul 02 19:17:16.825705 np0000004307 nova-scheduler[93330]: DEBUG cotyledon.oslo_config_glue [-] oslo_reports.log_dir = None {{(pid=93330) log_opt_values /opt/stack/data/venv/lib/python3.12/site-packages/oslo_config/cfg.py:3253}}
Jul 02 19:17:16.825897 np0000004307 nova-scheduler[93330]: DEBUG cotyledon.oslo_config_glue [-] ******************************************************************************** {{(pid=93330) log_opt_values /opt/stack/data/venv/lib/python3.12/site-packages/oslo_config/cfg.py:3260}}
Jul 02 19:17:16.825897 np0000004307 nova-scheduler[93330]: DEBUG cotyledon._service_worker [-] Run service ServiceWrapper(1) [93330] {{(pid=93330) wait_forever /opt/stack/data/venv/lib/python3.12/site-packages/cotyledon/_service_worker.py:218}}
Jul 02 19:17:16.825897 np0000004307 nova-scheduler[93330]: INFO nova.service [-] Starting scheduler node (version 33.1.0)
Jul 02 19:17:16.825988 np0000004307 nova-scheduler[93325]: DEBUG oslo_db.sqlalchemy.engines [None req-f5a350d2-2f97-42cf-b569-1691c341fd69 None None] MySQL server mode set to STRICT_TRANS_TABLES,STRICT_ALL_TABLES,NO_ZERO_IN_DATE,NO_ZERO_DATE,ERROR_FOR_DIVISION_BY_ZERO,TRADITIONAL,NO_ENGINE_SUBSTITUTION {{(pid=93325) _check_effective_sql_mode /opt/stack/data/venv/lib/python3.12/site-packages/oslo_db/sqlalchemy/engines.py:325}}
Jul 02 19:17:16.826020 np0000004307 nova-scheduler[93330]: INFO dbcounter [None req-49d97641-ce81-44f7-b88d-8b4b3273f8a9 None None] Registered counter for database nova_cell0
Jul 02 19:17:16.831783 np0000004307 nova-scheduler[93325]: DEBUG dbcounter [-] [93325] Writer thread running {{(pid=93325) stat_writer /opt/stack/data/venv/lib/python3.12/site-packages/dbcounter.py:102}}
Jul 02 19:17:16.843409 np0000004307 nova-scheduler[93356]: DEBUG oslo_db.sqlalchemy.engines [None req-ffe2fba2-415f-417b-b606-96e95ccb3a64 None None] MySQL server mode set to STRICT_TRANS_TABLES,STRICT_ALL_TABLES,NO_ZERO_IN_DATE,NO_ZERO_DATE,ERROR_FOR_DIVISION_BY_ZERO,TRADITIONAL,NO_ENGINE_SUBSTITUTION {{(pid=93356) _check_effective_sql_mode /opt/stack/data/venv/lib/python3.12/site-packages/oslo_db/sqlalchemy/engines.py:325}}
Jul 02 19:17:16.849314 np0000004307 nova-scheduler[93325]: DEBUG nova.service [None req-f5a350d2-2f97-42cf-b569-1691c341fd69 None None] Creating RPC server for service: nova-scheduler on topic: scheduler {{(pid=93325) start /opt/stack/nova/nova/service.py:196}}
Jul 02 19:17:16.852947 np0000004307 nova-scheduler[93356]: DEBUG dbcounter [-] [93356] Writer thread running {{(pid=93356) stat_writer /opt/stack/data/venv/lib/python3.12/site-packages/dbcounter.py:102}}
Jul 02 19:17:16.855668 np0000004307 nova-scheduler[93356]: DEBUG nova.service [None req-ffe2fba2-415f-417b-b606-96e95ccb3a64 None None] Creating RPC server for service: nova-scheduler on topic: scheduler {{(pid=93356) start /opt/stack/nova/nova/service.py:196}}
Jul 02 19:17:16.865504 np0000004307 nova-scheduler[93330]: DEBUG oslo_db.sqlalchemy.engines [None req-49d97641-ce81-44f7-b88d-8b4b3273f8a9 None None] MySQL server mode set to STRICT_TRANS_TABLES,STRICT_ALL_TABLES,NO_ZERO_IN_DATE,NO_ZERO_DATE,ERROR_FOR_DIVISION_BY_ZERO,TRADITIONAL,NO_ENGINE_SUBSTITUTION {{(pid=93330) _check_effective_sql_mode /opt/stack/data/venv/lib/python3.12/site-packages/oslo_db/sqlalchemy/engines.py:325}}
Jul 02 19:17:16.874351 np0000004307 nova-scheduler[93356]: DEBUG nova.service [None req-ffe2fba2-415f-417b-b606-96e95ccb3a64 None None] Join ServiceGroup membership for this service scheduler {{(pid=93356) start /opt/stack/nova/nova/service.py:222}}
Jul 02 19:17:16.874558 np0000004307 nova-scheduler[93356]: DEBUG nova.servicegroup.drivers.db [None req-ffe2fba2-415f-417b-b606-96e95ccb3a64 None None] DB_Driver: join new ServiceGroup member np0000004307 to the scheduler group, service = {{(pid=93356) join /opt/stack/nova/nova/servicegroup/drivers/db.py:44}}
Jul 02 19:17:16.876145 np0000004307 nova-scheduler[93325]: DEBUG nova.service [None req-f5a350d2-2f97-42cf-b569-1691c341fd69 None None] Join ServiceGroup membership for this service scheduler {{(pid=93325) start /opt/stack/nova/nova/service.py:222}}
Jul 02 19:17:16.876362 np0000004307 nova-scheduler[93325]: DEBUG nova.servicegroup.drivers.db [None req-f5a350d2-2f97-42cf-b569-1691c341fd69 None None] DB_Driver: join new ServiceGroup member np0000004307 to the scheduler group, service = {{(pid=93325) join /opt/stack/nova/nova/servicegroup/drivers/db.py:44}}
Jul 02 19:17:16.879051 np0000004307 nova-scheduler[93325]: DEBUG oslo.service.backend._threading.loopingcall [None req-b1bd4b23-f976-4ac8-80ac-ef810055f298 None None] Dynamic interval looping call 'nova.service.Service.periodic_tasks' sleeping for 60.00 seconds {{(pid=93325) _run_loop /opt/stack/data/venv/lib/python3.12/site-packages/oslo_service/backend/_threading/loopingcall.py:125}}
Jul 02 19:17:16.879397 np0000004307 nova-scheduler[93330]: DEBUG dbcounter [-] [93330] Writer thread running {{(pid=93330) stat_writer /opt/stack/data/venv/lib/python3.12/site-packages/dbcounter.py:102}}
Jul 02 19:17:16.883370 np0000004307 nova-scheduler[93330]: DEBUG nova.service [None req-49d97641-ce81-44f7-b88d-8b4b3273f8a9 None None] Creating RPC server for service: nova-scheduler on topic: scheduler {{(pid=93330) start /opt/stack/nova/nova/service.py:196}}
Jul 02 19:17:16.903058 np0000004307 nova-scheduler[93330]: DEBUG nova.service [None req-49d97641-ce81-44f7-b88d-8b4b3273f8a9 None None] Join ServiceGroup membership for this service scheduler {{(pid=93330) start /opt/stack/nova/nova/service.py:222}}
Jul 02 19:17:16.903316 np0000004307 nova-scheduler[93330]: DEBUG nova.servicegroup.drivers.db [None req-49d97641-ce81-44f7-b88d-8b4b3273f8a9 None None] DB_Driver: join new ServiceGroup member np0000004307 to the scheduler group, service = {{(pid=93330) join /opt/stack/nova/nova/servicegroup/drivers/db.py:44}}
Jul 02 19:17:21.893881 np0000004307 nova-scheduler[93325]: DEBUG oslo.service.backend._threading.loopingcall [-] Fixed interval looping call 'nova.servicegroup.drivers.db.DbDriver._report_state' sleeping for 119.99 seconds {{(pid=93325) _run_loop /opt/stack/data/venv/lib/python3.12/site-packages/oslo_service/backend/_threading/loopingcall.py:125}}
Jul 02 19:17:21.898201 np0000004307 nova-scheduler[93356]: DEBUG oslo.service.backend._threading.loopingcall [-] Fixed interval looping call 'nova.servicegroup.drivers.db.DbDriver._report_state' sleeping for 119.98 seconds {{(pid=93356) _run_loop /opt/stack/data/venv/lib/python3.12/site-packages/oslo_service/backend/_threading/loopingcall.py:125}}
Jul 02 19:17:21.917379 np0000004307 nova-scheduler[93330]: DEBUG oslo.service.backend._threading.loopingcall [-] Fixed interval looping call 'nova.servicegroup.drivers.db.DbDriver._report_state' sleeping for 119.99 seconds {{(pid=93330) _run_loop /opt/stack/data/venv/lib/python3.12/site-packages/oslo_service/backend/_threading/loopingcall.py:125}}
Jul 02 19:17:25.443717 np0000004307 nova-scheduler[92079]: DEBUG dbcounter [-] [92079] Writing DB stats nova_api:SELECT=3 {{(pid=92079) stat_writer /opt/stack/data/venv/lib/python3.12/site-packages/dbcounter.py:115}}
Jul 02 19:17:25.577953 np0000004307 nova-scheduler[92079]: DEBUG dbcounter [-] [92079] Writing DB stats nova_cell0:SELECT=1 {{(pid=92079) stat_writer /opt/stack/data/venv/lib/python3.12/site-packages/dbcounter.py:115}}
Jul 02 19:17:25.585478 np0000004307 nova-scheduler[92079]: DEBUG dbcounter [-] [92079] Writing DB stats nova_cell1:SELECT=1 {{(pid=92079) stat_writer /opt/stack/data/venv/lib/python3.12/site-packages/dbcounter.py:115}}
Jul 02 19:17:31.886853 np0000004307 nova-scheduler[93325]: DEBUG dbcounter [-] [93325] Writing DB stats nova_cell0:SELECT=4,nova_cell0:INSERT=1,nova_cell0:UPDATE=1 {{(pid=93325) stat_writer /opt/stack/data/venv/lib/python3.12/site-packages/dbcounter.py:115}}
Jul 02 19:17:31.893915 np0000004307 nova-scheduler[93356]: DEBUG dbcounter [-] [93356] Writing DB stats nova_cell0:SELECT=3,nova_cell0:UPDATE=1 {{(pid=93356) stat_writer /opt/stack/data/venv/lib/python3.12/site-packages/dbcounter.py:115}}
Jul 02 19:17:31.913403 np0000004307 nova-scheduler[93330]: DEBUG dbcounter [-] [93330] Writing DB stats nova_cell0:SELECT=3 {{(pid=93330) stat_writer /opt/stack/data/venv/lib/python3.12/site-packages/dbcounter.py:115}}
Jul 02 19:17:40.905771 np0000004307 nova-scheduler[93330]: DEBUG oslo.service.backend._threading.loopingcall [None req-5b9e57ef-3a4f-4d7f-a57b-38917cd9017c None None] Dynamic interval looping call 'nova.service.Service.periodic_tasks' sleeping for 60.00 seconds {{(pid=93330) _run_loop /opt/stack/data/venv/lib/python3.12/site-packages/oslo_service/backend/_threading/loopingcall.py:125}}
Jul 02 19:18:12.877166 np0000004307 nova-scheduler[93356]: DEBUG oslo.service.backend._threading.loopingcall [None req-afd4de28-b5a7-4732-b789-ad13a85bea02 None None] Dynamic interval looping call 'nova.service.Service.periodic_tasks' sleeping for 60.00 seconds {{(pid=93356) _run_loop /opt/stack/data/venv/lib/python3.12/site-packages/oslo_service/backend/_threading/loopingcall.py:125}}
Jul 02 19:18:16.879587 np0000004307 nova-scheduler[93325]: DEBUG oslo.service.backend._threading.loopingcall [None req-b1bd4b23-f976-4ac8-80ac-ef810055f298 None None] Dynamic interval looping call 'nova.service.Service.periodic_tasks' sleeping for 60.00 seconds {{(pid=93325) _run_loop /opt/stack/data/venv/lib/python3.12/site-packages/oslo_service/backend/_threading/loopingcall.py:125}}
Jul 02 19:18:40.906327 np0000004307 nova-scheduler[93330]: DEBUG oslo.service.backend._threading.loopingcall [None req-5b9e57ef-3a4f-4d7f-a57b-38917cd9017c None None] Dynamic interval looping call 'nova.service.Service.periodic_tasks' sleeping for 60.00 seconds {{(pid=93330) _run_loop /opt/stack/data/venv/lib/python3.12/site-packages/oslo_service/backend/_threading/loopingcall.py:125}}
Jul 02 19:19:12.877623 np0000004307 nova-scheduler[93356]: DEBUG oslo.service.backend._threading.loopingcall [None req-afd4de28-b5a7-4732-b789-ad13a85bea02 None None] Dynamic interval looping call 'nova.service.Service.periodic_tasks' sleeping for 60.00 seconds {{(pid=93356) _run_loop /opt/stack/data/venv/lib/python3.12/site-packages/oslo_service/backend/_threading/loopingcall.py:125}}
Jul 02 19:19:16.880557 np0000004307 nova-scheduler[93325]: DEBUG oslo.service.backend._threading.loopingcall [None req-b1bd4b23-f976-4ac8-80ac-ef810055f298 None None] Dynamic interval looping call 'nova.service.Service.periodic_tasks' sleeping for 60.00 seconds {{(pid=93325) _run_loop /opt/stack/data/venv/lib/python3.12/site-packages/oslo_service/backend/_threading/loopingcall.py:125}}
Jul 02 19:19:21.888058 np0000004307 nova-scheduler[93356]: DEBUG oslo.service.backend._threading.loopingcall [-] Fixed interval looping call 'nova.servicegroup.drivers.db.DbDriver._report_state' sleeping for 119.99 seconds {{(pid=93356) _run_loop /opt/stack/data/venv/lib/python3.12/site-packages/oslo_service/backend/_threading/loopingcall.py:125}}
Jul 02 19:19:21.888473 np0000004307 nova-scheduler[93325]: DEBUG oslo.service.backend._threading.loopingcall [-] Fixed interval looping call 'nova.servicegroup.drivers.db.DbDriver._report_state' sleeping for 119.99 seconds {{(pid=93325) _run_loop /opt/stack/data/venv/lib/python3.12/site-packages/oslo_service/backend/_threading/loopingcall.py:125}}
Jul 02 19:19:21.911128 np0000004307 nova-scheduler[93330]: DEBUG oslo.service.backend._threading.loopingcall [-] Fixed interval looping call 'nova.servicegroup.drivers.db.DbDriver._report_state' sleeping for 120.00 seconds {{(pid=93330) _run_loop /opt/stack/data/venv/lib/python3.12/site-packages/oslo_service/backend/_threading/loopingcall.py:125}}
Jul 02 19:19:31.193630 np0000004307 nova-scheduler[93356]: DEBUG nova.scheduler.manager [None req-9dd1e2cb-5a05-441b-9f10-d46338d68f3f tempest-DeleteServersTestJSON-1920780582 tempest-DeleteServersTestJSON-1920780582-project-member] Starting to schedule for instances: ['847446eb-d96f-4963-ad76-9077606ee866'] {{(pid=93356) select_destinations /opt/stack/nova/nova/scheduler/manager.py:209}}
Jul 02 19:19:31.194170 np0000004307 nova-scheduler[93356]: DEBUG nova.scheduler.request_filter [None req-9dd1e2cb-5a05-441b-9f10-d46338d68f3f tempest-DeleteServersTestJSON-1920780582 tempest-DeleteServersTestJSON-1920780582-project-member] compute_status_filter request filter added forbidden trait COMPUTE_STATUS_DISABLED {{(pid=93356) compute_status_filter /opt/stack/nova/nova/scheduler/request_filter.py:253}}
Jul 02 19:19:31.194294 np0000004307 nova-scheduler[93356]: DEBUG nova.scheduler.request_filter [None req-9dd1e2cb-5a05-441b-9f10-d46338d68f3f tempest-DeleteServersTestJSON-1920780582 tempest-DeleteServersTestJSON-1920780582-project-member] Request filter 'compute_status_filter' took 0.0 seconds {{(pid=93356) wrapper /opt/stack/nova/nova/scheduler/request_filter.py:46}}
Jul 02 19:19:31.194509 np0000004307 nova-scheduler[93356]: DEBUG nova.scheduler.request_filter [None req-9dd1e2cb-5a05-441b-9f10-d46338d68f3f tempest-DeleteServersTestJSON-1920780582 tempest-DeleteServersTestJSON-1920780582-project-member] Request filter 'accelerators_filter' took 0.0 seconds {{(pid=93356) wrapper /opt/stack/nova/nova/scheduler/request_filter.py:46}}
Jul 02 19:19:31.194772 np0000004307 nova-scheduler[93356]: DEBUG nova.scheduler.request_filter [None req-9dd1e2cb-5a05-441b-9f10-d46338d68f3f tempest-DeleteServersTestJSON-1920780582 tempest-DeleteServersTestJSON-1920780582-project-member] Request filter 'packed_virtqueue_filter' took 0.0 seconds {{(pid=93356) wrapper /opt/stack/nova/nova/scheduler/request_filter.py:46}}
Jul 02 19:19:31.195880 np0000004307 nova-scheduler[93356]: DEBUG nova.scheduler.request_filter [None req-9dd1e2cb-5a05-441b-9f10-d46338d68f3f tempest-DeleteServersTestJSON-1920780582 tempest-DeleteServersTestJSON-1920780582-project-member] Request filter 'remote_managed_ports_filter' took 0.0 seconds {{(pid=93356) wrapper /opt/stack/nova/nova/scheduler/request_filter.py:46}}
Jul 02 19:19:31.196052 np0000004307 nova-scheduler[93356]: DEBUG nova.scheduler.request_filter [None req-9dd1e2cb-5a05-441b-9f10-d46338d68f3f tempest-DeleteServersTestJSON-1920780582 tempest-DeleteServersTestJSON-1920780582-project-member] ephemeral_encryption_filter skipped {{(pid=93356) ephemeral_encryption_filter /opt/stack/nova/nova/scheduler/request_filter.py:426}}
Jul 02 19:19:31.196180 np0000004307 nova-scheduler[93356]: DEBUG nova.scheduler.request_filter [None req-9dd1e2cb-5a05-441b-9f10-d46338d68f3f tempest-DeleteServersTestJSON-1920780582 tempest-DeleteServersTestJSON-1920780582-project-member] virtio_sound_filter skipped {{(pid=93356) virtio_sound_filter /opt/stack/nova/nova/scheduler/request_filter.py:460}}
Jul 02 19:19:31.196334 np0000004307 nova-scheduler[93356]: DEBUG nova.scheduler.request_filter [None req-9dd1e2cb-5a05-441b-9f10-d46338d68f3f tempest-DeleteServersTestJSON-1920780582 tempest-DeleteServersTestJSON-1920780582-project-member] tpm_secret_security_filter skipped {{(pid=93356) tpm_secret_security_filter /opt/stack/nova/nova/scheduler/request_filter.py:477}}
Jul 02 19:19:31.836705 np0000004307 nova-scheduler[93356]: INFO nova.utils [None req-9dd1e2cb-5a05-441b-9f10-d46338d68f3f tempest-DeleteServersTestJSON-1920780582 tempest-DeleteServersTestJSON-1920780582-project-member] The cell worker thread pool ForkProcess-3.cell_worker is initialized
Jul 02 19:19:31.836950 np0000004307 nova-scheduler[93356]: DEBUG oslo_concurrency.lockutils [None req-9dd1e2cb-5a05-441b-9f10-d46338d68f3f tempest-DeleteServersTestJSON-1920780582 tempest-DeleteServersTestJSON-1920780582-project-member] Acquiring lock "a6b40900-8b7c-46ec-8a09-f636ca2f0bd9" by "nova.context.set_target_cell..get_or_set_cached_cell_and_set_connections" {{(pid=93356) inner /opt/stack/data/venv/lib/python3.12/site-packages/oslo_concurrency/lockutils.py:511}}
Jul 02 19:19:31.837056 np0000004307 nova-scheduler[93356]: DEBUG oslo_concurrency.lockutils [None req-9dd1e2cb-5a05-441b-9f10-d46338d68f3f tempest-DeleteServersTestJSON-1920780582 tempest-DeleteServersTestJSON-1920780582-project-member] Lock "a6b40900-8b7c-46ec-8a09-f636ca2f0bd9" acquired by "nova.context.set_target_cell..get_or_set_cached_cell_and_set_connections" :: waited 0.000s {{(pid=93356) inner /opt/stack/data/venv/lib/python3.12/site-packages/oslo_concurrency/lockutils.py:524}}
Jul 02 19:19:31.838894 np0000004307 nova-scheduler[93356]: DEBUG oslo_concurrency.lockutils [None req-9dd1e2cb-5a05-441b-9f10-d46338d68f3f tempest-DeleteServersTestJSON-1920780582 tempest-DeleteServersTestJSON-1920780582-project-member] Lock "a6b40900-8b7c-46ec-8a09-f636ca2f0bd9" "released" by "nova.context.set_target_cell..get_or_set_cached_cell_and_set_connections" :: held 0.002s {{(pid=93356) inner /opt/stack/data/venv/lib/python3.12/site-packages/oslo_concurrency/lockutils.py:543}}
Jul 02 19:19:31.840865 np0000004307 nova-scheduler[93356]: INFO dbcounter [None req-9dd1e2cb-5a05-441b-9f10-d46338d68f3f tempest-DeleteServersTestJSON-1920780582 tempest-DeleteServersTestJSON-1920780582-project-member] Registered counter for database nova_cell1
Jul 02 19:19:31.884677 np0000004307 nova-scheduler[93356]: DEBUG dbcounter [-] [93356] Writing DB stats nova_cell0:SELECT=1,nova_cell0:UPDATE=1 {{(pid=93356) stat_writer /opt/stack/data/venv/lib/python3.12/site-packages/dbcounter.py:115}}
Jul 02 19:19:31.884839 np0000004307 nova-scheduler[93325]: DEBUG dbcounter [-] [93325] Writing DB stats nova_cell0:SELECT=1,nova_cell0:UPDATE=1 {{(pid=93325) stat_writer /opt/stack/data/venv/lib/python3.12/site-packages/dbcounter.py:115}}
Jul 02 19:19:31.890053 np0000004307 nova-scheduler[93356]: DEBUG oslo_db.sqlalchemy.engines [None req-9dd1e2cb-5a05-441b-9f10-d46338d68f3f tempest-DeleteServersTestJSON-1920780582 tempest-DeleteServersTestJSON-1920780582-project-member] MySQL server mode set to STRICT_TRANS_TABLES,STRICT_ALL_TABLES,NO_ZERO_IN_DATE,NO_ZERO_DATE,ERROR_FOR_DIVISION_BY_ZERO,TRADITIONAL,NO_ENGINE_SUBSTITUTION {{(pid=93356) _check_effective_sql_mode /opt/stack/data/venv/lib/python3.12/site-packages/oslo_db/sqlalchemy/engines.py:325}}
Jul 02 19:19:31.896279 np0000004307 nova-scheduler[93356]: DEBUG dbcounter [-] [93356] Writer thread running {{(pid=93356) stat_writer /opt/stack/data/venv/lib/python3.12/site-packages/dbcounter.py:102}}
Jul 02 19:19:31.910223 np0000004307 nova-scheduler[93330]: DEBUG dbcounter [-] [93330] Writing DB stats nova_cell0:SELECT=1 {{(pid=93330) stat_writer /opt/stack/data/venv/lib/python3.12/site-packages/dbcounter.py:115}}
Jul 02 19:19:31.911950 np0000004307 nova-scheduler[93356]: DEBUG oslo_db.sqlalchemy.engines [None req-9dd1e2cb-5a05-441b-9f10-d46338d68f3f tempest-DeleteServersTestJSON-1920780582 tempest-DeleteServersTestJSON-1920780582-project-member] Parent process 92079 forked (93356) with an open database connection, which is being discarded and recreated. {{(pid=93356) checkout /opt/stack/data/venv/lib/python3.12/site-packages/oslo_db/sqlalchemy/engines.py:402}}
Jul 02 19:19:31.956678 np0000004307 nova-scheduler[93356]: DEBUG dbcounter [-] [93356] Writer thread running {{(pid=93356) stat_writer /opt/stack/data/venv/lib/python3.12/site-packages/dbcounter.py:102}}
Jul 02 19:19:31.959392 np0000004307 nova-scheduler[93356]: DEBUG oslo_concurrency.lockutils [None req-9dd1e2cb-5a05-441b-9f10-d46338d68f3f tempest-DeleteServersTestJSON-1920780582 tempest-DeleteServersTestJSON-1920780582-project-member] Acquiring lock "a6b40900-8b7c-46ec-8a09-f636ca2f0bd9" by "nova.context.set_target_cell..get_or_set_cached_cell_and_set_connections" {{(pid=93356) inner /opt/stack/data/venv/lib/python3.12/site-packages/oslo_concurrency/lockutils.py:511}}
Jul 02 19:19:31.959637 np0000004307 nova-scheduler[93356]: DEBUG oslo_concurrency.lockutils [None req-9dd1e2cb-5a05-441b-9f10-d46338d68f3f tempest-DeleteServersTestJSON-1920780582 tempest-DeleteServersTestJSON-1920780582-project-member] Lock "a6b40900-8b7c-46ec-8a09-f636ca2f0bd9" acquired by "nova.context.set_target_cell..get_or_set_cached_cell_and_set_connections" :: waited 0.000s {{(pid=93356) inner /opt/stack/data/venv/lib/python3.12/site-packages/oslo_concurrency/lockutils.py:524}}
Jul 02 19:19:31.959637 np0000004307 nova-scheduler[93356]: DEBUG oslo_concurrency.lockutils [None req-9dd1e2cb-5a05-441b-9f10-d46338d68f3f tempest-DeleteServersTestJSON-1920780582 tempest-DeleteServersTestJSON-1920780582-project-member] Lock "a6b40900-8b7c-46ec-8a09-f636ca2f0bd9" "released" by "nova.context.set_target_cell..get_or_set_cached_cell_and_set_connections" :: held 0.000s {{(pid=93356) inner /opt/stack/data/venv/lib/python3.12/site-packages/oslo_concurrency/lockutils.py:543}}
Jul 02 19:19:31.964484 np0000004307 nova-scheduler[93356]: DEBUG oslo_concurrency.lockutils [None req-9dd1e2cb-5a05-441b-9f10-d46338d68f3f tempest-DeleteServersTestJSON-1920780582 tempest-DeleteServersTestJSON-1920780582-project-member] Acquiring lock "np0000004307-np0000004307" by "nova.scheduler.host_manager.HostState.update.._locked_update" {{(pid=93356) inner /opt/stack/data/venv/lib/python3.12/site-packages/oslo_concurrency/lockutils.py:511}}
Jul 02 19:19:31.964484 np0000004307 nova-scheduler[93356]: DEBUG oslo_concurrency.lockutils [None req-9dd1e2cb-5a05-441b-9f10-d46338d68f3f tempest-DeleteServersTestJSON-1920780582 tempest-DeleteServersTestJSON-1920780582-project-member] Lock "np0000004307-np0000004307" acquired by "nova.scheduler.host_manager.HostState.update.._locked_update" :: waited 0.000s {{(pid=93356) inner /opt/stack/data/venv/lib/python3.12/site-packages/oslo_concurrency/lockutils.py:524}}
Jul 02 19:19:31.965655 np0000004307 nova-scheduler[93356]: DEBUG nova.scheduler.host_manager [None req-9dd1e2cb-5a05-441b-9f10-d46338d68f3f tempest-DeleteServersTestJSON-1920780582 tempest-DeleteServersTestJSON-1920780582-project-member] Update host state from compute node: ComputeNode(cpu_allocation_ratio=4.0,cpu_info='{"arch": "x86_64", "model": "EPYC-Milan", "vendor": "AMD", "topology": {"cells": 1, "sockets": 16, "cores": 1, "threads": 1}, "maxphysaddr": {"mode": "emulate", "bits": 40}, "features": ["tsc-deadline", "clflushopt", "clwb", "syscall", "clflush", "stibp-always-on", "arch-capabilities", "avx2", "v-vmsave-vmload", "smep", "mmx", "rdseed", "3dnowprefetch", "fpu", "misalignsse", "xgetbv1", "vpclmulqdq", "fsrm", "rdrand", "spec-ctrl", "osvw", "mds-no", "sse4a", "pcid", "vme", "amd-psfd", "stibp", "aes", "avx", "xsaveerptr", "f16c", "popcnt", "fxsr", "ssbd", "fxsr_opt", "cr8legacy", "pfthreshold", "pdpe1gb", "cmov", "null-sel-clr-base", "rdctl-no", "xsave", "xsaveopt", "x2apic", "clzero", "xsaves", "vgif", "vaes", "amd-ssbd", "cx8", "bmi1", "fma", "fsgsbase", "mmxext", "lfence-always-serializing", "msr", "rdtscp", "pae", "rdpid", "apic", "umip", "amd-stibp", "lbrv", "flushbyasid", "tsc_adjust", "topoext", "vmcb-clean", "pse36", "lahf_lm", "pause-filter", "cmp_legacy", "svm", "ibrs", "nx", "pku", "sse", "perfctr_core", "pschange-mc-no", "wbnoinvd", "pclmuldq", "tsc", "adx", "de", "ssse3", "cx16", "hypervisor", "skip-l1dfl-vmentry", "ibpb", "svme-addr-chk", "smap", "sep", "sse4.1", "pge", "no-nested-data-bp", "nrip-save", "xsavec", "mca", "npt", "bmi2", "abm", "sse4.2", "mtrr", "pat", "gds-no", "invpcid", "movbe", "pse", "erms", "mce", "sha-ni", "pni", "lm", "tsc-scale", "arat", "sse2", "virt-ssbd"]}',created_at=2026-07-02T19:17:43Z,current_workload=0,deleted=False,deleted_at=None,disk_allocation_ratio=1.0,disk_available_least=73,free_disk_gb=95,free_ram_mb=62765,host='np0000004307',host_ip=10.4.3.99,hypervisor_hostname='np0000004307',hypervisor_type='QEMU',hypervisor_version=8002002,id=1,local_gb=95,local_gb_used=0,mapped=1,memory_mb=63277,memory_mb_used=512,metrics='[]',numa_topology='{"nova_object.name": "NUMATopology", "nova_object.namespace": "nova", "nova_object.version": "1.2", "nova_object.data": {"cells": [{"nova_object.name": "NUMACell", "nova_object.namespace": "nova", "nova_object.version": "1.5", "nova_object.data": {"id": 0, "cpuset": [0, 1, 2, 3, 4, 5, 6, 7, 8, 9, 10, 11, 12, 13, 14, 15], "pcpuset": [0, 1, 2, 3, 4, 5, 6, 7, 8, 9, 10, 11, 12, 13, 14, 15], "memory": 63277, "cpu_usage": 0, "memory_usage": 0, "pinned_cpus": [], "siblings": [[6], [12], [2], [15], [5], [11], [8], [14], [4], [1], [7], [10], [0], [13], [3], [9]], "mempages": [{"nova_object.name": "NUMAPagesTopology", "nova_object.namespace": "nova", "nova_object.version": "1.1", "nova_object.data": {"size_kb": 4, "total": 16177929, "used": 0, "reserved": 0}, "nova_object.changes": ["size_kb", "used", "total", "reserved"]}, {"nova_object.name": "NUMAPagesTopology", "nova_object.namespace": "nova", "nova_object.version": "1.1", "nova_object.data": {"size_kb": 2048, "total": 41, "used": 0, "reserved": 0}, "nova_object.changes": ["size_kb", "used", "total", "reserved"]}, {"nova_object.name": "NUMAPagesTopology", "nova_object.namespace": "nova", "nova_object.version": "1.1", "nova_object.data": {"size_kb": 1048576, "total": 0, "used": 0, "reserved": 0}, "nova_object.changes": ["size_kb", "used", "total", "reserved"]}], "network_metadata": {"nova_object.name": "NetworkMetadata", "nova_object.namespace": "nova", "nova_object.version": "1.0", "nova_object.data": {"physnets": [], "tunneled": false}, "nova_object.changes": ["tunneled", "physnets"]}, "socket": null}, "nova_object.changes": ["memory_usage", "pinned_cpus", "siblings", "id", "cpu_usage", "pcpuset", "network_metadata", "mempages", "socket", "cpuset", "memory"]}]}, "nova_object.changes": ["cells"]}',pci_device_pools=PciDevicePoolList,ram_allocation_ratio=1.0,running_vms=0,service_id=2,stats={failed_builds='0',uptime=' 19:19:27 up 14 min, 2 users, load average: 2.79, 1.79, 0.97
Jul 02 19:19:31.965655 np0000004307 nova-scheduler[93356]: '},supported_hv_specs=[HVSpec,HVSpec,HVSpec,HVSpec,HVSpec,HVSpec,HVSpec,HVSpec,HVSpec,HVSpec,HVSpec,HVSpec,HVSpec,HVSpec,HVSpec,HVSpec,HVSpec,HVSpec,HVSpec,HVSpec,HVSpec,HVSpec,HVSpec,HVSpec,HVSpec],updated_at=2026-07-02T19:19:29Z,uuid=0fa0f2f6-fe91-42d6-bfed-f502fd7646c2,vcpus=16,vcpus_used=0) {{(pid=93356) _locked_update /opt/stack/nova/nova/scheduler/host_manager.py:168}}
Jul 02 19:19:31.965655 np0000004307 nova-scheduler[93356]: DEBUG nova.scheduler.host_manager [None req-9dd1e2cb-5a05-441b-9f10-d46338d68f3f tempest-DeleteServersTestJSON-1920780582 tempest-DeleteServersTestJSON-1920780582-project-member] Update host state with aggregates: [] {{(pid=93356) _locked_update /opt/stack/nova/nova/scheduler/host_manager.py:171}}
Jul 02 19:19:31.965655 np0000004307 nova-scheduler[93356]: DEBUG nova.scheduler.host_manager [None req-9dd1e2cb-5a05-441b-9f10-d46338d68f3f tempest-DeleteServersTestJSON-1920780582 tempest-DeleteServersTestJSON-1920780582-project-member] Update host state with service dict: {'id': 2, 'uuid': 'a1e22a4f-cb21-4631-96a2-10b8be20fb82', 'host': 'np0000004307', 'binary': 'nova-compute', 'topic': 'compute', 'report_count': 1, 'disabled': False, 'disabled_reason': None, 'last_seen_up': datetime.datetime(2026, 7, 2, 19, 17, 52, tzinfo=datetime.timezone.utc), 'forced_down': False, 'version': 72, 'created_at': datetime.datetime(2026, 7, 2, 19, 17, 42, tzinfo=datetime.timezone.utc), 'updated_at': datetime.datetime(2026, 7, 2, 19, 17, 52, tzinfo=datetime.timezone.utc), 'deleted_at': None, 'deleted': False} {{(pid=93356) _locked_update /opt/stack/nova/nova/scheduler/host_manager.py:174}}
Jul 02 19:19:31.965942 np0000004307 nova-scheduler[93356]: DEBUG nova.scheduler.host_manager [None req-9dd1e2cb-5a05-441b-9f10-d46338d68f3f tempest-DeleteServersTestJSON-1920780582 tempest-DeleteServersTestJSON-1920780582-project-member] Update host state with instances: [] {{(pid=93356) _locked_update /opt/stack/nova/nova/scheduler/host_manager.py:177}}
Jul 02 19:19:31.965942 np0000004307 nova-scheduler[93356]: DEBUG oslo_concurrency.lockutils [None req-9dd1e2cb-5a05-441b-9f10-d46338d68f3f tempest-DeleteServersTestJSON-1920780582 tempest-DeleteServersTestJSON-1920780582-project-member] Lock "np0000004307-np0000004307" "released" by "nova.scheduler.host_manager.HostState.update.._locked_update" :: held 0.002s {{(pid=93356) inner /opt/stack/data/venv/lib/python3.12/site-packages/oslo_concurrency/lockutils.py:543}}
Jul 02 19:19:31.966427 np0000004307 nova-scheduler[93356]: DEBUG nova.filters [None req-9dd1e2cb-5a05-441b-9f10-d46338d68f3f tempest-DeleteServersTestJSON-1920780582 tempest-DeleteServersTestJSON-1920780582-project-member] Starting with 1 host(s) {{(pid=93356) get_filtered_objects /opt/stack/nova/nova/filters.py:70}}
Jul 02 19:19:31.966427 np0000004307 nova-scheduler[93356]: DEBUG nova.filters [None req-9dd1e2cb-5a05-441b-9f10-d46338d68f3f tempest-DeleteServersTestJSON-1920780582 tempest-DeleteServersTestJSON-1920780582-project-member] Filter ComputeFilter returned 1 host(s) {{(pid=93356) get_filtered_objects /opt/stack/nova/nova/filters.py:102}}
Jul 02 19:19:31.966841 np0000004307 nova-scheduler[93356]: DEBUG nova.filters [None req-9dd1e2cb-5a05-441b-9f10-d46338d68f3f tempest-DeleteServersTestJSON-1920780582 tempest-DeleteServersTestJSON-1920780582-project-member] Filter ComputeCapabilitiesFilter returned 1 host(s) {{(pid=93356) get_filtered_objects /opt/stack/nova/nova/filters.py:102}}
Jul 02 19:19:31.966841 np0000004307 nova-scheduler[93356]: DEBUG nova.filters [None req-9dd1e2cb-5a05-441b-9f10-d46338d68f3f tempest-DeleteServersTestJSON-1920780582 tempest-DeleteServersTestJSON-1920780582-project-member] Filter ImagePropertiesFilter returned 1 host(s) {{(pid=93356) get_filtered_objects /opt/stack/nova/nova/filters.py:102}}
Jul 02 19:19:31.966841 np0000004307 nova-scheduler[93356]: DEBUG nova.filters [None req-9dd1e2cb-5a05-441b-9f10-d46338d68f3f tempest-DeleteServersTestJSON-1920780582 tempest-DeleteServersTestJSON-1920780582-project-member] Filter ServerGroupAntiAffinityFilter returned 1 host(s) {{(pid=93356) get_filtered_objects /opt/stack/nova/nova/filters.py:102}}
Jul 02 19:19:31.967369 np0000004307 nova-scheduler[93356]: DEBUG nova.filters [None req-9dd1e2cb-5a05-441b-9f10-d46338d68f3f tempest-DeleteServersTestJSON-1920780582 tempest-DeleteServersTestJSON-1920780582-project-member] Filter ServerGroupAffinityFilter returned 1 host(s) {{(pid=93356) get_filtered_objects /opt/stack/nova/nova/filters.py:102}}
Jul 02 19:19:31.967369 np0000004307 nova-scheduler[93356]: DEBUG nova.filters [None req-9dd1e2cb-5a05-441b-9f10-d46338d68f3f tempest-DeleteServersTestJSON-1920780582 tempest-DeleteServersTestJSON-1920780582-project-member] Filter SameHostFilter returned 1 host(s) {{(pid=93356) get_filtered_objects /opt/stack/nova/nova/filters.py:102}}
Jul 02 19:19:31.967369 np0000004307 nova-scheduler[93356]: DEBUG nova.filters [None req-9dd1e2cb-5a05-441b-9f10-d46338d68f3f tempest-DeleteServersTestJSON-1920780582 tempest-DeleteServersTestJSON-1920780582-project-member] Filter DifferentHostFilter returned 1 host(s) {{(pid=93356) get_filtered_objects /opt/stack/nova/nova/filters.py:102}}
Jul 02 19:19:31.967369 np0000004307 nova-scheduler[93356]: DEBUG nova.scheduler.manager [None req-9dd1e2cb-5a05-441b-9f10-d46338d68f3f tempest-DeleteServersTestJSON-1920780582 tempest-DeleteServersTestJSON-1920780582-project-member] Filtered [(np0000004307, np0000004307) ram: 62765MB disk: 74752MB io_ops: 0 instances: 0, allocation_candidates: 1] {{(pid=93356) _get_sorted_hosts /opt/stack/nova/nova/scheduler/manager.py:742}}
Jul 02 19:19:31.967904 np0000004307 nova-scheduler[93356]: DEBUG nova.scheduler.manager [None req-9dd1e2cb-5a05-441b-9f10-d46338d68f3f tempest-DeleteServersTestJSON-1920780582 tempest-DeleteServersTestJSON-1920780582-project-member] Weighed [WeighedHost [host: (np0000004307, np0000004307) ram: 62765MB disk: 74752MB io_ops: 0 instances: 0, allocation_candidates: 1, weight: 0.0]] {{(pid=93356) _get_sorted_hosts /opt/stack/nova/nova/scheduler/manager.py:764}}
Jul 02 19:19:31.967904 np0000004307 nova-scheduler[93356]: DEBUG nova.scheduler.utils [None req-9dd1e2cb-5a05-441b-9f10-d46338d68f3f tempest-DeleteServersTestJSON-1920780582 tempest-DeleteServersTestJSON-1920780582-project-member] Attempting to claim resources in the placement API for instance 847446eb-d96f-4963-ad76-9077606ee866 {{(pid=93356) claim_resources /opt/stack/nova/nova/scheduler/utils.py:1345}}
Jul 02 19:19:32.131904 np0000004307 nova-scheduler[93356]: DEBUG nova.scheduler.manager [None req-9dd1e2cb-5a05-441b-9f10-d46338d68f3f tempest-DeleteServersTestJSON-1920780582 tempest-DeleteServersTestJSON-1920780582-project-member] [instance: 847446eb-d96f-4963-ad76-9077606ee866] Selected host: (np0000004307, np0000004307) ram: 62765MB disk: 74752MB io_ops: 0 instances: 0, allocation_candidates: 1 {{(pid=93356) _consume_selected_host /opt/stack/nova/nova/scheduler/manager.py:624}}
Jul 02 19:19:32.132303 np0000004307 nova-scheduler[93356]: DEBUG oslo_concurrency.lockutils [None req-9dd1e2cb-5a05-441b-9f10-d46338d68f3f tempest-DeleteServersTestJSON-1920780582 tempest-DeleteServersTestJSON-1920780582-project-member] Acquiring lock "np0000004307-np0000004307" by "nova.scheduler.host_manager.HostState.consume_from_request.._locked" {{(pid=93356) inner /opt/stack/data/venv/lib/python3.12/site-packages/oslo_concurrency/lockutils.py:511}}
Jul 02 19:19:32.132499 np0000004307 nova-scheduler[93356]: DEBUG oslo_concurrency.lockutils [None req-9dd1e2cb-5a05-441b-9f10-d46338d68f3f tempest-DeleteServersTestJSON-1920780582 tempest-DeleteServersTestJSON-1920780582-project-member] Lock "np0000004307-np0000004307" acquired by "nova.scheduler.host_manager.HostState.consume_from_request.._locked" :: waited 0.000s {{(pid=93356) inner /opt/stack/data/venv/lib/python3.12/site-packages/oslo_concurrency/lockutils.py:524}}
Jul 02 19:19:32.133032 np0000004307 nova-scheduler[93356]: DEBUG oslo_concurrency.lockutils [None req-9dd1e2cb-5a05-441b-9f10-d46338d68f3f tempest-DeleteServersTestJSON-1920780582 tempest-DeleteServersTestJSON-1920780582-project-member] Lock "np0000004307-np0000004307" "released" by "nova.scheduler.host_manager.HostState.consume_from_request.._locked" :: held 0.000s {{(pid=93356) inner /opt/stack/data/venv/lib/python3.12/site-packages/oslo_concurrency/lockutils.py:543}}
Jul 02 19:19:33.978064 np0000004307 nova-scheduler[93325]: DEBUG nova.scheduler.manager [None req-8a960819-dd95-4e33-b54c-4a53e5fc8815 tempest-ServersNegativeTestJSON-792457953 tempest-ServersNegativeTestJSON-792457953-project-member] Starting to schedule for instances: ['554d604b-4ac5-4495-bbb3-750e2f1dc783'] {{(pid=93325) select_destinations /opt/stack/nova/nova/scheduler/manager.py:209}}
Jul 02 19:19:33.978800 np0000004307 nova-scheduler[93325]: DEBUG nova.scheduler.request_filter [None req-8a960819-dd95-4e33-b54c-4a53e5fc8815 tempest-ServersNegativeTestJSON-792457953 tempest-ServersNegativeTestJSON-792457953-project-member] compute_status_filter request filter added forbidden trait COMPUTE_STATUS_DISABLED {{(pid=93325) compute_status_filter /opt/stack/nova/nova/scheduler/request_filter.py:253}}
Jul 02 19:19:33.978945 np0000004307 nova-scheduler[93325]: DEBUG nova.scheduler.request_filter [None req-8a960819-dd95-4e33-b54c-4a53e5fc8815 tempest-ServersNegativeTestJSON-792457953 tempest-ServersNegativeTestJSON-792457953-project-member] Request filter 'compute_status_filter' took 0.0 seconds {{(pid=93325) wrapper /opt/stack/nova/nova/scheduler/request_filter.py:46}}
Jul 02 19:19:33.979124 np0000004307 nova-scheduler[93325]: DEBUG nova.scheduler.request_filter [None req-8a960819-dd95-4e33-b54c-4a53e5fc8815 tempest-ServersNegativeTestJSON-792457953 tempest-ServersNegativeTestJSON-792457953-project-member] Request filter 'accelerators_filter' took 0.0 seconds {{(pid=93325) wrapper /opt/stack/nova/nova/scheduler/request_filter.py:46}}
Jul 02 19:19:33.979276 np0000004307 nova-scheduler[93325]: DEBUG nova.scheduler.request_filter [None req-8a960819-dd95-4e33-b54c-4a53e5fc8815 tempest-ServersNegativeTestJSON-792457953 tempest-ServersNegativeTestJSON-792457953-project-member] Request filter 'packed_virtqueue_filter' took 0.0 seconds {{(pid=93325) wrapper /opt/stack/nova/nova/scheduler/request_filter.py:46}}
Jul 02 19:19:33.979524 np0000004307 nova-scheduler[93325]: DEBUG nova.scheduler.request_filter [None req-8a960819-dd95-4e33-b54c-4a53e5fc8815 tempest-ServersNegativeTestJSON-792457953 tempest-ServersNegativeTestJSON-792457953-project-member] Request filter 'remote_managed_ports_filter' took 0.0 seconds {{(pid=93325) wrapper /opt/stack/nova/nova/scheduler/request_filter.py:46}}
Jul 02 19:19:33.979656 np0000004307 nova-scheduler[93325]: DEBUG nova.scheduler.request_filter [None req-8a960819-dd95-4e33-b54c-4a53e5fc8815 tempest-ServersNegativeTestJSON-792457953 tempest-ServersNegativeTestJSON-792457953-project-member] ephemeral_encryption_filter skipped {{(pid=93325) ephemeral_encryption_filter /opt/stack/nova/nova/scheduler/request_filter.py:426}}
Jul 02 19:19:33.979777 np0000004307 nova-scheduler[93325]: DEBUG nova.scheduler.request_filter [None req-8a960819-dd95-4e33-b54c-4a53e5fc8815 tempest-ServersNegativeTestJSON-792457953 tempest-ServersNegativeTestJSON-792457953-project-member] virtio_sound_filter skipped {{(pid=93325) virtio_sound_filter /opt/stack/nova/nova/scheduler/request_filter.py:460}}
Jul 02 19:19:33.979886 np0000004307 nova-scheduler[93325]: DEBUG nova.scheduler.request_filter [None req-8a960819-dd95-4e33-b54c-4a53e5fc8815 tempest-ServersNegativeTestJSON-792457953 tempest-ServersNegativeTestJSON-792457953-project-member] tpm_secret_security_filter skipped {{(pid=93325) tpm_secret_security_filter /opt/stack/nova/nova/scheduler/request_filter.py:477}}
Jul 02 19:19:34.093297 np0000004307 nova-scheduler[93325]: INFO nova.utils [None req-8a960819-dd95-4e33-b54c-4a53e5fc8815 tempest-ServersNegativeTestJSON-792457953 tempest-ServersNegativeTestJSON-792457953-project-member] The cell worker thread pool ForkProcess-1.cell_worker is initialized
Jul 02 19:19:34.093775 np0000004307 nova-scheduler[93325]: DEBUG oslo_concurrency.lockutils [None req-8a960819-dd95-4e33-b54c-4a53e5fc8815 tempest-ServersNegativeTestJSON-792457953 tempest-ServersNegativeTestJSON-792457953-project-member] Acquiring lock "a6b40900-8b7c-46ec-8a09-f636ca2f0bd9" by "nova.context.set_target_cell..get_or_set_cached_cell_and_set_connections" {{(pid=93325) inner /opt/stack/data/venv/lib/python3.12/site-packages/oslo_concurrency/lockutils.py:511}}
Jul 02 19:19:34.094377 np0000004307 nova-scheduler[93325]: DEBUG oslo_concurrency.lockutils [None req-8a960819-dd95-4e33-b54c-4a53e5fc8815 tempest-ServersNegativeTestJSON-792457953 tempest-ServersNegativeTestJSON-792457953-project-member] Lock "a6b40900-8b7c-46ec-8a09-f636ca2f0bd9" acquired by "nova.context.set_target_cell..get_or_set_cached_cell_and_set_connections" :: waited 0.000s {{(pid=93325) inner /opt/stack/data/venv/lib/python3.12/site-packages/oslo_concurrency/lockutils.py:524}}
Jul 02 19:19:34.095465 np0000004307 nova-scheduler[93325]: DEBUG oslo_concurrency.lockutils [None req-8a960819-dd95-4e33-b54c-4a53e5fc8815 tempest-ServersNegativeTestJSON-792457953 tempest-ServersNegativeTestJSON-792457953-project-member] Lock "a6b40900-8b7c-46ec-8a09-f636ca2f0bd9" "released" by "nova.context.set_target_cell..get_or_set_cached_cell_and_set_connections" :: held 0.001s {{(pid=93325) inner /opt/stack/data/venv/lib/python3.12/site-packages/oslo_concurrency/lockutils.py:543}}
Jul 02 19:19:34.097727 np0000004307 nova-scheduler[93325]: INFO dbcounter [None req-8a960819-dd95-4e33-b54c-4a53e5fc8815 tempest-ServersNegativeTestJSON-792457953 tempest-ServersNegativeTestJSON-792457953-project-member] Registered counter for database nova_cell1
Jul 02 19:19:34.147870 np0000004307 nova-scheduler[93325]: DEBUG oslo_db.sqlalchemy.engines [None req-8a960819-dd95-4e33-b54c-4a53e5fc8815 tempest-ServersNegativeTestJSON-792457953 tempest-ServersNegativeTestJSON-792457953-project-member] MySQL server mode set to STRICT_TRANS_TABLES,STRICT_ALL_TABLES,NO_ZERO_IN_DATE,NO_ZERO_DATE,ERROR_FOR_DIVISION_BY_ZERO,TRADITIONAL,NO_ENGINE_SUBSTITUTION {{(pid=93325) _check_effective_sql_mode /opt/stack/data/venv/lib/python3.12/site-packages/oslo_db/sqlalchemy/engines.py:325}}
Jul 02 19:19:34.155970 np0000004307 nova-scheduler[93325]: DEBUG dbcounter [-] [93325] Writer thread running {{(pid=93325) stat_writer /opt/stack/data/venv/lib/python3.12/site-packages/dbcounter.py:102}}
Jul 02 19:19:34.209209 np0000004307 nova-scheduler[93325]: DEBUG dbcounter [-] [93325] Writer thread running {{(pid=93325) stat_writer /opt/stack/data/venv/lib/python3.12/site-packages/dbcounter.py:102}}
Jul 02 19:19:34.215109 np0000004307 nova-scheduler[93325]: DEBUG oslo_concurrency.lockutils [None req-8a960819-dd95-4e33-b54c-4a53e5fc8815 tempest-ServersNegativeTestJSON-792457953 tempest-ServersNegativeTestJSON-792457953-project-member] Acquiring lock "a6b40900-8b7c-46ec-8a09-f636ca2f0bd9" by "nova.context.set_target_cell..get_or_set_cached_cell_and_set_connections" {{(pid=93325) inner /opt/stack/data/venv/lib/python3.12/site-packages/oslo_concurrency/lockutils.py:511}}
Jul 02 19:19:34.215109 np0000004307 nova-scheduler[93325]: DEBUG oslo_concurrency.lockutils [None req-8a960819-dd95-4e33-b54c-4a53e5fc8815 tempest-ServersNegativeTestJSON-792457953 tempest-ServersNegativeTestJSON-792457953-project-member] Lock "a6b40900-8b7c-46ec-8a09-f636ca2f0bd9" acquired by "nova.context.set_target_cell..get_or_set_cached_cell_and_set_connections" :: waited 0.000s {{(pid=93325) inner /opt/stack/data/venv/lib/python3.12/site-packages/oslo_concurrency/lockutils.py:524}}
Jul 02 19:19:34.215109 np0000004307 nova-scheduler[93325]: DEBUG oslo_concurrency.lockutils [None req-8a960819-dd95-4e33-b54c-4a53e5fc8815 tempest-ServersNegativeTestJSON-792457953 tempest-ServersNegativeTestJSON-792457953-project-member] Lock "a6b40900-8b7c-46ec-8a09-f636ca2f0bd9" "released" by "nova.context.set_target_cell..get_or_set_cached_cell_and_set_connections" :: held 0.000s {{(pid=93325) inner /opt/stack/data/venv/lib/python3.12/site-packages/oslo_concurrency/lockutils.py:543}}
Jul 02 19:19:34.220192 np0000004307 nova-scheduler[93325]: DEBUG oslo_concurrency.lockutils [None req-8a960819-dd95-4e33-b54c-4a53e5fc8815 tempest-ServersNegativeTestJSON-792457953 tempest-ServersNegativeTestJSON-792457953-project-member] Acquiring lock "np0000004307-np0000004307" by "nova.scheduler.host_manager.HostState.update.._locked_update" {{(pid=93325) inner /opt/stack/data/venv/lib/python3.12/site-packages/oslo_concurrency/lockutils.py:511}}
Jul 02 19:19:34.220192 np0000004307 nova-scheduler[93325]: DEBUG oslo_concurrency.lockutils [None req-8a960819-dd95-4e33-b54c-4a53e5fc8815 tempest-ServersNegativeTestJSON-792457953 tempest-ServersNegativeTestJSON-792457953-project-member] Lock "np0000004307-np0000004307" acquired by "nova.scheduler.host_manager.HostState.update.._locked_update" :: waited 0.000s {{(pid=93325) inner /opt/stack/data/venv/lib/python3.12/site-packages/oslo_concurrency/lockutils.py:524}}
