Jul 18 20:47:11.457572 np0000005393 nova-scheduler[93371]: DEBUG cotyledon.oslo_config_glue [-] oslo_messaging_rabbit.rabbit_quorum_max_memory_bytes = 0 {{(pid=93371) log_opt_values /opt/stack/data/venv/lib/python3.12/site-packages/oslo_config/cfg.py:3253}}
Jul 18 20:47:11.457572 np0000005393 nova-scheduler[93371]: DEBUG cotyledon.oslo_config_glue [-] oslo_messaging_rabbit.rabbit_quorum_max_memory_length = 0 {{(pid=93371) log_opt_values /opt/stack/data/venv/lib/python3.12/site-packages/oslo_config/cfg.py:3253}}
Jul 18 20:47:11.457572 np0000005393 nova-scheduler[93371]: DEBUG cotyledon.oslo_config_glue [-] oslo_messaging_rabbit.rabbit_quorum_queue = False {{(pid=93371) log_opt_values /opt/stack/data/venv/lib/python3.12/site-packages/oslo_config/cfg.py:3253}}
Jul 18 20:47:11.457572 np0000005393 nova-scheduler[93371]: DEBUG cotyledon.oslo_config_glue [-] oslo_messaging_rabbit.rabbit_retry_backoff = 2 {{(pid=93371) log_opt_values /opt/stack/data/venv/lib/python3.12/site-packages/oslo_config/cfg.py:3253}}
Jul 18 20:47:11.457572 np0000005393 nova-scheduler[93371]: DEBUG cotyledon.oslo_config_glue [-] oslo_messaging_rabbit.rabbit_retry_interval = 1 {{(pid=93371) log_opt_values /opt/stack/data/venv/lib/python3.12/site-packages/oslo_config/cfg.py:3253}}
Jul 18 20:47:11.457572 np0000005393 nova-scheduler[93371]: DEBUG cotyledon.oslo_config_glue [-] oslo_messaging_rabbit.rabbit_stream_fanout = False {{(pid=93371) log_opt_values /opt/stack/data/venv/lib/python3.12/site-packages/oslo_config/cfg.py:3253}}
Jul 18 20:47:11.457572 np0000005393 nova-scheduler[93371]: DEBUG cotyledon.oslo_config_glue [-] oslo_messaging_rabbit.rabbit_transient_queues_ttl = 1800 {{(pid=93371) log_opt_values /opt/stack/data/venv/lib/python3.12/site-packages/oslo_config/cfg.py:3253}}
Jul 18 20:47:11.457572 np0000005393 nova-scheduler[93371]: DEBUG cotyledon.oslo_config_glue [-] oslo_messaging_rabbit.rabbit_transient_quorum_queue = False {{(pid=93371) log_opt_values /opt/stack/data/venv/lib/python3.12/site-packages/oslo_config/cfg.py:3253}}
Jul 18 20:47:11.457733 np0000005393 nova-scheduler[93371]: DEBUG cotyledon.oslo_config_glue [-] oslo_messaging_rabbit.rpc_conn_pool_size = 30 {{(pid=93371) log_opt_values /opt/stack/data/venv/lib/python3.12/site-packages/oslo_config/cfg.py:3253}}
Jul 18 20:47:11.457755 np0000005393 nova-scheduler[93367]: DEBUG oslo_db.sqlalchemy.engines [None req-480fd32a-52c0-44e0-9338-fd1954fa99c3 None None] MySQL server mode set to STRICT_TRANS_TABLES,STRICT_ALL_TABLES,NO_ZERO_IN_DATE,NO_ZERO_DATE,ERROR_FOR_DIVISION_BY_ZERO,TRADITIONAL,NO_ENGINE_SUBSTITUTION {{(pid=93367) _check_effective_sql_mode /opt/stack/data/venv/lib/python3.12/site-packages/oslo_db/sqlalchemy/engines.py:325}}
Jul 18 20:47:11.457786 np0000005393 nova-scheduler[93371]: DEBUG cotyledon.oslo_config_glue [-] oslo_messaging_rabbit.ssl = False {{(pid=93371) log_opt_values /opt/stack/data/venv/lib/python3.12/site-packages/oslo_config/cfg.py:3253}}
Jul 18 20:47:11.457786 np0000005393 nova-scheduler[93371]: DEBUG cotyledon.oslo_config_glue [-] oslo_messaging_rabbit.ssl_ca_file = {{(pid=93371) log_opt_values /opt/stack/data/venv/lib/python3.12/site-packages/oslo_config/cfg.py:3253}}
Jul 18 20:47:11.457786 np0000005393 nova-scheduler[93371]: DEBUG cotyledon.oslo_config_glue [-] oslo_messaging_rabbit.ssl_cert_file = {{(pid=93371) log_opt_values /opt/stack/data/venv/lib/python3.12/site-packages/oslo_config/cfg.py:3253}}
Jul 18 20:47:11.457786 np0000005393 nova-scheduler[93371]: DEBUG cotyledon.oslo_config_glue [-] oslo_messaging_rabbit.ssl_enforce_fips_mode = False {{(pid=93371) log_opt_values /opt/stack/data/venv/lib/python3.12/site-packages/oslo_config/cfg.py:3253}}
Jul 18 20:47:11.457786 np0000005393 nova-scheduler[93371]: DEBUG cotyledon.oslo_config_glue [-] oslo_messaging_rabbit.ssl_enforce_hostname_verification = True {{(pid=93371) log_opt_values /opt/stack/data/venv/lib/python3.12/site-packages/oslo_config/cfg.py:3253}}
Jul 18 20:47:11.457786 np0000005393 nova-scheduler[93371]: DEBUG cotyledon.oslo_config_glue [-] oslo_messaging_rabbit.ssl_key_file = {{(pid=93371) log_opt_values /opt/stack/data/venv/lib/python3.12/site-packages/oslo_config/cfg.py:3253}}
Jul 18 20:47:11.457786 np0000005393 nova-scheduler[93371]: DEBUG cotyledon.oslo_config_glue [-] oslo_messaging_rabbit.ssl_version = {{(pid=93371) log_opt_values /opt/stack/data/venv/lib/python3.12/site-packages/oslo_config/cfg.py:3253}}
Jul 18 20:47:11.457786 np0000005393 nova-scheduler[93371]: DEBUG cotyledon.oslo_config_glue [-] oslo_messaging_rabbit.use_queue_manager = False {{(pid=93371) log_opt_values /opt/stack/data/venv/lib/python3.12/site-packages/oslo_config/cfg.py:3253}}
Jul 18 20:47:11.457786 np0000005393 nova-scheduler[93371]: DEBUG cotyledon.oslo_config_glue [-] oslo_messaging_notifications.driver = ['messagingv2'] {{(pid=93371) log_opt_values /opt/stack/data/venv/lib/python3.12/site-packages/oslo_config/cfg.py:3253}}
Jul 18 20:47:11.457969 np0000005393 nova-scheduler[93371]: DEBUG cotyledon.oslo_config_glue [-] oslo_messaging_notifications.retry = -1 {{(pid=93371) log_opt_values /opt/stack/data/venv/lib/python3.12/site-packages/oslo_config/cfg.py:3253}}
Jul 18 20:47:11.457969 np0000005393 nova-scheduler[93371]: DEBUG cotyledon.oslo_config_glue [-] oslo_messaging_notifications.topics = ['notifications'] {{(pid=93371) log_opt_values /opt/stack/data/venv/lib/python3.12/site-packages/oslo_config/cfg.py:3253}}
Jul 18 20:47:11.457969 np0000005393 nova-scheduler[93371]: DEBUG cotyledon.oslo_config_glue [-] oslo_messaging_notifications.transport_url = **** {{(pid=93371) log_opt_values /opt/stack/data/venv/lib/python3.12/site-packages/oslo_config/cfg.py:3253}}
Jul 18 20:47:11.457969 np0000005393 nova-scheduler[93371]: DEBUG cotyledon.oslo_config_glue [-] oslo_limit.auth_section = None {{(pid=93371) log_opt_values /opt/stack/data/venv/lib/python3.12/site-packages/oslo_config/cfg.py:3253}}
Jul 18 20:47:11.457969 np0000005393 nova-scheduler[93371]: DEBUG cotyledon.oslo_config_glue [-] oslo_limit.auth_type = None {{(pid=93371) log_opt_values /opt/stack/data/venv/lib/python3.12/site-packages/oslo_config/cfg.py:3253}}
Jul 18 20:47:11.457969 np0000005393 nova-scheduler[93371]: DEBUG cotyledon.oslo_config_glue [-] oslo_limit.cafile = None {{(pid=93371) log_opt_values /opt/stack/data/venv/lib/python3.12/site-packages/oslo_config/cfg.py:3253}}
Jul 18 20:47:11.457969 np0000005393 nova-scheduler[93371]: DEBUG cotyledon.oslo_config_glue [-] oslo_limit.certfile = None {{(pid=93371) log_opt_values /opt/stack/data/venv/lib/python3.12/site-packages/oslo_config/cfg.py:3253}}
Jul 18 20:47:11.457969 np0000005393 nova-scheduler[93371]: DEBUG cotyledon.oslo_config_glue [-] oslo_limit.collect_timing = False {{(pid=93371) log_opt_values /opt/stack/data/venv/lib/python3.12/site-packages/oslo_config/cfg.py:3253}}
Jul 18 20:47:11.457969 np0000005393 nova-scheduler[93371]: DEBUG cotyledon.oslo_config_glue [-] oslo_limit.connect_retries = None {{(pid=93371) log_opt_values /opt/stack/data/venv/lib/python3.12/site-packages/oslo_config/cfg.py:3253}}
Jul 18 20:47:11.458141 np0000005393 nova-scheduler[93371]: DEBUG cotyledon.oslo_config_glue [-] oslo_limit.connect_retry_delay = None {{(pid=93371) log_opt_values /opt/stack/data/venv/lib/python3.12/site-packages/oslo_config/cfg.py:3253}}
Jul 18 20:47:11.458141 np0000005393 nova-scheduler[93371]: DEBUG cotyledon.oslo_config_glue [-] oslo_limit.endpoint_id = None {{(pid=93371) log_opt_values /opt/stack/data/venv/lib/python3.12/site-packages/oslo_config/cfg.py:3253}}
Jul 18 20:47:11.458141 np0000005393 nova-scheduler[93371]: DEBUG cotyledon.oslo_config_glue [-] oslo_limit.endpoint_interface = public {{(pid=93371) log_opt_values /opt/stack/data/venv/lib/python3.12/site-packages/oslo_config/cfg.py:3253}}
Jul 18 20:47:11.458141 np0000005393 nova-scheduler[93371]: DEBUG cotyledon.oslo_config_glue [-] oslo_limit.endpoint_override = None {{(pid=93371) log_opt_values /opt/stack/data/venv/lib/python3.12/site-packages/oslo_config/cfg.py:3253}}
Jul 18 20:47:11.458141 np0000005393 nova-scheduler[93371]: DEBUG cotyledon.oslo_config_glue [-] oslo_limit.endpoint_region_name = None {{(pid=93371) log_opt_values /opt/stack/data/venv/lib/python3.12/site-packages/oslo_config/cfg.py:3253}}
Jul 18 20:47:11.458141 np0000005393 nova-scheduler[93371]: DEBUG cotyledon.oslo_config_glue [-] oslo_limit.endpoint_service_name = None {{(pid=93371) log_opt_values /opt/stack/data/venv/lib/python3.12/site-packages/oslo_config/cfg.py:3253}}
Jul 18 20:47:11.458141 np0000005393 nova-scheduler[93371]: DEBUG cotyledon.oslo_config_glue [-] oslo_limit.endpoint_service_type = None {{(pid=93371) log_opt_values /opt/stack/data/venv/lib/python3.12/site-packages/oslo_config/cfg.py:3253}}
Jul 18 20:47:11.458141 np0000005393 nova-scheduler[93371]: DEBUG cotyledon.oslo_config_glue [-] oslo_limit.insecure = False {{(pid=93371) log_opt_values /opt/stack/data/venv/lib/python3.12/site-packages/oslo_config/cfg.py:3253}}
Jul 18 20:47:11.458141 np0000005393 nova-scheduler[93371]: DEBUG cotyledon.oslo_config_glue [-] oslo_limit.keyfile = None {{(pid=93371) log_opt_values /opt/stack/data/venv/lib/python3.12/site-packages/oslo_config/cfg.py:3253}}
Jul 18 20:47:11.458307 np0000005393 nova-scheduler[93371]: DEBUG cotyledon.oslo_config_glue [-] oslo_limit.max_version = None {{(pid=93371) log_opt_values /opt/stack/data/venv/lib/python3.12/site-packages/oslo_config/cfg.py:3253}}
Jul 18 20:47:11.458307 np0000005393 nova-scheduler[93371]: DEBUG cotyledon.oslo_config_glue [-] oslo_limit.min_version = None {{(pid=93371) log_opt_values /opt/stack/data/venv/lib/python3.12/site-packages/oslo_config/cfg.py:3253}}
Jul 18 20:47:11.458307 np0000005393 nova-scheduler[93371]: DEBUG cotyledon.oslo_config_glue [-] oslo_limit.region_name = None {{(pid=93371) log_opt_values /opt/stack/data/venv/lib/python3.12/site-packages/oslo_config/cfg.py:3253}}
Jul 18 20:47:11.458307 np0000005393 nova-scheduler[93371]: DEBUG cotyledon.oslo_config_glue [-] oslo_limit.retriable_status_codes = None {{(pid=93371) log_opt_values /opt/stack/data/venv/lib/python3.12/site-packages/oslo_config/cfg.py:3253}}
Jul 18 20:47:11.458307 np0000005393 nova-scheduler[93371]: DEBUG cotyledon.oslo_config_glue [-] oslo_limit.service_name = None {{(pid=93371) log_opt_values /opt/stack/data/venv/lib/python3.12/site-packages/oslo_config/cfg.py:3253}}
Jul 18 20:47:11.458307 np0000005393 nova-scheduler[93371]: DEBUG cotyledon.oslo_config_glue [-] oslo_limit.service_type = None {{(pid=93371) log_opt_values /opt/stack/data/venv/lib/python3.12/site-packages/oslo_config/cfg.py:3253}}
Jul 18 20:47:11.458307 np0000005393 nova-scheduler[93371]: DEBUG cotyledon.oslo_config_glue [-] oslo_limit.split_loggers = False {{(pid=93371) log_opt_values /opt/stack/data/venv/lib/python3.12/site-packages/oslo_config/cfg.py:3253}}
Jul 18 20:47:11.458307 np0000005393 nova-scheduler[93371]: DEBUG cotyledon.oslo_config_glue [-] oslo_limit.status_code_retries = None {{(pid=93371) log_opt_values /opt/stack/data/venv/lib/python3.12/site-packages/oslo_config/cfg.py:3253}}
Jul 18 20:47:11.458307 np0000005393 nova-scheduler[93371]: DEBUG cotyledon.oslo_config_glue [-] oslo_limit.status_code_retry_delay = None {{(pid=93371) log_opt_values /opt/stack/data/venv/lib/python3.12/site-packages/oslo_config/cfg.py:3253}}
Jul 18 20:47:11.458533 np0000005393 nova-scheduler[93371]: DEBUG cotyledon.oslo_config_glue [-] oslo_limit.timeout = None {{(pid=93371) log_opt_values /opt/stack/data/venv/lib/python3.12/site-packages/oslo_config/cfg.py:3253}}
Jul 18 20:47:11.458533 np0000005393 nova-scheduler[93371]: DEBUG cotyledon.oslo_config_glue [-] oslo_limit.valid_interfaces = None {{(pid=93371) log_opt_values /opt/stack/data/venv/lib/python3.12/site-packages/oslo_config/cfg.py:3253}}
Jul 18 20:47:11.458533 np0000005393 nova-scheduler[93371]: DEBUG cotyledon.oslo_config_glue [-] oslo_limit.version = None {{(pid=93371) log_opt_values /opt/stack/data/venv/lib/python3.12/site-packages/oslo_config/cfg.py:3253}}
Jul 18 20:47:11.458533 np0000005393 nova-scheduler[93371]: DEBUG cotyledon.oslo_config_glue [-] oslo_reports.file_event_handler = None {{(pid=93371) log_opt_values /opt/stack/data/venv/lib/python3.12/site-packages/oslo_config/cfg.py:3253}}
Jul 18 20:47:11.458533 np0000005393 nova-scheduler[93371]: DEBUG cotyledon.oslo_config_glue [-] oslo_reports.file_event_handler_interval = 1 {{(pid=93371) log_opt_values /opt/stack/data/venv/lib/python3.12/site-packages/oslo_config/cfg.py:3253}}
Jul 18 20:47:11.458533 np0000005393 nova-scheduler[93371]: DEBUG cotyledon.oslo_config_glue [-] oslo_reports.log_dir = None {{(pid=93371) log_opt_values /opt/stack/data/venv/lib/python3.12/site-packages/oslo_config/cfg.py:3253}}
Jul 18 20:47:11.458533 np0000005393 nova-scheduler[93371]: DEBUG cotyledon.oslo_config_glue [-] ******************************************************************************** {{(pid=93371) log_opt_values /opt/stack/data/venv/lib/python3.12/site-packages/oslo_config/cfg.py:3260}}
Jul 18 20:47:11.458533 np0000005393 nova-scheduler[93371]: DEBUG cotyledon._service_worker [-] Run service ServiceWrapper(2) [93371] {{(pid=93371) wait_forever /opt/stack/data/venv/lib/python3.12/site-packages/cotyledon/_service_worker.py:218}}
Jul 18 20:47:11.458752 np0000005393 nova-scheduler[93369]: DEBUG oslo_db.sqlalchemy.engines [None req-ab95e377-5957-4aaa-a33c-562d3b9cf7ff None None] MySQL server mode set to STRICT_TRANS_TABLES,STRICT_ALL_TABLES,NO_ZERO_IN_DATE,NO_ZERO_DATE,ERROR_FOR_DIVISION_BY_ZERO,TRADITIONAL,NO_ENGINE_SUBSTITUTION {{(pid=93369) _check_effective_sql_mode /opt/stack/data/venv/lib/python3.12/site-packages/oslo_db/sqlalchemy/engines.py:325}}
Jul 18 20:47:11.458798 np0000005393 nova-scheduler[93371]: INFO nova.service [-] Starting scheduler node (version 33.1.0)
Jul 18 20:47:11.458798 np0000005393 nova-scheduler[93371]: INFO dbcounter [None req-bedd390d-a720-47e8-b9f6-37f09528b155 None None] Registered counter for database nova_cell0
Jul 18 20:47:11.459694 np0000005393 nova-scheduler[93367]: DEBUG dbcounter [-] [93367] Writer thread running {{(pid=93367) stat_writer /opt/stack/data/venv/lib/python3.12/site-packages/dbcounter.py:102}}
Jul 18 20:47:11.465157 np0000005393 nova-scheduler[93369]: DEBUG dbcounter [-] [93369] Writer thread running {{(pid=93369) stat_writer /opt/stack/data/venv/lib/python3.12/site-packages/dbcounter.py:102}}
Jul 18 20:47:11.475581 np0000005393 nova-scheduler[93367]: DEBUG nova.service [None req-480fd32a-52c0-44e0-9338-fd1954fa99c3 None None] Creating RPC server for service: nova-scheduler on topic: scheduler {{(pid=93367) start /opt/stack/nova/nova/service.py:196}}
Jul 18 20:47:11.482734 np0000005393 nova-scheduler[93369]: DEBUG nova.service [None req-ab95e377-5957-4aaa-a33c-562d3b9cf7ff None None] Creating RPC server for service: nova-scheduler on topic: scheduler {{(pid=93369) start /opt/stack/nova/nova/service.py:196}}
Jul 18 20:47:11.506236 np0000005393 nova-scheduler[93371]: DEBUG oslo_db.sqlalchemy.engines [None req-bedd390d-a720-47e8-b9f6-37f09528b155 None None] MySQL server mode set to STRICT_TRANS_TABLES,STRICT_ALL_TABLES,NO_ZERO_IN_DATE,NO_ZERO_DATE,ERROR_FOR_DIVISION_BY_ZERO,TRADITIONAL,NO_ENGINE_SUBSTITUTION {{(pid=93371) _check_effective_sql_mode /opt/stack/data/venv/lib/python3.12/site-packages/oslo_db/sqlalchemy/engines.py:325}}
Jul 18 20:47:11.509788 np0000005393 nova-scheduler[93369]: DEBUG nova.service [None req-ab95e377-5957-4aaa-a33c-562d3b9cf7ff None None] Join ServiceGroup membership for this service scheduler {{(pid=93369) start /opt/stack/nova/nova/service.py:222}}
Jul 18 20:47:11.509788 np0000005393 nova-scheduler[93369]: DEBUG nova.servicegroup.drivers.db [None req-ab95e377-5957-4aaa-a33c-562d3b9cf7ff None None] DB_Driver: join new ServiceGroup member np0000005393 to the scheduler group, service = {{(pid=93369) join /opt/stack/nova/nova/servicegroup/drivers/db.py:44}}
Jul 18 20:47:11.510140 np0000005393 nova-scheduler[93367]: DEBUG nova.service [None req-480fd32a-52c0-44e0-9338-fd1954fa99c3 None None] Join ServiceGroup membership for this service scheduler {{(pid=93367) start /opt/stack/nova/nova/service.py:222}}
Jul 18 20:47:11.510415 np0000005393 nova-scheduler[93367]: DEBUG nova.servicegroup.drivers.db [None req-480fd32a-52c0-44e0-9338-fd1954fa99c3 None None] DB_Driver: join new ServiceGroup member np0000005393 to the scheduler group, service = {{(pid=93367) join /opt/stack/nova/nova/servicegroup/drivers/db.py:44}}
Jul 18 20:47:11.519245 np0000005393 nova-scheduler[93371]: DEBUG dbcounter [-] [93371] Writer thread running {{(pid=93371) stat_writer /opt/stack/data/venv/lib/python3.12/site-packages/dbcounter.py:102}}
Jul 18 20:47:11.522244 np0000005393 nova-scheduler[93371]: DEBUG nova.service [None req-bedd390d-a720-47e8-b9f6-37f09528b155 None None] Creating RPC server for service: nova-scheduler on topic: scheduler {{(pid=93371) start /opt/stack/nova/nova/service.py:196}}
Jul 18 20:47:11.539629 np0000005393 nova-scheduler[93371]: DEBUG nova.service [None req-bedd390d-a720-47e8-b9f6-37f09528b155 None None] Join ServiceGroup membership for this service scheduler {{(pid=93371) start /opt/stack/nova/nova/service.py:222}}
Jul 18 20:47:11.539892 np0000005393 nova-scheduler[93371]: DEBUG nova.servicegroup.drivers.db [None req-bedd390d-a720-47e8-b9f6-37f09528b155 None None] DB_Driver: join new ServiceGroup member np0000005393 to the scheduler group, service = {{(pid=93371) join /opt/stack/nova/nova/servicegroup/drivers/db.py:44}}
Jul 18 20:47:16.526474 np0000005393 nova-scheduler[93369]: DEBUG oslo.service.backend._threading.loopingcall [-] Fixed interval looping call 'nova.servicegroup.drivers.db.DbDriver._report_state' sleeping for 119.98 seconds {{(pid=93369) _run_loop /opt/stack/data/venv/lib/python3.12/site-packages/oslo_service/backend/_threading/loopingcall.py:125}}
Jul 18 20:47:16.527530 np0000005393 nova-scheduler[93367]: DEBUG oslo.service.backend._threading.loopingcall [-] Fixed interval looping call 'nova.servicegroup.drivers.db.DbDriver._report_state' sleeping for 119.99 seconds {{(pid=93367) _run_loop /opt/stack/data/venv/lib/python3.12/site-packages/oslo_service/backend/_threading/loopingcall.py:125}}
Jul 18 20:47:16.553514 np0000005393 nova-scheduler[93371]: DEBUG oslo.service.backend._threading.loopingcall [-] Fixed interval looping call 'nova.servicegroup.drivers.db.DbDriver._report_state' sleeping for 119.99 seconds {{(pid=93371) _run_loop /opt/stack/data/venv/lib/python3.12/site-packages/oslo_service/backend/_threading/loopingcall.py:125}}
Jul 18 20:47:20.055083 np0000005393 nova-scheduler[92162]: DEBUG dbcounter [-] [92162] Writing DB stats nova_api:SELECT=3 {{(pid=92162) stat_writer /opt/stack/data/venv/lib/python3.12/site-packages/dbcounter.py:115}}
Jul 18 20:47:20.181555 np0000005393 nova-scheduler[92162]: DEBUG dbcounter [-] [92162] Writing DB stats nova_cell0:SELECT=1 {{(pid=92162) stat_writer /opt/stack/data/venv/lib/python3.12/site-packages/dbcounter.py:115}}
Jul 18 20:47:20.186700 np0000005393 nova-scheduler[92162]: DEBUG dbcounter [-] [92162] Writing DB stats nova_cell1:SELECT=1 {{(pid=92162) stat_writer /opt/stack/data/venv/lib/python3.12/site-packages/dbcounter.py:115}}
Jul 18 20:47:26.521016 np0000005393 nova-scheduler[93369]: DEBUG dbcounter [-] [93369] Writing DB stats nova_cell0:SELECT=5,nova_cell0:INSERT=1,nova_cell0:UPDATE=1 {{(pid=93369) stat_writer /opt/stack/data/venv/lib/python3.12/site-packages/dbcounter.py:115}}
Jul 18 20:47:26.526608 np0000005393 nova-scheduler[93367]: DEBUG dbcounter [-] [93367] Writing DB stats nova_cell0:SELECT=4,nova_cell0:INSERT=1,nova_cell0:UPDATE=1 {{(pid=93367) stat_writer /opt/stack/data/venv/lib/python3.12/site-packages/dbcounter.py:115}}
Jul 18 20:47:26.549150 np0000005393 nova-scheduler[93371]: DEBUG dbcounter [-] [93371] Writing DB stats nova_cell0:SELECT=3 {{(pid=93371) stat_writer /opt/stack/data/venv/lib/python3.12/site-packages/dbcounter.py:115}}
Jul 18 20:47:35.511792 np0000005393 nova-scheduler[93369]: DEBUG oslo.service.backend._threading.loopingcall [None req-2d4aa538-bf0b-4ac9-9a1c-65e1a61ec69b None None] Dynamic interval looping call 'nova.service.Service.periodic_tasks' sleeping for 60.00 seconds {{(pid=93369) _run_loop /opt/stack/data/venv/lib/python3.12/site-packages/oslo_service/backend/_threading/loopingcall.py:125}}
Jul 18 20:47:41.542023 np0000005393 nova-scheduler[93371]: DEBUG oslo.service.backend._threading.loopingcall [None req-363918c8-2960-41e8-b170-39bfbd5a94cd None None] Dynamic interval looping call 'nova.service.Service.periodic_tasks' sleeping for 60.00 seconds {{(pid=93371) _run_loop /opt/stack/data/venv/lib/python3.12/site-packages/oslo_service/backend/_threading/loopingcall.py:125}}
Jul 18 20:48:08.516338 np0000005393 nova-scheduler[93367]: DEBUG oslo.service.backend._threading.loopingcall [None req-86e0f7f4-38f2-47ea-bddf-c68fe7eafa6c None None] Dynamic interval looping call 'nova.service.Service.periodic_tasks' sleeping for 60.00 seconds {{(pid=93367) _run_loop /opt/stack/data/venv/lib/python3.12/site-packages/oslo_service/backend/_threading/loopingcall.py:125}}
Jul 18 20:48:35.512237 np0000005393 nova-scheduler[93369]: DEBUG oslo.service.backend._threading.loopingcall [None req-2d4aa538-bf0b-4ac9-9a1c-65e1a61ec69b None None] Dynamic interval looping call 'nova.service.Service.periodic_tasks' sleeping for 60.00 seconds {{(pid=93369) _run_loop /opt/stack/data/venv/lib/python3.12/site-packages/oslo_service/backend/_threading/loopingcall.py:125}}
Jul 18 20:48:41.542589 np0000005393 nova-scheduler[93371]: DEBUG oslo.service.backend._threading.loopingcall [None req-363918c8-2960-41e8-b170-39bfbd5a94cd None None] Dynamic interval looping call 'nova.service.Service.periodic_tasks' sleeping for 60.00 seconds {{(pid=93371) _run_loop /opt/stack/data/venv/lib/python3.12/site-packages/oslo_service/backend/_threading/loopingcall.py:125}}
Jul 18 20:49:08.516898 np0000005393 nova-scheduler[93367]: DEBUG oslo.service.backend._threading.loopingcall [None req-86e0f7f4-38f2-47ea-bddf-c68fe7eafa6c None None] Dynamic interval looping call 'nova.service.Service.periodic_tasks' sleeping for 60.00 seconds {{(pid=93367) _run_loop /opt/stack/data/venv/lib/python3.12/site-packages/oslo_service/backend/_threading/loopingcall.py:125}}
Jul 18 20:49:16.519446 np0000005393 nova-scheduler[93369]: DEBUG oslo.service.backend._threading.loopingcall [-] Fixed interval looping call 'nova.servicegroup.drivers.db.DbDriver._report_state' sleeping for 119.99 seconds {{(pid=93369) _run_loop /opt/stack/data/venv/lib/python3.12/site-packages/oslo_service/backend/_threading/loopingcall.py:125}}
Jul 18 20:49:16.521110 np0000005393 nova-scheduler[93367]: DEBUG oslo.service.backend._threading.loopingcall [-] Fixed interval looping call 'nova.servicegroup.drivers.db.DbDriver._report_state' sleeping for 120.00 seconds {{(pid=93367) _run_loop /opt/stack/data/venv/lib/python3.12/site-packages/oslo_service/backend/_threading/loopingcall.py:125}}
Jul 18 20:49:16.546953 np0000005393 nova-scheduler[93371]: DEBUG oslo.service.backend._threading.loopingcall [-] Fixed interval looping call 'nova.servicegroup.drivers.db.DbDriver._report_state' sleeping for 120.00 seconds {{(pid=93371) _run_loop /opt/stack/data/venv/lib/python3.12/site-packages/oslo_service/backend/_threading/loopingcall.py:125}}
Jul 18 20:49:26.513227 np0000005393 nova-scheduler[93369]: DEBUG dbcounter [-] [93369] Writing DB stats nova_cell0:SELECT=1,nova_cell0:UPDATE=1 {{(pid=93369) stat_writer /opt/stack/data/venv/lib/python3.12/site-packages/dbcounter.py:115}}
Jul 18 20:49:26.519374 np0000005393 nova-scheduler[93367]: DEBUG dbcounter [-] [93367] Writing DB stats nova_cell0:SELECT=1 {{(pid=93367) stat_writer /opt/stack/data/venv/lib/python3.12/site-packages/dbcounter.py:115}}
Jul 18 20:49:26.545242 np0000005393 nova-scheduler[93371]: DEBUG dbcounter [-] [93371] Writing DB stats nova_cell0:SELECT=1 {{(pid=93371) stat_writer /opt/stack/data/venv/lib/python3.12/site-packages/dbcounter.py:115}}
Jul 18 20:49:35.512856 np0000005393 nova-scheduler[93369]: DEBUG oslo.service.backend._threading.loopingcall [None req-2d4aa538-bf0b-4ac9-9a1c-65e1a61ec69b None None] Dynamic interval looping call 'nova.service.Service.periodic_tasks' sleeping for 60.00 seconds {{(pid=93369) _run_loop /opt/stack/data/venv/lib/python3.12/site-packages/oslo_service/backend/_threading/loopingcall.py:125}}
Jul 18 20:49:40.846015 np0000005393 nova-scheduler[93369]: DEBUG nova.scheduler.manager [None req-a33b61e6-c1b5-4d24-af23-2c350437512b tempest-DeleteServersTestJSON-1923586441 tempest-DeleteServersTestJSON-1923586441-project-member] Starting to schedule for instances: ['61501fd8-38d9-4988-a69f-f1d9cb79754e'] {{(pid=93369) select_destinations /opt/stack/nova/nova/scheduler/manager.py:209}}
Jul 18 20:49:40.847105 np0000005393 nova-scheduler[93369]: DEBUG nova.scheduler.request_filter [None req-a33b61e6-c1b5-4d24-af23-2c350437512b tempest-DeleteServersTestJSON-1923586441 tempest-DeleteServersTestJSON-1923586441-project-member] compute_status_filter request filter added forbidden trait COMPUTE_STATUS_DISABLED {{(pid=93369) compute_status_filter /opt/stack/nova/nova/scheduler/request_filter.py:253}}
Jul 18 20:49:40.847421 np0000005393 nova-scheduler[93369]: DEBUG nova.scheduler.request_filter [None req-a33b61e6-c1b5-4d24-af23-2c350437512b tempest-DeleteServersTestJSON-1923586441 tempest-DeleteServersTestJSON-1923586441-project-member] Request filter 'compute_status_filter' took 0.0 seconds {{(pid=93369) wrapper /opt/stack/nova/nova/scheduler/request_filter.py:46}}
Jul 18 20:49:40.847656 np0000005393 nova-scheduler[93369]: DEBUG nova.scheduler.request_filter [None req-a33b61e6-c1b5-4d24-af23-2c350437512b tempest-DeleteServersTestJSON-1923586441 tempest-DeleteServersTestJSON-1923586441-project-member] Request filter 'accelerators_filter' took 0.0 seconds {{(pid=93369) wrapper /opt/stack/nova/nova/scheduler/request_filter.py:46}}
Jul 18 20:49:40.847842 np0000005393 nova-scheduler[93369]: DEBUG nova.scheduler.request_filter [None req-a33b61e6-c1b5-4d24-af23-2c350437512b tempest-DeleteServersTestJSON-1923586441 tempest-DeleteServersTestJSON-1923586441-project-member] Request filter 'packed_virtqueue_filter' took 0.0 seconds {{(pid=93369) wrapper /opt/stack/nova/nova/scheduler/request_filter.py:46}}
Jul 18 20:49:40.848088 np0000005393 nova-scheduler[93369]: DEBUG nova.scheduler.request_filter [None req-a33b61e6-c1b5-4d24-af23-2c350437512b tempest-DeleteServersTestJSON-1923586441 tempest-DeleteServersTestJSON-1923586441-project-member] Request filter 'remote_managed_ports_filter' took 0.0 seconds {{(pid=93369) wrapper /opt/stack/nova/nova/scheduler/request_filter.py:46}}
Jul 18 20:49:40.848218 np0000005393 nova-scheduler[93369]: DEBUG nova.scheduler.request_filter [None req-a33b61e6-c1b5-4d24-af23-2c350437512b tempest-DeleteServersTestJSON-1923586441 tempest-DeleteServersTestJSON-1923586441-project-member] ephemeral_encryption_filter skipped {{(pid=93369) ephemeral_encryption_filter /opt/stack/nova/nova/scheduler/request_filter.py:426}}
Jul 18 20:49:40.848397 np0000005393 nova-scheduler[93369]: DEBUG nova.scheduler.request_filter [None req-a33b61e6-c1b5-4d24-af23-2c350437512b tempest-DeleteServersTestJSON-1923586441 tempest-DeleteServersTestJSON-1923586441-project-member] virtio_sound_filter skipped {{(pid=93369) virtio_sound_filter /opt/stack/nova/nova/scheduler/request_filter.py:460}}
Jul 18 20:49:40.848807 np0000005393 nova-scheduler[93369]: DEBUG nova.scheduler.request_filter [None req-a33b61e6-c1b5-4d24-af23-2c350437512b tempest-DeleteServersTestJSON-1923586441 tempest-DeleteServersTestJSON-1923586441-project-member] tpm_secret_security_filter skipped {{(pid=93369) tpm_secret_security_filter /opt/stack/nova/nova/scheduler/request_filter.py:477}}
Jul 18 20:49:41.317021 np0000005393 nova-scheduler[93369]: INFO nova.utils [None req-a33b61e6-c1b5-4d24-af23-2c350437512b tempest-DeleteServersTestJSON-1923586441 tempest-DeleteServersTestJSON-1923586441-project-member] The cell worker thread pool ForkProcess-2.cell_worker is initialized
Jul 18 20:49:41.317337 np0000005393 nova-scheduler[93369]: DEBUG oslo_concurrency.lockutils [None req-a33b61e6-c1b5-4d24-af23-2c350437512b tempest-DeleteServersTestJSON-1923586441 tempest-DeleteServersTestJSON-1923586441-project-member] Acquiring lock "8bddf6b7-9592-4067-a1a9-6142b93fc038" by "nova.context.set_target_cell..get_or_set_cached_cell_and_set_connections" {{(pid=93369) inner /opt/stack/data/venv/lib/python3.12/site-packages/oslo_concurrency/lockutils.py:512}}
Jul 18 20:49:41.317522 np0000005393 nova-scheduler[93369]: DEBUG oslo_concurrency.lockutils [None req-a33b61e6-c1b5-4d24-af23-2c350437512b tempest-DeleteServersTestJSON-1923586441 tempest-DeleteServersTestJSON-1923586441-project-member] Lock "8bddf6b7-9592-4067-a1a9-6142b93fc038" acquired by "nova.context.set_target_cell..get_or_set_cached_cell_and_set_connections" :: waited 0.000s {{(pid=93369) inner /opt/stack/data/venv/lib/python3.12/site-packages/oslo_concurrency/lockutils.py:525}}
Jul 18 20:49:41.318742 np0000005393 nova-scheduler[93369]: DEBUG oslo_concurrency.lockutils [None req-a33b61e6-c1b5-4d24-af23-2c350437512b tempest-DeleteServersTestJSON-1923586441 tempest-DeleteServersTestJSON-1923586441-project-member] Lock "8bddf6b7-9592-4067-a1a9-6142b93fc038" "released" by "nova.context.set_target_cell..get_or_set_cached_cell_and_set_connections" :: held 0.001s {{(pid=93369) inner /opt/stack/data/venv/lib/python3.12/site-packages/oslo_concurrency/lockutils.py:544}}
Jul 18 20:49:41.320247 np0000005393 nova-scheduler[93369]: INFO dbcounter [None req-a33b61e6-c1b5-4d24-af23-2c350437512b tempest-DeleteServersTestJSON-1923586441 tempest-DeleteServersTestJSON-1923586441-project-member] Registered counter for database nova_cell1
Jul 18 20:49:41.351639 np0000005393 nova-scheduler[93369]: DEBUG oslo_db.sqlalchemy.engines [None req-a33b61e6-c1b5-4d24-af23-2c350437512b tempest-DeleteServersTestJSON-1923586441 tempest-DeleteServersTestJSON-1923586441-project-member] MySQL server mode set to STRICT_TRANS_TABLES,STRICT_ALL_TABLES,NO_ZERO_IN_DATE,NO_ZERO_DATE,ERROR_FOR_DIVISION_BY_ZERO,TRADITIONAL,NO_ENGINE_SUBSTITUTION {{(pid=93369) _check_effective_sql_mode /opt/stack/data/venv/lib/python3.12/site-packages/oslo_db/sqlalchemy/engines.py:325}}
Jul 18 20:49:41.359478 np0000005393 nova-scheduler[93369]: DEBUG dbcounter [-] [93369] Writer thread running {{(pid=93369) stat_writer /opt/stack/data/venv/lib/python3.12/site-packages/dbcounter.py:102}}
Jul 18 20:49:41.368760 np0000005393 nova-scheduler[93369]: DEBUG oslo_db.sqlalchemy.engines [None req-a33b61e6-c1b5-4d24-af23-2c350437512b tempest-DeleteServersTestJSON-1923586441 tempest-DeleteServersTestJSON-1923586441-project-member] Parent process 92162 forked (93369) with an open database connection, which is being discarded and recreated. {{(pid=93369) checkout /opt/stack/data/venv/lib/python3.12/site-packages/oslo_db/sqlalchemy/engines.py:402}}
Jul 18 20:49:41.409868 np0000005393 nova-scheduler[93369]: DEBUG dbcounter [-] [93369] Writer thread running {{(pid=93369) stat_writer /opt/stack/data/venv/lib/python3.12/site-packages/dbcounter.py:102}}
Jul 18 20:49:41.413636 np0000005393 nova-scheduler[93369]: DEBUG oslo_concurrency.lockutils [None req-a33b61e6-c1b5-4d24-af23-2c350437512b tempest-DeleteServersTestJSON-1923586441 tempest-DeleteServersTestJSON-1923586441-project-member] Acquiring lock "8bddf6b7-9592-4067-a1a9-6142b93fc038" by "nova.context.set_target_cell..get_or_set_cached_cell_and_set_connections" {{(pid=93369) inner /opt/stack/data/venv/lib/python3.12/site-packages/oslo_concurrency/lockutils.py:512}}
Jul 18 20:49:41.413816 np0000005393 nova-scheduler[93369]: DEBUG oslo_concurrency.lockutils [None req-a33b61e6-c1b5-4d24-af23-2c350437512b tempest-DeleteServersTestJSON-1923586441 tempest-DeleteServersTestJSON-1923586441-project-member] Lock "8bddf6b7-9592-4067-a1a9-6142b93fc038" acquired by "nova.context.set_target_cell..get_or_set_cached_cell_and_set_connections" :: waited 0.000s {{(pid=93369) inner /opt/stack/data/venv/lib/python3.12/site-packages/oslo_concurrency/lockutils.py:525}}
Jul 18 20:49:41.413975 np0000005393 nova-scheduler[93369]: DEBUG oslo_concurrency.lockutils [None req-a33b61e6-c1b5-4d24-af23-2c350437512b tempest-DeleteServersTestJSON-1923586441 tempest-DeleteServersTestJSON-1923586441-project-member] Lock "8bddf6b7-9592-4067-a1a9-6142b93fc038" "released" by "nova.context.set_target_cell..get_or_set_cached_cell_and_set_connections" :: held 0.000s {{(pid=93369) inner /opt/stack/data/venv/lib/python3.12/site-packages/oslo_concurrency/lockutils.py:544}}
Jul 18 20:49:41.421264 np0000005393 nova-scheduler[93369]: DEBUG oslo_concurrency.lockutils [None req-a33b61e6-c1b5-4d24-af23-2c350437512b tempest-DeleteServersTestJSON-1923586441 tempest-DeleteServersTestJSON-1923586441-project-member] Acquiring lock "np0000005393-np0000005393" by "nova.scheduler.host_manager.HostState.update.._locked_update" {{(pid=93369) inner /opt/stack/data/venv/lib/python3.12/site-packages/oslo_concurrency/lockutils.py:512}}
Jul 18 20:49:41.421264 np0000005393 nova-scheduler[93369]: DEBUG oslo_concurrency.lockutils [None req-a33b61e6-c1b5-4d24-af23-2c350437512b tempest-DeleteServersTestJSON-1923586441 tempest-DeleteServersTestJSON-1923586441-project-member] Lock "np0000005393-np0000005393" acquired by "nova.scheduler.host_manager.HostState.update.._locked_update" :: waited 0.000s {{(pid=93369) inner /opt/stack/data/venv/lib/python3.12/site-packages/oslo_concurrency/lockutils.py:525}}
Jul 18 20:49:41.422507 np0000005393 nova-scheduler[93369]: DEBUG nova.scheduler.host_manager [None req-a33b61e6-c1b5-4d24-af23-2c350437512b tempest-DeleteServersTestJSON-1923586441 tempest-DeleteServersTestJSON-1923586441-project-member] Update host state from compute node: ComputeNode(cpu_allocation_ratio=4.0,cpu_info='{"arch": "x86_64", "model": "EPYC-Milan", "vendor": "AMD", "topology": {"cells": 1, "sockets": 16, "cores": 1, "threads": 1}, "maxphysaddr": {"mode": "emulate", "bits": 40}, "features": ["npt", "amd-psfd", "pdpe1gb", "bmi1", "mmx", "pku", "invpcid", "pse", "vme", "sse", "fxsr_opt", "arat", "pat", "aes", "vmcb-clean", "adx", "mds-no", "tsc-deadline", "ibpb", "svme-addr-chk", "cx16", "tsc-scale", "apic", "rdpid", "avx", "spec-ctrl", "sse4.2", "ibrs", "xsavec", "movbe", "3dnowprefetch", "topoext", "stibp", "erms", "avx2", "fxsr", "rdctl-no", "misalignsse", "de", "xsave", "wbnoinvd", "mce", "skip-l1dfl-vmentry", "fsrm", "bmi2", "xsaveerptr", "lm", "f16c", "clwb", "sep", "sse2", "pae", "no-nested-data-bp", "fma", "mmxext", "tsc_adjust", "pcid", "null-sel-clr-base", "smep", "ssbd", "xsaveopt", "cx8", "flushbyasid", "rdrand", "vgif", "sse4.1", "abm", "perfctr_core", "lbrv", "svm", "xsaves", "clflush", "cr8legacy", "amd-ssbd", "rdtscp", "vpclmulqdq", "tsc", "ssse3", "popcnt", "smap", "x2apic", "mtrr", "sse4a", "pse36", "umip", "fpu", "pge", "pause-filter", "nrip-save", "pni", "lahf_lm", "lfence-always-serializing", "cmov", "cmp_legacy", "stibp-always-on", "msr", "arch-capabilities", "nx", "syscall", "clzero", "osvw", "pschange-mc-no", "v-vmsave-vmload", "mca", "vaes", "clflushopt", "pfthreshold", "virt-ssbd", "xgetbv1", "amd-stibp", "hypervisor", "sha-ni", "rdseed", "fsgsbase", "pclmuldq", "gds-no"]}',created_at=2026-07-18T20:47:33Z,current_workload=0,deleted=False,deleted_at=None,disk_allocation_ratio=1.0,disk_available_least=73,free_disk_gb=95,free_ram_mb=62765,host='np0000005393',host_ip=10.4.3.76,hypervisor_hostname='np0000005393',hypervisor_type='QEMU',hypervisor_version=8002002,id=1,local_gb=95,local_gb_used=0,mapped=1,memory_mb=63277,memory_mb_used=512,metrics='[]',numa_topology='{"nova_object.name": "NUMATopology", "nova_object.namespace": "nova", "nova_object.version": "1.2", "nova_object.data": {"cells": [{"nova_object.name": "NUMACell", "nova_object.namespace": "nova", "nova_object.version": "1.5", "nova_object.data": {"id": 0, "cpuset": [0, 1, 2, 3, 4, 5, 6, 7, 8, 9, 10, 11, 12, 13, 14, 15], "pcpuset": [0, 1, 2, 3, 4, 5, 6, 7, 8, 9, 10, 11, 12, 13, 14, 15], "memory": 63277, "cpu_usage": 0, "memory_usage": 0, "pinned_cpus": [], "siblings": [[6], [12], [2], [15], [5], [11], [8], [14], [4], [1], [7], [10], [0], [13], [3], [9]], "mempages": [{"nova_object.name": "NUMAPagesTopology", "nova_object.namespace": "nova", "nova_object.version": "1.1", "nova_object.data": {"size_kb": 4, "total": 16177928, "used": 0, "reserved": 0}, "nova_object.changes": ["used", "size_kb", "reserved", "total"]}, {"nova_object.name": "NUMAPagesTopology", "nova_object.namespace": "nova", "nova_object.version": "1.1", "nova_object.data": {"size_kb": 2048, "total": 41, "used": 0, "reserved": 0}, "nova_object.changes": ["used", "size_kb", "reserved", "total"]}, {"nova_object.name": "NUMAPagesTopology", "nova_object.namespace": "nova", "nova_object.version": "1.1", "nova_object.data": {"size_kb": 1048576, "total": 0, "used": 0, "reserved": 0}, "nova_object.changes": ["used", "size_kb", "reserved", "total"]}], "network_metadata": {"nova_object.name": "NetworkMetadata", "nova_object.namespace": "nova", "nova_object.version": "1.0", "nova_object.data": {"physnets": [], "tunneled": false}, "nova_object.changes": ["tunneled", "physnets"]}, "socket": null}, "nova_object.changes": ["cpuset", "siblings", "socket", "memory", "pinned_cpus", "memory_usage", "cpu_usage", "mempages", "network_metadata", "pcpuset", "id"]}]}, "nova_object.changes": ["cells"]}',pci_device_pools=PciDevicePoolList,ram_allocation_ratio=1.0,running_vms=0,service_id=2,stats={failed_builds='0',uptime=' 20:49:20 up 13 min, 2 users, load average: 1.27, 1.30, 0.74
Jul 18 20:49:41.422507 np0000005393 nova-scheduler[93369]: '},supported_hv_specs=[HVSpec,HVSpec,HVSpec,HVSpec,HVSpec,HVSpec,HVSpec,HVSpec,HVSpec,HVSpec,HVSpec,HVSpec,HVSpec,HVSpec,HVSpec,HVSpec,HVSpec,HVSpec,HVSpec,HVSpec,HVSpec,HVSpec,HVSpec,HVSpec,HVSpec],updated_at=2026-07-18T20:49:21Z,uuid=bda9070e-92fd-409e-b109-61224a179bc8,vcpus=16,vcpus_used=0) {{(pid=93369) _locked_update /opt/stack/nova/nova/scheduler/host_manager.py:168}}
Jul 18 20:49:41.423773 np0000005393 nova-scheduler[93369]: DEBUG nova.scheduler.host_manager [None req-a33b61e6-c1b5-4d24-af23-2c350437512b tempest-DeleteServersTestJSON-1923586441 tempest-DeleteServersTestJSON-1923586441-project-member] Update host state with aggregates: [] {{(pid=93369) _locked_update /opt/stack/nova/nova/scheduler/host_manager.py:171}}
Jul 18 20:49:41.423908 np0000005393 nova-scheduler[93369]: DEBUG nova.scheduler.host_manager [None req-a33b61e6-c1b5-4d24-af23-2c350437512b tempest-DeleteServersTestJSON-1923586441 tempest-DeleteServersTestJSON-1923586441-project-member] Update host state with service dict: {'id': 2, 'uuid': '193e0468-154f-4f9e-b091-4b8d3edffecc', 'host': 'np0000005393', 'binary': 'nova-compute', 'topic': 'compute', 'report_count': 2, 'disabled': False, 'disabled_reason': None, 'last_seen_up': datetime.datetime(2026, 7, 18, 20, 49, 39, tzinfo=datetime.timezone.utc), 'forced_down': False, 'version': 72, 'created_at': datetime.datetime(2026, 7, 18, 20, 47, 32, tzinfo=datetime.timezone.utc), 'updated_at': datetime.datetime(2026, 7, 18, 20, 49, 39, tzinfo=datetime.timezone.utc), 'deleted_at': None, 'deleted': False} {{(pid=93369) _locked_update /opt/stack/nova/nova/scheduler/host_manager.py:174}}
Jul 18 20:49:41.423999 np0000005393 nova-scheduler[93369]: DEBUG nova.scheduler.host_manager [None req-a33b61e6-c1b5-4d24-af23-2c350437512b tempest-DeleteServersTestJSON-1923586441 tempest-DeleteServersTestJSON-1923586441-project-member] Update host state with instances: [] {{(pid=93369) _locked_update /opt/stack/nova/nova/scheduler/host_manager.py:177}}
Jul 18 20:49:41.424106 np0000005393 nova-scheduler[93369]: DEBUG oslo_concurrency.lockutils [None req-a33b61e6-c1b5-4d24-af23-2c350437512b tempest-DeleteServersTestJSON-1923586441 tempest-DeleteServersTestJSON-1923586441-project-member] Lock "np0000005393-np0000005393" "released" by "nova.scheduler.host_manager.HostState.update.._locked_update" :: held 0.003s {{(pid=93369) inner /opt/stack/data/venv/lib/python3.12/site-packages/oslo_concurrency/lockutils.py:544}}
Jul 18 20:49:41.427193 np0000005393 nova-scheduler[93369]: DEBUG nova.filters [None req-a33b61e6-c1b5-4d24-af23-2c350437512b tempest-DeleteServersTestJSON-1923586441 tempest-DeleteServersTestJSON-1923586441-project-member] Starting with 1 host(s) {{(pid=93369) get_filtered_objects /opt/stack/nova/nova/filters.py:70}}
Jul 18 20:49:41.427193 np0000005393 nova-scheduler[93369]: DEBUG nova.filters [None req-a33b61e6-c1b5-4d24-af23-2c350437512b tempest-DeleteServersTestJSON-1923586441 tempest-DeleteServersTestJSON-1923586441-project-member] Filter ComputeFilter returned 1 host(s) {{(pid=93369) get_filtered_objects /opt/stack/nova/nova/filters.py:102}}
Jul 18 20:49:41.427193 np0000005393 nova-scheduler[93369]: DEBUG nova.filters [None req-a33b61e6-c1b5-4d24-af23-2c350437512b tempest-DeleteServersTestJSON-1923586441 tempest-DeleteServersTestJSON-1923586441-project-member] Filter ComputeCapabilitiesFilter returned 1 host(s) {{(pid=93369) get_filtered_objects /opt/stack/nova/nova/filters.py:102}}
Jul 18 20:49:41.427193 np0000005393 nova-scheduler[93369]: DEBUG nova.filters [None req-a33b61e6-c1b5-4d24-af23-2c350437512b tempest-DeleteServersTestJSON-1923586441 tempest-DeleteServersTestJSON-1923586441-project-member] Filter ImagePropertiesFilter returned 1 host(s) {{(pid=93369) get_filtered_objects /opt/stack/nova/nova/filters.py:102}}
Jul 18 20:49:41.427193 np0000005393 nova-scheduler[93369]: DEBUG nova.filters [None req-a33b61e6-c1b5-4d24-af23-2c350437512b tempest-DeleteServersTestJSON-1923586441 tempest-DeleteServersTestJSON-1923586441-project-member] Filter ServerGroupAntiAffinityFilter returned 1 host(s) {{(pid=93369) get_filtered_objects /opt/stack/nova/nova/filters.py:102}}
Jul 18 20:49:41.427193 np0000005393 nova-scheduler[93369]: DEBUG nova.filters [None req-a33b61e6-c1b5-4d24-af23-2c350437512b tempest-DeleteServersTestJSON-1923586441 tempest-DeleteServersTestJSON-1923586441-project-member] Filter ServerGroupAffinityFilter returned 1 host(s) {{(pid=93369) get_filtered_objects /opt/stack/nova/nova/filters.py:102}}
Jul 18 20:49:41.427371 np0000005393 nova-scheduler[93369]: DEBUG nova.filters [None req-a33b61e6-c1b5-4d24-af23-2c350437512b tempest-DeleteServersTestJSON-1923586441 tempest-DeleteServersTestJSON-1923586441-project-member] Filter SameHostFilter returned 1 host(s) {{(pid=93369) get_filtered_objects /opt/stack/nova/nova/filters.py:102}}
Jul 18 20:49:41.427371 np0000005393 nova-scheduler[93369]: DEBUG nova.filters [None req-a33b61e6-c1b5-4d24-af23-2c350437512b tempest-DeleteServersTestJSON-1923586441 tempest-DeleteServersTestJSON-1923586441-project-member] Filter DifferentHostFilter returned 1 host(s) {{(pid=93369) get_filtered_objects /opt/stack/nova/nova/filters.py:102}}
Jul 18 20:49:41.427476 np0000005393 nova-scheduler[93369]: DEBUG nova.scheduler.manager [None req-a33b61e6-c1b5-4d24-af23-2c350437512b tempest-DeleteServersTestJSON-1923586441 tempest-DeleteServersTestJSON-1923586441-project-member] Filtered [(np0000005393, np0000005393) ram: 62765MB disk: 74752MB io_ops: 0 instances: 0, allocation_candidates: 1] {{(pid=93369) _get_sorted_hosts /opt/stack/nova/nova/scheduler/manager.py:742}}
Jul 18 20:49:41.427757 np0000005393 nova-scheduler[93369]: DEBUG nova.scheduler.manager [None req-a33b61e6-c1b5-4d24-af23-2c350437512b tempest-DeleteServersTestJSON-1923586441 tempest-DeleteServersTestJSON-1923586441-project-member] Weighed [WeighedHost [host: (np0000005393, np0000005393) ram: 62765MB disk: 74752MB io_ops: 0 instances: 0, allocation_candidates: 1, weight: 0.0]] {{(pid=93369) _get_sorted_hosts /opt/stack/nova/nova/scheduler/manager.py:764}}
Jul 18 20:49:41.427930 np0000005393 nova-scheduler[93369]: DEBUG nova.scheduler.utils [None req-a33b61e6-c1b5-4d24-af23-2c350437512b tempest-DeleteServersTestJSON-1923586441 tempest-DeleteServersTestJSON-1923586441-project-member] Attempting to claim resources in the placement API for instance 61501fd8-38d9-4988-a69f-f1d9cb79754e {{(pid=93369) claim_resources /opt/stack/nova/nova/scheduler/utils.py:1345}}
Jul 18 20:49:41.544596 np0000005393 nova-scheduler[93371]: DEBUG oslo.service.backend._threading.loopingcall [None req-363918c8-2960-41e8-b170-39bfbd5a94cd None None] Dynamic interval looping call 'nova.service.Service.periodic_tasks' sleeping for 60.00 seconds {{(pid=93371) _run_loop /opt/stack/data/venv/lib/python3.12/site-packages/oslo_service/backend/_threading/loopingcall.py:125}}
Jul 18 20:49:41.581397 np0000005393 nova-scheduler[93369]: DEBUG nova.scheduler.manager [None req-a33b61e6-c1b5-4d24-af23-2c350437512b tempest-DeleteServersTestJSON-1923586441 tempest-DeleteServersTestJSON-1923586441-project-member] [instance: 61501fd8-38d9-4988-a69f-f1d9cb79754e] Selected host: (np0000005393, np0000005393) ram: 62765MB disk: 74752MB io_ops: 0 instances: 0, allocation_candidates: 1 {{(pid=93369) _consume_selected_host /opt/stack/nova/nova/scheduler/manager.py:624}}
Jul 18 20:49:41.582090 np0000005393 nova-scheduler[93369]: DEBUG oslo_concurrency.lockutils [None req-a33b61e6-c1b5-4d24-af23-2c350437512b tempest-DeleteServersTestJSON-1923586441 tempest-DeleteServersTestJSON-1923586441-project-member] Acquiring lock "np0000005393-np0000005393" by "nova.scheduler.host_manager.HostState.consume_from_request.._locked" {{(pid=93369) inner /opt/stack/data/venv/lib/python3.12/site-packages/oslo_concurrency/lockutils.py:512}}
Jul 18 20:49:41.582423 np0000005393 nova-scheduler[93369]: DEBUG oslo_concurrency.lockutils [None req-a33b61e6-c1b5-4d24-af23-2c350437512b tempest-DeleteServersTestJSON-1923586441 tempest-DeleteServersTestJSON-1923586441-project-member] Lock "np0000005393-np0000005393" acquired by "nova.scheduler.host_manager.HostState.consume_from_request.._locked" :: waited 0.000s {{(pid=93369) inner /opt/stack/data/venv/lib/python3.12/site-packages/oslo_concurrency/lockutils.py:525}}
Jul 18 20:49:41.582655 np0000005393 nova-scheduler[93369]: DEBUG oslo_concurrency.lockutils [None req-a33b61e6-c1b5-4d24-af23-2c350437512b tempest-DeleteServersTestJSON-1923586441 tempest-DeleteServersTestJSON-1923586441-project-member] Lock "np0000005393-np0000005393" "released" by "nova.scheduler.host_manager.HostState.consume_from_request.._locked" :: held 0.000s {{(pid=93369) inner /opt/stack/data/venv/lib/python3.12/site-packages/oslo_concurrency/lockutils.py:544}}
Jul 18 20:49:41.643894 np0000005393 nova-scheduler[93367]: DEBUG nova.scheduler.manager [None req-c67df450-7bdb-43a6-8422-35ee3b61ef12 tempest-ServerActionsTestOtherA-1087197870 tempest-ServerActionsTestOtherA-1087197870-project-member] Starting to schedule for instances: ['e056a774-77ea-4baa-9caf-838ebe87b692'] {{(pid=93367) select_destinations /opt/stack/nova/nova/scheduler/manager.py:209}}
Jul 18 20:49:41.644802 np0000005393 nova-scheduler[93367]: DEBUG nova.scheduler.request_filter [None req-c67df450-7bdb-43a6-8422-35ee3b61ef12 tempest-ServerActionsTestOtherA-1087197870 tempest-ServerActionsTestOtherA-1087197870-project-member] compute_status_filter request filter added forbidden trait COMPUTE_STATUS_DISABLED {{(pid=93367) compute_status_filter /opt/stack/nova/nova/scheduler/request_filter.py:253}}
Jul 18 20:49:41.644920 np0000005393 nova-scheduler[93367]: DEBUG nova.scheduler.request_filter [None req-c67df450-7bdb-43a6-8422-35ee3b61ef12 tempest-ServerActionsTestOtherA-1087197870 tempest-ServerActionsTestOtherA-1087197870-project-member] Request filter 'compute_status_filter' took 0.0 seconds {{(pid=93367) wrapper /opt/stack/nova/nova/scheduler/request_filter.py:46}}
Jul 18 20:49:41.645130 np0000005393 nova-scheduler[93367]: DEBUG nova.scheduler.request_filter [None req-c67df450-7bdb-43a6-8422-35ee3b61ef12 tempest-ServerActionsTestOtherA-1087197870 tempest-ServerActionsTestOtherA-1087197870-project-member] Request filter 'accelerators_filter' took 0.0 seconds {{(pid=93367) wrapper /opt/stack/nova/nova/scheduler/request_filter.py:46}}
Jul 18 20:49:41.645648 np0000005393 nova-scheduler[93367]: DEBUG nova.scheduler.request_filter [None req-c67df450-7bdb-43a6-8422-35ee3b61ef12 tempest-ServerActionsTestOtherA-1087197870 tempest-ServerActionsTestOtherA-1087197870-project-member] Request filter 'packed_virtqueue_filter' took 0.0 seconds {{(pid=93367) wrapper /opt/stack/nova/nova/scheduler/request_filter.py:46}}
Jul 18 20:49:41.646355 np0000005393 nova-scheduler[93367]: DEBUG nova.scheduler.request_filter [None req-c67df450-7bdb-43a6-8422-35ee3b61ef12 tempest-ServerActionsTestOtherA-1087197870 tempest-ServerActionsTestOtherA-1087197870-project-member] Request filter 'remote_managed_ports_filter' took 0.0 seconds {{(pid=93367) wrapper /opt/stack/nova/nova/scheduler/request_filter.py:46}}
Jul 18 20:49:41.646563 np0000005393 nova-scheduler[93367]: DEBUG nova.scheduler.request_filter [None req-c67df450-7bdb-43a6-8422-35ee3b61ef12 tempest-ServerActionsTestOtherA-1087197870 tempest-ServerActionsTestOtherA-1087197870-project-member] ephemeral_encryption_filter skipped {{(pid=93367) ephemeral_encryption_filter /opt/stack/nova/nova/scheduler/request_filter.py:426}}
Jul 18 20:49:41.646917 np0000005393 nova-scheduler[93367]: DEBUG nova.scheduler.request_filter [None req-c67df450-7bdb-43a6-8422-35ee3b61ef12 tempest-ServerActionsTestOtherA-1087197870 tempest-ServerActionsTestOtherA-1087197870-project-member] virtio_sound_filter skipped {{(pid=93367) virtio_sound_filter /opt/stack/nova/nova/scheduler/request_filter.py:460}}
Jul 18 20:49:41.647298 np0000005393 nova-scheduler[93367]: DEBUG nova.scheduler.request_filter [None req-c67df450-7bdb-43a6-8422-35ee3b61ef12 tempest-ServerActionsTestOtherA-1087197870 tempest-ServerActionsTestOtherA-1087197870-project-member] tpm_secret_security_filter skipped {{(pid=93367) tpm_secret_security_filter /opt/stack/nova/nova/scheduler/request_filter.py:477}}
