Jul 18 20:47:16.877525 np0000005393 nova-conductor[95705]: DEBUG cotyledon.oslo_config_glue [-] oslo_messaging_rabbit.rabbit_qos_prefetch_count = 0 {{(pid=95705) log_opt_values /opt/stack/data/venv/lib/python3.12/site-packages/oslo_config/cfg.py:3253}}
Jul 18 20:47:16.877525 np0000005393 nova-conductor[95705]: DEBUG cotyledon.oslo_config_glue [-] oslo_messaging_rabbit.rabbit_quorum_delivery_limit = 0 {{(pid=95705) log_opt_values /opt/stack/data/venv/lib/python3.12/site-packages/oslo_config/cfg.py:3253}}
Jul 18 20:47:16.877525 np0000005393 nova-conductor[95705]: DEBUG cotyledon.oslo_config_glue [-] oslo_messaging_rabbit.rabbit_quorum_max_memory_bytes = 0 {{(pid=95705) log_opt_values /opt/stack/data/venv/lib/python3.12/site-packages/oslo_config/cfg.py:3253}}
Jul 18 20:47:16.877525 np0000005393 nova-conductor[95705]: DEBUG cotyledon.oslo_config_glue [-] oslo_messaging_rabbit.rabbit_quorum_max_memory_length = 0 {{(pid=95705) log_opt_values /opt/stack/data/venv/lib/python3.12/site-packages/oslo_config/cfg.py:3253}}
Jul 18 20:47:16.878126 np0000005393 nova-conductor[95694]: INFO dbcounter [None req-c45b4d55-4a62-4931-b797-2b64ef3f1da8 None None] Registered counter for database nova_cell0
Jul 18 20:47:16.878816 np0000005393 nova-conductor[95705]: DEBUG cotyledon.oslo_config_glue [-] oslo_messaging_rabbit.rabbit_quorum_queue = False {{(pid=95705) log_opt_values /opt/stack/data/venv/lib/python3.12/site-packages/oslo_config/cfg.py:3253}}
Jul 18 20:47:16.878816 np0000005393 nova-conductor[95705]: DEBUG cotyledon.oslo_config_glue [-] oslo_messaging_rabbit.rabbit_retry_backoff = 2 {{(pid=95705) log_opt_values /opt/stack/data/venv/lib/python3.12/site-packages/oslo_config/cfg.py:3253}}
Jul 18 20:47:16.878816 np0000005393 nova-conductor[95705]: DEBUG cotyledon.oslo_config_glue [-] oslo_messaging_rabbit.rabbit_retry_interval = 1 {{(pid=95705) log_opt_values /opt/stack/data/venv/lib/python3.12/site-packages/oslo_config/cfg.py:3253}}
Jul 18 20:47:16.878816 np0000005393 nova-conductor[95705]: DEBUG cotyledon.oslo_config_glue [-] oslo_messaging_rabbit.rabbit_stream_fanout = False {{(pid=95705) log_opt_values /opt/stack/data/venv/lib/python3.12/site-packages/oslo_config/cfg.py:3253}}
Jul 18 20:47:16.878816 np0000005393 nova-conductor[95705]: DEBUG cotyledon.oslo_config_glue [-] oslo_messaging_rabbit.rabbit_transient_queues_ttl = 1800 {{(pid=95705) log_opt_values /opt/stack/data/venv/lib/python3.12/site-packages/oslo_config/cfg.py:3253}}
Jul 18 20:47:16.878816 np0000005393 nova-conductor[95705]: DEBUG cotyledon.oslo_config_glue [-] oslo_messaging_rabbit.rabbit_transient_quorum_queue = False {{(pid=95705) log_opt_values /opt/stack/data/venv/lib/python3.12/site-packages/oslo_config/cfg.py:3253}}
Jul 18 20:47:16.878816 np0000005393 nova-conductor[95705]: DEBUG cotyledon.oslo_config_glue [-] oslo_messaging_rabbit.rpc_conn_pool_size = 30 {{(pid=95705) log_opt_values /opt/stack/data/venv/lib/python3.12/site-packages/oslo_config/cfg.py:3253}}
Jul 18 20:47:16.878816 np0000005393 nova-conductor[95705]: DEBUG cotyledon.oslo_config_glue [-] oslo_messaging_rabbit.ssl = False {{(pid=95705) log_opt_values /opt/stack/data/venv/lib/python3.12/site-packages/oslo_config/cfg.py:3253}}
Jul 18 20:47:16.878816 np0000005393 nova-conductor[95705]: DEBUG cotyledon.oslo_config_glue [-] oslo_messaging_rabbit.ssl_ca_file = {{(pid=95705) log_opt_values /opt/stack/data/venv/lib/python3.12/site-packages/oslo_config/cfg.py:3253}}
Jul 18 20:47:16.879117 np0000005393 nova-conductor[95705]: DEBUG cotyledon.oslo_config_glue [-] oslo_messaging_rabbit.ssl_cert_file = {{(pid=95705) log_opt_values /opt/stack/data/venv/lib/python3.12/site-packages/oslo_config/cfg.py:3253}}
Jul 18 20:47:16.879117 np0000005393 nova-conductor[95705]: DEBUG cotyledon.oslo_config_glue [-] oslo_messaging_rabbit.ssl_enforce_fips_mode = False {{(pid=95705) log_opt_values /opt/stack/data/venv/lib/python3.12/site-packages/oslo_config/cfg.py:3253}}
Jul 18 20:47:16.879117 np0000005393 nova-conductor[95705]: DEBUG cotyledon.oslo_config_glue [-] oslo_messaging_rabbit.ssl_enforce_hostname_verification = True {{(pid=95705) log_opt_values /opt/stack/data/venv/lib/python3.12/site-packages/oslo_config/cfg.py:3253}}
Jul 18 20:47:16.879117 np0000005393 nova-conductor[95705]: DEBUG cotyledon.oslo_config_glue [-] oslo_messaging_rabbit.ssl_key_file = {{(pid=95705) log_opt_values /opt/stack/data/venv/lib/python3.12/site-packages/oslo_config/cfg.py:3253}}
Jul 18 20:47:16.879117 np0000005393 nova-conductor[95705]: DEBUG cotyledon.oslo_config_glue [-] oslo_messaging_rabbit.ssl_version = {{(pid=95705) log_opt_values /opt/stack/data/venv/lib/python3.12/site-packages/oslo_config/cfg.py:3253}}
Jul 18 20:47:16.879117 np0000005393 nova-conductor[95705]: DEBUG cotyledon.oslo_config_glue [-] oslo_messaging_rabbit.use_queue_manager = False {{(pid=95705) log_opt_values /opt/stack/data/venv/lib/python3.12/site-packages/oslo_config/cfg.py:3253}}
Jul 18 20:47:16.879117 np0000005393 nova-conductor[95705]: DEBUG cotyledon.oslo_config_glue [-] oslo_messaging_notifications.driver = ['messagingv2'] {{(pid=95705) log_opt_values /opt/stack/data/venv/lib/python3.12/site-packages/oslo_config/cfg.py:3253}}
Jul 18 20:47:16.879117 np0000005393 nova-conductor[95705]: DEBUG cotyledon.oslo_config_glue [-] oslo_messaging_notifications.retry = -1 {{(pid=95705) log_opt_values /opt/stack/data/venv/lib/python3.12/site-packages/oslo_config/cfg.py:3253}}
Jul 18 20:47:16.879117 np0000005393 nova-conductor[95705]: DEBUG cotyledon.oslo_config_glue [-] oslo_messaging_notifications.topics = ['notifications'] {{(pid=95705) log_opt_values /opt/stack/data/venv/lib/python3.12/site-packages/oslo_config/cfg.py:3253}}
Jul 18 20:47:16.879419 np0000005393 nova-conductor[95705]: DEBUG cotyledon.oslo_config_glue [-] oslo_messaging_notifications.transport_url = **** {{(pid=95705) log_opt_values /opt/stack/data/venv/lib/python3.12/site-packages/oslo_config/cfg.py:3253}}
Jul 18 20:47:16.879419 np0000005393 nova-conductor[95705]: DEBUG cotyledon.oslo_config_glue [-] oslo_limit.auth_section = None {{(pid=95705) log_opt_values /opt/stack/data/venv/lib/python3.12/site-packages/oslo_config/cfg.py:3253}}
Jul 18 20:47:16.879419 np0000005393 nova-conductor[95705]: DEBUG cotyledon.oslo_config_glue [-] oslo_limit.auth_type = None {{(pid=95705) log_opt_values /opt/stack/data/venv/lib/python3.12/site-packages/oslo_config/cfg.py:3253}}
Jul 18 20:47:16.879419 np0000005393 nova-conductor[95705]: DEBUG cotyledon.oslo_config_glue [-] oslo_limit.cafile = None {{(pid=95705) log_opt_values /opt/stack/data/venv/lib/python3.12/site-packages/oslo_config/cfg.py:3253}}
Jul 18 20:47:16.879419 np0000005393 nova-conductor[95705]: DEBUG cotyledon.oslo_config_glue [-] oslo_limit.certfile = None {{(pid=95705) log_opt_values /opt/stack/data/venv/lib/python3.12/site-packages/oslo_config/cfg.py:3253}}
Jul 18 20:47:16.879419 np0000005393 nova-conductor[95705]: DEBUG cotyledon.oslo_config_glue [-] oslo_limit.collect_timing = False {{(pid=95705) log_opt_values /opt/stack/data/venv/lib/python3.12/site-packages/oslo_config/cfg.py:3253}}
Jul 18 20:47:16.879419 np0000005393 nova-conductor[95705]: DEBUG cotyledon.oslo_config_glue [-] oslo_limit.connect_retries = None {{(pid=95705) log_opt_values /opt/stack/data/venv/lib/python3.12/site-packages/oslo_config/cfg.py:3253}}
Jul 18 20:47:16.879419 np0000005393 nova-conductor[95705]: DEBUG cotyledon.oslo_config_glue [-] oslo_limit.connect_retry_delay = None {{(pid=95705) log_opt_values /opt/stack/data/venv/lib/python3.12/site-packages/oslo_config/cfg.py:3253}}
Jul 18 20:47:16.879419 np0000005393 nova-conductor[95705]: DEBUG cotyledon.oslo_config_glue [-] oslo_limit.endpoint_id = None {{(pid=95705) log_opt_values /opt/stack/data/venv/lib/python3.12/site-packages/oslo_config/cfg.py:3253}}
Jul 18 20:47:16.879711 np0000005393 nova-conductor[95705]: DEBUG cotyledon.oslo_config_glue [-] oslo_limit.endpoint_interface = public {{(pid=95705) log_opt_values /opt/stack/data/venv/lib/python3.12/site-packages/oslo_config/cfg.py:3253}}
Jul 18 20:47:16.879711 np0000005393 nova-conductor[95705]: DEBUG cotyledon.oslo_config_glue [-] oslo_limit.endpoint_override = None {{(pid=95705) log_opt_values /opt/stack/data/venv/lib/python3.12/site-packages/oslo_config/cfg.py:3253}}
Jul 18 20:47:16.879711 np0000005393 nova-conductor[95705]: DEBUG cotyledon.oslo_config_glue [-] oslo_limit.endpoint_region_name = None {{(pid=95705) log_opt_values /opt/stack/data/venv/lib/python3.12/site-packages/oslo_config/cfg.py:3253}}
Jul 18 20:47:16.879711 np0000005393 nova-conductor[95705]: DEBUG cotyledon.oslo_config_glue [-] oslo_limit.endpoint_service_name = None {{(pid=95705) log_opt_values /opt/stack/data/venv/lib/python3.12/site-packages/oslo_config/cfg.py:3253}}
Jul 18 20:47:16.879711 np0000005393 nova-conductor[95705]: DEBUG cotyledon.oslo_config_glue [-] oslo_limit.endpoint_service_type = None {{(pid=95705) log_opt_values /opt/stack/data/venv/lib/python3.12/site-packages/oslo_config/cfg.py:3253}}
Jul 18 20:47:16.879711 np0000005393 nova-conductor[95705]: DEBUG cotyledon.oslo_config_glue [-] oslo_limit.insecure = False {{(pid=95705) log_opt_values /opt/stack/data/venv/lib/python3.12/site-packages/oslo_config/cfg.py:3253}}
Jul 18 20:47:16.879711 np0000005393 nova-conductor[95705]: DEBUG cotyledon.oslo_config_glue [-] oslo_limit.keyfile = None {{(pid=95705) log_opt_values /opt/stack/data/venv/lib/python3.12/site-packages/oslo_config/cfg.py:3253}}
Jul 18 20:47:16.879711 np0000005393 nova-conductor[95705]: DEBUG cotyledon.oslo_config_glue [-] oslo_limit.max_version = None {{(pid=95705) log_opt_values /opt/stack/data/venv/lib/python3.12/site-packages/oslo_config/cfg.py:3253}}
Jul 18 20:47:16.879711 np0000005393 nova-conductor[95705]: DEBUG cotyledon.oslo_config_glue [-] oslo_limit.min_version = None {{(pid=95705) log_opt_values /opt/stack/data/venv/lib/python3.12/site-packages/oslo_config/cfg.py:3253}}
Jul 18 20:47:16.880005 np0000005393 nova-conductor[95705]: DEBUG cotyledon.oslo_config_glue [-] oslo_limit.region_name = None {{(pid=95705) log_opt_values /opt/stack/data/venv/lib/python3.12/site-packages/oslo_config/cfg.py:3253}}
Jul 18 20:47:16.880005 np0000005393 nova-conductor[95705]: DEBUG cotyledon.oslo_config_glue [-] oslo_limit.retriable_status_codes = None {{(pid=95705) log_opt_values /opt/stack/data/venv/lib/python3.12/site-packages/oslo_config/cfg.py:3253}}
Jul 18 20:47:16.880005 np0000005393 nova-conductor[95705]: DEBUG cotyledon.oslo_config_glue [-] oslo_limit.service_name = None {{(pid=95705) log_opt_values /opt/stack/data/venv/lib/python3.12/site-packages/oslo_config/cfg.py:3253}}
Jul 18 20:47:16.880005 np0000005393 nova-conductor[95705]: DEBUG cotyledon.oslo_config_glue [-] oslo_limit.service_type = None {{(pid=95705) log_opt_values /opt/stack/data/venv/lib/python3.12/site-packages/oslo_config/cfg.py:3253}}
Jul 18 20:47:16.880005 np0000005393 nova-conductor[95705]: DEBUG cotyledon.oslo_config_glue [-] oslo_limit.split_loggers = False {{(pid=95705) log_opt_values /opt/stack/data/venv/lib/python3.12/site-packages/oslo_config/cfg.py:3253}}
Jul 18 20:47:16.880005 np0000005393 nova-conductor[95705]: DEBUG cotyledon.oslo_config_glue [-] oslo_limit.status_code_retries = None {{(pid=95705) log_opt_values /opt/stack/data/venv/lib/python3.12/site-packages/oslo_config/cfg.py:3253}}
Jul 18 20:47:16.880005 np0000005393 nova-conductor[95705]: DEBUG cotyledon.oslo_config_glue [-] oslo_limit.status_code_retry_delay = None {{(pid=95705) log_opt_values /opt/stack/data/venv/lib/python3.12/site-packages/oslo_config/cfg.py:3253}}
Jul 18 20:47:16.880005 np0000005393 nova-conductor[95705]: DEBUG cotyledon.oslo_config_glue [-] oslo_limit.timeout = None {{(pid=95705) log_opt_values /opt/stack/data/venv/lib/python3.12/site-packages/oslo_config/cfg.py:3253}}
Jul 18 20:47:16.880005 np0000005393 nova-conductor[95705]: DEBUG cotyledon.oslo_config_glue [-] oslo_limit.valid_interfaces = None {{(pid=95705) log_opt_values /opt/stack/data/venv/lib/python3.12/site-packages/oslo_config/cfg.py:3253}}
Jul 18 20:47:16.880305 np0000005393 nova-conductor[95705]: DEBUG cotyledon.oslo_config_glue [-] oslo_limit.version = None {{(pid=95705) log_opt_values /opt/stack/data/venv/lib/python3.12/site-packages/oslo_config/cfg.py:3253}}
Jul 18 20:47:16.880305 np0000005393 nova-conductor[95705]: DEBUG cotyledon.oslo_config_glue [-] oslo_reports.file_event_handler = None {{(pid=95705) log_opt_values /opt/stack/data/venv/lib/python3.12/site-packages/oslo_config/cfg.py:3253}}
Jul 18 20:47:16.880305 np0000005393 nova-conductor[95705]: DEBUG cotyledon.oslo_config_glue [-] oslo_reports.file_event_handler_interval = 1 {{(pid=95705) log_opt_values /opt/stack/data/venv/lib/python3.12/site-packages/oslo_config/cfg.py:3253}}
Jul 18 20:47:16.880305 np0000005393 nova-conductor[95705]: DEBUG cotyledon.oslo_config_glue [-] oslo_reports.log_dir = None {{(pid=95705) log_opt_values /opt/stack/data/venv/lib/python3.12/site-packages/oslo_config/cfg.py:3253}}
Jul 18 20:47:16.880305 np0000005393 nova-conductor[95705]: DEBUG cotyledon.oslo_config_glue [-] ******************************************************************************** {{(pid=95705) log_opt_values /opt/stack/data/venv/lib/python3.12/site-packages/oslo_config/cfg.py:3260}}
Jul 18 20:47:16.880305 np0000005393 nova-conductor[95705]: DEBUG cotyledon._service_worker [-] Run service ServiceWrapper(2) [95705] {{(pid=95705) wait_forever /opt/stack/data/venv/lib/python3.12/site-packages/cotyledon/_service_worker.py:218}}
Jul 18 20:47:16.880305 np0000005393 nova-conductor[95705]: INFO nova.service [-] Starting conductor node (version 33.1.0)
Jul 18 20:47:16.880565 np0000005393 nova-conductor[95689]: DEBUG oslo_db.sqlalchemy.engines [None req-1e19341e-b841-4b40-8b66-86302639c518 None None] MySQL server mode set to STRICT_TRANS_TABLES,STRICT_ALL_TABLES,NO_ZERO_IN_DATE,NO_ZERO_DATE,ERROR_FOR_DIVISION_BY_ZERO,TRADITIONAL,NO_ENGINE_SUBSTITUTION {{(pid=95689) _check_effective_sql_mode /opt/stack/data/venv/lib/python3.12/site-packages/oslo_db/sqlalchemy/engines.py:325}}
Jul 18 20:47:16.880669 np0000005393 nova-conductor[95705]: INFO dbcounter [None req-70dfc6f0-b297-4f4c-9e40-7adaea261df9 None None] Registered counter for database nova_cell0
Jul 18 20:47:16.880712 np0000005393 nova-conductor[95689]: DEBUG dbcounter [-] [95689] Writer thread running {{(pid=95689) stat_writer /opt/stack/data/venv/lib/python3.12/site-packages/dbcounter.py:102}}
Jul 18 20:47:16.895653 np0000005393 nova-conductor[95689]: DEBUG nova.service [None req-1e19341e-b841-4b40-8b66-86302639c518 None None] Creating RPC server for service: nova-conductor on topic: conductor {{(pid=95689) start /opt/stack/nova/nova/service.py:196}}
Jul 18 20:47:16.901138 np0000005393 nova-conductor[95694]: DEBUG oslo_db.sqlalchemy.engines [None req-c45b4d55-4a62-4931-b797-2b64ef3f1da8 None None] MySQL server mode set to STRICT_TRANS_TABLES,STRICT_ALL_TABLES,NO_ZERO_IN_DATE,NO_ZERO_DATE,ERROR_FOR_DIVISION_BY_ZERO,TRADITIONAL,NO_ENGINE_SUBSTITUTION {{(pid=95694) _check_effective_sql_mode /opt/stack/data/venv/lib/python3.12/site-packages/oslo_db/sqlalchemy/engines.py:325}}
Jul 18 20:47:16.912473 np0000005393 nova-conductor[95694]: DEBUG dbcounter [-] [95694] Writer thread running {{(pid=95694) stat_writer /opt/stack/data/venv/lib/python3.12/site-packages/dbcounter.py:102}}
Jul 18 20:47:16.915929 np0000005393 nova-conductor[95694]: DEBUG nova.service [None req-c45b4d55-4a62-4931-b797-2b64ef3f1da8 None None] Creating RPC server for service: nova-conductor on topic: conductor {{(pid=95694) start /opt/stack/nova/nova/service.py:196}}
Jul 18 20:47:16.916910 np0000005393 nova-conductor[95705]: DEBUG oslo_db.sqlalchemy.engines [None req-70dfc6f0-b297-4f4c-9e40-7adaea261df9 None None] MySQL server mode set to STRICT_TRANS_TABLES,STRICT_ALL_TABLES,NO_ZERO_IN_DATE,NO_ZERO_DATE,ERROR_FOR_DIVISION_BY_ZERO,TRADITIONAL,NO_ENGINE_SUBSTITUTION {{(pid=95705) _check_effective_sql_mode /opt/stack/data/venv/lib/python3.12/site-packages/oslo_db/sqlalchemy/engines.py:325}}
Jul 18 20:47:16.923600 np0000005393 nova-conductor[95689]: DEBUG nova.service [None req-1e19341e-b841-4b40-8b66-86302639c518 None None] Join ServiceGroup membership for this service conductor {{(pid=95689) start /opt/stack/nova/nova/service.py:222}}
Jul 18 20:47:16.923890 np0000005393 nova-conductor[95689]: DEBUG nova.servicegroup.drivers.db [None req-1e19341e-b841-4b40-8b66-86302639c518 None None] DB_Driver: join new ServiceGroup member np0000005393 to the conductor group, service = {{(pid=95689) join /opt/stack/nova/nova/servicegroup/drivers/db.py:44}}
Jul 18 20:47:16.932511 np0000005393 nova-conductor[95705]: DEBUG dbcounter [-] [95705] Writer thread running {{(pid=95705) stat_writer /opt/stack/data/venv/lib/python3.12/site-packages/dbcounter.py:102}}
Jul 18 20:47:16.936409 np0000005393 nova-conductor[95705]: DEBUG nova.service [None req-70dfc6f0-b297-4f4c-9e40-7adaea261df9 None None] Creating RPC server for service: nova-conductor on topic: conductor {{(pid=95705) start /opt/stack/nova/nova/service.py:196}}
Jul 18 20:47:16.937160 np0000005393 nova-conductor[95694]: DEBUG nova.service [None req-c45b4d55-4a62-4931-b797-2b64ef3f1da8 None None] Join ServiceGroup membership for this service conductor {{(pid=95694) start /opt/stack/nova/nova/service.py:222}}
Jul 18 20:47:16.937542 np0000005393 nova-conductor[95694]: DEBUG nova.servicegroup.drivers.db [None req-c45b4d55-4a62-4931-b797-2b64ef3f1da8 None None] DB_Driver: join new ServiceGroup member np0000005393 to the conductor group, service = {{(pid=95694) join /opt/stack/nova/nova/servicegroup/drivers/db.py:44}}
Jul 18 20:47:16.957379 np0000005393 nova-conductor[95705]: DEBUG nova.service [None req-70dfc6f0-b297-4f4c-9e40-7adaea261df9 None None] Join ServiceGroup membership for this service conductor {{(pid=95705) start /opt/stack/nova/nova/service.py:222}}
Jul 18 20:47:16.958022 np0000005393 nova-conductor[95705]: DEBUG nova.servicegroup.drivers.db [None req-70dfc6f0-b297-4f4c-9e40-7adaea261df9 None None] DB_Driver: join new ServiceGroup member np0000005393 to the conductor group, service = {{(pid=95705) join /opt/stack/nova/nova/servicegroup/drivers/db.py:44}}
Jul 18 20:47:19.926057 np0000005393 nova-conductor[95689]: DEBUG oslo.service.backend._threading.loopingcall [None req-8b1bc721-26ef-4d35-9706-274d56c99a42 None None] Dynamic interval looping call 'nova.service.Service.periodic_tasks' sleeping for 60.00 seconds {{(pid=95689) _run_loop /opt/stack/data/venv/lib/python3.12/site-packages/oslo_service/backend/_threading/loopingcall.py:125}}
Jul 18 20:47:20.940447 np0000005393 nova-conductor[95694]: DEBUG oslo.service.backend._threading.loopingcall [None req-b407f118-7df2-4d89-b901-f07556042074 None None] Dynamic interval looping call 'nova.service.Service.periodic_tasks' sleeping for 60.00 seconds {{(pid=95694) _run_loop /opt/stack/data/venv/lib/python3.12/site-packages/oslo_service/backend/_threading/loopingcall.py:125}}
Jul 18 20:47:21.936882 np0000005393 nova-conductor[95689]: DEBUG oslo.service.backend._threading.loopingcall [-] Fixed interval looping call 'nova.servicegroup.drivers.db.DbDriver._report_state' sleeping for 119.99 seconds {{(pid=95689) _run_loop /opt/stack/data/venv/lib/python3.12/site-packages/oslo_service/backend/_threading/loopingcall.py:125}}
Jul 18 20:47:21.950238 np0000005393 nova-conductor[95694]: DEBUG oslo.service.backend._threading.loopingcall [-] Fixed interval looping call 'nova.servicegroup.drivers.db.DbDriver._report_state' sleeping for 119.99 seconds {{(pid=95694) _run_loop /opt/stack/data/venv/lib/python3.12/site-packages/oslo_service/backend/_threading/loopingcall.py:125}}
Jul 18 20:47:21.983409 np0000005393 nova-conductor[95705]: DEBUG oslo.service.backend._threading.loopingcall [-] Fixed interval looping call 'nova.servicegroup.drivers.db.DbDriver._report_state' sleeping for 119.98 seconds {{(pid=95705) _run_loop /opt/stack/data/venv/lib/python3.12/site-packages/oslo_service/backend/_threading/loopingcall.py:125}}
Jul 18 20:47:25.526286 np0000005393 nova-conductor[94296]: DEBUG dbcounter [-] [94296] Writing DB stats nova_api:SELECT=1 {{(pid=94296) stat_writer /opt/stack/data/venv/lib/python3.12/site-packages/dbcounter.py:115}}
Jul 18 20:47:25.648692 np0000005393 nova-conductor[94296]: DEBUG dbcounter [-] [94296] Writing DB stats nova_cell0:SELECT=1 {{(pid=94296) stat_writer /opt/stack/data/venv/lib/python3.12/site-packages/dbcounter.py:115}}
Jul 18 20:47:25.652706 np0000005393 nova-conductor[94296]: DEBUG dbcounter [-] [94296] Writing DB stats nova_cell1:SELECT=1 {{(pid=94296) stat_writer /opt/stack/data/venv/lib/python3.12/site-packages/dbcounter.py:115}}
Jul 18 20:47:31.933711 np0000005393 nova-conductor[95689]: DEBUG dbcounter [-] [95689] Writing DB stats nova_cell0:SELECT=4,nova_cell0:INSERT=1,nova_cell0:UPDATE=1 {{(pid=95689) stat_writer /opt/stack/data/venv/lib/python3.12/site-packages/dbcounter.py:115}}
Jul 18 20:47:31.946939 np0000005393 nova-conductor[95694]: DEBUG dbcounter [-] [95694] Writing DB stats nova_cell0:SELECT=3 {{(pid=95694) stat_writer /opt/stack/data/venv/lib/python3.12/site-packages/dbcounter.py:115}}
Jul 18 20:47:31.980414 np0000005393 nova-conductor[95705]: DEBUG dbcounter [-] [95705] Writing DB stats nova_cell0:SELECT=3 {{(pid=95705) stat_writer /opt/stack/data/venv/lib/python3.12/site-packages/dbcounter.py:115}}
Jul 18 20:47:36.960957 np0000005393 nova-conductor[95705]: DEBUG oslo.service.backend._threading.loopingcall [None req-e116f5aa-7230-4665-af71-4607723f8caf None None] Dynamic interval looping call 'nova.service.Service.periodic_tasks' sleeping for 60.00 seconds {{(pid=95705) _run_loop /opt/stack/data/venv/lib/python3.12/site-packages/oslo_service/backend/_threading/loopingcall.py:125}}
Jul 18 20:48:19.926897 np0000005393 nova-conductor[95689]: DEBUG oslo.service.backend._threading.loopingcall [None req-8b1bc721-26ef-4d35-9706-274d56c99a42 None None] Dynamic interval looping call 'nova.service.Service.periodic_tasks' sleeping for 60.00 seconds {{(pid=95689) _run_loop /opt/stack/data/venv/lib/python3.12/site-packages/oslo_service/backend/_threading/loopingcall.py:125}}
Jul 18 20:48:20.940942 np0000005393 nova-conductor[95694]: DEBUG oslo.service.backend._threading.loopingcall [None req-b407f118-7df2-4d89-b901-f07556042074 None None] Dynamic interval looping call 'nova.service.Service.periodic_tasks' sleeping for 60.00 seconds {{(pid=95694) _run_loop /opt/stack/data/venv/lib/python3.12/site-packages/oslo_service/backend/_threading/loopingcall.py:125}}
Jul 18 20:48:36.961407 np0000005393 nova-conductor[95705]: DEBUG oslo.service.backend._threading.loopingcall [None req-e116f5aa-7230-4665-af71-4607723f8caf None None] Dynamic interval looping call 'nova.service.Service.periodic_tasks' sleeping for 60.00 seconds {{(pid=95705) _run_loop /opt/stack/data/venv/lib/python3.12/site-packages/oslo_service/backend/_threading/loopingcall.py:125}}
Jul 18 20:49:19.927776 np0000005393 nova-conductor[95689]: DEBUG oslo.service.backend._threading.loopingcall [None req-8b1bc721-26ef-4d35-9706-274d56c99a42 None None] Dynamic interval looping call 'nova.service.Service.periodic_tasks' sleeping for 60.00 seconds {{(pid=95689) _run_loop /opt/stack/data/venv/lib/python3.12/site-packages/oslo_service/backend/_threading/loopingcall.py:125}}
Jul 18 20:49:20.941373 np0000005393 nova-conductor[95694]: DEBUG oslo.service.backend._threading.loopingcall [None req-b407f118-7df2-4d89-b901-f07556042074 None None] Dynamic interval looping call 'nova.service.Service.periodic_tasks' sleeping for 60.00 seconds {{(pid=95694) _run_loop /opt/stack/data/venv/lib/python3.12/site-packages/oslo_service/backend/_threading/loopingcall.py:125}}
Jul 18 20:49:21.934804 np0000005393 nova-conductor[95689]: DEBUG oslo.service.backend._threading.loopingcall [-] Fixed interval looping call 'nova.servicegroup.drivers.db.DbDriver._report_state' sleeping for 119.99 seconds {{(pid=95689) _run_loop /opt/stack/data/venv/lib/python3.12/site-packages/oslo_service/backend/_threading/loopingcall.py:125}}
Jul 18 20:49:21.944036 np0000005393 nova-conductor[95694]: DEBUG oslo.service.backend._threading.loopingcall [-] Fixed interval looping call 'nova.servicegroup.drivers.db.DbDriver._report_state' sleeping for 120.00 seconds {{(pid=95694) _run_loop /opt/stack/data/venv/lib/python3.12/site-packages/oslo_service/backend/_threading/loopingcall.py:125}}
Jul 18 20:49:21.968134 np0000005393 nova-conductor[95705]: DEBUG oslo.service.backend._threading.loopingcall [-] Fixed interval looping call 'nova.servicegroup.drivers.db.DbDriver._report_state' sleeping for 120.00 seconds {{(pid=95705) _run_loop /opt/stack/data/venv/lib/python3.12/site-packages/oslo_service/backend/_threading/loopingcall.py:125}}
Jul 18 20:49:31.929979 np0000005393 nova-conductor[95689]: DEBUG dbcounter [-] [95689] Writing DB stats nova_cell0:SELECT=1,nova_cell0:UPDATE=1 {{(pid=95689) stat_writer /opt/stack/data/venv/lib/python3.12/site-packages/dbcounter.py:115}}
Jul 18 20:49:31.942229 np0000005393 nova-conductor[95694]: DEBUG dbcounter [-] [95694] Writing DB stats nova_cell0:SELECT=1 {{(pid=95694) stat_writer /opt/stack/data/venv/lib/python3.12/site-packages/dbcounter.py:115}}
Jul 18 20:49:31.966027 np0000005393 nova-conductor[95705]: DEBUG dbcounter [-] [95705] Writing DB stats nova_cell0:SELECT=1 {{(pid=95705) stat_writer /opt/stack/data/venv/lib/python3.12/site-packages/dbcounter.py:115}}
Jul 18 20:49:36.961877 np0000005393 nova-conductor[95705]: DEBUG oslo.service.backend._threading.loopingcall [None req-e116f5aa-7230-4665-af71-4607723f8caf None None] Dynamic interval looping call 'nova.service.Service.periodic_tasks' sleeping for 60.00 seconds {{(pid=95705) _run_loop /opt/stack/data/venv/lib/python3.12/site-packages/oslo_service/backend/_threading/loopingcall.py:125}}
Jul 18 20:49:40.760764 np0000005393 nova-conductor[95689]: DEBUG oslo_db.sqlalchemy.engines [None req-a33b61e6-c1b5-4d24-af23-2c350437512b tempest-DeleteServersTestJSON-1923586441 tempest-DeleteServersTestJSON-1923586441-project-member] Parent process 94296 forked (95689) with an open database connection, which is being discarded and recreated. {{(pid=95689) checkout /opt/stack/data/venv/lib/python3.12/site-packages/oslo_db/sqlalchemy/engines.py:402}}
Jul 18 20:49:40.818474 np0000005393 nova-conductor[95689]: DEBUG dbcounter [-] [95689] Writer thread running {{(pid=95689) stat_writer /opt/stack/data/venv/lib/python3.12/site-packages/dbcounter.py:102}}
Jul 18 20:49:41.598972 np0000005393 nova-conductor[95694]: DEBUG dbcounter [-] [95694] Writer thread running {{(pid=95694) stat_writer /opt/stack/data/venv/lib/python3.12/site-packages/dbcounter.py:102}}
Jul 18 20:49:41.601407 np0000005393 nova-conductor[95689]: DEBUG nova.conductor.manager [None req-a33b61e6-c1b5-4d24-af23-2c350437512b tempest-DeleteServersTestJSON-1923586441 tempest-DeleteServersTestJSON-1923586441-project-member] Took 0.78 seconds to select destinations for 1 instance(s). {{(pid=95689) _schedule_instances /opt/stack/nova/nova/conductor/manager.py:968}}
Jul 18 20:49:41.642550 np0000005393 nova-conductor[95689]: DEBUG oslo_concurrency.lockutils [None req-a33b61e6-c1b5-4d24-af23-2c350437512b tempest-DeleteServersTestJSON-1923586441 tempest-DeleteServersTestJSON-1923586441-project-member] Acquiring lock "8bddf6b7-9592-4067-a1a9-6142b93fc038" by "nova.context.set_target_cell..get_or_set_cached_cell_and_set_connections" {{(pid=95689) inner /opt/stack/data/venv/lib/python3.12/site-packages/oslo_concurrency/lockutils.py:512}}
Jul 18 20:49:41.642751 np0000005393 nova-conductor[95689]: DEBUG oslo_concurrency.lockutils [None req-a33b61e6-c1b5-4d24-af23-2c350437512b tempest-DeleteServersTestJSON-1923586441 tempest-DeleteServersTestJSON-1923586441-project-member] Lock "8bddf6b7-9592-4067-a1a9-6142b93fc038" acquired by "nova.context.set_target_cell..get_or_set_cached_cell_and_set_connections" :: waited 0.000s {{(pid=95689) inner /opt/stack/data/venv/lib/python3.12/site-packages/oslo_concurrency/lockutils.py:525}}
Jul 18 20:49:41.644311 np0000005393 nova-conductor[95689]: DEBUG oslo_concurrency.lockutils [None req-a33b61e6-c1b5-4d24-af23-2c350437512b tempest-DeleteServersTestJSON-1923586441 tempest-DeleteServersTestJSON-1923586441-project-member] Lock "8bddf6b7-9592-4067-a1a9-6142b93fc038" "released" by "nova.context.set_target_cell..get_or_set_cached_cell_and_set_connections" :: held 0.001s {{(pid=95689) inner /opt/stack/data/venv/lib/python3.12/site-packages/oslo_concurrency/lockutils.py:544}}
Jul 18 20:49:41.645569 np0000005393 nova-conductor[95689]: INFO dbcounter [None req-a33b61e6-c1b5-4d24-af23-2c350437512b tempest-DeleteServersTestJSON-1923586441 tempest-DeleteServersTestJSON-1923586441-project-member] Registered counter for database nova_cell1
Jul 18 20:49:41.661429 np0000005393 nova-conductor[95705]: DEBUG dbcounter [-] [95705] Writer thread running {{(pid=95705) stat_writer /opt/stack/data/venv/lib/python3.12/site-packages/dbcounter.py:102}}
Jul 18 20:49:41.681401 np0000005393 nova-conductor[95689]: DEBUG oslo_db.sqlalchemy.engines [None req-a33b61e6-c1b5-4d24-af23-2c350437512b tempest-DeleteServersTestJSON-1923586441 tempest-DeleteServersTestJSON-1923586441-project-member] MySQL server mode set to STRICT_TRANS_TABLES,STRICT_ALL_TABLES,NO_ZERO_IN_DATE,NO_ZERO_DATE,ERROR_FOR_DIVISION_BY_ZERO,TRADITIONAL,NO_ENGINE_SUBSTITUTION {{(pid=95689) _check_effective_sql_mode /opt/stack/data/venv/lib/python3.12/site-packages/oslo_db/sqlalchemy/engines.py:325}}
Jul 18 20:49:41.692540 np0000005393 nova-conductor[95689]: DEBUG dbcounter [-] [95689] Writer thread running {{(pid=95689) stat_writer /opt/stack/data/venv/lib/python3.12/site-packages/dbcounter.py:102}}
Jul 18 20:49:41.753437 np0000005393 nova-conductor[95689]: INFO nova.utils [None req-a33b61e6-c1b5-4d24-af23-2c350437512b tempest-DeleteServersTestJSON-1923586441 tempest-DeleteServersTestJSON-1923586441-project-member] The cell worker thread pool ForkProcess-1.cell_worker is initialized
Jul 18 20:49:41.753829 np0000005393 nova-conductor[95689]: DEBUG oslo_concurrency.lockutils [None req-a33b61e6-c1b5-4d24-af23-2c350437512b tempest-DeleteServersTestJSON-1923586441 tempest-DeleteServersTestJSON-1923586441-project-member] Acquiring lock "00000000-0000-0000-0000-000000000000" by "nova.context.set_target_cell..get_or_set_cached_cell_and_set_connections" {{(pid=95689) inner /opt/stack/data/venv/lib/python3.12/site-packages/oslo_concurrency/lockutils.py:512}}
Jul 18 20:49:41.754027 np0000005393 nova-conductor[95689]: DEBUG oslo_concurrency.lockutils [None req-a33b61e6-c1b5-4d24-af23-2c350437512b tempest-DeleteServersTestJSON-1923586441 tempest-DeleteServersTestJSON-1923586441-project-member] Lock "00000000-0000-0000-0000-000000000000" acquired by "nova.context.set_target_cell..get_or_set_cached_cell_and_set_connections" :: waited 0.000s {{(pid=95689) inner /opt/stack/data/venv/lib/python3.12/site-packages/oslo_concurrency/lockutils.py:525}}
Jul 18 20:49:41.754515 np0000005393 nova-conductor[95689]: DEBUG oslo_concurrency.lockutils [None req-a33b61e6-c1b5-4d24-af23-2c350437512b tempest-DeleteServersTestJSON-1923586441 tempest-DeleteServersTestJSON-1923586441-project-member] Lock "00000000-0000-0000-0000-000000000000" "released" by "nova.context.set_target_cell..get_or_set_cached_cell_and_set_connections" :: held 0.000s {{(pid=95689) inner /opt/stack/data/venv/lib/python3.12/site-packages/oslo_concurrency/lockutils.py:544}}
Jul 18 20:49:41.755521 np0000005393 nova-conductor[95689]: DEBUG oslo_concurrency.lockutils [None req-a33b61e6-c1b5-4d24-af23-2c350437512b tempest-DeleteServersTestJSON-1923586441 tempest-DeleteServersTestJSON-1923586441-project-member] Acquiring lock "8bddf6b7-9592-4067-a1a9-6142b93fc038" by "nova.context.set_target_cell..get_or_set_cached_cell_and_set_connections" {{(pid=95689) inner /opt/stack/data/venv/lib/python3.12/site-packages/oslo_concurrency/lockutils.py:512}}
Jul 18 20:49:41.755581 np0000005393 nova-conductor[95689]: DEBUG oslo_concurrency.lockutils [None req-a33b61e6-c1b5-4d24-af23-2c350437512b tempest-DeleteServersTestJSON-1923586441 tempest-DeleteServersTestJSON-1923586441-project-member] Lock "8bddf6b7-9592-4067-a1a9-6142b93fc038" acquired by "nova.context.set_target_cell..get_or_set_cached_cell_and_set_connections" :: waited 0.000s {{(pid=95689) inner /opt/stack/data/venv/lib/python3.12/site-packages/oslo_concurrency/lockutils.py:525}}
Jul 18 20:49:41.755750 np0000005393 nova-conductor[95689]: DEBUG oslo_concurrency.lockutils [None req-a33b61e6-c1b5-4d24-af23-2c350437512b tempest-DeleteServersTestJSON-1923586441 tempest-DeleteServersTestJSON-1923586441-project-member] Lock "8bddf6b7-9592-4067-a1a9-6142b93fc038" "released" by "nova.context.set_target_cell..get_or_set_cached_cell_and_set_connections" :: held 0.000s {{(pid=95689) inner /opt/stack/data/venv/lib/python3.12/site-packages/oslo_concurrency/lockutils.py:544}}
Jul 18 20:49:41.757919 np0000005393 nova-conductor[95689]: INFO dbcounter [None req-a33b61e6-c1b5-4d24-af23-2c350437512b tempest-DeleteServersTestJSON-1923586441 tempest-DeleteServersTestJSON-1923586441-project-member] Registered counter for database nova_cell0
Jul 18 20:49:41.810614 np0000005393 nova-conductor[95689]: DEBUG oslo_db.sqlalchemy.engines [None req-a33b61e6-c1b5-4d24-af23-2c350437512b tempest-DeleteServersTestJSON-1923586441 tempest-DeleteServersTestJSON-1923586441-project-member] MySQL server mode set to STRICT_TRANS_TABLES,STRICT_ALL_TABLES,NO_ZERO_IN_DATE,NO_ZERO_DATE,ERROR_FOR_DIVISION_BY_ZERO,TRADITIONAL,NO_ENGINE_SUBSTITUTION {{(pid=95689) _check_effective_sql_mode /opt/stack/data/venv/lib/python3.12/site-packages/oslo_db/sqlalchemy/engines.py:325}}
Jul 18 20:49:41.829058 np0000005393 nova-conductor[95689]: DEBUG dbcounter [-] [95689] Writer thread running {{(pid=95689) stat_writer /opt/stack/data/venv/lib/python3.12/site-packages/dbcounter.py:102}}
Jul 18 20:49:41.842831 np0000005393 nova-conductor[95689]: DEBUG nova.quota [None req-a33b61e6-c1b5-4d24-af23-2c350437512b tempest-DeleteServersTestJSON-1923586441 tempest-DeleteServersTestJSON-1923586441-project-member] Getting quotas for project c594a4be78b6452ca55442d17886cbfc. Resources: {'cores', 'instances', 'ram'} {{(pid=95689) _get_quotas /opt/stack/nova/nova/quota.py:389}}
Jul 18 20:49:41.846224 np0000005393 nova-conductor[95689]: DEBUG nova.quota [None req-a33b61e6-c1b5-4d24-af23-2c350437512b tempest-DeleteServersTestJSON-1923586441 tempest-DeleteServersTestJSON-1923586441-project-member] Getting quotas for user 08c3f0325fcd44d9acc845c6a595e315 and project c594a4be78b6452ca55442d17886cbfc. Resources: {'cores', 'instances', 'ram'} {{(pid=95689) _get_quotas /opt/stack/nova/nova/quota.py:379}}
Jul 18 20:49:41.851781 np0000005393 nova-conductor[95689]: DEBUG nova.conductor.manager [None req-a33b61e6-c1b5-4d24-af23-2c350437512b tempest-DeleteServersTestJSON-1923586441 tempest-DeleteServersTestJSON-1923586441-project-member] [instance: 61501fd8-38d9-4988-a69f-f1d9cb79754e] Selected host: np0000005393; Selected node: np0000005393; Alternates: [] {{(pid=95689) schedule_and_build_instances /opt/stack/nova/nova/conductor/manager.py:1784}}
Jul 18 20:49:41.852309 np0000005393 nova-conductor[95689]: DEBUG oslo_concurrency.lockutils [None req-a33b61e6-c1b5-4d24-af23-2c350437512b tempest-DeleteServersTestJSON-1923586441 tempest-DeleteServersTestJSON-1923586441-project-member] Acquiring lock "8bddf6b7-9592-4067-a1a9-6142b93fc038" by "nova.context.set_target_cell..get_or_set_cached_cell_and_set_connections" {{(pid=95689) inner /opt/stack/data/venv/lib/python3.12/site-packages/oslo_concurrency/lockutils.py:512}}
Jul 18 20:49:41.852500 np0000005393 nova-conductor[95689]: DEBUG oslo_concurrency.lockutils [None req-a33b61e6-c1b5-4d24-af23-2c350437512b tempest-DeleteServersTestJSON-1923586441 tempest-DeleteServersTestJSON-1923586441-project-member] Lock "8bddf6b7-9592-4067-a1a9-6142b93fc038" acquired by "nova.context.set_target_cell..get_or_set_cached_cell_and_set_connections" :: waited 0.000s {{(pid=95689) inner /opt/stack/data/venv/lib/python3.12/site-packages/oslo_concurrency/lockutils.py:525}}
Jul 18 20:49:41.852613 np0000005393 nova-conductor[95689]: DEBUG oslo_concurrency.lockutils [None req-a33b61e6-c1b5-4d24-af23-2c350437512b tempest-DeleteServersTestJSON-1923586441 tempest-DeleteServersTestJSON-1923586441-project-member] Lock "8bddf6b7-9592-4067-a1a9-6142b93fc038" "released" by "nova.context.set_target_cell..get_or_set_cached_cell_and_set_connections" :: held 0.000s {{(pid=95689) inner /opt/stack/data/venv/lib/python3.12/site-packages/oslo_concurrency/lockutils.py:544}}
Jul 18 20:49:41.862646 np0000005393 nova-conductor[95689]: DEBUG nova.conductor.manager [None req-a33b61e6-c1b5-4d24-af23-2c350437512b tempest-DeleteServersTestJSON-1923586441 tempest-DeleteServersTestJSON-1923586441-project-member] [instance: 61501fd8-38d9-4988-a69f-f1d9cb79754e] block_device_mapping [BlockDeviceMapping(attachment_id=,boot_index=0,connection_info=None,created_at=,delete_on_termination=True,deleted=,deleted_at=,destination_type='local',device_name=None,device_type='disk',disk_bus=None,encrypted=False,encryption_format=None,encryption_options=None,encryption_secret_uuid=None,guest_format=None,id=,image_id='2a0f55ff-0641-497d-b055-49f7c175795f',instance=,instance_uuid=,no_device=False,snapshot_id=None,source_type='image',tag=None,updated_at=,uuid=,volume_id=None,volume_size=None,volume_type=None)] {{(pid=95689) _create_block_device_mapping /opt/stack/nova/nova/conductor/manager.py:1529}}
Jul 18 20:49:41.865413 np0000005393 nova-conductor[95689]: DEBUG oslo_concurrency.lockutils [None req-a33b61e6-c1b5-4d24-af23-2c350437512b tempest-DeleteServersTestJSON-1923586441 tempest-DeleteServersTestJSON-1923586441-project-member] Acquiring lock "8bddf6b7-9592-4067-a1a9-6142b93fc038" by "nova.context.set_target_cell..get_or_set_cached_cell_and_set_connections" {{(pid=95689) inner /opt/stack/data/venv/lib/python3.12/site-packages/oslo_concurrency/lockutils.py:512}}
Jul 18 20:49:41.865413 np0000005393 nova-conductor[95689]: DEBUG oslo_concurrency.lockutils [None req-a33b61e6-c1b5-4d24-af23-2c350437512b tempest-DeleteServersTestJSON-1923586441 tempest-DeleteServersTestJSON-1923586441-project-member] Lock "8bddf6b7-9592-4067-a1a9-6142b93fc038" acquired by "nova.context.set_target_cell..get_or_set_cached_cell_and_set_connections" :: waited 0.000s {{(pid=95689) inner /opt/stack/data/venv/lib/python3.12/site-packages/oslo_concurrency/lockutils.py:525}}
Jul 18 20:49:41.865413 np0000005393 nova-conductor[95689]: DEBUG oslo_concurrency.lockutils [None req-a33b61e6-c1b5-4d24-af23-2c350437512b tempest-DeleteServersTestJSON-1923586441 tempest-DeleteServersTestJSON-1923586441-project-member] Lock "8bddf6b7-9592-4067-a1a9-6142b93fc038" "released" by "nova.context.set_target_cell..get_or_set_cached_cell_and_set_connections" :: held 0.000s {{(pid=95689) inner /opt/stack/data/venv/lib/python3.12/site-packages/oslo_concurrency/lockutils.py:544}}
Jul 18 20:49:41.906247 np0000005393 nova-conductor[95689]: DEBUG oslo_concurrency.lockutils [None req-a33b61e6-c1b5-4d24-af23-2c350437512b tempest-DeleteServersTestJSON-1923586441 tempest-DeleteServersTestJSON-1923586441-project-member] Acquiring lock "8bddf6b7-9592-4067-a1a9-6142b93fc038" by "nova.context.set_target_cell..get_or_set_cached_cell_and_set_connections" {{(pid=95689) inner /opt/stack/data/venv/lib/python3.12/site-packages/oslo_concurrency/lockutils.py:512}}
Jul 18 20:49:41.906466 np0000005393 nova-conductor[95689]: DEBUG oslo_concurrency.lockutils [None req-a33b61e6-c1b5-4d24-af23-2c350437512b tempest-DeleteServersTestJSON-1923586441 tempest-DeleteServersTestJSON-1923586441-project-member] Lock "8bddf6b7-9592-4067-a1a9-6142b93fc038" acquired by "nova.context.set_target_cell..get_or_set_cached_cell_and_set_connections" :: waited 0.001s {{(pid=95689) inner /opt/stack/data/venv/lib/python3.12/site-packages/oslo_concurrency/lockutils.py:525}}
Jul 18 20:49:41.906616 np0000005393 nova-conductor[95689]: DEBUG oslo_concurrency.lockutils [None req-a33b61e6-c1b5-4d24-af23-2c350437512b tempest-DeleteServersTestJSON-1923586441 tempest-DeleteServersTestJSON-1923586441-project-member] Lock "8bddf6b7-9592-4067-a1a9-6142b93fc038" "released" by "nova.context.set_target_cell..get_or_set_cached_cell_and_set_connections" :: held 0.000s {{(pid=95689) inner /opt/stack/data/venv/lib/python3.12/site-packages/oslo_concurrency/lockutils.py:544}}
Jul 18 20:49:41.906864 np0000005393 nova-conductor[95689]: DEBUG oslo_concurrency.lockutils [None req-a33b61e6-c1b5-4d24-af23-2c350437512b tempest-DeleteServersTestJSON-1923586441 tempest-DeleteServersTestJSON-1923586441-project-member] Acquiring lock "compute-rpcapi-router" {{(pid=95689) lock /opt/stack/data/venv/lib/python3.12/site-packages/oslo_concurrency/lockutils.py:396}}
Jul 18 20:49:41.906942 np0000005393 nova-conductor[95689]: DEBUG oslo_concurrency.lockutils [None req-a33b61e6-c1b5-4d24-af23-2c350437512b tempest-DeleteServersTestJSON-1923586441 tempest-DeleteServersTestJSON-1923586441-project-member] Acquired lock "compute-rpcapi-router" {{(pid=95689) lock /opt/stack/data/venv/lib/python3.12/site-packages/oslo_concurrency/lockutils.py:399}}
Jul 18 20:49:41.907796 np0000005393 nova-conductor[95689]: DEBUG oslo_concurrency.lockutils [None req-aa1783cb-cbd9-49aa-bc1c-97e99d0e7a7d None None] Acquiring lock "00000000-0000-0000-0000-000000000000" by "nova.context.set_target_cell..get_or_set_cached_cell_and_set_connections" {{(pid=95689) inner /opt/stack/data/venv/lib/python3.12/site-packages/oslo_concurrency/lockutils.py:512}}
Jul 18 20:49:41.907796 np0000005393 nova-conductor[95689]: DEBUG oslo_concurrency.lockutils [None req-aa1783cb-cbd9-49aa-bc1c-97e99d0e7a7d None None] Lock "00000000-0000-0000-0000-000000000000" acquired by "nova.context.set_target_cell..get_or_set_cached_cell_and_set_connections" :: waited 0.000s {{(pid=95689) inner /opt/stack/data/venv/lib/python3.12/site-packages/oslo_concurrency/lockutils.py:525}}
Jul 18 20:49:41.907796 np0000005393 nova-conductor[95689]: DEBUG oslo_concurrency.lockutils [None req-aa1783cb-cbd9-49aa-bc1c-97e99d0e7a7d None None] Lock "00000000-0000-0000-0000-000000000000" "released" by "nova.context.set_target_cell..get_or_set_cached_cell_and_set_connections" :: held 0.000s {{(pid=95689) inner /opt/stack/data/venv/lib/python3.12/site-packages/oslo_concurrency/lockutils.py:544}}
Jul 18 20:49:41.908207 np0000005393 nova-conductor[95689]: DEBUG oslo_concurrency.lockutils [None req-aa1783cb-cbd9-49aa-bc1c-97e99d0e7a7d None None] Acquiring lock "8bddf6b7-9592-4067-a1a9-6142b93fc038" by "nova.context.set_target_cell..get_or_set_cached_cell_and_set_connections" {{(pid=95689) inner /opt/stack/data/venv/lib/python3.12/site-packages/oslo_concurrency/lockutils.py:512}}
Jul 18 20:49:41.908337 np0000005393 nova-conductor[95689]: DEBUG oslo_concurrency.lockutils [None req-aa1783cb-cbd9-49aa-bc1c-97e99d0e7a7d None None] Lock "8bddf6b7-9592-4067-a1a9-6142b93fc038" acquired by "nova.context.set_target_cell..get_or_set_cached_cell_and_set_connections" :: waited 0.000s {{(pid=95689) inner /opt/stack/data/venv/lib/python3.12/site-packages/oslo_concurrency/lockutils.py:525}}
Jul 18 20:49:41.908499 np0000005393 nova-conductor[95689]: DEBUG oslo_concurrency.lockutils [None req-aa1783cb-cbd9-49aa-bc1c-97e99d0e7a7d None None] Lock "8bddf6b7-9592-4067-a1a9-6142b93fc038" "released" by "nova.context.set_target_cell..get_or_set_cached_cell_and_set_connections" :: held 0.000s {{(pid=95689) inner /opt/stack/data/venv/lib/python3.12/site-packages/oslo_concurrency/lockutils.py:544}}
Jul 18 20:49:41.916795 np0000005393 nova-conductor[95689]: INFO nova.compute.rpcapi [None req-aa1783cb-cbd9-49aa-bc1c-97e99d0e7a7d None None] Automatically selected compute RPC version 6.5 from minimum service version 72
Jul 18 20:49:41.917309 np0000005393 nova-conductor[95689]: DEBUG oslo_concurrency.lockutils [None req-aa1783cb-cbd9-49aa-bc1c-97e99d0e7a7d None None] Releasing lock "compute-rpcapi-router" {{(pid=95689) lock /opt/stack/data/venv/lib/python3.12/site-packages/oslo_concurrency/lockutils.py:419}}
Jul 18 20:49:42.098165 np0000005393 nova-conductor[95694]: DEBUG nova.conductor.manager [None req-c67df450-7bdb-43a6-8422-35ee3b61ef12 tempest-ServerActionsTestOtherA-1087197870 tempest-ServerActionsTestOtherA-1087197870-project-member] Took 0.49 seconds to select destinations for 1 instance(s). {{(pid=95694) _schedule_instances /opt/stack/nova/nova/conductor/manager.py:968}}
Jul 18 20:49:42.120016 np0000005393 nova-conductor[95705]: DEBUG nova.conductor.manager [None req-55b6909d-163d-4199-978f-fb3623bab5c2 tempest-ServerStableDeviceRescueTest-835816669 tempest-ServerStableDeviceRescueTest-835816669-project-member] Took 0.46 seconds to select destinations for 1 instance(s). {{(pid=95705) _schedule_instances /opt/stack/nova/nova/conductor/manager.py:968}}
Jul 18 20:49:42.125949 np0000005393 nova-conductor[95694]: DEBUG oslo_concurrency.lockutils [None req-c67df450-7bdb-43a6-8422-35ee3b61ef12 tempest-ServerActionsTestOtherA-1087197870 tempest-ServerActionsTestOtherA-1087197870-project-member] Acquiring lock "8bddf6b7-9592-4067-a1a9-6142b93fc038" by "nova.context.set_target_cell..get_or_set_cached_cell_and_set_connections" {{(pid=95694) inner /opt/stack/data/venv/lib/python3.12/site-packages/oslo_concurrency/lockutils.py:512}}
Jul 18 20:49:42.126181 np0000005393 nova-conductor[95694]: DEBUG oslo_concurrency.lockutils [None req-c67df450-7bdb-43a6-8422-35ee3b61ef12 tempest-ServerActionsTestOtherA-1087197870 tempest-ServerActionsTestOtherA-1087197870-project-member] Lock "8bddf6b7-9592-4067-a1a9-6142b93fc038" acquired by "nova.context.set_target_cell..get_or_set_cached_cell_and_set_connections" :: waited 0.000s {{(pid=95694) inner /opt/stack/data/venv/lib/python3.12/site-packages/oslo_concurrency/lockutils.py:525}}
Jul 18 20:49:42.127468 np0000005393 nova-conductor[95694]: DEBUG oslo_concurrency.lockutils [None req-c67df450-7bdb-43a6-8422-35ee3b61ef12 tempest-ServerActionsTestOtherA-1087197870 tempest-ServerActionsTestOtherA-1087197870-project-member] Lock "8bddf6b7-9592-4067-a1a9-6142b93fc038" "released" by "nova.context.set_target_cell..get_or_set_cached_cell_and_set_connections" :: held 0.001s {{(pid=95694) inner /opt/stack/data/venv/lib/python3.12/site-packages/oslo_concurrency/lockutils.py:544}}
Jul 18 20:49:42.129241 np0000005393 nova-conductor[95694]: INFO dbcounter [None req-c67df450-7bdb-43a6-8422-35ee3b61ef12 tempest-ServerActionsTestOtherA-1087197870 tempest-ServerActionsTestOtherA-1087197870-project-member] Registered counter for database nova_cell1
Jul 18 20:49:42.152326 np0000005393 nova-conductor[95705]: DEBUG oslo_concurrency.lockutils [None req-55b6909d-163d-4199-978f-fb3623bab5c2 tempest-ServerStableDeviceRescueTest-835816669 tempest-ServerStableDeviceRescueTest-835816669-project-member] Acquiring lock "8bddf6b7-9592-4067-a1a9-6142b93fc038" by "nova.context.set_target_cell..get_or_set_cached_cell_and_set_connections" {{(pid=95705) inner /opt/stack/data/venv/lib/python3.12/site-packages/oslo_concurrency/lockutils.py:512}}
Jul 18 20:49:42.152326 np0000005393 nova-conductor[95705]: DEBUG oslo_concurrency.lockutils [None req-55b6909d-163d-4199-978f-fb3623bab5c2 tempest-ServerStableDeviceRescueTest-835816669 tempest-ServerStableDeviceRescueTest-835816669-project-member] Lock "8bddf6b7-9592-4067-a1a9-6142b93fc038" acquired by "nova.context.set_target_cell..get_or_set_cached_cell_and_set_connections" :: waited 0.000s {{(pid=95705) inner /opt/stack/data/venv/lib/python3.12/site-packages/oslo_concurrency/lockutils.py:525}}
Jul 18 20:49:42.153198 np0000005393 nova-conductor[95705]: DEBUG oslo_concurrency.lockutils [None req-55b6909d-163d-4199-978f-fb3623bab5c2 tempest-ServerStableDeviceRescueTest-835816669 tempest-ServerStableDeviceRescueTest-835816669-project-member] Lock "8bddf6b7-9592-4067-a1a9-6142b93fc038" "released" by "nova.context.set_target_cell..get_or_set_cached_cell_and_set_connections" :: held 0.002s {{(pid=95705) inner /opt/stack/data/venv/lib/python3.12/site-packages/oslo_concurrency/lockutils.py:544}}
Jul 18 20:49:42.156254 np0000005393 nova-conductor[95705]: INFO dbcounter [None req-55b6909d-163d-4199-978f-fb3623bab5c2 tempest-ServerStableDeviceRescueTest-835816669 tempest-ServerStableDeviceRescueTest-835816669-project-member] Registered counter for database nova_cell1
Jul 18 20:49:42.156828 np0000005393 nova-conductor[95694]: DEBUG oslo_db.sqlalchemy.engines [None req-c67df450-7bdb-43a6-8422-35ee3b61ef12 tempest-ServerActionsTestOtherA-1087197870 tempest-ServerActionsTestOtherA-1087197870-project-member] MySQL server mode set to STRICT_TRANS_TABLES,STRICT_ALL_TABLES,NO_ZERO_IN_DATE,NO_ZERO_DATE,ERROR_FOR_DIVISION_BY_ZERO,TRADITIONAL,NO_ENGINE_SUBSTITUTION {{(pid=95694) _check_effective_sql_mode /opt/stack/data/venv/lib/python3.12/site-packages/oslo_db/sqlalchemy/engines.py:325}}
Jul 18 20:49:42.162465 np0000005393 nova-conductor[95694]: DEBUG dbcounter [-] [95694] Writer thread running {{(pid=95694) stat_writer /opt/stack/data/venv/lib/python3.12/site-packages/dbcounter.py:102}}
Jul 18 20:49:42.188873 np0000005393 nova-conductor[95689]: DEBUG nova.conductor.manager [None req-44f216e3-b97e-4380-bd77-5ff1fd4f8b58 tempest-ServerActionsTestOtherB-135902600 tempest-ServerActionsTestOtherB-135902600-project-member] Took 0.37 seconds to select destinations for 1 instance(s). {{(pid=95689) _schedule_instances /opt/stack/nova/nova/conductor/manager.py:968}}
Jul 18 20:49:42.203004 np0000005393 nova-conductor[95705]: DEBUG oslo_db.sqlalchemy.engines [None req-55b6909d-163d-4199-978f-fb3623bab5c2 tempest-ServerStableDeviceRescueTest-835816669 tempest-ServerStableDeviceRescueTest-835816669-project-member] MySQL server mode set to STRICT_TRANS_TABLES,STRICT_ALL_TABLES,NO_ZERO_IN_DATE,NO_ZERO_DATE,ERROR_FOR_DIVISION_BY_ZERO,TRADITIONAL,NO_ENGINE_SUBSTITUTION {{(pid=95705) _check_effective_sql_mode /opt/stack/data/venv/lib/python3.12/site-packages/oslo_db/sqlalchemy/engines.py:325}}
