Jul 18 20:47:01.086725 np0000005393 devstack@neutron-api.service[87535]: DEBUG ovsdbapp.backend.ovs_idl.transaction [None req-568566ec-df37-454e-810e-0f5300fdae9d None None] Running txn n=1 command(idx=1): UpdateLRouterPortCommand(_result=None, name=lrp-102f7652-0c79-4628-bcb4-58d4cc50ea5b, columns={'external_ids': {'neutron:revision_number': '2', 'neutron:subnet_ids': 'd6df9f50-18d1-4292-bd2d-6b81e35a279d', 'neutron:network_name': 'neutron-6e705d85-e347-4109-9a17-b7835f537882', 'neutron:is_ext_gw': 'False', 'neutron:router_name': 'neutron-ea555fbe-c27b-49c4-8d8c-aba8f6354160'}, 'options': {}, 'networks': ['10.1.0.1/26'], 'ipv6_ra_configs': {}}, if_exists=False) {{(pid=87535) do_commit /opt/stack/data/venv/lib/python3.12/site-packages/ovsdbapp/backend/ovs_idl/transaction.py:89}}
Jul 18 20:47:01.086998 np0000005393 devstack@neutron-api.service[87535]: DEBUG ovsdbapp.backend.ovs_idl.transaction [None req-568566ec-df37-454e-810e-0f5300fdae9d None None] Running txn n=1 command(idx=2): SetLRouterPortInLSwitchPortCommand(_result=None, lswitch_port=102f7652-0c79-4628-bcb4-58d4cc50ea5b, lrouter_port=lrp-102f7652-0c79-4628-bcb4-58d4cc50ea5b, is_gw_port=False, if_exists=True, lsp_address=router) {{(pid=87535) do_commit /opt/stack/data/venv/lib/python3.12/site-packages/ovsdbapp/backend/ovs_idl/transaction.py:89}}
Jul 18 20:47:01.087261 np0000005393 devstack@neutron-api.service[87535]: DEBUG ovsdbapp.backend.ovs_idl.transaction [None req-568566ec-df37-454e-810e-0f5300fdae9d None None] Transaction caused no change {{(pid=87535) do_commit /opt/stack/data/venv/lib/python3.12/site-packages/ovsdbapp/backend/ovs_idl/transaction.py:129}}
Jul 18 20:47:01.352652 np0000005393 devstack@neutron-api.service[87534]: DEBUG neutron.api.wsgi [None req-1c921f5e-6887-4cf8-aaf9-34a8c6de7e3a admin admin] Missing Content-Type {{(pid=87534) get_content_type /opt/stack/neutron/neutron/api/wsgi.py:80}}
Jul 18 20:47:01.384647 np0000005393 devstack@neutron-api.service[87534]: [pid: 87534|app: 0|req: 7/22] 10.4.3.76 () {64 vars in 1374 bytes} [Sat Jul 18 20:47:01 2026] GET /networking/v2.0/routers/ea555fbe-c27b-49c4-8d8c-aba8f6354160 => generated 599 bytes in 34 msecs (HTTP/1.1 200) 4 headers in 157 bytes (1 switches on core 0)
Jul 18 20:47:01.416767 np0000005393 devstack@neutron-api.service[87533]: DEBUG neutron.pecan_wsgi.hooks.policy_enforcement [None req-9e86e72e-b1ef-49c0-afa1-f26d5c995ac0 admin admin] Attributes excluded by policy engine: ['standard_attr_id'] {{(pid=87533) _exclude_attributes_by_policy /opt/stack/neutron/neutron/pecan_wsgi/hooks/policy_enforcement.py:259}}
Jul 18 20:47:01.417762 np0000005393 devstack@neutron-api.service[87533]: [pid: 87533|app: 0|req: 9/23] 10.4.3.76 () {64 vars in 1377 bytes} [Sat Jul 18 20:47:01 2026] GET /networking/v2.0/networks/35836c76-656a-4a49-9319-57759f36e95e => generated 717 bytes in 25 msecs (HTTP/1.1 200) 4 headers in 157 bytes (1 switches on core 0)
Jul 18 20:47:01.427803 np0000005393 devstack@neutron-api.service[87535]: DEBUG neutron.api.wsgi [None req-c65c2ad5-7d3b-486b-a8d3-7c0fd7d6a124 admin admin] Missing Content-Type {{(pid=87535) get_content_type /opt/stack/neutron/neutron/api/wsgi.py:80}}
Jul 18 20:47:01.428043 np0000005393 devstack@neutron-api.service[87535]: DEBUG neutron.api.wsgi [None req-c65c2ad5-7d3b-486b-a8d3-7c0fd7d6a124 admin admin] https://10.4.3.76/networking/v2.0/extensions/external-gateway-multihoming returned with HTTP 200 {{(pid=87535) __call__ /opt/stack/neutron/neutron/api/wsgi.py:540}}
Jul 18 20:47:01.428352 np0000005393 devstack@neutron-api.service[87535]: [pid: 87535|app: 0|req: 8/24] 10.4.3.76 () {64 vars in 1359 bytes} [Sat Jul 18 20:47:01 2026] GET /networking/v2.0/extensions/external-gateway-multihoming => generated 227 bytes in 2 msecs (HTTP/1.1 200) 4 headers in 157 bytes (1 switches on core 0)
Jul 18 20:47:01.582722 np0000005393 devstack@neutron-api.service[87534]: DEBUG neutron_lib.callbacks.manager [None req-edb69f96-f2c2-4a31-bbf6-a1b87932b755 admin admin] Publish callbacks [] for router_gateway (ea555fbe-c27b-49c4-8d8c-aba8f6354160), precommit_update {{(pid=87534) _notify_loop /opt/stack/data/venv/lib/python3.12/site-packages/neutron_lib/callbacks/manager.py:184}}
Jul 18 20:47:01.641500 np0000005393 devstack@neutron-api.service[87534]: DEBUG neutron_lib.callbacks.manager [None req-edb69f96-f2c2-4a31-bbf6-a1b87932b755 admin admin] Publish callbacks [] for router_gateway (ea555fbe-c27b-49c4-8d8c-aba8f6354160), before_create {{(pid=87534) _notify_loop /opt/stack/data/venv/lib/python3.12/site-packages/neutron_lib/callbacks/manager.py:184}}
Jul 18 20:47:01.660670 np0000005393 devstack@neutron-api.service[87534]: DEBUG neutron_lib.callbacks.manager [None req-edb69f96-f2c2-4a31-bbf6-a1b87932b755 admin admin] Publish callbacks ['neutron.plugins.ml2.plugin.SecurityGroupDbMixin._ensure_default_security_group_handler-410122'] for port (None), before_create {{(pid=87534) _notify_loop /opt/stack/data/venv/lib/python3.12/site-packages/neutron_lib/callbacks/manager.py:184}}
Jul 18 20:47:01.702364 np0000005393 devstack@neutron-api.service[87534]: DEBUG neutron.db.db_base_plugin_common [None req-edb69f96-f2c2-4a31-bbf6-a1b87932b755 admin admin] Allocated IP 172.24.5.208 (35836c76-656a-4a49-9319-57759f36e95e/6f822bd0-98d9-44f7-8061-7008fabef78b/d6df19d5-9489-4209-8e6f-f4a0e6f07935) {{(pid=87534) _store_ip_allocation /opt/stack/neutron/neutron/db/db_base_plugin_common.py:131}}
Jul 18 20:47:01.726069 np0000005393 devstack@neutron-api.service[87533]: DEBUG futurist.periodics [-] Submitting periodic callback 'neutron.plugins.ml2.drivers.ovn.mech_driver.ovsdb.maintenance.HashRingHealthCheckPeriodics.touch_hash_ring_node' {{(pid=87533) _process_scheduled /opt/stack/data/venv/lib/python3.12/site-packages/futurist/periodics.py:784}}
Jul 18 20:47:01.726845 np0000005393 devstack@neutron-api.service[87533]: DEBUG neutron.plugins.ml2.drivers.ovn.mech_driver.ovsdb.maintenance [-] Touching Hash Ring node "aaff40935b2f514bb3198a47149f7f61" from periodic health check thread {{(pid=87533) touch_hash_ring_node /opt/stack/neutron/neutron/plugins/ml2/drivers/ovn/mech_driver/ovsdb/maintenance.py:1417}}
Jul 18 20:47:01.742568 np0000005393 devstack@neutron-api.service[87534]: DEBUG neutron_lib.callbacks.manager [None req-edb69f96-f2c2-4a31-bbf6-a1b87932b755 admin admin] Publish callbacks ['neutron.plugins.ml2.drivers.ovn.mech_driver.mech_driver.OVNMechanismDriver._validate_allowed_address_pairs-756333'] for allowed_address_pair (d6df19d5-9489-4209-8e6f-f4a0e6f07935), before_create {{(pid=87534) _notify_loop /opt/stack/data/venv/lib/python3.12/site-packages/neutron_lib/callbacks/manager.py:184}}
Jul 18 20:47:01.743100 np0000005393 devstack@neutron-api.service[87534]: DEBUG neutron_lib.callbacks.manager [None req-edb69f96-f2c2-4a31-bbf6-a1b87932b755 admin admin] Publish callbacks [] for port (d6df19d5-9489-4209-8e6f-f4a0e6f07935), precommit_create {{(pid=87534) _notify_loop /opt/stack/data/venv/lib/python3.12/site-packages/neutron_lib/callbacks/manager.py:184}}
Jul 18 20:47:01.743253 np0000005393 devstack@neutron-api.service[87534]: DEBUG neutron.plugins.ml2.drivers.ovn.mech_driver.mech_driver [None req-edb69f96-f2c2-4a31-bbf6-a1b87932b755 admin admin] No provisioning block for port d6df19d5-9489-4209-8e6f-f4a0e6f07935 since it does not have a host {{(pid=87534) _is_port_provisioning_required /opt/stack/neutron/neutron/plugins/ml2/drivers/ovn/mech_driver/mech_driver.py:899}}
Jul 18 20:47:01.743351 np0000005393 devstack@neutron-api.service[87534]: DEBUG neutron.db.ovn_revision_numbers_db [None req-edb69f96-f2c2-4a31-bbf6-a1b87932b755 admin admin] create_initial_revision uuid=d6df19d5-9489-4209-8e6f-f4a0e6f07935, type=ports, rev=-1 {{(pid=87534) create_initial_revision /opt/stack/neutron/neutron/db/ovn_revision_numbers_db.py:98}}
Jul 18 20:47:01.788558 np0000005393 devstack@neutron-api.service[87534]: DEBUG neutron.db.ovn_revision_numbers_db [None req-edb69f96-f2c2-4a31-bbf6-a1b87932b755 admin admin] create_initial_revision uuid=d6df19d5-9489-4209-8e6f-f4a0e6f07935, type=router_ports, rev=-1 {{(pid=87534) create_initial_revision /opt/stack/neutron/neutron/db/ovn_revision_numbers_db.py:98}}
Jul 18 20:47:01.812019 np0000005393 devstack@neutron-api.service[87534]: DEBUG neutron_lib.callbacks.manager [None req-edb69f96-f2c2-4a31-bbf6-a1b87932b755 admin admin] Publish callbacks ['neutron.plugins.ml2.ovo_rpc._ObjectChangeHandler.handle_event-31878017'] for port (d6df19d5-9489-4209-8e6f-f4a0e6f07935), after_create {{(pid=87534) _notify_loop /opt/stack/data/venv/lib/python3.12/site-packages/neutron_lib/callbacks/manager.py:184}}
Jul 18 20:47:01.835974 np0000005393 devstack@neutron-api.service[87534]: DEBUG neutron.api.rpc.handlers.resources_rpc [None req-edb69f96-f2c2-4a31-bbf6-a1b87932b755 admin admin] Pushing event updated for resources: {'Port': ['ID=d6df19d5-9489-4209-8e6f-f4a0e6f07935,revision_number=1']} {{(pid=87534) push /opt/stack/neutron/neutron/api/rpc/handlers/resources_rpc.py:237}}
Jul 18 20:47:01.861808 np0000005393 devstack@neutron-api.service[87534]: DEBUG neutron.plugins.ml2.drivers.ovn.mech_driver.ovsdb.commands [None req-edb69f96-f2c2-4a31-bbf6-a1b87932b755 admin admin] Converting tag [] to a tag_request {{(pid=87534) _tag_column_to_tag_request /opt/stack/neutron/neutron/plugins/ml2/drivers/ovn/mech_driver/ovsdb/commands.py:205}}
Jul 18 20:47:01.862596 np0000005393 devstack@neutron-api.service[87534]: DEBUG ovsdbapp.backend.ovs_idl.transaction [None req-a6a30cc7-7a0a-458d-8cce-252f1f1e7a89 None None] Running txn n=1 command(idx=0): AddLSwitchPortCommand(_result=None, lport=d6df19d5-9489-4209-8e6f-f4a0e6f07935, lswitch=neutron-35836c76-656a-4a49-9319-57759f36e95e, may_exist=True, network_uuid=35836c76-656a-4a49-9319-57759f36e95e, columns={'addresses': ['unknown'], 'external_ids': {'neutron:port_name': '', 'neutron:device_id': 'ea555fbe-c27b-49c4-8d8c-aba8f6354160', 'neutron:project_id': '', 'neutron:cidrs': '172.24.5.208/24', 'neutron:device_owner': 'network:router_gateway', 'neutron:subnet_pool_addr_scope4': '', 'neutron:subnet_pool_addr_scope6': '', 'neutron:network_name': 'neutron-35836c76-656a-4a49-9319-57759f36e95e', 'neutron:security_group_ids': '', 'neutron:revision_number': '1', 'neutron:vnic_type': 'normal', 'neutron:port_capabilities': '', 'neutron:mtu': ''}, 'parent_name': [], 'enabled': True, 'options': {}, 'type': '', 'port_security': [], 'dhcpv4_options': [], 'dhcpv6_options': [], 'tag_request': []}) {{(pid=87534) do_commit /opt/stack/data/venv/lib/python3.12/site-packages/ovsdbapp/backend/ovs_idl/transaction.py:89}}
Jul 18 20:47:01.863132 np0000005393 devstack@neutron-api.service[87534]: DEBUG ovsdbapp.backend.ovs_idl.transaction [None req-a6a30cc7-7a0a-458d-8cce-252f1f1e7a89 None None] Running txn n=1 command(idx=1): QoSDelCommand(_result=None, switch=neutron-35836c76-656a-4a49-9319-57759f36e95e, conditions=[('direction', '=', 'to-lport'), ('priority', '=', 2002), ('match', '=', 'outport == "d6df19d5-9489-4209-8e6f-f4a0e6f07935"')], if_exists=True) {{(pid=87534) do_commit /opt/stack/data/venv/lib/python3.12/site-packages/ovsdbapp/backend/ovs_idl/transaction.py:89}}
Jul 18 20:47:01.863324 np0000005393 devstack@neutron-api.service[87534]: DEBUG ovsdbapp.backend.ovs_idl.transaction [None req-a6a30cc7-7a0a-458d-8cce-252f1f1e7a89 None None] Running txn n=1 command(idx=2): QoSDelCommand(_result=None, switch=neutron-35836c76-656a-4a49-9319-57759f36e95e, conditions=[('direction', '=', 'from-lport'), ('priority', '=', 2002), ('match', '=', 'inport == "d6df19d5-9489-4209-8e6f-f4a0e6f07935"')], if_exists=True) {{(pid=87534) do_commit /opt/stack/data/venv/lib/python3.12/site-packages/ovsdbapp/backend/ovs_idl/transaction.py:89}}
Jul 18 20:47:01.863517 np0000005393 devstack@neutron-api.service[87534]: DEBUG ovsdbapp.backend.ovs_idl.transaction [None req-a6a30cc7-7a0a-458d-8cce-252f1f1e7a89 None None] Running txn n=1 command(idx=3): UpdateLSwitchPortQosOptionsCommand(_result=None, lport=AddLSwitchPortCommand(_result=9062f3f4-119a-4deb-a3e5-34d5166a39c2, lport=d6df19d5-9489-4209-8e6f-f4a0e6f07935, lswitch=neutron-35836c76-656a-4a49-9319-57759f36e95e, may_exist=True, network_uuid=35836c76-656a-4a49-9319-57759f36e95e, columns={'addresses': ['unknown'], 'external_ids': {'neutron:port_name': '', 'neutron:device_id': 'ea555fbe-c27b-49c4-8d8c-aba8f6354160', 'neutron:project_id': '', 'neutron:cidrs': '172.24.5.208/24', 'neutron:device_owner': 'network:router_gateway', 'neutron:subnet_pool_addr_scope4': '', 'neutron:subnet_pool_addr_scope6': '', 'neutron:network_name': 'neutron-35836c76-656a-4a49-9319-57759f36e95e', 'neutron:security_group_ids': '', 'neutron:revision_number': '1', 'neutron:vnic_type': 'normal', 'neutron:port_capabilities': '', 'neutron:mtu': ''}, 'parent_name': [], 'enabled': True, 'options': {}, 'type': '', 'port_security': [], 'tag_request': []}), if_exists=True, qos={'qos_max_rate': None, 'qos_burst': None, 'qos_min_rate': None}) {{(pid=87534) do_commit /opt/stack/data/venv/lib/python3.12/site-packages/ovsdbapp/backend/ovs_idl/transaction.py:89}}
Jul 18 20:47:01.866630 np0000005393 devstack@neutron-api.service[87533]: DEBUG neutron.plugins.ml2.drivers.ovn.mech_driver.ovsdb.ovsdb_monitor [None req-6007f3e6-593a-4f7e-ad31-58e66387ef32 None None] Hash Ring: Node aaff40935b2f514bb3198a47149f7f61 (host: np0000005393) handling event "update" for row 35836c76-656a-4a49-9319-57759f36e95e (table: Logical_Switch) {{(pid=87533) notify /opt/stack/neutron/neutron/plugins/ml2/drivers/ovn/mech_driver/ovsdb/ovsdb_monitor.py:1009}}
Jul 18 20:47:01.866984 np0000005393 devstack@neutron-api.service[87533]: DEBUG neutron.plugins.ml2.drivers.ovn.mech_driver.ovsdb.ovsdb_monitor [None req-6007f3e6-593a-4f7e-ad31-58e66387ef32 None None] Hash Ring: Node aaff40935b2f514bb3198a47149f7f61 (host: np0000005393) handling event "create" for row e09592de-5071-45e8-b763-f3000643b376 (table: Logical_Switch_Port) {{(pid=87533) notify /opt/stack/neutron/neutron/plugins/ml2/drivers/ovn/mech_driver/ovsdb/ovsdb_monitor.py:1009}}
Jul 18 20:47:01.867620 np0000005393 devstack@neutron-api.service[87533]: DEBUG ovsdbapp.backend.ovs_idl.event [None req-6007f3e6-593a-4f7e-ad31-58e66387ef32 None None] Matched CREATE: LogicalSwitchPortCreateEvent(events=('create',), table='Logical_Switch_Port', conditions=[], old_conditions=None), priority=20 to row=Logical_Switch_Port(uuid=e09592de-5071-45e8-b763-f3000643b376, addresses=['unknown'], dhcpv4_options=[], dhcpv6_options=[], dynamic_addresses=[], enabled=True, external_ids={'neutron:cidrs': '172.24.5.208/24', 'neutron:device_id': 'ea555fbe-c27b-49c4-8d8c-aba8f6354160', 'neutron:device_owner': 'network:router_gateway', 'neutron:mtu': '', 'neutron:network_name': 'neutron-35836c76-656a-4a49-9319-57759f36e95e', 'neutron:port_capabilities': '', 'neutron:port_name': '', 'neutron:project_id': '', 'neutron:revision_number': '1', 'neutron:security_group_ids': '', 'neutron:subnet_pool_addr_scope4': '', 'neutron:subnet_pool_addr_scope6': '', 'neutron:vnic_type': 'normal'}, ha_chassis_group=[], mirror_rules=[], name='d6df19d5-9489-4209-8e6f-f4a0e6f07935', options={}, parent_name=[], port_security=[], tag=[], tag_request=[], type='', up=[]) old= {{(pid=87533) matches /opt/stack/data/venv/lib/python3.12/site-packages/ovsdbapp/backend/ovs_idl/event.py:55}}
Jul 18 20:47:01.869765 np0000005393 devstack@neutron-api.service[87533]: INFO neutron.plugins.ml2.drivers.ovn.mech_driver.mech_driver [None req-bfd7d0b6-459b-45c3-b207-e38df3d09da1 None None] OVN reports status down for port: d6df19d5-9489-4209-8e6f-f4a0e6f07935
Jul 18 20:47:01.869765 np0000005393 devstack@neutron-api.service[87533]: DEBUG neutron.plugins.ml2.drivers.ovn.mech_driver.ovsdb.ovsdb_monitor [None req-6007f3e6-593a-4f7e-ad31-58e66387ef32 None None] Hash Ring: Node aaff40935b2f514bb3198a47149f7f61 (host: np0000005393) handling event "update" for row e09592de-5071-45e8-b763-f3000643b376 (table: Logical_Switch_Port) {{(pid=87533) notify /opt/stack/neutron/neutron/plugins/ml2/drivers/ovn/mech_driver/ovsdb/ovsdb_monitor.py:1009}}
Jul 18 20:47:01.870118 np0000005393 devstack@neutron-api.service[87535]: DEBUG neutron.plugins.ml2.drivers.ovn.mech_driver.ovsdb.ovsdb_monitor [None req-568566ec-df37-454e-810e-0f5300fdae9d None None] Hash Ring: Node 1567f5cb42b85e64a0547ae5b926e10b (host: np0000005393) handling event "update" for row 35836c76-656a-4a49-9319-57759f36e95e (table: Logical_Switch) {{(pid=87535) notify /opt/stack/neutron/neutron/plugins/ml2/drivers/ovn/mech_driver/ovsdb/ovsdb_monitor.py:1009}}
Jul 18 20:47:01.873002 np0000005393 devstack@neutron-api.service[87533]: DEBUG neutron.plugins.ml2.drivers.ovn.mech_driver.ovsdb.ovsdb_monitor [-] Hash Ring: Node aaff40935b2f514bb3198a47149f7f61 (host: np0000005393) handling event "create" for row 64501152-3548-4971-8be9-0d054ce17a3c (table: Port_Binding) {{(pid=87533) notify /opt/stack/neutron/neutron/plugins/ml2/drivers/ovn/mech_driver/ovsdb/ovsdb_monitor.py:1009}}
Jul 18 20:47:01.890082 np0000005393 devstack@neutron-api.service[87534]: INFO neutron.db.ovn_revision_numbers_db [None req-edb69f96-f2c2-4a31-bbf6-a1b87932b755 admin admin] Successfully bumped revision number for resource d6df19d5-9489-4209-8e6f-f4a0e6f07935 (type: ports) to 1
Jul 18 20:47:01.892089 np0000005393 devstack@neutron-api.service[87533]: DEBUG neutron.db.provisioning_blocks [None req-bfd7d0b6-459b-45c3-b207-e38df3d09da1 None None] Transition to ACTIVE for port object d6df19d5-9489-4209-8e6f-f4a0e6f07935 will not be triggered until provisioned by entity L2. {{(pid=87533) add_provisioning_component /opt/stack/neutron/neutron/db/provisioning_blocks.py:74}}
Jul 18 20:47:01.908047 np0000005393 devstack@neutron-api.service[87533]: DEBUG neutron.plugins.ml2.plugin [None req-bfd7d0b6-459b-45c3-b207-e38df3d09da1 None None] Current status of the port d6df19d5-9489-4209-8e6f-f4a0e6f07935 is: DOWN; New status is: DOWN {{(pid=87533) _update_individual_port_db_status /opt/stack/neutron/neutron/plugins/ml2/plugin.py:2473}}
Jul 18 20:47:01.909075 np0000005393 devstack@neutron-api.service[87533]: DEBUG ovsdbapp.backend.ovs_idl.transaction [None req-6007f3e6-593a-4f7e-ad31-58e66387ef32 None None] Running txn n=1 command(idx=0): DbRemoveCommand(_result=None, table=Logical_Switch_Port, record=d6df19d5-9489-4209-8e6f-f4a0e6f07935, column=external_ids, values=('neutron:host_id',), keyvalues={}, if_exists=True) {{(pid=87533) do_commit /opt/stack/data/venv/lib/python3.12/site-packages/ovsdbapp/backend/ovs_idl/transaction.py:89}}
Jul 18 20:47:01.994343 np0000005393 devstack@neutron-api.service[87534]: DEBUG neutron_lib.callbacks.manager [None req-edb69f96-f2c2-4a31-bbf6-a1b87932b755 admin admin] Publish callbacks [] for router_gateway (ea555fbe-c27b-49c4-8d8c-aba8f6354160), after_create {{(pid=87534) _notify_loop /opt/stack/data/venv/lib/python3.12/site-packages/neutron_lib/callbacks/manager.py:184}}
Jul 18 20:47:02.156849 np0000005393 devstack@neutron-api.service[87534]: DEBUG neutron_lib.callbacks.manager [None req-edb69f96-f2c2-4a31-bbf6-a1b87932b755 admin admin] Publish callbacks ['neutron.services.ovn_l3.plugin.ExtraGatewaysDbOnlyMixin._process_bfd_ecmp_update-33387375', 'neutron.services.ovn_l3.service_providers.driver_controller.DriverController._update_router_provider-15834'] for router (ea555fbe-c27b-49c4-8d8c-aba8f6354160), precommit_update {{(pid=87534) _notify_loop /opt/stack/data/venv/lib/python3.12/site-packages/neutron_lib/callbacks/manager.py:184}}
Jul 18 20:47:02.159251 np0000005393 devstack@neutron-api.service[87534]: DEBUG neutron_lib.callbacks.manager [None req-edb69f96-f2c2-4a31-bbf6-a1b87932b755 admin admin] Publish callbacks ['neutron.services.ovn_l3.service_providers.ovn.OvnDriver._process_router_update-512957'] for router (ea555fbe-c27b-49c4-8d8c-aba8f6354160), after_update {{(pid=87534) _notify_loop /opt/stack/data/venv/lib/python3.12/site-packages/neutron_lib/callbacks/manager.py:184}}
Jul 18 20:47:02.388626 np0000005393 devstack@neutron-api.service[87534]: DEBUG ovsdbapp.backend.ovs_idl.transaction [None req-a6a30cc7-7a0a-458d-8cce-252f1f1e7a89 None None] Running txn n=1 command(idx=0): CheckRevisionNumberCommand(_result=None, name=neutron-ea555fbe-c27b-49c4-8d8c-aba8f6354160, resource={'id': 'ea555fbe-c27b-49c4-8d8c-aba8f6354160', 'name': 'router1', 'project_id': '833c9b20defa44468d6627fd2f6d967d', 'admin_state_up': True, 'status': 'ACTIVE', 'enable_snat': True, 'external_gateway_info': {'network_id': '35836c76-656a-4a49-9319-57759f36e95e', 'external_fixed_ips': [{'subnet_id': '6f822bd0-98d9-44f7-8061-7008fabef78b', 'ip_address': '172.24.5.208'}], 'enable_snat': True}, 'gw_port_id': 'd6df19d5-9489-4209-8e6f-f4a0e6f07935', 'description': '', 'availability_zones': [], 'distributed': False, 'ha': True, 'ha_vr_id': 0, 'availability_zone_hints': [], 'enable_default_route_ecmp': False, 'enable_default_route_bfd': False, 'external_gateways': [{'network_id': '35836c76-656a-4a49-9319-57759f36e95e', 'external_fixed_ips': [{'ip_address': '172.24.5.208', 'subnet_id': '6f822bd0-98d9-44f7-8061-7008fabef78b'}]}], 'routes': [], 'flavor_id': None, 'tags': [], 'created_at': '2026-07-18T20:46:56Z', 'updated_at': '2026-07-18T20:47:01Z', 'revision_number': 3, 'tenant_id': '833c9b20defa44468d6627fd2f6d967d'}, resource_type=routers, if_exists=True) {{(pid=87534) do_commit /opt/stack/data/venv/lib/python3.12/site-packages/ovsdbapp/backend/ovs_idl/transaction.py:89}}
Jul 18 20:47:02.389121 np0000005393 devstack@neutron-api.service[87534]: DEBUG ovsdbapp.backend.ovs_idl.transaction [None req-a6a30cc7-7a0a-458d-8cce-252f1f1e7a89 None None] Running txn n=1 command(idx=1): DeleteLRouterExtGwCommand(_result=None, lrouter=neutron-ea555fbe-c27b-49c4-8d8c-aba8f6354160, if_exists=True, maintain_bfd=True) {{(pid=87534) do_commit /opt/stack/data/venv/lib/python3.12/site-packages/ovsdbapp/backend/ovs_idl/transaction.py:89}}
Jul 18 20:47:02.389313 np0000005393 devstack@neutron-api.service[87534]: DEBUG ovsdbapp.backend.ovs_idl.transaction [None req-a6a30cc7-7a0a-458d-8cce-252f1f1e7a89 None None] Running txn n=1 command(idx=2): DeleteNATRuleInLRouterCommand(_result=None, lrouter=neutron-ea555fbe-c27b-49c4-8d8c-aba8f6354160, type=snat, logical_ip=0.0.0.0/0, external_ip=172.24.5.208, if_exists=True) {{(pid=87534) do_commit /opt/stack/data/venv/lib/python3.12/site-packages/ovsdbapp/backend/ovs_idl/transaction.py:89}}
Jul 18 20:47:02.389464 np0000005393 devstack@neutron-api.service[87534]: DEBUG ovsdbapp.backend.ovs_idl.transaction [None req-a6a30cc7-7a0a-458d-8cce-252f1f1e7a89 None None] Running txn n=1 command(idx=3): DelStaticRoutesCommand(_result=None, lrouter=neutron-ea555fbe-c27b-49c4-8d8c-aba8f6354160, routes=[('0.0.0.0/0', '172.24.5.1')], if_exists=True) {{(pid=87534) do_commit /opt/stack/data/venv/lib/python3.12/site-packages/ovsdbapp/backend/ovs_idl/transaction.py:89}}
Jul 18 20:47:02.389590 np0000005393 devstack@neutron-api.service[87534]: DEBUG ovsdbapp.backend.ovs_idl.transaction [None req-a6a30cc7-7a0a-458d-8cce-252f1f1e7a89 None None] Running txn n=1 command(idx=4): DelLRouterPortCommand(_result=None, name=lrp-d6df19d5-9489-4209-8e6f-f4a0e6f07935, lrouter=neutron-ea555fbe-c27b-49c4-8d8c-aba8f6354160, if_exists=True) {{(pid=87534) do_commit /opt/stack/data/venv/lib/python3.12/site-packages/ovsdbapp/backend/ovs_idl/transaction.py:89}}
Jul 18 20:47:02.389736 np0000005393 devstack@neutron-api.service[87534]: DEBUG ovsdbapp.backend.ovs_idl.transaction [None req-a6a30cc7-7a0a-458d-8cce-252f1f1e7a89 None None] Running txn n=1 command(idx=5): AddLRouterPortCommand(_result=None, name=lrp-d6df19d5-9489-4209-8e6f-f4a0e6f07935, lrouter=neutron-ea555fbe-c27b-49c4-8d8c-aba8f6354160, may_exist=True, columns={'mac': 'fa:16:3e:94:37:c6', 'networks': ['172.24.5.208/24'], 'external_ids': {'neutron:revision_number': '1', 'neutron:subnet_ids': '6f822bd0-98d9-44f7-8061-7008fabef78b', 'neutron:network_name': 'neutron-35836c76-656a-4a49-9319-57759f36e95e', 'neutron:is_ext_gw': 'True', 'neutron:router_name': 'neutron-ea555fbe-c27b-49c4-8d8c-aba8f6354160'}, 'options': {'reside-on-redirect-chassis': 'true', 'gateway_mtu': '1372'}}) {{(pid=87534) do_commit /opt/stack/data/venv/lib/python3.12/site-packages/ovsdbapp/backend/ovs_idl/transaction.py:89}}
Jul 18 20:47:02.390057 np0000005393 devstack@neutron-api.service[87534]: DEBUG ovsdbapp.backend.ovs_idl.transaction [None req-a6a30cc7-7a0a-458d-8cce-252f1f1e7a89 None None] Running txn n=1 command(idx=6): ScheduleNewGatewayCommand(_result=None, g_name=lrp-d6df19d5-9489-4209-8e6f-f4a0e6f07935, sb_api=, lrouter_name=neutron-ea555fbe-c27b-49c4-8d8c-aba8f6354160, ovn_client=, scheduler=, physnet=public, az_hints=[]) {{(pid=87534) do_commit /opt/stack/data/venv/lib/python3.12/site-packages/ovsdbapp/backend/ovs_idl/transaction.py:89}}
Jul 18 20:47:02.390542 np0000005393 devstack@neutron-api.service[87534]: DEBUG neutron.plugins.ml2.drivers.ovn.mech_driver.ovsdb.ovn_client [None req-a6a30cc7-7a0a-458d-8cce-252f1f1e7a89 None None] Chassis candidates for scheduling gateway router ports for "public" physical network: ['849b3b22-8474-4734-a0b9-690382e709c2'] {{(pid=87534) get_candidates_for_scheduling /opt/stack/neutron/neutron/plugins/ml2/drivers/ovn/mech_driver/ovsdb/ovn_client.py:1779}}
Jul 18 20:47:02.390863 np0000005393 devstack@neutron-api.service[87534]: DEBUG neutron.scheduler.l3_ovn_scheduler [None req-a6a30cc7-7a0a-458d-8cce-252f1f1e7a89 None None] Gateway lrp-d6df19d5-9489-4209-8e6f-f4a0e6f07935 scheduled on chassis ['849b3b22-8474-4734-a0b9-690382e709c2'] {{(pid=87534) _schedule_gateway /opt/stack/neutron/neutron/scheduler/l3_ovn_scheduler.py:88}}
Jul 18 20:47:02.391208 np0000005393 devstack@neutron-api.service[87534]: DEBUG ovsdbapp.backend.ovs_idl.transaction [None req-a6a30cc7-7a0a-458d-8cce-252f1f1e7a89 None None] Running txn n=1 command(idx=7): SetLRouterPortInLSwitchPortCommand(_result=None, lswitch_port=d6df19d5-9489-4209-8e6f-f4a0e6f07935, lrouter_port=lrp-d6df19d5-9489-4209-8e6f-f4a0e6f07935, is_gw_port=True, if_exists=True, lsp_address=router) {{(pid=87534) do_commit /opt/stack/data/venv/lib/python3.12/site-packages/ovsdbapp/backend/ovs_idl/transaction.py:89}}
Jul 18 20:47:02.391403 np0000005393 devstack@neutron-api.service[87534]: DEBUG ovsdbapp.backend.ovs_idl.transaction [None req-a6a30cc7-7a0a-458d-8cce-252f1f1e7a89 None None] Running txn n=1 command(idx=8): AddStaticRouteCommand(_result=None, lrouter=neutron-ea555fbe-c27b-49c4-8d8c-aba8f6354160, maintain_bfd=False, columns={'ip_prefix': '0.0.0.0/0', 'nexthop': '172.24.5.1', 'external_ids': {'neutron:is_ext_gw': 'true', 'neutron:subnet_id': '6f822bd0-98d9-44f7-8061-7008fabef78b', 'neutron:is_static_route': 'true'}}) {{(pid=87534) do_commit /opt/stack/data/venv/lib/python3.12/site-packages/ovsdbapp/backend/ovs_idl/transaction.py:89}}
Jul 18 20:47:02.391587 np0000005393 devstack@neutron-api.service[87534]: DEBUG ovsdbapp.backend.ovs_idl.transaction [None req-a6a30cc7-7a0a-458d-8cce-252f1f1e7a89 None None] Running txn n=1 command(idx=9): AddNATRuleInLRouterCommand(_result=None, lrouter=neutron-ea555fbe-c27b-49c4-8d8c-aba8f6354160, nat_uuid=None, columns={'type': 'snat', 'logical_ip': '0.0.0.0/0', 'external_ip': '172.24.5.208'}) {{(pid=87534) do_commit /opt/stack/data/venv/lib/python3.12/site-packages/ovsdbapp/backend/ovs_idl/transaction.py:89}}
Jul 18 20:47:02.391771 np0000005393 devstack@neutron-api.service[87534]: DEBUG ovsdbapp.backend.ovs_idl.transaction [None req-a6a30cc7-7a0a-458d-8cce-252f1f1e7a89 None None] Running txn n=1 command(idx=10): UpdateLRouterCommand(_result=None, name=neutron-ea555fbe-c27b-49c4-8d8c-aba8f6354160, columns={'external_ids': {'neutron:router_name': 'router1', 'neutron:revision_number': '3', 'neutron:availability_zone_hints': ''}, 'enabled': True}, if_exists=True) {{(pid=87534) do_commit /opt/stack/data/venv/lib/python3.12/site-packages/ovsdbapp/backend/ovs_idl/transaction.py:89}}
Jul 18 20:47:02.391947 np0000005393 devstack@neutron-api.service[87534]: DEBUG ovsdbapp.backend.ovs_idl.transaction [None req-a6a30cc7-7a0a-458d-8cce-252f1f1e7a89 None None] Running txn n=1 command(idx=11): QoSDelCommand(_result=None, switch=neutron-35836c76-656a-4a49-9319-57759f36e95e, conditions=[('direction', '=', 'from-lport'), ('priority', '=', 2002), ('match', '=', 'inport == "d6df19d5-9489-4209-8e6f-f4a0e6f07935"')], if_exists=True) {{(pid=87534) do_commit /opt/stack/data/venv/lib/python3.12/site-packages/ovsdbapp/backend/ovs_idl/transaction.py:89}}
Jul 18 20:47:02.392103 np0000005393 devstack@neutron-api.service[87534]: DEBUG ovsdbapp.backend.ovs_idl.transaction [None req-a6a30cc7-7a0a-458d-8cce-252f1f1e7a89 None None] Running txn n=1 command(idx=12): QoSDelCommand(_result=None, switch=neutron-35836c76-656a-4a49-9319-57759f36e95e, conditions=[('direction', '=', 'to-lport'), ('priority', '=', 2002), ('match', '=', 'outport == "d6df19d5-9489-4209-8e6f-f4a0e6f07935"')], if_exists=True) {{(pid=87534) do_commit /opt/stack/data/venv/lib/python3.12/site-packages/ovsdbapp/backend/ovs_idl/transaction.py:89}}
Jul 18 20:47:02.403768 np0000005393 devstack@neutron-api.service[87534]: DEBUG neutron.plugins.ml2.drivers.ovn.mech_driver.ovsdb.ovsdb_monitor [None req-a6a30cc7-7a0a-458d-8cce-252f1f1e7a89 None None] Hash Ring: Node f32c9b0bf89e5f1a9efbe1f97456722c (host: np0000005393) handling event "create" for row 7c0d3f6a-3477-4394-a87d-d422b6717add (table: HA_Chassis_Group) {{(pid=87534) notify /opt/stack/neutron/neutron/plugins/ml2/drivers/ovn/mech_driver/ovsdb/ovsdb_monitor.py:1009}}
Jul 18 20:47:02.403922 np0000005393 devstack@neutron-api.service[87534]: DEBUG neutron.plugins.ml2.drivers.ovn.mech_driver.ovsdb.ovsdb_monitor [None req-a6a30cc7-7a0a-458d-8cce-252f1f1e7a89 None None] Hash Ring: Node f32c9b0bf89e5f1a9efbe1f97456722c (host: np0000005393) handling event "update" for row bf881bba-7ff8-440d-8368-a26d7db92d79 (table: Logical_Router) {{(pid=87534) notify /opt/stack/neutron/neutron/plugins/ml2/drivers/ovn/mech_driver/ovsdb/ovsdb_monitor.py:1009}}
Jul 18 20:47:02.405528 np0000005393 devstack@neutron-api.service[87533]: DEBUG neutron.plugins.ml2.drivers.ovn.mech_driver.ovsdb.ovsdb_monitor [None req-6007f3e6-593a-4f7e-ad31-58e66387ef32 None None] Touching Hash Ring node "aaff40935b2f514bb3198a47149f7f61" from IDL notify handler {{(pid=87533) notify /opt/stack/neutron/neutron/plugins/ml2/drivers/ovn/mech_driver/ovsdb/ovsdb_monitor.py:1001}}
Jul 18 20:47:02.406645 np0000005393 devstack@neutron-api.service[87535]: DEBUG neutron.plugins.ml2.drivers.ovn.mech_driver.ovsdb.ovsdb_monitor [None req-568566ec-df37-454e-810e-0f5300fdae9d None None] Hash Ring: Node 1567f5cb42b85e64a0547ae5b926e10b (host: np0000005393) handling event "create" for row 7c0d3f6a-3477-4394-a87d-d422b6717add (table: HA_Chassis_Group) {{(pid=87535) notify /opt/stack/neutron/neutron/plugins/ml2/drivers/ovn/mech_driver/ovsdb/ovsdb_monitor.py:1009}}
Jul 18 20:47:02.407074 np0000005393 devstack@neutron-api.service[87535]: DEBUG neutron.plugins.ml2.drivers.ovn.mech_driver.ovsdb.ovsdb_monitor [None req-568566ec-df37-454e-810e-0f5300fdae9d None None] Hash Ring: Node 1567f5cb42b85e64a0547ae5b926e10b (host: np0000005393) handling event "create" for row 6eed28c4-205c-4dd2-9e30-26faffb1f813 (table: Logical_Router_Port) {{(pid=87535) notify /opt/stack/neutron/neutron/plugins/ml2/drivers/ovn/mech_driver/ovsdb/ovsdb_monitor.py:1009}}
Jul 18 20:47:02.407662 np0000005393 devstack@neutron-api.service[87535]: DEBUG ovsdbapp.backend.ovs_idl.event [None req-568566ec-df37-454e-810e-0f5300fdae9d None None] Matched CREATE: LogicalRouterPortEvent(events=('create', 'delete'), table='Logical_Router_Port', conditions=None, old_conditions=None), priority=20 to row=Logical_Router_Port(uuid=6eed28c4-205c-4dd2-9e30-26faffb1f813, enabled=[], external_ids={'neutron:is_ext_gw': 'True', 'neutron:network_name': 'neutron-35836c76-656a-4a49-9319-57759f36e95e', 'neutron:revision_number': '1', 'neutron:router_name': 'neutron-ea555fbe-c27b-49c4-8d8c-aba8f6354160', 'neutron:subnet_ids': '6f822bd0-98d9-44f7-8061-7008fabef78b'}, gateway_chassis=[], ha_chassis_group=7c0d3f6a-3477-4394-a87d-d422b6717add, ipv6_prefix=[], ipv6_ra_configs={}, mac='fa:16:3e:94:37:c6', name='lrp-d6df19d5-9489-4209-8e6f-f4a0e6f07935', networks=['172.24.5.208/24'], options={'gateway_mtu': '1372', 'reside-on-redirect-chassis': 'true'}, peer=[], status={}) old= {{(pid=87535) matches /opt/stack/data/venv/lib/python3.12/site-packages/ovsdbapp/backend/ovs_idl/event.py:55}}
Jul 18 20:47:02.408044 np0000005393 devstack@neutron-api.service[87535]: DEBUG neutron.plugins.ml2.drivers.ovn.mech_driver.ovsdb.ovsdb_monitor [None req-568566ec-df37-454e-810e-0f5300fdae9d None None] Hash Ring: Node 1567f5cb42b85e64a0547ae5b926e10b (host: np0000005393) handling event "create" for row 87d663db-a274-49d3-ab4c-6ebad31501e6 (table: NAT) {{(pid=87535) notify /opt/stack/neutron/neutron/plugins/ml2/drivers/ovn/mech_driver/ovsdb/ovsdb_monitor.py:1009}}
Jul 18 20:47:02.412628 np0000005393 devstack@neutron-api.service[87533]: DEBUG neutron.plugins.ml2.drivers.ovn.mech_driver.ovsdb.ovsdb_monitor [None req-6007f3e6-593a-4f7e-ad31-58e66387ef32 None None] Hash Ring: Node aaff40935b2f514bb3198a47149f7f61 (host: np0000005393) handling event "create" for row 69092919-69cf-4b4e-9687-5f1424c649af (table: HA_Chassis) {{(pid=87533) notify /opt/stack/neutron/neutron/plugins/ml2/drivers/ovn/mech_driver/ovsdb/ovsdb_monitor.py:1009}}
Jul 18 20:47:02.413589 np0000005393 devstack@neutron-api.service[87533]: DEBUG neutron.plugins.ml2.drivers.ovn.mech_driver.ovsdb.ovsdb_monitor [None req-4b61e205-8beb-4f04-96d5-390cc955a2d0 None None] Touching Hash Ring node "aaff40935b2f514bb3198a47149f7f61" from IDL notify handler {{(pid=87533) notify /opt/stack/neutron/neutron/plugins/ml2/drivers/ovn/mech_driver/ovsdb/ovsdb_monitor.py:1001}}
Jul 18 20:47:02.416767 np0000005393 devstack@neutron-api.service[87533]: DEBUG neutron.plugins.ml2.drivers.ovn.mech_driver.ovsdb.ovsdb_monitor [None req-6007f3e6-593a-4f7e-ad31-58e66387ef32 None None] Touching Hash Ring node "aaff40935b2f514bb3198a47149f7f61" from IDL notify handler {{(pid=87533) notify /opt/stack/neutron/neutron/plugins/ml2/drivers/ovn/mech_driver/ovsdb/ovsdb_monitor.py:1001}}
Jul 18 20:47:02.416879 np0000005393 devstack@neutron-api.service[87535]: DEBUG neutron.plugins.ml2.drivers.ovn.mech_driver.ovsdb.ovsdb_monitor [-] Hash Ring: Node 1567f5cb42b85e64a0547ae5b926e10b (host: np0000005393) handling event "create" for row 1001897b-2a4f-4a45-bf6b-b38820e3dba8 (table: Port_Binding) {{(pid=87535) notify /opt/stack/neutron/neutron/plugins/ml2/drivers/ovn/mech_driver/ovsdb/ovsdb_monitor.py:1009}}
Jul 18 20:47:02.417562 np0000005393 devstack@neutron-api.service[87535]: DEBUG neutron.plugins.ml2.drivers.ovn.mech_driver.ovsdb.ovsdb_monitor [None req-568566ec-df37-454e-810e-0f5300fdae9d None None] Hash Ring: Node 1567f5cb42b85e64a0547ae5b926e10b (host: np0000005393) handling event "update" for row 6eed28c4-205c-4dd2-9e30-26faffb1f813 (table: Logical_Router_Port) {{(pid=87535) notify /opt/stack/neutron/neutron/plugins/ml2/drivers/ovn/mech_driver/ovsdb/ovsdb_monitor.py:1009}}
Jul 18 20:47:02.420595 np0000005393 devstack@neutron-api.service[87533]: DEBUG neutron.plugins.ml2.drivers.ovn.mech_driver.ovsdb.ovsdb_monitor [None req-4b61e205-8beb-4f04-96d5-390cc955a2d0 None None] Hash Ring: Node aaff40935b2f514bb3198a47149f7f61 (host: np0000005393) handling event "create" for row 1001897b-2a4f-4a45-bf6b-b38820e3dba8 (table: Port_Binding) {{(pid=87533) notify /opt/stack/neutron/neutron/plugins/ml2/drivers/ovn/mech_driver/ovsdb/ovsdb_monitor.py:1009}}
Jul 18 20:47:02.421034 np0000005393 devstack@neutron-api.service[87533]: DEBUG neutron.plugins.ml2.drivers.ovn.mech_driver.ovsdb.ovsdb_monitor [None req-6007f3e6-593a-4f7e-ad31-58e66387ef32 None None] Hash Ring: Node aaff40935b2f514bb3198a47149f7f61 (host: np0000005393) handling event "create" for row 7c0d3f6a-3477-4394-a87d-d422b6717add (table: HA_Chassis_Group) {{(pid=87533) notify /opt/stack/neutron/neutron/plugins/ml2/drivers/ovn/mech_driver/ovsdb/ovsdb_monitor.py:1009}}
Jul 18 20:47:02.422466 np0000005393 devstack@neutron-api.service[87533]: DEBUG neutron.plugins.ml2.drivers.ovn.mech_driver.ovsdb.ovsdb_monitor [None req-4b61e205-8beb-4f04-96d5-390cc955a2d0 None None] Touching Hash Ring node "aaff40935b2f514bb3198a47149f7f61" from IDL notify handler {{(pid=87533) notify /opt/stack/neutron/neutron/plugins/ml2/drivers/ovn/mech_driver/ovsdb/ovsdb_monitor.py:1001}}
Jul 18 20:47:02.424234 np0000005393 devstack@neutron-api.service[87533]: DEBUG neutron.plugins.ml2.drivers.ovn.mech_driver.ovsdb.ovsdb_monitor [None req-6007f3e6-593a-4f7e-ad31-58e66387ef32 None None] Touching Hash Ring node "aaff40935b2f514bb3198a47149f7f61" from IDL notify handler {{(pid=87533) notify /opt/stack/neutron/neutron/plugins/ml2/drivers/ovn/mech_driver/ovsdb/ovsdb_monitor.py:1001}}
Jul 18 20:47:02.426335 np0000005393 devstack@neutron-api.service[87533]: DEBUG neutron.plugins.ml2.drivers.ovn.mech_driver.ovsdb.ovsdb_monitor [None req-4b61e205-8beb-4f04-96d5-390cc955a2d0 None None] Hash Ring: Node aaff40935b2f514bb3198a47149f7f61 (host: np0000005393) handling event "update" for row 64501152-3548-4971-8be9-0d054ce17a3c (table: Port_Binding) {{(pid=87533) notify /opt/stack/neutron/neutron/plugins/ml2/drivers/ovn/mech_driver/ovsdb/ovsdb_monitor.py:1009}}
Jul 18 20:47:02.428048 np0000005393 devstack@neutron-api.service[87533]: DEBUG neutron.plugins.ml2.drivers.ovn.mech_driver.ovsdb.ovsdb_monitor [None req-4b61e205-8beb-4f04-96d5-390cc955a2d0 None None] Touching Hash Ring node "aaff40935b2f514bb3198a47149f7f61" from IDL notify handler {{(pid=87533) notify /opt/stack/neutron/neutron/plugins/ml2/drivers/ovn/mech_driver/ovsdb/ovsdb_monitor.py:1001}}
Jul 18 20:47:02.429103 np0000005393 devstack@neutron-api.service[87533]: DEBUG neutron.plugins.ml2.drivers.ovn.mech_driver.ovsdb.ovsdb_monitor [None req-6007f3e6-593a-4f7e-ad31-58e66387ef32 None None] Hash Ring: Node aaff40935b2f514bb3198a47149f7f61 (host: np0000005393) handling event "update" for row bf881bba-7ff8-440d-8368-a26d7db92d79 (table: Logical_Router) {{(pid=87533) notify /opt/stack/neutron/neutron/plugins/ml2/drivers/ovn/mech_driver/ovsdb/ovsdb_monitor.py:1009}}
Jul 18 20:47:02.431425 np0000005393 devstack@neutron-api.service[87533]: DEBUG neutron.plugins.ml2.drivers.ovn.mech_driver.ovsdb.ovsdb_monitor [None req-6007f3e6-593a-4f7e-ad31-58e66387ef32 None None] Touching Hash Ring node "aaff40935b2f514bb3198a47149f7f61" from IDL notify handler {{(pid=87533) notify /opt/stack/neutron/neutron/plugins/ml2/drivers/ovn/mech_driver/ovsdb/ovsdb_monitor.py:1001}}
Jul 18 20:47:02.432986 np0000005393 devstack@neutron-api.service[87533]: DEBUG neutron.plugins.ml2.drivers.ovn.mech_driver.ovsdb.ovsdb_monitor [None req-4b61e205-8beb-4f04-96d5-390cc955a2d0 None None] Hash Ring: Node aaff40935b2f514bb3198a47149f7f61 (host: np0000005393) handling event "create" for row e64685b0-e870-4984-a5f6-b25008a4303e (table: Port_Binding) {{(pid=87533) notify /opt/stack/neutron/neutron/plugins/ml2/drivers/ovn/mech_driver/ovsdb/ovsdb_monitor.py:1009}}
Jul 18 20:47:02.435037 np0000005393 devstack@neutron-api.service[87533]: DEBUG neutron.plugins.ml2.drivers.ovn.mech_driver.ovsdb.ovsdb_monitor [None req-4b61e205-8beb-4f04-96d5-390cc955a2d0 None None] Touching Hash Ring node "aaff40935b2f514bb3198a47149f7f61" from IDL notify handler {{(pid=87533) notify /opt/stack/neutron/neutron/plugins/ml2/drivers/ovn/mech_driver/ovsdb/ovsdb_monitor.py:1001}}
Jul 18 20:47:02.435935 np0000005393 devstack@neutron-api.service[87533]: DEBUG neutron.plugins.ml2.drivers.ovn.mech_driver.ovsdb.ovsdb_monitor [None req-6007f3e6-593a-4f7e-ad31-58e66387ef32 None None] Hash Ring: Node aaff40935b2f514bb3198a47149f7f61 (host: np0000005393) handling event "create" for row 6eed28c4-205c-4dd2-9e30-26faffb1f813 (table: Logical_Router_Port) {{(pid=87533) notify /opt/stack/neutron/neutron/plugins/ml2/drivers/ovn/mech_driver/ovsdb/ovsdb_monitor.py:1009}}
Jul 18 20:47:02.436762 np0000005393 devstack@neutron-api.service[87533]: DEBUG ovsdbapp.backend.ovs_idl.event [None req-6007f3e6-593a-4f7e-ad31-58e66387ef32 None None] Matched CREATE: LogicalRouterPortEvent(events=('create', 'delete'), table='Logical_Router_Port', conditions=None, old_conditions=None), priority=20 to row=Logical_Router_Port(uuid=6eed28c4-205c-4dd2-9e30-26faffb1f813, enabled=[], external_ids={'neutron:is_ext_gw': 'True', 'neutron:network_name': 'neutron-35836c76-656a-4a49-9319-57759f36e95e', 'neutron:revision_number': '1', 'neutron:router_name': 'neutron-ea555fbe-c27b-49c4-8d8c-aba8f6354160', 'neutron:subnet_ids': '6f822bd0-98d9-44f7-8061-7008fabef78b'}, gateway_chassis=[], ha_chassis_group=7c0d3f6a-3477-4394-a87d-d422b6717add, ipv6_prefix=[], ipv6_ra_configs={}, mac='fa:16:3e:94:37:c6', name='lrp-d6df19d5-9489-4209-8e6f-f4a0e6f07935', networks=['172.24.5.208/24'], options={'gateway_mtu': '1372', 'reside-on-redirect-chassis': 'true'}, peer=[], status={}) old= {{(pid=87533) matches /opt/stack/data/venv/lib/python3.12/site-packages/ovsdbapp/backend/ovs_idl/event.py:55}}
Jul 18 20:47:02.439678 np0000005393 devstack@neutron-api.service[87533]: DEBUG neutron.plugins.ml2.drivers.ovn.mech_driver.ovsdb.ovsdb_monitor [None req-6007f3e6-593a-4f7e-ad31-58e66387ef32 None None] Touching Hash Ring node "aaff40935b2f514bb3198a47149f7f61" from IDL notify handler {{(pid=87533) notify /opt/stack/neutron/neutron/plugins/ml2/drivers/ovn/mech_driver/ovsdb/ovsdb_monitor.py:1001}}
Jul 18 20:47:02.442511 np0000005393 devstack@neutron-api.service[87533]: DEBUG neutron.plugins.ml2.drivers.ovn.mech_driver.ovsdb.ovsdb_monitor [None req-4b61e205-8beb-4f04-96d5-390cc955a2d0 None None] Hash Ring: Node aaff40935b2f514bb3198a47149f7f61 (host: np0000005393) handling event "update" for row e64685b0-e870-4984-a5f6-b25008a4303e (table: Port_Binding) {{(pid=87533) notify /opt/stack/neutron/neutron/plugins/ml2/drivers/ovn/mech_driver/ovsdb/ovsdb_monitor.py:1009}}
Jul 18 20:47:02.444068 np0000005393 devstack@neutron-api.service[87533]: DEBUG ovsdbapp.backend.ovs_idl.event [None req-4b61e205-8beb-4f04-96d5-390cc955a2d0 None None] Matched UPDATE: PortBindingChassisEvent(events=('update',), table='Port_Binding', conditions=None, old_conditions=None), priority=20 to row=Port_Binding(uuid=e64685b0-e870-4984-a5f6-b25008a4303e, additional_chassis=[], additional_encap=[], chassis=f4582345-e6aa-4d8a-b8a2-75faafced317, datapath=1456f219-04c9-494f-9825-07f285c52dc5, encap=[], external_ids={'neutron:is_ext_gw': 'True', 'neutron:network_name': 'neutron-35836c76-656a-4a49-9319-57759f36e95e', 'neutron:revision_number': '1', 'neutron:router_name': 'neutron-ea555fbe-c27b-49c4-8d8c-aba8f6354160', 'neutron:subnet_ids': '6f822bd0-98d9-44f7-8061-7008fabef78b'}, gateway_chassis=[], logical_port='cr-lrp-d6df19d5-9489-4209-8e6f-f4a0e6f07935', mac=['fa:16:3e:94:37:c6 172.24.5.208/24'], mirror_rules=[], nat_addresses=[], options={'always-redirect': 'true', 'distributed-port': 'lrp-d6df19d5-9489-4209-8e6f-f4a0e6f07935'}, parent_port=[], port_security=[], requested_additional_chassis=[], requested_chassis=[], tag=[], tunnel_key=3, type='chassisredirect', up=True, virtual_parent=[]) old=Port_Binding(uuid=e64685b0-e870-4984-a5f6-b25008a4303e, chassis=[], up=False) {{(pid=87533) matches /opt/stack/data/venv/lib/python3.12/site-packages/ovsdbapp/backend/ovs_idl/event.py:55}}
Jul 18 20:47:02.445009 np0000005393 devstack@neutron-api.service[87533]: INFO neutron.plugins.ml2.drivers.ovn.mech_driver.ovsdb.ovsdb_monitor [-] Router ea555fbe-c27b-49c4-8d8c-aba8f6354160 is bound to host np0000005393
Jul 18 20:47:02.446063 np0000005393 devstack@neutron-api.service[87533]: DEBUG neutron.plugins.ml2.drivers.ovn.mech_driver.ovsdb.ovsdb_monitor [None req-6007f3e6-593a-4f7e-ad31-58e66387ef32 None None] Hash Ring: Node aaff40935b2f514bb3198a47149f7f61 (host: np0000005393) handling event "create" for row 9e35103d-0ad8-40f9-998a-f8b9cdfee391 (table: Logical_Router_Static_Route) {{(pid=87533) notify /opt/stack/neutron/neutron/plugins/ml2/drivers/ovn/mech_driver/ovsdb/ovsdb_monitor.py:1009}}
Jul 18 20:47:02.447096 np0000005393 devstack@neutron-api.service[87535]: INFO neutron.common.ovn.utils [None req-0d654ab0-f36c-4894-83c1-150844769cd8 None None] HA Chassis Group neutron-6e705d85-e347-4109-9a17-b7835f537882 synchronized; highest priority chassis 849b3b22-8474-4734-a0b9-690382e709c2
Jul 18 20:47:02.447638 np0000005393 devstack@neutron-api.service[87535]: DEBUG ovsdbapp.backend.ovs_idl.transaction [None req-568566ec-df37-454e-810e-0f5300fdae9d None None] Running txn n=1 command(idx=0): HAChassisGroupAddCommand(_result=None, name=neutron-6e705d85-e347-4109-9a17-b7835f537882, may_exist=True, columns={'external_ids': {'neutron:availability_zone_hints': '', 'neutron:network_id': '6e705d85-e347-4109-9a17-b7835f537882', 'neutron:router_id': 'ea555fbe-c27b-49c4-8d8c-aba8f6354160'}}) {{(pid=87535) do_commit /opt/stack/data/venv/lib/python3.12/site-packages/ovsdbapp/backend/ovs_idl/transaction.py:89}}
Jul 18 20:47:02.448014 np0000005393 devstack@neutron-api.service[87533]: DEBUG neutron.plugins.ml2.drivers.ovn.mech_driver.ovsdb.ovsdb_monitor [None req-6007f3e6-593a-4f7e-ad31-58e66387ef32 None None] Touching Hash Ring node "aaff40935b2f514bb3198a47149f7f61" from IDL notify handler {{(pid=87533) notify /opt/stack/neutron/neutron/plugins/ml2/drivers/ovn/mech_driver/ovsdb/ovsdb_monitor.py:1001}}
Jul 18 20:47:02.448121 np0000005393 devstack@neutron-api.service[87535]: DEBUG ovsdbapp.backend.ovs_idl.transaction [None req-568566ec-df37-454e-810e-0f5300fdae9d None None] Running txn n=1 command(idx=1): HAChassisGroupAddChassisCommand(_result=None, hcg=neutron-6e705d85-e347-4109-9a17-b7835f537882, chassis=849b3b22-8474-4734-a0b9-690382e709c2, priority=1, columns={}) {{(pid=87535) do_commit /opt/stack/data/venv/lib/python3.12/site-packages/ovsdbapp/backend/ovs_idl/transaction.py:89}}
Jul 18 20:47:02.451194 np0000005393 devstack@neutron-api.service[87535]: DEBUG neutron.plugins.ml2.drivers.ovn.mech_driver.ovsdb.ovsdb_monitor [None req-568566ec-df37-454e-810e-0f5300fdae9d None None] Hash Ring: Node 1567f5cb42b85e64a0547ae5b926e10b (host: np0000005393) handling event "create" for row 890ca80f-f4c9-408c-8d2d-65bc9290db84 (table: HA_Chassis) {{(pid=87535) notify /opt/stack/neutron/neutron/plugins/ml2/drivers/ovn/mech_driver/ovsdb/ovsdb_monitor.py:1009}}
Jul 18 20:47:02.451406 np0000005393 devstack@neutron-api.service[87535]: DEBUG neutron.plugins.ml2.drivers.ovn.mech_driver.ovsdb.ovsdb_monitor [None req-568566ec-df37-454e-810e-0f5300fdae9d None None] Hash Ring: Node 1567f5cb42b85e64a0547ae5b926e10b (host: np0000005393) handling event "create" for row 60c79a51-3877-447b-9626-7d80a924cad7 (table: HA_Chassis_Group) {{(pid=87535) notify /opt/stack/neutron/neutron/plugins/ml2/drivers/ovn/mech_driver/ovsdb/ovsdb_monitor.py:1009}}
Jul 18 20:47:02.453865 np0000005393 devstack@neutron-api.service[87534]: DEBUG neutron.plugins.ml2.drivers.ovn.mech_driver.ovsdb.ovsdb_monitor [None req-a6a30cc7-7a0a-458d-8cce-252f1f1e7a89 None None] Hash Ring: Node f32c9b0bf89e5f1a9efbe1f97456722c (host: np0000005393) handling event "create" for row 890ca80f-f4c9-408c-8d2d-65bc9290db84 (table: HA_Chassis) {{(pid=87534) notify /opt/stack/neutron/neutron/plugins/ml2/drivers/ovn/mech_driver/ovsdb/ovsdb_monitor.py:1009}}
Jul 18 20:47:02.469198 np0000005393 devstack@neutron-api.service[87533]: DEBUG neutron.plugins.ml2.drivers.ovn.mech_driver.ovsdb.ovsdb_monitor [None req-6007f3e6-593a-4f7e-ad31-58e66387ef32 None None] Hash Ring: Node aaff40935b2f514bb3198a47149f7f61 (host: np0000005393) handling event "update" for row e09592de-5071-45e8-b763-f3000643b376 (table: Logical_Switch_Port) {{(pid=87533) notify /opt/stack/neutron/neutron/plugins/ml2/drivers/ovn/mech_driver/ovsdb/ovsdb_monitor.py:1009}}
Jul 18 20:47:02.475052 np0000005393 devstack@neutron-api.service[87534]: INFO neutron.db.ovn_revision_numbers_db [None req-edb69f96-f2c2-4a31-bbf6-a1b87932b755 admin admin] Successfully bumped revision number for resource ea555fbe-c27b-49c4-8d8c-aba8f6354160 (type: routers) to 3
Jul 18 20:47:02.479824 np0000005393 devstack@neutron-api.service[87533]: DEBUG neutron.plugins.ml2.drivers.ovn.mech_driver.ovsdb.ovsdb_monitor [None req-6007f3e6-593a-4f7e-ad31-58e66387ef32 None None] Touching Hash Ring node "aaff40935b2f514bb3198a47149f7f61" from IDL notify handler {{(pid=87533) notify /opt/stack/neutron/neutron/plugins/ml2/drivers/ovn/mech_driver/ovsdb/ovsdb_monitor.py:1001}}
Jul 18 20:47:02.490611 np0000005393 devstack@neutron-api.service[87533]: DEBUG neutron.plugins.ml2.drivers.ovn.mech_driver.ovsdb.ovsdb_monitor [None req-6007f3e6-593a-4f7e-ad31-58e66387ef32 None None] Hash Ring: Node aaff40935b2f514bb3198a47149f7f61 (host: np0000005393) handling event "create" for row 87d663db-a274-49d3-ab4c-6ebad31501e6 (table: NAT) {{(pid=87533) notify /opt/stack/neutron/neutron/plugins/ml2/drivers/ovn/mech_driver/ovsdb/ovsdb_monitor.py:1009}}
Jul 18 20:47:02.495717 np0000005393 devstack@neutron-api.service[87533]: DEBUG neutron.plugins.ml2.drivers.ovn.mech_driver.ovsdb.ovsdb_monitor [None req-6007f3e6-593a-4f7e-ad31-58e66387ef32 None None] Touching Hash Ring node "aaff40935b2f514bb3198a47149f7f61" from IDL notify handler {{(pid=87533) notify /opt/stack/neutron/neutron/plugins/ml2/drivers/ovn/mech_driver/ovsdb/ovsdb_monitor.py:1001}}
Jul 18 20:47:02.498124 np0000005393 devstack@neutron-api.service[87534]: INFO neutron.db.ovn_revision_numbers_db [None req-edb69f96-f2c2-4a31-bbf6-a1b87932b755 admin admin] Successfully bumped revision number for resource d6df19d5-9489-4209-8e6f-f4a0e6f07935 (type: router_ports) to 1
Jul 18 20:47:02.498227 np0000005393 devstack@neutron-api.service[87534]: DEBUG neutron.db.ovn_revision_numbers_db [None req-edb69f96-f2c2-4a31-bbf6-a1b87932b755 admin admin] delete_revision(d6df19d5-9489-4209-8e6f-f4a0e6f07935) {{(pid=87534) delete_revision /opt/stack/neutron/neutron/db/ovn_revision_numbers_db.py:112}}
