Jul 05 00:30:43.877094 np0000004541 devstack@c-api.service[96740]: [pid: 96740|app: 0|req: 54/174] 10.4.3.191 () {74 vars in 1594 bytes} [Sun Jul 5 00:30:43 2026] POST /volume/v3/attachments => generated 273 bytes in 416 msecs (HTTP/1.1 200) 7 headers in 286 bytes (1 switches on core 0)
Jul 05 00:30:43.895583 np0000004541 devstack@c-api.service[96739]: DEBUG cinder.api.middleware.request_id [None req-96ddd49c-b649-49ba-a3a3-5c2f70e22d67 None None] RequestId filter calling following filter/app {{(pid=96739) _context_setter /opt/stack/cinder/cinder/api/middleware/request_id.py:62}}
Jul 05 00:30:43.901049 np0000004541 devstack@c-api.service[96739]: INFO cinder.api.openstack.wsgi [None req-96ddd49c-b649-49ba-a3a3-5c2f70e22d67 tempest-VolumesAdminNegativeTest-1014872815 tempest-VolumesAdminNegativeTest-1014872815-project-member] GET https://10.4.3.191/volume/v3/volumes/ed67512a-6c6e-416c-ba4b-d0866d41e628
Jul 05 00:30:43.902856 np0000004541 devstack@c-api.service[96739]: DEBUG cinder.api.openstack.wsgi [None req-96ddd49c-b649-49ba-a3a3-5c2f70e22d67 tempest-VolumesAdminNegativeTest-1014872815 tempest-VolumesAdminNegativeTest-1014872815-project-member] Empty body provided in request {{(pid=96739) get_body /opt/stack/cinder/cinder/api/openstack/wsgi.py:725}}
Jul 05 00:30:43.903203 np0000004541 devstack@c-api.service[96739]: DEBUG cinder.api.openstack.wsgi [None req-96ddd49c-b649-49ba-a3a3-5c2f70e22d67 tempest-VolumesAdminNegativeTest-1014872815 tempest-VolumesAdminNegativeTest-1014872815-project-member] Calling method 'show' {{(pid=96739) _process_stack /opt/stack/cinder/cinder/api/openstack/wsgi.py:878}}
Jul 05 00:30:43.914865 np0000004541 devstack@c-api.service[96739]: /opt/stack/data/venv/lib/python3.12/site-packages/oslo_context/context.py:102: DeprecationWarning: Policy enforcement is depending on the value of is_admin. This key is deprecated. Please update your policy file to use the standard policy values.
Jul 05 00:30:43.914865 np0000004541 devstack@c-api.service[96739]: warnings.warn(
Jul 05 00:30:43.922735 np0000004541 devstack@c-api.service[96739]: INFO cinder.volume.api [None req-96ddd49c-b649-49ba-a3a3-5c2f70e22d67 tempest-VolumesAdminNegativeTest-1014872815 tempest-VolumesAdminNegativeTest-1014872815-project-member] Volume info retrieved successfully.
Jul 05 00:30:43.936919 np0000004541 devstack@c-api.service[96739]: INFO cinder.api.openstack.wsgi [None req-96ddd49c-b649-49ba-a3a3-5c2f70e22d67 tempest-VolumesAdminNegativeTest-1014872815 tempest-VolumesAdminNegativeTest-1014872815-project-member] https://10.4.3.191/volume/v3/volumes/ed67512a-6c6e-416c-ba4b-d0866d41e628 returned with HTTP 200
Jul 05 00:30:43.937781 np0000004541 devstack@c-api.service[96739]: [pid: 96739|app: 0|req: 60/175] 10.4.3.191 () {66 vars in 1348 bytes} [Sun Jul 5 00:30:43 2026] GET /volume/v3/volumes/ed67512a-6c6e-416c-ba4b-d0866d41e628 => generated 848 bytes in 43 msecs (HTTP/1.1 200) 7 headers in 285 bytes (1 switches on core 0)
Jul 05 00:30:44.047986 np0000004541 devstack@c-api.service[96738]: DEBUG cinder.api.middleware.request_id [None req-15385e22-59ef-4908-8b22-6c34c99c3ded None None] RequestId filter calling following filter/app {{(pid=96738) _context_setter /opt/stack/cinder/cinder/api/middleware/request_id.py:62}}
Jul 05 00:30:44.051726 np0000004541 devstack@c-api.service[96738]: INFO cinder.api.openstack.wsgi [None req-15385e22-59ef-4908-8b22-6c34c99c3ded tempest-DeleteServersTestJSON-1329531635 tempest-DeleteServersTestJSON-1329531635-project-member] GET https://10.4.3.191/volume/v3/volumes/e205bb68-2650-4ad3-9584-a0332910a227
Jul 05 00:30:44.052003 np0000004541 devstack@c-api.service[96738]: DEBUG cinder.api.openstack.wsgi [None req-15385e22-59ef-4908-8b22-6c34c99c3ded tempest-DeleteServersTestJSON-1329531635 tempest-DeleteServersTestJSON-1329531635-project-member] Empty body provided in request {{(pid=96738) get_body /opt/stack/cinder/cinder/api/openstack/wsgi.py:725}}
Jul 05 00:30:44.052269 np0000004541 devstack@c-api.service[96738]: DEBUG cinder.api.openstack.wsgi [None req-15385e22-59ef-4908-8b22-6c34c99c3ded tempest-DeleteServersTestJSON-1329531635 tempest-DeleteServersTestJSON-1329531635-project-member] Calling method 'show' {{(pid=96738) _process_stack /opt/stack/cinder/cinder/api/openstack/wsgi.py:878}}
Jul 05 00:30:44.070955 np0000004541 devstack@c-api.service[96738]: /opt/stack/data/venv/lib/python3.12/site-packages/oslo_context/context.py:102: DeprecationWarning: Policy enforcement is depending on the value of is_admin. This key is deprecated. Please update your policy file to use the standard policy values.
Jul 05 00:30:44.070955 np0000004541 devstack@c-api.service[96738]: warnings.warn(
Jul 05 00:30:44.079219 np0000004541 devstack@c-api.service[96738]: INFO cinder.volume.api [None req-15385e22-59ef-4908-8b22-6c34c99c3ded tempest-DeleteServersTestJSON-1329531635 tempest-DeleteServersTestJSON-1329531635-project-member] Volume info retrieved successfully.
Jul 05 00:30:44.090617 np0000004541 devstack@c-api.service[96738]: INFO cinder.api.openstack.wsgi [None req-15385e22-59ef-4908-8b22-6c34c99c3ded tempest-DeleteServersTestJSON-1329531635 tempest-DeleteServersTestJSON-1329531635-project-member] https://10.4.3.191/volume/v3/volumes/e205bb68-2650-4ad3-9584-a0332910a227 returned with HTTP 200
Jul 05 00:30:44.093072 np0000004541 devstack@c-api.service[96738]: [pid: 96738|app: 0|req: 62/176] 10.4.3.191 () {66 vars in 1348 bytes} [Sun Jul 5 00:30:44 2026] GET /volume/v3/volumes/e205bb68-2650-4ad3-9584-a0332910a227 => generated 843 bytes in 47 msecs (HTTP/1.1 200) 7 headers in 285 bytes (1 switches on core 0)
Jul 05 00:30:44.406637 np0000004541 devstack@c-api.service[96740]: DEBUG cinder.api.middleware.request_id [req-b560da06-4ce9-47c0-828f-55f5256246a3 req-556094b1-cc4c-4cc1-88c3-f914d4675d46 None None] RequestId filter calling following filter/app {{(pid=96740) _context_setter /opt/stack/cinder/cinder/api/middleware/request_id.py:62}}
Jul 05 00:30:44.411751 np0000004541 devstack@c-api.service[96740]: INFO cinder.api.openstack.wsgi [req-b560da06-4ce9-47c0-828f-55f5256246a3 req-556094b1-cc4c-4cc1-88c3-f914d4675d46 tempest-TaggedBootDevicesTest-799832381 tempest-TaggedBootDevicesTest-799832381-project-member] PUT https://10.4.3.191/volume/v3/attachments/a648b63f-6213-42e0-bd1c-2af31a0265c7
Jul 05 00:30:44.415281 np0000004541 devstack@c-api.service[96740]: DEBUG cinder.api.openstack.wsgi [req-b560da06-4ce9-47c0-828f-55f5256246a3 req-556094b1-cc4c-4cc1-88c3-f914d4675d46 tempest-TaggedBootDevicesTest-799832381 tempest-TaggedBootDevicesTest-799832381-project-member] Action: 'update', calling method: version_select, body: {"attachment": {"connector": {"platform": "x86_64", "os_type": "linux", "ip": "10.4.3.191", "host": "np0000004541", "multipath": false, "enforce_multipath": true, "initiator": "iqn.2016-04.com.open-iscsi:f3c6e39afed", "do_local_attach": false, "nvme_hostid": "61619f62-1e5c-4355-9b0a-94f06e7699a1", "uuid": "8515de1c-ba7e-467b-adde-6d9f8a8dbc1f", "system uuid": "0e67e2aa-37c0-479e-9c7c-1cc03a42dd1c", "nqn": "nqn.2014-08.org.nvmexpress:uuid:0e67e2aa-37c0-479e-9c7c-1cc03a42dd1c", "nvme_native_multipath": true, "found_dsc": "", "host_ips": ["10.4.3.191", "fe80::f816:3eff:fe7b:2a57", "192.168.10.6", "fe80::f816:3eff:fe68:8de9", "192.168.20.6", "fe80::f816:3eff:feae:6f34", "192.168.30.6", "fe80::f816:3eff:fecd:788c", "192.168.122.1", "172.24.5.1", "2001:db8::2", "fe80::18e7:a3ff:fe99:d49", "fe80::f816:3eff:fe77:96c9", "fe80::f816:3eff:fe92:b194", "fe80::d5:cfff:fe07:e27d", "fe80::b002:f7ff:feb5:bf05", "fe80::f816:3eff:fe40:60a1", "fe80::3860:63ff:febf:16e5", "fe80::f816:3eff:fe32:62ad", "fe80::6492:21ff:feb5:2e1c", "fe80::f816:3eff:feec:a025", "fe80::2490:e8ff:fead:aed0"], "mountpoint": "/dev/vda"}}} {{(pid=96740) _process_stack /opt/stack/cinder/cinder/api/openstack/wsgi.py:876}}
Jul 05 00:30:44.427742 np0000004541 devstack@c-api.service[96740]: DEBUG cinder.coordination [req-b560da06-4ce9-47c0-828f-55f5256246a3 req-556094b1-cc4c-4cc1-88c3-f914d4675d46 tempest-TaggedBootDevicesTest-799832381 tempest-TaggedBootDevicesTest-799832381-project-member] Acquiring lock "cinder-attachment_update-5fbefdab-7a5e-420e-a4d9-5770a6e0f434-np0000004541" by "attachment_update" {{(pid=96740) __acquire /opt/stack/cinder/cinder/coordination.py:138}}
Jul 05 00:30:44.444002 np0000004541 devstack@c-api.service[96740]: DEBUG cinder.coordination [req-b560da06-4ce9-47c0-828f-55f5256246a3 req-556094b1-cc4c-4cc1-88c3-f914d4675d46 tempest-TaggedBootDevicesTest-799832381 tempest-TaggedBootDevicesTest-799832381-project-member] Lock "cinder-attachment_update-5fbefdab-7a5e-420e-a4d9-5770a6e0f434-np0000004541" acquired by "attachment_update" :: waited 0.015s {{(pid=96740) __acquire /opt/stack/cinder/cinder/coordination.py:141}}
Jul 05 00:30:44.444327 np0000004541 devstack@c-api.service[96739]: DEBUG cinder.api.middleware.request_id [None req-f3116823-8f5b-458a-a866-07cc06ff58e6 None None] RequestId filter calling following filter/app {{(pid=96739) _context_setter /opt/stack/cinder/cinder/api/middleware/request_id.py:62}}
Jul 05 00:30:44.444327 np0000004541 devstack@c-api.service[96739]: INFO cinder.api.openstack.wsgi [None req-f3116823-8f5b-458a-a866-07cc06ff58e6 None None] GET https://10.4.3.191/volume//
Jul 05 00:30:44.444327 np0000004541 devstack@c-api.service[96739]: DEBUG cinder.api.openstack.wsgi [None req-f3116823-8f5b-458a-a866-07cc06ff58e6 None None] Empty body provided in request {{(pid=96739) get_body /opt/stack/cinder/cinder/api/openstack/wsgi.py:725}}
Jul 05 00:30:44.444553 np0000004541 devstack@c-api.service[96740]: /opt/stack/data/venv/lib/python3.12/site-packages/oslo_context/context.py:102: DeprecationWarning: Policy enforcement is depending on the value of is_admin. This key is deprecated. Please update your policy file to use the standard policy values.
Jul 05 00:30:44.444553 np0000004541 devstack@c-api.service[96740]: warnings.warn(
Jul 05 00:30:44.444764 np0000004541 devstack@c-api.service[96739]: DEBUG cinder.api.openstack.wsgi [None req-f3116823-8f5b-458a-a866-07cc06ff58e6 None None] Calling method 'all' {{(pid=96739) _process_stack /opt/stack/cinder/cinder/api/openstack/wsgi.py:878}}
Jul 05 00:30:44.446001 np0000004541 devstack@c-api.service[96739]: INFO cinder.api.openstack.wsgi [None req-f3116823-8f5b-458a-a866-07cc06ff58e6 None None] https://10.4.3.191/volume// returned with HTTP 300
Jul 05 00:30:44.446001 np0000004541 devstack@c-api.service[96739]: [pid: 96739|app: 0|req: 61/177] 10.4.3.191 () {66 vars in 1426 bytes} [Sun Jul 5 00:30:44 2026] GET /volume/ => generated 386 bytes in 6 msecs (HTTP/1.1 300) 7 headers in 299 bytes (1 switches on core 0)
Jul 05 00:30:44.461857 np0000004541 devstack@c-api.service[96738]: DEBUG cinder.api.middleware.request_id [req-7f50b958-773e-4ab1-a629-4b9a449a42a0 req-d1c811ac-67e2-4dbb-b51a-688fe9ee8feb None None] RequestId filter calling following filter/app {{(pid=96738) _context_setter /opt/stack/cinder/cinder/api/middleware/request_id.py:62}}
Jul 05 00:30:44.466215 np0000004541 devstack@c-api.service[96738]: INFO cinder.api.openstack.wsgi [req-7f50b958-773e-4ab1-a629-4b9a449a42a0 req-d1c811ac-67e2-4dbb-b51a-688fe9ee8feb tempest-DeleteServersTestJSON-1329531635 tempest-DeleteServersTestJSON-1329531635-project-member] GET https://10.4.3.191/volume/v3/volumes/e205bb68-2650-4ad3-9584-a0332910a227
Jul 05 00:30:44.469635 np0000004541 devstack@c-api.service[96738]: DEBUG cinder.api.openstack.wsgi [req-7f50b958-773e-4ab1-a629-4b9a449a42a0 req-d1c811ac-67e2-4dbb-b51a-688fe9ee8feb tempest-DeleteServersTestJSON-1329531635 tempest-DeleteServersTestJSON-1329531635-project-member] Empty body provided in request {{(pid=96738) get_body /opt/stack/cinder/cinder/api/openstack/wsgi.py:725}}
Jul 05 00:30:44.470255 np0000004541 devstack@c-api.service[96739]: DEBUG cinder.api.middleware.request_id [req-89f6d92d-eecd-4dcc-81e8-8a0ca6085148 req-420d8c20-93ce-4326-a604-a1ef2b9c525d None None] RequestId filter calling following filter/app {{(pid=96739) _context_setter /opt/stack/cinder/cinder/api/middleware/request_id.py:62}}
Jul 05 00:30:44.471448 np0000004541 devstack@c-api.service[96738]: DEBUG cinder.api.openstack.wsgi [req-7f50b958-773e-4ab1-a629-4b9a449a42a0 req-d1c811ac-67e2-4dbb-b51a-688fe9ee8feb tempest-DeleteServersTestJSON-1329531635 tempest-DeleteServersTestJSON-1329531635-project-member] Calling method 'show' {{(pid=96738) _process_stack /opt/stack/cinder/cinder/api/openstack/wsgi.py:878}}
Jul 05 00:30:44.474529 np0000004541 devstack@c-api.service[96739]: INFO cinder.api.openstack.wsgi [req-89f6d92d-eecd-4dcc-81e8-8a0ca6085148 req-420d8c20-93ce-4326-a604-a1ef2b9c525d tempest-VolumesAdminNegativeTest-1889395412 tempest-VolumesAdminNegativeTest-1889395412-project] GET https://10.4.3.191/volume/v3/volumes/0e3bd70f-c47d-4e20-845a-9e7ea41c19b8
Jul 05 00:30:44.475059 np0000004541 devstack@c-api.service[96739]: DEBUG cinder.api.openstack.wsgi [req-89f6d92d-eecd-4dcc-81e8-8a0ca6085148 req-420d8c20-93ce-4326-a604-a1ef2b9c525d tempest-VolumesAdminNegativeTest-1889395412 tempest-VolumesAdminNegativeTest-1889395412-project] Empty body provided in request {{(pid=96739) get_body /opt/stack/cinder/cinder/api/openstack/wsgi.py:725}}
Jul 05 00:30:44.475362 np0000004541 devstack@c-api.service[96739]: DEBUG cinder.api.openstack.wsgi [req-89f6d92d-eecd-4dcc-81e8-8a0ca6085148 req-420d8c20-93ce-4326-a604-a1ef2b9c525d tempest-VolumesAdminNegativeTest-1889395412 tempest-VolumesAdminNegativeTest-1889395412-project] Calling method 'show' {{(pid=96739) _process_stack /opt/stack/cinder/cinder/api/openstack/wsgi.py:878}}
Jul 05 00:30:44.487059 np0000004541 devstack@c-api.service[96739]: INFO cinder.api.openstack.wsgi [req-89f6d92d-eecd-4dcc-81e8-8a0ca6085148 req-420d8c20-93ce-4326-a604-a1ef2b9c525d tempest-VolumesAdminNegativeTest-1889395412 tempest-VolumesAdminNegativeTest-1889395412-project] https://10.4.3.191/volume/v3/volumes/0e3bd70f-c47d-4e20-845a-9e7ea41c19b8 returned with HTTP 404
Jul 05 00:30:44.487550 np0000004541 devstack@c-api.service[96739]: [pid: 96739|app: 0|req: 62/178] 10.4.3.191 () {68 vars in 1598 bytes} [Sun Jul 5 00:30:44 2026] GET /volume/v3/volumes/0e3bd70f-c47d-4e20-845a-9e7ea41c19b8 => generated 109 bytes in 18 msecs (HTTP/1.1 404) 7 headers in 292 bytes (1 switches on core 0)
Jul 05 00:30:44.499734 np0000004541 devstack@c-api.service[96738]: /opt/stack/data/venv/lib/python3.12/site-packages/oslo_context/context.py:102: DeprecationWarning: Policy enforcement is depending on the value of is_admin. This key is deprecated. Please update your policy file to use the standard policy values.
Jul 05 00:30:44.499734 np0000004541 devstack@c-api.service[96738]: warnings.warn(
Jul 05 00:30:44.509701 np0000004541 devstack@c-api.service[96739]: DEBUG cinder.api.middleware.request_id [None req-270234cc-da46-44ed-bdfa-08ad82a7ffc9 None None] RequestId filter calling following filter/app {{(pid=96739) _context_setter /opt/stack/cinder/cinder/api/middleware/request_id.py:62}}
Jul 05 00:30:44.512551 np0000004541 devstack@c-api.service[96738]: INFO cinder.volume.api [req-7f50b958-773e-4ab1-a629-4b9a449a42a0 req-d1c811ac-67e2-4dbb-b51a-688fe9ee8feb tempest-DeleteServersTestJSON-1329531635 tempest-DeleteServersTestJSON-1329531635-project-member] Volume info retrieved successfully.
Jul 05 00:30:44.518715 np0000004541 devstack@c-api.service[96739]: INFO cinder.api.openstack.wsgi [None req-270234cc-da46-44ed-bdfa-08ad82a7ffc9 tempest-VolumesAdminNegativeTest-1014872815 tempest-VolumesAdminNegativeTest-1014872815-project-member] DELETE https://10.4.3.191/volume/v3/volumes/ed67512a-6c6e-416c-ba4b-d0866d41e628
Jul 05 00:30:44.518965 np0000004541 devstack@c-api.service[96739]: DEBUG cinder.api.openstack.wsgi [None req-270234cc-da46-44ed-bdfa-08ad82a7ffc9 tempest-VolumesAdminNegativeTest-1014872815 tempest-VolumesAdminNegativeTest-1014872815-project-member] Empty body provided in request {{(pid=96739) get_body /opt/stack/cinder/cinder/api/openstack/wsgi.py:725}}
Jul 05 00:30:44.519243 np0000004541 devstack@c-api.service[96739]: DEBUG cinder.api.openstack.wsgi [None req-270234cc-da46-44ed-bdfa-08ad82a7ffc9 tempest-VolumesAdminNegativeTest-1014872815 tempest-VolumesAdminNegativeTest-1014872815-project-member] Calling method 'delete' {{(pid=96739) _process_stack /opt/stack/cinder/cinder/api/openstack/wsgi.py:878}}
Jul 05 00:30:44.519523 np0000004541 devstack@c-api.service[96739]: INFO cinder.api.v3.volumes [None req-270234cc-da46-44ed-bdfa-08ad82a7ffc9 tempest-VolumesAdminNegativeTest-1014872815 tempest-VolumesAdminNegativeTest-1014872815-project-member] Delete volume with id: ed67512a-6c6e-416c-ba4b-d0866d41e628
Jul 05 00:30:44.521699 np0000004541 devstack@c-api.service[96738]: INFO cinder.api.openstack.wsgi [req-7f50b958-773e-4ab1-a629-4b9a449a42a0 req-d1c811ac-67e2-4dbb-b51a-688fe9ee8feb tempest-DeleteServersTestJSON-1329531635 tempest-DeleteServersTestJSON-1329531635-project-member] https://10.4.3.191/volume/v3/volumes/e205bb68-2650-4ad3-9584-a0332910a227 returned with HTTP 200
Jul 05 00:30:44.522491 np0000004541 devstack@c-api.service[96738]: [pid: 96738|app: 0|req: 63/179] 10.4.3.191 () {70 vars in 1639 bytes} [Sun Jul 5 00:30:44 2026] GET /volume/v3/volumes/e205bb68-2650-4ad3-9584-a0332910a227 => generated 1024 bytes in 61 msecs (HTTP/1.1 200) 7 headers in 287 bytes (1 switches on core 0)
Jul 05 00:30:44.523252 np0000004541 devstack@c-api.service[96738]: DEBUG cinder.api.middleware.request_id [None req-2d03e5a9-be00-4aea-9653-ea85b44a8c0f None None] RequestId filter calling following filter/app {{(pid=96738) _context_setter /opt/stack/cinder/cinder/api/middleware/request_id.py:62}}
Jul 05 00:30:44.532412 np0000004541 devstack@c-api.service[96739]: /opt/stack/data/venv/lib/python3.12/site-packages/oslo_context/context.py:102: DeprecationWarning: Policy enforcement is depending on the value of is_admin. This key is deprecated. Please update your policy file to use the standard policy values.
Jul 05 00:30:44.532412 np0000004541 devstack@c-api.service[96739]: warnings.warn(
Jul 05 00:30:44.533590 np0000004541 devstack@c-api.service[96739]: INFO cinder.volume.api [None req-270234cc-da46-44ed-bdfa-08ad82a7ffc9 tempest-VolumesAdminNegativeTest-1014872815 tempest-VolumesAdminNegativeTest-1014872815-project-member] Volume info retrieved successfully.
Jul 05 00:30:44.577327 np0000004541 devstack@c-api.service[96739]: INFO cinder.volume.api [None req-270234cc-da46-44ed-bdfa-08ad82a7ffc9 tempest-VolumesAdminNegativeTest-1014872815 tempest-VolumesAdminNegativeTest-1014872815-project-member] Delete volume request issued successfully.
Jul 05 00:30:44.578010 np0000004541 devstack@c-api.service[96739]: INFO cinder.api.openstack.wsgi [None req-270234cc-da46-44ed-bdfa-08ad82a7ffc9 tempest-VolumesAdminNegativeTest-1014872815 tempest-VolumesAdminNegativeTest-1014872815-project-member] https://10.4.3.191/volume/v3/volumes/ed67512a-6c6e-416c-ba4b-d0866d41e628 returned with HTTP 202
Jul 05 00:30:44.578541 np0000004541 devstack@c-api.service[96739]: [pid: 96739|app: 0|req: 63/180] 10.4.3.191 () {66 vars in 1351 bytes} [Sun Jul 5 00:30:44 2026] DELETE /volume/v3/volumes/ed67512a-6c6e-416c-ba4b-d0866d41e628 => generated 0 bytes in 69 msecs (HTTP/1.1 202) 6 headers in 233 bytes (1 switches on core 0)
Jul 05 00:30:44.597660 np0000004541 devstack@c-api.service[96739]: DEBUG cinder.api.middleware.request_id [None req-9938e5a1-1fea-4f16-a077-5c84977c03d8 None None] RequestId filter calling following filter/app {{(pid=96739) _context_setter /opt/stack/cinder/cinder/api/middleware/request_id.py:62}}
Jul 05 00:30:44.606909 np0000004541 devstack@c-api.service[96739]: INFO cinder.api.openstack.wsgi [None req-9938e5a1-1fea-4f16-a077-5c84977c03d8 tempest-VolumesAdminNegativeTest-1014872815 tempest-VolumesAdminNegativeTest-1014872815-project-member] GET https://10.4.3.191/volume/v3/volumes/ed67512a-6c6e-416c-ba4b-d0866d41e628
Jul 05 00:30:44.606909 np0000004541 devstack@c-api.service[96739]: DEBUG cinder.api.openstack.wsgi [None req-9938e5a1-1fea-4f16-a077-5c84977c03d8 tempest-VolumesAdminNegativeTest-1014872815 tempest-VolumesAdminNegativeTest-1014872815-project-member] Empty body provided in request {{(pid=96739) get_body /opt/stack/cinder/cinder/api/openstack/wsgi.py:725}}
Jul 05 00:30:44.607484 np0000004541 devstack@c-api.service[96739]: DEBUG cinder.api.openstack.wsgi [None req-9938e5a1-1fea-4f16-a077-5c84977c03d8 tempest-VolumesAdminNegativeTest-1014872815 tempest-VolumesAdminNegativeTest-1014872815-project-member] Calling method 'show' {{(pid=96739) _process_stack /opt/stack/cinder/cinder/api/openstack/wsgi.py:878}}
Jul 05 00:30:44.631272 np0000004541 devstack@c-api.service[96739]: /opt/stack/data/venv/lib/python3.12/site-packages/oslo_context/context.py:102: DeprecationWarning: Policy enforcement is depending on the value of is_admin. This key is deprecated. Please update your policy file to use the standard policy values.
Jul 05 00:30:44.631272 np0000004541 devstack@c-api.service[96739]: warnings.warn(
Jul 05 00:30:44.638053 np0000004541 devstack@c-api.service[96739]: INFO cinder.volume.api [None req-9938e5a1-1fea-4f16-a077-5c84977c03d8 tempest-VolumesAdminNegativeTest-1014872815 tempest-VolumesAdminNegativeTest-1014872815-project-member] Volume info retrieved successfully.
Jul 05 00:30:44.647853 np0000004541 devstack@c-api.service[96739]: INFO cinder.api.openstack.wsgi [None req-9938e5a1-1fea-4f16-a077-5c84977c03d8 tempest-VolumesAdminNegativeTest-1014872815 tempest-VolumesAdminNegativeTest-1014872815-project-member] https://10.4.3.191/volume/v3/volumes/ed67512a-6c6e-416c-ba4b-d0866d41e628 returned with HTTP 200
Jul 05 00:30:44.648766 np0000004541 devstack@c-api.service[96739]: [pid: 96739|app: 0|req: 64/181] 10.4.3.191 () {66 vars in 1348 bytes} [Sun Jul 5 00:30:44 2026] GET /volume/v3/volumes/ed67512a-6c6e-416c-ba4b-d0866d41e628 => generated 847 bytes in 56 msecs (HTTP/1.1 200) 7 headers in 285 bytes (1 switches on core 0)
Jul 05 00:30:44.650017 np0000004541 devstack@c-api.service[96739]: DEBUG cinder.api.middleware.request_id [req-7f50b958-773e-4ab1-a629-4b9a449a42a0 req-91fb25a7-6072-47eb-bcd4-6f9a82d41c2d None None] RequestId filter calling following filter/app {{(pid=96739) _context_setter /opt/stack/cinder/cinder/api/middleware/request_id.py:62}}
Jul 05 00:30:44.654489 np0000004541 devstack@c-api.service[96739]: INFO cinder.api.openstack.wsgi [req-7f50b958-773e-4ab1-a629-4b9a449a42a0 req-91fb25a7-6072-47eb-bcd4-6f9a82d41c2d tempest-DeleteServersTestJSON-1329531635 tempest-DeleteServersTestJSON-1329531635-project-member] PUT https://10.4.3.191/volume/v3/attachments/fb2fe87b-78e3-4f03-acf0-21ae38386d52
Jul 05 00:30:44.657820 np0000004541 devstack@c-api.service[96739]: DEBUG cinder.api.openstack.wsgi [req-7f50b958-773e-4ab1-a629-4b9a449a42a0 req-91fb25a7-6072-47eb-bcd4-6f9a82d41c2d tempest-DeleteServersTestJSON-1329531635 tempest-DeleteServersTestJSON-1329531635-project-member] Action: 'update', calling method: version_select, body: {"attachment": {"connector": {"platform": "x86_64", "os_type": "linux", "ip": "10.4.3.191", "host": "np0000004541", "multipath": false, "enforce_multipath": true, "initiator": "iqn.2016-04.com.open-iscsi:f3c6e39afed", "do_local_attach": false, "nvme_hostid": "61619f62-1e5c-4355-9b0a-94f06e7699a1", "uuid": "8515de1c-ba7e-467b-adde-6d9f8a8dbc1f", "system uuid": "0e67e2aa-37c0-479e-9c7c-1cc03a42dd1c", "nqn": "nqn.2014-08.org.nvmexpress:uuid:0e67e2aa-37c0-479e-9c7c-1cc03a42dd1c", "nvme_native_multipath": true, "found_dsc": "", "host_ips": ["10.4.3.191", "fe80::f816:3eff:fe7b:2a57", "192.168.10.6", "fe80::f816:3eff:fe68:8de9", "192.168.20.6", "fe80::f816:3eff:feae:6f34", "192.168.30.6", "fe80::f816:3eff:fecd:788c", "192.168.122.1", "172.24.5.1", "2001:db8::2", "fe80::18e7:a3ff:fe99:d49", "fe80::f816:3eff:fe77:96c9", "fe80::f816:3eff:fe92:b194", "fe80::d5:cfff:fe07:e27d", "fe80::b002:f7ff:feb5:bf05", "fe80::f816:3eff:fe40:60a1", "fe80::3860:63ff:febf:16e5", "fe80::f816:3eff:fe32:62ad", "fe80::6492:21ff:feb5:2e1c", "fe80::f816:3eff:feec:a025", "fe80::2490:e8ff:fead:aed0"], "mountpoint": "/dev/vdb"}}} {{(pid=96739) _process_stack /opt/stack/cinder/cinder/api/openstack/wsgi.py:876}}
Jul 05 00:30:44.673414 np0000004541 devstack@c-api.service[96739]: DEBUG cinder.coordination [req-7f50b958-773e-4ab1-a629-4b9a449a42a0 req-91fb25a7-6072-47eb-bcd4-6f9a82d41c2d tempest-DeleteServersTestJSON-1329531635 tempest-DeleteServersTestJSON-1329531635-project-member] Acquiring lock "cinder-attachment_update-e205bb68-2650-4ad3-9584-a0332910a227-np0000004541" by "attachment_update" {{(pid=96739) __acquire /opt/stack/cinder/cinder/coordination.py:138}}
Jul 05 00:30:44.692937 np0000004541 devstack@c-api.service[96739]: DEBUG cinder.coordination [req-7f50b958-773e-4ab1-a629-4b9a449a42a0 req-91fb25a7-6072-47eb-bcd4-6f9a82d41c2d tempest-DeleteServersTestJSON-1329531635 tempest-DeleteServersTestJSON-1329531635-project-member] Lock "cinder-attachment_update-e205bb68-2650-4ad3-9584-a0332910a227-np0000004541" acquired by "attachment_update" :: waited 0.016s {{(pid=96739) __acquire /opt/stack/cinder/cinder/coordination.py:141}}
Jul 05 00:30:44.692937 np0000004541 devstack@c-api.service[96739]: /opt/stack/data/venv/lib/python3.12/site-packages/oslo_context/context.py:102: DeprecationWarning: Policy enforcement is depending on the value of is_admin. This key is deprecated. Please update your policy file to use the standard policy values.
Jul 05 00:30:44.692937 np0000004541 devstack@c-api.service[96739]: warnings.warn(
Jul 05 00:30:44.951341 np0000004541 devstack@c-api.service[96738]: INFO cinder.api.openstack.wsgi [None req-2d03e5a9-be00-4aea-9653-ea85b44a8c0f tempest-GroupSnapshotsV319Test-61640656 tempest-GroupSnapshotsV319Test-61640656-project-admin] POST https://10.4.3.191/volume/v3/types
Jul 05 00:30:44.951879 np0000004541 devstack@c-api.service[96738]: DEBUG cinder.api.openstack.wsgi [None req-2d03e5a9-be00-4aea-9653-ea85b44a8c0f tempest-GroupSnapshotsV319Test-61640656 tempest-GroupSnapshotsV319Test-61640656-project-admin] Action: 'create', calling method: _create, body: {"volume_type": {"name": "tempest-GroupSnapshotsV319Test-volume-type-1826226629"}} {{(pid=96738) _process_stack /opt/stack/cinder/cinder/api/openstack/wsgi.py:876}}
Jul 05 00:30:44.957958 np0000004541 devstack@c-api.service[96738]: DEBUG dbcounter [-] [96738] Writing DB stats cinder:SELECT=289,cinder:INSERT=62,cinder:UPDATE=95,cinder:DELETE=4 {{(pid=96738) stat_writer /opt/stack/data/venv/lib/python3.12/site-packages/dbcounter.py:115}}
Jul 05 00:30:44.981707 np0000004541 devstack@c-api.service[96738]: INFO cinder.api.openstack.wsgi [None req-2d03e5a9-be00-4aea-9653-ea85b44a8c0f tempest-GroupSnapshotsV319Test-61640656 tempest-GroupSnapshotsV319Test-61640656-project-admin] https://10.4.3.191/volume/v3/types returned with HTTP 200
Jul 05 00:30:44.983459 np0000004541 devstack@c-api.service[96738]: [pid: 96738|app: 0|req: 64/182] 10.4.3.191 () {68 vars in 1252 bytes} [Sun Jul 5 00:30:44 2026] POST /volume/v3/types => generated 228 bytes in 460 msecs (HTTP/1.1 200) 7 headers in 285 bytes (1 switches on core 0)
Jul 05 00:30:44.998201 np0000004541 devstack@c-api.service[96738]: DEBUG cinder.api.middleware.request_id [None req-3acd33e3-8002-49ae-bbb6-8639a08c2b40 None None] RequestId filter calling following filter/app {{(pid=96738) _context_setter /opt/stack/cinder/cinder/api/middleware/request_id.py:62}}
Jul 05 00:30:45.000809 np0000004541 devstack@c-api.service[96738]: INFO cinder.api.openstack.wsgi [None req-3acd33e3-8002-49ae-bbb6-8639a08c2b40 tempest-GroupSnapshotsV319Test-61640656 tempest-GroupSnapshotsV319Test-61640656-project-admin] POST https://10.4.3.191/volume/v3/group_types
Jul 05 00:30:45.001215 np0000004541 devstack@c-api.service[96738]: DEBUG cinder.api.openstack.wsgi [None req-3acd33e3-8002-49ae-bbb6-8639a08c2b40 tempest-GroupSnapshotsV319Test-61640656 tempest-GroupSnapshotsV319Test-61640656-project-admin] Action: 'create', calling method: version_select, body: {"group_type": {"name": "tempest-GroupSnapshotsV319Test-group-type-1594884567"}} {{(pid=96738) _process_stack /opt/stack/cinder/cinder/api/openstack/wsgi.py:876}}
Jul 05 00:30:45.010199 np0000004541 devstack@c-api.service[96740]: DEBUG cinder.coordination [req-b560da06-4ce9-47c0-828f-55f5256246a3 req-556094b1-cc4c-4cc1-88c3-f914d4675d46 tempest-TaggedBootDevicesTest-799832381 tempest-TaggedBootDevicesTest-799832381-project-member] Lock "cinder-attachment_update-5fbefdab-7a5e-420e-a4d9-5770a6e0f434-np0000004541" released by "attachment_update" :: held 0.567s {{(pid=96740) __release /opt/stack/cinder/cinder/coordination.py:152}}
Jul 05 00:30:45.011359 np0000004541 devstack@c-api.service[96740]: INFO cinder.api.openstack.wsgi [req-b560da06-4ce9-47c0-828f-55f5256246a3 req-556094b1-cc4c-4cc1-88c3-f914d4675d46 tempest-TaggedBootDevicesTest-799832381 tempest-TaggedBootDevicesTest-799832381-project-member] https://10.4.3.191/volume/v3/attachments/a648b63f-6213-42e0-bd1c-2af31a0265c7 returned with HTTP 200
Jul 05 00:30:45.011797 np0000004541 devstack@c-api.service[96740]: [pid: 96740|app: 0|req: 55/183] 10.4.3.191 () {74 vars in 1705 bytes} [Sun Jul 5 00:30:44 2026] PUT /volume/v3/attachments/a648b63f-6213-42e0-bd1c-2af31a0265c7 => generated 535 bytes in 606 msecs (HTTP/1.1 200) 7 headers in 286 bytes (1 switches on core 0)
Jul 05 00:30:45.043077 np0000004541 devstack@c-api.service[96738]: INFO cinder.api.openstack.wsgi [None req-3acd33e3-8002-49ae-bbb6-8639a08c2b40 tempest-GroupSnapshotsV319Test-61640656 tempest-GroupSnapshotsV319Test-61640656-project-admin] https://10.4.3.191/volume/v3/group_types returned with HTTP 202
Jul 05 00:30:45.043077 np0000004541 devstack@c-api.service[96738]: [pid: 96738|app: 0|req: 65/184] 10.4.3.191 () {70 vars in 1311 bytes} [Sun Jul 5 00:30:44 2026] POST /volume/v3/group_types => generated 185 bytes in 46 msecs (HTTP/1.1 202) 7 headers in 292 bytes (1 switches on core 0)
Jul 05 00:30:45.055131 np0000004541 devstack@c-api.service[96740]: DEBUG cinder.api.middleware.request_id [None req-f8d09a45-d22d-46c8-88c6-e6ca985dc078 None None] RequestId filter calling following filter/app {{(pid=96740) _context_setter /opt/stack/cinder/cinder/api/middleware/request_id.py:62}}
Jul 05 00:30:45.114360 np0000004541 devstack@c-api.service[96738]: DEBUG cinder.api.middleware.request_id [None req-237a9587-ad92-4c78-b044-85e1facdc704 None None] RequestId filter calling following filter/app {{(pid=96738) _context_setter /opt/stack/cinder/cinder/api/middleware/request_id.py:62}}
Jul 05 00:30:45.118147 np0000004541 devstack@c-api.service[96738]: INFO cinder.api.openstack.wsgi [None req-237a9587-ad92-4c78-b044-85e1facdc704 tempest-DeleteServersTestJSON-1329531635 tempest-DeleteServersTestJSON-1329531635-project-member] GET https://10.4.3.191/volume/v3/volumes/e205bb68-2650-4ad3-9584-a0332910a227
Jul 05 00:30:45.118147 np0000004541 devstack@c-api.service[96738]: DEBUG cinder.api.openstack.wsgi [None req-237a9587-ad92-4c78-b044-85e1facdc704 tempest-DeleteServersTestJSON-1329531635 tempest-DeleteServersTestJSON-1329531635-project-member] Empty body provided in request {{(pid=96738) get_body /opt/stack/cinder/cinder/api/openstack/wsgi.py:725}}
Jul 05 00:30:45.118147 np0000004541 devstack@c-api.service[96738]: DEBUG cinder.api.openstack.wsgi [None req-237a9587-ad92-4c78-b044-85e1facdc704 tempest-DeleteServersTestJSON-1329531635 tempest-DeleteServersTestJSON-1329531635-project-member] Calling method 'show' {{(pid=96738) _process_stack /opt/stack/cinder/cinder/api/openstack/wsgi.py:878}}
Jul 05 00:30:45.132995 np0000004541 devstack@c-api.service[96738]: /opt/stack/data/venv/lib/python3.12/site-packages/oslo_context/context.py:102: DeprecationWarning: Policy enforcement is depending on the value of is_admin. This key is deprecated. Please update your policy file to use the standard policy values.
Jul 05 00:30:45.132995 np0000004541 devstack@c-api.service[96738]: warnings.warn(
Jul 05 00:30:45.138070 np0000004541 devstack@c-api.service[96738]: INFO cinder.volume.api [None req-237a9587-ad92-4c78-b044-85e1facdc704 tempest-DeleteServersTestJSON-1329531635 tempest-DeleteServersTestJSON-1329531635-project-member] Volume info retrieved successfully.
Jul 05 00:30:45.146372 np0000004541 devstack@c-api.service[96738]: INFO cinder.api.openstack.wsgi [None req-237a9587-ad92-4c78-b044-85e1facdc704 tempest-DeleteServersTestJSON-1329531635 tempest-DeleteServersTestJSON-1329531635-project-member] https://10.4.3.191/volume/v3/volumes/e205bb68-2650-4ad3-9584-a0332910a227 returned with HTTP 200
Jul 05 00:30:45.146684 np0000004541 devstack@c-api.service[96738]: [pid: 96738|app: 0|req: 66/185] 10.4.3.191 () {66 vars in 1348 bytes} [Sun Jul 5 00:30:45 2026] GET /volume/v3/volumes/e205bb68-2650-4ad3-9584-a0332910a227 => generated 844 bytes in 33 msecs (HTTP/1.1 200) 7 headers in 285 bytes (1 switches on core 0)
Jul 05 00:30:45.238993 np0000004541 devstack@c-api.service[96739]: DEBUG cinder.coordination [req-7f50b958-773e-4ab1-a629-4b9a449a42a0 req-91fb25a7-6072-47eb-bcd4-6f9a82d41c2d tempest-DeleteServersTestJSON-1329531635 tempest-DeleteServersTestJSON-1329531635-project-member] Lock "cinder-attachment_update-e205bb68-2650-4ad3-9584-a0332910a227-np0000004541" released by "attachment_update" :: held 0.550s {{(pid=96739) __release /opt/stack/cinder/cinder/coordination.py:152}}
Jul 05 00:30:45.239556 np0000004541 devstack@c-api.service[96739]: INFO cinder.api.openstack.wsgi [req-7f50b958-773e-4ab1-a629-4b9a449a42a0 req-91fb25a7-6072-47eb-bcd4-6f9a82d41c2d tempest-DeleteServersTestJSON-1329531635 tempest-DeleteServersTestJSON-1329531635-project-member] https://10.4.3.191/volume/v3/attachments/fb2fe87b-78e3-4f03-acf0-21ae38386d52 returned with HTTP 200
Jul 05 00:30:45.241198 np0000004541 devstack@c-api.service[96739]: [pid: 96739|app: 0|req: 65/186] 10.4.3.191 () {74 vars in 1705 bytes} [Sun Jul 5 00:30:44 2026] PUT /volume/v3/attachments/fb2fe87b-78e3-4f03-acf0-21ae38386d52 => generated 535 bytes in 591 msecs (HTTP/1.1 200) 7 headers in 286 bytes (1 switches on core 0)
Jul 05 00:30:45.394348 np0000004541 devstack@c-api.service[96740]: INFO cinder.api.openstack.wsgi [None req-f8d09a45-d22d-46c8-88c6-e6ca985dc078 tempest-GroupSnapshotsV319Test-1854270235 tempest-GroupSnapshotsV319Test-1854270235-project-member] POST https://10.4.3.191/volume/v3/groups
Jul 05 00:30:45.397251 np0000004541 devstack@c-api.service[96740]: DEBUG cinder.api.openstack.wsgi [None req-f8d09a45-d22d-46c8-88c6-e6ca985dc078 tempest-GroupSnapshotsV319Test-1854270235 tempest-GroupSnapshotsV319Test-1854270235-project-member] Action: 'create', calling method: version_select, body: {"group": {"group_type": "eed8eea1-b608-4717-bd0f-0f6a8f9b5f4d", "volume_types": ["942e2e7e-6548-43f2-b771-1b5a80e3e6ff"], "name": "tempest-GroupSnapshotsV319Test-Group-709468023"}} {{(pid=96740) _process_stack /opt/stack/cinder/cinder/api/openstack/wsgi.py:876}}
Jul 05 00:30:45.404767 np0000004541 devstack@c-api.service[96740]: DEBUG cinder.api.v3.groups [None req-f8d09a45-d22d-46c8-88c6-e6ca985dc078 tempest-GroupSnapshotsV319Test-1854270235 tempest-GroupSnapshotsV319Test-1854270235-project-member] Creating new group {'group': {'group_type': 'eed8eea1-b608-4717-bd0f-0f6a8f9b5f4d', 'volume_types': ['942e2e7e-6548-43f2-b771-1b5a80e3e6ff'], 'name': 'tempest-GroupSnapshotsV319Test-Group-709468023'}} {{(pid=96740) create /opt/stack/cinder/cinder/api/v3/groups.py:190}}
Jul 05 00:30:45.425210 np0000004541 devstack@c-api.service[96740]: INFO cinder.api.v3.groups [None req-f8d09a45-d22d-46c8-88c6-e6ca985dc078 tempest-GroupSnapshotsV319Test-1854270235 tempest-GroupSnapshotsV319Test-1854270235-project-member] Creating group tempest-GroupSnapshotsV319Test-Group-709468023.
Jul 05 00:30:45.425730 np0000004541 devstack@c-api.service[96740]: /opt/stack/data/venv/lib/python3.12/site-packages/oslo_context/context.py:102: DeprecationWarning: Policy enforcement is depending on the value of is_admin. This key is deprecated. Please update your policy file to use the standard policy values.
Jul 05 00:30:45.425730 np0000004541 devstack@c-api.service[96740]: warnings.warn(
Jul 05 00:30:45.455233 np0000004541 devstack@c-api.service[96740]: DEBUG cinder.volume.api [None req-f8d09a45-d22d-46c8-88c6-e6ca985dc078 tempest-GroupSnapshotsV319Test-1854270235 tempest-GroupSnapshotsV319Test-1854270235-project-member] Availability zone cache updated, next update will occur around 2026-07-05 01:30:45.454817. {{(pid=96740) list_availability_zones /opt/stack/cinder/cinder/volume/api.py:155}}
Jul 05 00:30:45.455484 np0000004541 devstack@c-api.service[96740]: INFO cinder.volume.api [None req-f8d09a45-d22d-46c8-88c6-e6ca985dc078 tempest-GroupSnapshotsV319Test-1854270235 tempest-GroupSnapshotsV319Test-1854270235-project-member] Availability Zones retrieved successfully.
Jul 05 00:30:45.492615 np0000004541 devstack@c-api.service[96740]: DEBUG cinder.quota [None req-f8d09a45-d22d-46c8-88c6-e6ca985dc078 tempest-GroupSnapshotsV319Test-1854270235 tempest-GroupSnapshotsV319Test-1854270235-project-member] Created reservations ['d5190bf3-581c-4a4f-808e-d95eeb65c0f9'] {{(pid=96740) reserve /opt/stack/cinder/cinder/quota.py:752}}
Jul 05 00:30:45.528628 np0000004541 devstack@c-api.service[96740]: INFO cinder.api.openstack.wsgi [None req-f8d09a45-d22d-46c8-88c6-e6ca985dc078 tempest-GroupSnapshotsV319Test-1854270235 tempest-GroupSnapshotsV319Test-1854270235-project-member] https://10.4.3.191/volume/v3/groups returned with HTTP 202
Jul 05 00:30:45.529326 np0000004541 devstack@c-api.service[96740]: [pid: 96740|app: 0|req: 56/187] 10.4.3.191 () {70 vars in 1297 bytes} [Sun Jul 5 00:30:45 2026] POST /volume/v3/groups => generated 115 bytes in 475 msecs (HTTP/1.1 202) 7 headers in 292 bytes (1 switches on core 0)
Jul 05 00:30:45.541402 np0000004541 devstack@c-api.service[96738]: DEBUG cinder.api.middleware.request_id [req-b560da06-4ce9-47c0-828f-55f5256246a3 req-827d94f5-9468-45e0-8a08-fb69ebca3078 None None] RequestId filter calling following filter/app {{(pid=96738) _context_setter /opt/stack/cinder/cinder/api/middleware/request_id.py:62}}
Jul 05 00:30:45.543249 np0000004541 devstack@c-api.service[96739]: DEBUG cinder.api.middleware.request_id [None req-2fdfbcf6-7d95-487a-9946-d324ed55ff7c None None] RequestId filter calling following filter/app {{(pid=96739) _context_setter /opt/stack/cinder/cinder/api/middleware/request_id.py:62}}
Jul 05 00:30:45.544066 np0000004541 devstack@c-api.service[96738]: INFO cinder.api.openstack.wsgi [req-b560da06-4ce9-47c0-828f-55f5256246a3 req-827d94f5-9468-45e0-8a08-fb69ebca3078 tempest-TaggedBootDevicesTest-799832381 tempest-TaggedBootDevicesTest-799832381-project-member] POST https://10.4.3.191/volume/v3/attachments/a648b63f-6213-42e0-bd1c-2af31a0265c7/action
Jul 05 00:30:45.544602 np0000004541 devstack@c-api.service[96738]: DEBUG cinder.api.openstack.wsgi [req-b560da06-4ce9-47c0-828f-55f5256246a3 req-827d94f5-9468-45e0-8a08-fb69ebca3078 tempest-TaggedBootDevicesTest-799832381 tempest-TaggedBootDevicesTest-799832381-project-member] Action body: b'{"os-complete": null}' {{(pid=96738) get_method /opt/stack/cinder/cinder/api/openstack/wsgi.py:993}}
Jul 05 00:30:45.544668 np0000004541 devstack@c-api.service[96738]: DEBUG cinder.api.openstack.wsgi [req-b560da06-4ce9-47c0-828f-55f5256246a3 req-827d94f5-9468-45e0-8a08-fb69ebca3078 tempest-TaggedBootDevicesTest-799832381 tempest-TaggedBootDevicesTest-799832381-project-member] Action: 'action', calling method: version_select, body: {"os-complete": null} {{(pid=96738) _process_stack /opt/stack/cinder/cinder/api/openstack/wsgi.py:876}}
Jul 05 00:30:45.545677 np0000004541 devstack@c-api.service[96739]: INFO cinder.api.openstack.wsgi [None req-2fdfbcf6-7d95-487a-9946-d324ed55ff7c tempest-GroupSnapshotsV319Test-1854270235 tempest-GroupSnapshotsV319Test-1854270235-project-member] GET https://10.4.3.191/volume/v3/groups/2db1d542-d9a4-43e8-87a0-1719d76fd1b2
Jul 05 00:30:45.545965 np0000004541 devstack@c-api.service[96739]: DEBUG cinder.api.openstack.wsgi [None req-2fdfbcf6-7d95-487a-9946-d324ed55ff7c tempest-GroupSnapshotsV319Test-1854270235 tempest-GroupSnapshotsV319Test-1854270235-project-member] Empty body provided in request {{(pid=96739) get_body /opt/stack/cinder/cinder/api/openstack/wsgi.py:725}}
Jul 05 00:30:45.546338 np0000004541 devstack@c-api.service[96739]: DEBUG cinder.api.openstack.wsgi [None req-2fdfbcf6-7d95-487a-9946-d324ed55ff7c tempest-GroupSnapshotsV319Test-1854270235 tempest-GroupSnapshotsV319Test-1854270235-project-member] Calling method 'version_select' {{(pid=96739) _process_stack /opt/stack/cinder/cinder/api/openstack/wsgi.py:878}}
Jul 05 00:30:45.547742 np0000004541 devstack@c-api.service[96739]: DEBUG cinder.api.v3.groups [None req-2fdfbcf6-7d95-487a-9946-d324ed55ff7c tempest-GroupSnapshotsV319Test-1854270235 tempest-GroupSnapshotsV319Test-1854270235-project-member] show called for member 2db1d542-d9a4-43e8-87a0-1719d76fd1b2 {{(pid=96739) show /opt/stack/cinder/cinder/api/v3/groups.py:58}}
Jul 05 00:30:45.555715 np0000004541 devstack@c-api.service[96739]: /opt/stack/data/venv/lib/python3.12/site-packages/oslo_context/context.py:102: DeprecationWarning: Policy enforcement is depending on the value of is_admin. This key is deprecated. Please update your policy file to use the standard policy values.
Jul 05 00:30:45.555715 np0000004541 devstack@c-api.service[96739]: warnings.warn(
Jul 05 00:30:45.569751 np0000004541 devstack@c-api.service[96738]: /opt/stack/data/venv/lib/python3.12/site-packages/oslo_context/context.py:102: DeprecationWarning: Policy enforcement is depending on the value of is_admin. This key is deprecated. Please update your policy file to use the standard policy values.
Jul 05 00:30:45.569751 np0000004541 devstack@c-api.service[96738]: warnings.warn(
Jul 05 00:30:45.585822 np0000004541 devstack@c-api.service[96739]: INFO cinder.api.openstack.wsgi [None req-2fdfbcf6-7d95-487a-9946-d324ed55ff7c tempest-GroupSnapshotsV319Test-1854270235 tempest-GroupSnapshotsV319Test-1854270235-project-member] https://10.4.3.191/volume/v3/groups/2db1d542-d9a4-43e8-87a0-1719d76fd1b2 returned with HTTP 200
Jul 05 00:30:45.586988 np0000004541 devstack@c-api.service[96739]: [pid: 96739|app: 0|req: 66/188] 10.4.3.191 () {68 vars in 1386 bytes} [Sun Jul 5 00:30:45 2026] GET /volume/v3/groups/2db1d542-d9a4-43e8-87a0-1719d76fd1b2 => generated 395 bytes in 44 msecs (HTTP/1.1 200) 7 headers in 286 bytes (1 switches on core 0)
Jul 05 00:30:45.591644 np0000004541 devstack@c-api.service[96738]: INFO cinder.api.openstack.wsgi [req-b560da06-4ce9-47c0-828f-55f5256246a3 req-827d94f5-9468-45e0-8a08-fb69ebca3078 tempest-TaggedBootDevicesTest-799832381 tempest-TaggedBootDevicesTest-799832381-project-member] https://10.4.3.191/volume/v3/attachments/a648b63f-6213-42e0-bd1c-2af31a0265c7/action returned with HTTP 204
Jul 05 00:30:45.592262 np0000004541 devstack@c-api.service[96738]: [pid: 96738|app: 0|req: 67/189] 10.4.3.191 () {74 vars in 1725 bytes} [Sun Jul 5 00:30:45 2026] POST /volume/v3/attachments/a648b63f-6213-42e0-bd1c-2af31a0265c7/action => generated 0 bytes in 53 msecs (HTTP/1.1 204) 7 headers in 292 bytes (1 switches on core 0)
Jul 05 00:30:45.670320 np0000004541 devstack@c-api.service[96740]: DEBUG cinder.api.middleware.request_id [None req-302b1224-15f5-4372-ac8d-20850be164c6 None None] RequestId filter calling following filter/app {{(pid=96740) _context_setter /opt/stack/cinder/cinder/api/middleware/request_id.py:62}}
Jul 05 00:30:45.674765 np0000004541 devstack@c-api.service[96740]: INFO cinder.api.openstack.wsgi [None req-302b1224-15f5-4372-ac8d-20850be164c6 tempest-VolumesAdminNegativeTest-1014872815 tempest-VolumesAdminNegativeTest-1014872815-project-member] GET https://10.4.3.191/volume/v3/volumes/ed67512a-6c6e-416c-ba4b-d0866d41e628
Jul 05 00:30:45.674765 np0000004541 devstack@c-api.service[96740]: DEBUG cinder.api.openstack.wsgi [None req-302b1224-15f5-4372-ac8d-20850be164c6 tempest-VolumesAdminNegativeTest-1014872815 tempest-VolumesAdminNegativeTest-1014872815-project-member] Empty body provided in request {{(pid=96740) get_body /opt/stack/cinder/cinder/api/openstack/wsgi.py:725}}
Jul 05 00:30:45.674765 np0000004541 devstack@c-api.service[96740]: DEBUG cinder.api.openstack.wsgi [None req-302b1224-15f5-4372-ac8d-20850be164c6 tempest-VolumesAdminNegativeTest-1014872815 tempest-VolumesAdminNegativeTest-1014872815-project-member] Calling method 'show' {{(pid=96740) _process_stack /opt/stack/cinder/cinder/api/openstack/wsgi.py:878}}
Jul 05 00:30:45.685552 np0000004541 devstack@c-api.service[96740]: INFO cinder.api.openstack.wsgi [None req-302b1224-15f5-4372-ac8d-20850be164c6 tempest-VolumesAdminNegativeTest-1014872815 tempest-VolumesAdminNegativeTest-1014872815-project-member] https://10.4.3.191/volume/v3/volumes/ed67512a-6c6e-416c-ba4b-d0866d41e628 returned with HTTP 404
Jul 05 00:30:45.686119 np0000004541 devstack@c-api.service[96740]: [pid: 96740|app: 0|req: 57/190] 10.4.3.191 () {66 vars in 1348 bytes} [Sun Jul 5 00:30:45 2026] GET /volume/v3/volumes/ed67512a-6c6e-416c-ba4b-d0866d41e628 => generated 109 bytes in 16 msecs (HTTP/1.1 404) 7 headers in 292 bytes (1 switches on core 0)
Jul 05 00:30:46.109647 np0000004541 devstack@c-api.service[96739]: DEBUG cinder.api.middleware.request_id [None req-f3cc8a1e-da01-4281-8f94-24aa141682f7 None None] RequestId filter calling following filter/app {{(pid=96739) _context_setter /opt/stack/cinder/cinder/api/middleware/request_id.py:62}}
Jul 05 00:30:46.110094 np0000004541 devstack@c-api.service[96739]: INFO cinder.api.openstack.wsgi [None req-f3cc8a1e-da01-4281-8f94-24aa141682f7 None None] GET https://10.4.3.191/volume//
Jul 05 00:30:46.110277 np0000004541 devstack@c-api.service[96739]: DEBUG cinder.api.openstack.wsgi [None req-f3cc8a1e-da01-4281-8f94-24aa141682f7 None None] Empty body provided in request {{(pid=96739) get_body /opt/stack/cinder/cinder/api/openstack/wsgi.py:725}}
Jul 05 00:30:46.110529 np0000004541 devstack@c-api.service[96739]: DEBUG cinder.api.openstack.wsgi [None req-f3cc8a1e-da01-4281-8f94-24aa141682f7 None None] Calling method 'all' {{(pid=96739) _process_stack /opt/stack/cinder/cinder/api/openstack/wsgi.py:878}}
Jul 05 00:30:46.110904 np0000004541 devstack@c-api.service[96739]: INFO cinder.api.openstack.wsgi [None req-f3cc8a1e-da01-4281-8f94-24aa141682f7 None None] https://10.4.3.191/volume// returned with HTTP 300
Jul 05 00:30:46.111843 np0000004541 devstack@c-api.service[96739]: [pid: 96739|app: 0|req: 67/191] 10.4.3.191 () {66 vars in 1426 bytes} [Sun Jul 5 00:30:46 2026] GET /volume/ => generated 386 bytes in 3 msecs (HTTP/1.1 300) 7 headers in 299 bytes (1 switches on core 0)
Jul 05 00:30:46.122206 np0000004541 devstack@c-api.service[96738]: DEBUG cinder.api.middleware.request_id [req-b560da06-4ce9-47c0-828f-55f5256246a3 req-3e8bf844-f71d-4e39-8d8d-e14775e85ff3 None None] RequestId filter calling following filter/app {{(pid=96738) _context_setter /opt/stack/cinder/cinder/api/middleware/request_id.py:62}}
Jul 05 00:30:46.125713 np0000004541 devstack@c-api.service[96738]: INFO cinder.api.openstack.wsgi [req-b560da06-4ce9-47c0-828f-55f5256246a3 req-3e8bf844-f71d-4e39-8d8d-e14775e85ff3 tempest-TaggedBootDevicesTest-799832381 tempest-TaggedBootDevicesTest-799832381-project-member] GET https://10.4.3.191/volume/v3/volumes/dde502fd-d6d2-4419-a3f7-c16d770a36f7
Jul 05 00:30:46.126101 np0000004541 devstack@c-api.service[96738]: DEBUG cinder.api.openstack.wsgi [req-b560da06-4ce9-47c0-828f-55f5256246a3 req-3e8bf844-f71d-4e39-8d8d-e14775e85ff3 tempest-TaggedBootDevicesTest-799832381 tempest-TaggedBootDevicesTest-799832381-project-member] Empty body provided in request {{(pid=96738) get_body /opt/stack/cinder/cinder/api/openstack/wsgi.py:725}}
Jul 05 00:30:46.126422 np0000004541 devstack@c-api.service[96738]: DEBUG cinder.api.openstack.wsgi [req-b560da06-4ce9-47c0-828f-55f5256246a3 req-3e8bf844-f71d-4e39-8d8d-e14775e85ff3 tempest-TaggedBootDevicesTest-799832381 tempest-TaggedBootDevicesTest-799832381-project-member] Calling method 'show' {{(pid=96738) _process_stack /opt/stack/cinder/cinder/api/openstack/wsgi.py:878}}
Jul 05 00:30:46.143053 np0000004541 devstack@c-api.service[96738]: /opt/stack/data/venv/lib/python3.12/site-packages/oslo_context/context.py:102: DeprecationWarning: Policy enforcement is depending on the value of is_admin. This key is deprecated. Please update your policy file to use the standard policy values.
Jul 05 00:30:46.143053 np0000004541 devstack@c-api.service[96738]: warnings.warn(
Jul 05 00:30:46.156081 np0000004541 devstack@c-api.service[96738]: INFO cinder.volume.api [req-b560da06-4ce9-47c0-828f-55f5256246a3 req-3e8bf844-f71d-4e39-8d8d-e14775e85ff3 tempest-TaggedBootDevicesTest-799832381 tempest-TaggedBootDevicesTest-799832381-project-member] Volume info retrieved successfully.
Jul 05 00:30:46.170768 np0000004541 devstack@c-api.service[96738]: INFO cinder.api.openstack.wsgi [req-b560da06-4ce9-47c0-828f-55f5256246a3 req-3e8bf844-f71d-4e39-8d8d-e14775e85ff3 tempest-TaggedBootDevicesTest-799832381 tempest-TaggedBootDevicesTest-799832381-project-member] https://10.4.3.191/volume/v3/volumes/dde502fd-d6d2-4419-a3f7-c16d770a36f7 returned with HTTP 200
Jul 05 00:30:46.171046 np0000004541 devstack@c-api.service[96740]: DEBUG cinder.api.middleware.request_id [None req-fbe8e772-21a8-40a3-95bd-b09ec5d42754 None None] RequestId filter calling following filter/app {{(pid=96740) _context_setter /opt/stack/cinder/cinder/api/middleware/request_id.py:62}}
Jul 05 00:30:46.172705 np0000004541 devstack@c-api.service[96738]: [pid: 96738|app: 0|req: 68/192] 10.4.3.191 () {70 vars in 1639 bytes} [Sun Jul 5 00:30:46 2026] GET /volume/v3/volumes/dde502fd-d6d2-4419-a3f7-c16d770a36f7 => generated 1025 bytes in 47 msecs (HTTP/1.1 200) 7 headers in 287 bytes (1 switches on core 0)
