Aug 14 06:54:13.321988 np0000007337 nova-scheduler[96789]: DEBUG cotyledon.oslo_config_glue [-] workarounds.ensure_libvirt_rbd_instance_dir_cleanup = False {{(pid=96789) log_opt_values /opt/stack/data/venv/lib/python3.12/site-packages/oslo_config/cfg.py:3560}}
Aug 14 06:54:13.321988 np0000007337 nova-scheduler[96789]: DEBUG cotyledon.oslo_config_glue [-] workarounds.handle_virt_lifecycle_events = True {{(pid=96789) log_opt_values /opt/stack/data/venv/lib/python3.12/site-packages/oslo_config/cfg.py:3560}}
Aug 14 06:54:13.321988 np0000007337 nova-scheduler[96789]: DEBUG cotyledon.oslo_config_glue [-] workarounds.libvirt_disable_apic = False {{(pid=96789) log_opt_values /opt/stack/data/venv/lib/python3.12/site-packages/oslo_config/cfg.py:3560}}
Aug 14 06:54:13.321988 np0000007337 nova-scheduler[96789]: DEBUG cotyledon.oslo_config_glue [-] workarounds.never_download_image_if_on_rbd = False {{(pid=96789) log_opt_values /opt/stack/data/venv/lib/python3.12/site-packages/oslo_config/cfg.py:3560}}
Aug 14 06:54:13.321988 np0000007337 nova-scheduler[96789]: DEBUG cotyledon.oslo_config_glue [-] workarounds.qemu_monitor_announce_self_count = 3 {{(pid=96789) log_opt_values /opt/stack/data/venv/lib/python3.12/site-packages/oslo_config/cfg.py:3560}}
Aug 14 06:54:13.321988 np0000007337 nova-scheduler[96789]: DEBUG cotyledon.oslo_config_glue [-] workarounds.qemu_monitor_announce_self_interval = 1 {{(pid=96789) log_opt_values /opt/stack/data/venv/lib/python3.12/site-packages/oslo_config/cfg.py:3560}}
Aug 14 06:54:13.321988 np0000007337 nova-scheduler[96789]: DEBUG cotyledon.oslo_config_glue [-] workarounds.reserve_disk_resource_for_image_cache = False {{(pid=96789) log_opt_values /opt/stack/data/venv/lib/python3.12/site-packages/oslo_config/cfg.py:3560}}
Aug 14 06:54:13.321988 np0000007337 nova-scheduler[96789]: DEBUG cotyledon.oslo_config_glue [-] workarounds.skip_cpu_compare_at_startup = False {{(pid=96789) log_opt_values /opt/stack/data/venv/lib/python3.12/site-packages/oslo_config/cfg.py:3560}}
Aug 14 06:54:13.321988 np0000007337 nova-scheduler[96789]: DEBUG cotyledon.oslo_config_glue [-] workarounds.skip_cpu_compare_on_dest = False {{(pid=96789) log_opt_values /opt/stack/data/venv/lib/python3.12/site-packages/oslo_config/cfg.py:3560}}
Aug 14 06:54:13.322272 np0000007337 nova-scheduler[96789]: DEBUG cotyledon.oslo_config_glue [-] workarounds.skip_hypervisor_version_check_on_lm = False {{(pid=96789) log_opt_values /opt/stack/data/venv/lib/python3.12/site-packages/oslo_config/cfg.py:3560}}
Aug 14 06:54:13.322272 np0000007337 nova-scheduler[96789]: DEBUG cotyledon.oslo_config_glue [-] workarounds.skip_reserve_in_use_ironic_nodes = False {{(pid=96789) log_opt_values /opt/stack/data/venv/lib/python3.12/site-packages/oslo_config/cfg.py:3560}}
Aug 14 06:54:13.322272 np0000007337 nova-scheduler[96789]: DEBUG cotyledon.oslo_config_glue [-] workarounds.unified_limits_count_pcpu_as_vcpu = False {{(pid=96789) log_opt_values /opt/stack/data/venv/lib/python3.12/site-packages/oslo_config/cfg.py:3560}}
Aug 14 06:54:13.322272 np0000007337 nova-scheduler[96789]: DEBUG cotyledon.oslo_config_glue [-] workarounds.wait_for_vif_plugged_event_during_hard_reboot = [] {{(pid=96789) log_opt_values /opt/stack/data/venv/lib/python3.12/site-packages/oslo_config/cfg.py:3560}}
Aug 14 06:54:13.322272 np0000007337 nova-scheduler[96789]: DEBUG cotyledon.oslo_config_glue [-] wsgi.api_paste_config = /etc/nova/api-paste.ini {{(pid=96789) log_opt_values /opt/stack/data/venv/lib/python3.12/site-packages/oslo_config/cfg.py:3560}}
Aug 14 06:54:13.322272 np0000007337 nova-scheduler[96789]: DEBUG cotyledon.oslo_config_glue [-] wsgi.secure_proxy_ssl_header = None {{(pid=96789) log_opt_values /opt/stack/data/venv/lib/python3.12/site-packages/oslo_config/cfg.py:3560}}
Aug 14 06:54:13.322272 np0000007337 nova-scheduler[96789]: DEBUG cotyledon.oslo_config_glue [-] zvm.ca_file = None {{(pid=96789) log_opt_values /opt/stack/data/venv/lib/python3.12/site-packages/oslo_config/cfg.py:3560}}
Aug 14 06:54:13.322272 np0000007337 nova-scheduler[96789]: DEBUG cotyledon.oslo_config_glue [-] zvm.cloud_connector_url = None {{(pid=96789) log_opt_values /opt/stack/data/venv/lib/python3.12/site-packages/oslo_config/cfg.py:3560}}
Aug 14 06:54:13.322272 np0000007337 nova-scheduler[96789]: DEBUG cotyledon.oslo_config_glue [-] zvm.image_tmp_path = /opt/stack/data/nova/images {{(pid=96789) log_opt_values /opt/stack/data/venv/lib/python3.12/site-packages/oslo_config/cfg.py:3560}}
Aug 14 06:54:13.322964 np0000007337 nova-scheduler[96789]: DEBUG cotyledon.oslo_config_glue [-] zvm.reachable_timeout = 300 {{(pid=96789) log_opt_values /opt/stack/data/venv/lib/python3.12/site-packages/oslo_config/cfg.py:3560}}
Aug 14 06:54:13.322964 np0000007337 nova-scheduler[96789]: DEBUG cotyledon.oslo_config_glue [-] oslo_versionedobjects.fatal_exception_format_errors = False {{(pid=96789) log_opt_values /opt/stack/data/venv/lib/python3.12/site-packages/oslo_config/cfg.py:3560}}
Aug 14 06:54:13.322964 np0000007337 nova-scheduler[96789]: DEBUG cotyledon.oslo_config_glue [-] oslo_middleware.http_basic_auth_user_file = /etc/htpasswd {{(pid=96789) log_opt_values /opt/stack/data/venv/lib/python3.12/site-packages/oslo_config/cfg.py:3560}}
Aug 14 06:54:13.322964 np0000007337 nova-scheduler[96789]: DEBUG cotyledon.oslo_config_glue [-] oslo_messaging_metrics.metrics_buffer_size = 1000 {{(pid=96789) log_opt_values /opt/stack/data/venv/lib/python3.12/site-packages/oslo_config/cfg.py:3560}}
Aug 14 06:54:13.322964 np0000007337 nova-scheduler[96789]: DEBUG cotyledon.oslo_config_glue [-] oslo_messaging_metrics.metrics_enabled = False {{(pid=96789) log_opt_values /opt/stack/data/venv/lib/python3.12/site-packages/oslo_config/cfg.py:3560}}
Aug 14 06:54:13.322964 np0000007337 nova-scheduler[96789]: DEBUG cotyledon.oslo_config_glue [-] oslo_messaging_metrics.metrics_process_name = {{(pid=96789) log_opt_values /opt/stack/data/venv/lib/python3.12/site-packages/oslo_config/cfg.py:3560}}
Aug 14 06:54:13.322964 np0000007337 nova-scheduler[96789]: DEBUG cotyledon.oslo_config_glue [-] oslo_messaging_metrics.metrics_socket_file = /var/tmp/metrics_collector.sock {{(pid=96789) log_opt_values /opt/stack/data/venv/lib/python3.12/site-packages/oslo_config/cfg.py:3560}}
Aug 14 06:54:13.322964 np0000007337 nova-scheduler[96789]: DEBUG cotyledon.oslo_config_glue [-] oslo_messaging_metrics.metrics_thread_stop_timeout = 10 {{(pid=96789) log_opt_values /opt/stack/data/venv/lib/python3.12/site-packages/oslo_config/cfg.py:3560}}
Aug 14 06:54:13.323260 np0000007337 nova-scheduler[96789]: DEBUG cotyledon.oslo_config_glue [-] profiler.connection_string = messaging:// {{(pid=96789) log_opt_values /opt/stack/data/venv/lib/python3.12/site-packages/oslo_config/cfg.py:3560}}
Aug 14 06:54:13.323260 np0000007337 nova-scheduler[96789]: DEBUG cotyledon.oslo_config_glue [-] profiler.enabled = False {{(pid=96789) log_opt_values /opt/stack/data/venv/lib/python3.12/site-packages/oslo_config/cfg.py:3560}}
Aug 14 06:54:13.323260 np0000007337 nova-scheduler[96789]: DEBUG cotyledon.oslo_config_glue [-] profiler.es_doc_type = notification {{(pid=96789) log_opt_values /opt/stack/data/venv/lib/python3.12/site-packages/oslo_config/cfg.py:3560}}
Aug 14 06:54:13.323260 np0000007337 nova-scheduler[96789]: DEBUG cotyledon.oslo_config_glue [-] profiler.es_scroll_size = 10000 {{(pid=96789) log_opt_values /opt/stack/data/venv/lib/python3.12/site-packages/oslo_config/cfg.py:3560}}
Aug 14 06:54:13.323260 np0000007337 nova-scheduler[96789]: DEBUG cotyledon.oslo_config_glue [-] profiler.es_scroll_time = 2m {{(pid=96789) log_opt_values /opt/stack/data/venv/lib/python3.12/site-packages/oslo_config/cfg.py:3560}}
Aug 14 06:54:13.323260 np0000007337 nova-scheduler[96789]: DEBUG cotyledon.oslo_config_glue [-] profiler.filter_error_trace = False {{(pid=96789) log_opt_values /opt/stack/data/venv/lib/python3.12/site-packages/oslo_config/cfg.py:3560}}
Aug 14 06:54:13.323260 np0000007337 nova-scheduler[96789]: DEBUG cotyledon.oslo_config_glue [-] profiler.hmac_keys = **** {{(pid=96789) log_opt_values /opt/stack/data/venv/lib/python3.12/site-packages/oslo_config/cfg.py:3560}}
Aug 14 06:54:13.323260 np0000007337 nova-scheduler[96789]: DEBUG cotyledon.oslo_config_glue [-] profiler.sentinel_service_name = mymaster {{(pid=96789) log_opt_values /opt/stack/data/venv/lib/python3.12/site-packages/oslo_config/cfg.py:3560}}
Aug 14 06:54:13.323260 np0000007337 nova-scheduler[96789]: DEBUG cotyledon.oslo_config_glue [-] profiler.socket_timeout = 0.1 {{(pid=96789) log_opt_values /opt/stack/data/venv/lib/python3.12/site-packages/oslo_config/cfg.py:3560}}
Aug 14 06:54:13.323562 np0000007337 nova-scheduler[96789]: DEBUG cotyledon.oslo_config_glue [-] profiler.trace_requests = False {{(pid=96789) log_opt_values /opt/stack/data/venv/lib/python3.12/site-packages/oslo_config/cfg.py:3560}}
Aug 14 06:54:13.323562 np0000007337 nova-scheduler[96789]: DEBUG cotyledon.oslo_config_glue [-] profiler.trace_sqlalchemy = False {{(pid=96789) log_opt_values /opt/stack/data/venv/lib/python3.12/site-packages/oslo_config/cfg.py:3560}}
Aug 14 06:54:13.323562 np0000007337 nova-scheduler[96789]: DEBUG cotyledon.oslo_config_glue [-] profiler_jaeger.process_tags = {} {{(pid=96789) log_opt_values /opt/stack/data/venv/lib/python3.12/site-packages/oslo_config/cfg.py:3560}}
Aug 14 06:54:13.323562 np0000007337 nova-scheduler[96789]: DEBUG cotyledon.oslo_config_glue [-] profiler_jaeger.service_name_prefix = None {{(pid=96789) log_opt_values /opt/stack/data/venv/lib/python3.12/site-packages/oslo_config/cfg.py:3560}}
Aug 14 06:54:13.323562 np0000007337 nova-scheduler[96789]: DEBUG cotyledon.oslo_config_glue [-] profiler_otlp.service_name_prefix = None {{(pid=96789) log_opt_values /opt/stack/data/venv/lib/python3.12/site-packages/oslo_config/cfg.py:3560}}
Aug 14 06:54:13.323562 np0000007337 nova-scheduler[96789]: DEBUG cotyledon.oslo_config_glue [-] oslo_messaging_rabbit.amqp_auto_delete = False {{(pid=96789) log_opt_values /opt/stack/data/venv/lib/python3.12/site-packages/oslo_config/cfg.py:3560}}
Aug 14 06:54:13.323562 np0000007337 nova-scheduler[96789]: DEBUG cotyledon.oslo_config_glue [-] oslo_messaging_rabbit.amqp_durable_queues = False {{(pid=96789) log_opt_values /opt/stack/data/venv/lib/python3.12/site-packages/oslo_config/cfg.py:3560}}
Aug 14 06:54:13.323562 np0000007337 nova-scheduler[96789]: DEBUG cotyledon.oslo_config_glue [-] oslo_messaging_rabbit.conn_pool_min_size = 2 {{(pid=96789) log_opt_values /opt/stack/data/venv/lib/python3.12/site-packages/oslo_config/cfg.py:3560}}
Aug 14 06:54:13.323562 np0000007337 nova-scheduler[96789]: DEBUG cotyledon.oslo_config_glue [-] oslo_messaging_rabbit.conn_pool_ttl = 1200 {{(pid=96789) log_opt_values /opt/stack/data/venv/lib/python3.12/site-packages/oslo_config/cfg.py:3560}}
Aug 14 06:54:13.323846 np0000007337 nova-scheduler[96789]: DEBUG cotyledon.oslo_config_glue [-] oslo_messaging_rabbit.direct_mandatory_flag = True {{(pid=96789) log_opt_values /opt/stack/data/venv/lib/python3.12/site-packages/oslo_config/cfg.py:3560}}
Aug 14 06:54:13.323846 np0000007337 nova-scheduler[96789]: DEBUG cotyledon.oslo_config_glue [-] oslo_messaging_rabbit.enable_cancel_on_failover = False {{(pid=96789) log_opt_values /opt/stack/data/venv/lib/python3.12/site-packages/oslo_config/cfg.py:3560}}
Aug 14 06:54:13.323846 np0000007337 nova-scheduler[96789]: DEBUG cotyledon.oslo_config_glue [-] oslo_messaging_rabbit.heartbeat_rate = 3 {{(pid=96789) log_opt_values /opt/stack/data/venv/lib/python3.12/site-packages/oslo_config/cfg.py:3560}}
Aug 14 06:54:13.323846 np0000007337 nova-scheduler[96789]: DEBUG cotyledon.oslo_config_glue [-] oslo_messaging_rabbit.heartbeat_timeout_threshold = 60 {{(pid=96789) log_opt_values /opt/stack/data/venv/lib/python3.12/site-packages/oslo_config/cfg.py:3560}}
Aug 14 06:54:13.323846 np0000007337 nova-scheduler[96789]: DEBUG cotyledon.oslo_config_glue [-] oslo_messaging_rabbit.hostname = np0000007337 {{(pid=96789) log_opt_values /opt/stack/data/venv/lib/python3.12/site-packages/oslo_config/cfg.py:3560}}
Aug 14 06:54:13.323846 np0000007337 nova-scheduler[96789]: DEBUG cotyledon.oslo_config_glue [-] oslo_messaging_rabbit.kombu_compression = None {{(pid=96789) log_opt_values /opt/stack/data/venv/lib/python3.12/site-packages/oslo_config/cfg.py:3560}}
Aug 14 06:54:13.323846 np0000007337 nova-scheduler[96789]: DEBUG cotyledon.oslo_config_glue [-] oslo_messaging_rabbit.kombu_failover_strategy = round-robin {{(pid=96789) log_opt_values /opt/stack/data/venv/lib/python3.12/site-packages/oslo_config/cfg.py:3560}}
Aug 14 06:54:13.323846 np0000007337 nova-scheduler[96789]: DEBUG cotyledon.oslo_config_glue [-] oslo_messaging_rabbit.kombu_missing_consumer_retry_timeout = 60 {{(pid=96789) log_opt_values /opt/stack/data/venv/lib/python3.12/site-packages/oslo_config/cfg.py:3560}}
Aug 14 06:54:13.323846 np0000007337 nova-scheduler[96789]: DEBUG cotyledon.oslo_config_glue [-] oslo_messaging_rabbit.kombu_reconnect_delay = 1.0 {{(pid=96789) log_opt_values /opt/stack/data/venv/lib/python3.12/site-packages/oslo_config/cfg.py:3560}}
Aug 14 06:54:13.324148 np0000007337 nova-scheduler[96789]: DEBUG cotyledon.oslo_config_glue [-] oslo_messaging_rabbit.kombu_reconnect_splay = 0.0 {{(pid=96789) log_opt_values /opt/stack/data/venv/lib/python3.12/site-packages/oslo_config/cfg.py:3560}}
Aug 14 06:54:13.324148 np0000007337 nova-scheduler[96789]: DEBUG cotyledon.oslo_config_glue [-] oslo_messaging_rabbit.processname = nova-scheduler {{(pid=96789) log_opt_values /opt/stack/data/venv/lib/python3.12/site-packages/oslo_config/cfg.py:3560}}
Aug 14 06:54:13.324148 np0000007337 nova-scheduler[96789]: DEBUG cotyledon.oslo_config_glue [-] oslo_messaging_rabbit.rabbit_ha_queues = False {{(pid=96789) log_opt_values /opt/stack/data/venv/lib/python3.12/site-packages/oslo_config/cfg.py:3560}}
Aug 14 06:54:13.324148 np0000007337 nova-scheduler[96789]: DEBUG cotyledon.oslo_config_glue [-] oslo_messaging_rabbit.rabbit_interval_max = 30 {{(pid=96789) log_opt_values /opt/stack/data/venv/lib/python3.12/site-packages/oslo_config/cfg.py:3560}}
Aug 14 06:54:13.324148 np0000007337 nova-scheduler[96789]: DEBUG cotyledon.oslo_config_glue [-] oslo_messaging_rabbit.rabbit_login_method = AMQPLAIN {{(pid=96789) log_opt_values /opt/stack/data/venv/lib/python3.12/site-packages/oslo_config/cfg.py:3560}}
Aug 14 06:54:13.324148 np0000007337 nova-scheduler[96789]: DEBUG cotyledon.oslo_config_glue [-] oslo_messaging_rabbit.rabbit_qos_prefetch_count = 0 {{(pid=96789) log_opt_values /opt/stack/data/venv/lib/python3.12/site-packages/oslo_config/cfg.py:3560}}
Aug 14 06:54:13.324148 np0000007337 nova-scheduler[96789]: DEBUG cotyledon.oslo_config_glue [-] oslo_messaging_rabbit.rabbit_quorum_delivery_limit = 0 {{(pid=96789) log_opt_values /opt/stack/data/venv/lib/python3.12/site-packages/oslo_config/cfg.py:3560}}
Aug 14 06:54:13.324148 np0000007337 nova-scheduler[96789]: DEBUG cotyledon.oslo_config_glue [-] oslo_messaging_rabbit.rabbit_quorum_max_memory_bytes = 0 {{(pid=96789) log_opt_values /opt/stack/data/venv/lib/python3.12/site-packages/oslo_config/cfg.py:3560}}
Aug 14 06:54:13.324148 np0000007337 nova-scheduler[96789]: DEBUG cotyledon.oslo_config_glue [-] oslo_messaging_rabbit.rabbit_quorum_max_memory_length = 0 {{(pid=96789) log_opt_values /opt/stack/data/venv/lib/python3.12/site-packages/oslo_config/cfg.py:3560}}
Aug 14 06:54:13.324447 np0000007337 nova-scheduler[96789]: DEBUG cotyledon.oslo_config_glue [-] oslo_messaging_rabbit.rabbit_quorum_queue = False {{(pid=96789) log_opt_values /opt/stack/data/venv/lib/python3.12/site-packages/oslo_config/cfg.py:3560}}
Aug 14 06:54:13.324447 np0000007337 nova-scheduler[96789]: DEBUG cotyledon.oslo_config_glue [-] oslo_messaging_rabbit.rabbit_retry_backoff = 2 {{(pid=96789) log_opt_values /opt/stack/data/venv/lib/python3.12/site-packages/oslo_config/cfg.py:3560}}
Aug 14 06:54:13.324447 np0000007337 nova-scheduler[96789]: DEBUG cotyledon.oslo_config_glue [-] oslo_messaging_rabbit.rabbit_retry_interval = 1 {{(pid=96789) log_opt_values /opt/stack/data/venv/lib/python3.12/site-packages/oslo_config/cfg.py:3560}}
Aug 14 06:54:13.324447 np0000007337 nova-scheduler[96789]: DEBUG cotyledon.oslo_config_glue [-] oslo_messaging_rabbit.rabbit_stream_fanout = False {{(pid=96789) log_opt_values /opt/stack/data/venv/lib/python3.12/site-packages/oslo_config/cfg.py:3560}}
Aug 14 06:54:13.324447 np0000007337 nova-scheduler[96789]: DEBUG cotyledon.oslo_config_glue [-] oslo_messaging_rabbit.rabbit_transient_queues_ttl = 1800 {{(pid=96789) log_opt_values /opt/stack/data/venv/lib/python3.12/site-packages/oslo_config/cfg.py:3560}}
Aug 14 06:54:13.324447 np0000007337 nova-scheduler[96789]: DEBUG cotyledon.oslo_config_glue [-] oslo_messaging_rabbit.rabbit_transient_quorum_queue = False {{(pid=96789) log_opt_values /opt/stack/data/venv/lib/python3.12/site-packages/oslo_config/cfg.py:3560}}
Aug 14 06:54:13.324447 np0000007337 nova-scheduler[96789]: DEBUG cotyledon.oslo_config_glue [-] oslo_messaging_rabbit.rpc_conn_pool_size = 30 {{(pid=96789) log_opt_values /opt/stack/data/venv/lib/python3.12/site-packages/oslo_config/cfg.py:3560}}
Aug 14 06:54:13.324447 np0000007337 nova-scheduler[96789]: DEBUG cotyledon.oslo_config_glue [-] oslo_messaging_rabbit.ssl = False {{(pid=96789) log_opt_values /opt/stack/data/venv/lib/python3.12/site-packages/oslo_config/cfg.py:3560}}
Aug 14 06:54:13.324447 np0000007337 nova-scheduler[96789]: DEBUG cotyledon.oslo_config_glue [-] oslo_messaging_rabbit.ssl_ca_file = {{(pid=96789) log_opt_values /opt/stack/data/venv/lib/python3.12/site-packages/oslo_config/cfg.py:3560}}
Aug 14 06:54:13.324742 np0000007337 nova-scheduler[96789]: DEBUG cotyledon.oslo_config_glue [-] oslo_messaging_rabbit.ssl_cert_file = {{(pid=96789) log_opt_values /opt/stack/data/venv/lib/python3.12/site-packages/oslo_config/cfg.py:3560}}
Aug 14 06:54:13.324742 np0000007337 nova-scheduler[96789]: DEBUG cotyledon.oslo_config_glue [-] oslo_messaging_rabbit.ssl_enforce_fips_mode = False {{(pid=96789) log_opt_values /opt/stack/data/venv/lib/python3.12/site-packages/oslo_config/cfg.py:3560}}
Aug 14 06:54:13.324742 np0000007337 nova-scheduler[96789]: DEBUG cotyledon.oslo_config_glue [-] oslo_messaging_rabbit.ssl_enforce_hostname_verification = True {{(pid=96789) log_opt_values /opt/stack/data/venv/lib/python3.12/site-packages/oslo_config/cfg.py:3560}}
Aug 14 06:54:13.324742 np0000007337 nova-scheduler[96789]: DEBUG cotyledon.oslo_config_glue [-] oslo_messaging_rabbit.ssl_key_file = {{(pid=96789) log_opt_values /opt/stack/data/venv/lib/python3.12/site-packages/oslo_config/cfg.py:3560}}
Aug 14 06:54:13.324742 np0000007337 nova-scheduler[96789]: DEBUG cotyledon.oslo_config_glue [-] oslo_messaging_rabbit.ssl_version = {{(pid=96789) log_opt_values /opt/stack/data/venv/lib/python3.12/site-packages/oslo_config/cfg.py:3560}}
Aug 14 06:54:13.324742 np0000007337 nova-scheduler[96789]: DEBUG cotyledon.oslo_config_glue [-] oslo_messaging_rabbit.use_queue_manager = False {{(pid=96789) log_opt_values /opt/stack/data/venv/lib/python3.12/site-packages/oslo_config/cfg.py:3560}}
Aug 14 06:54:13.324742 np0000007337 nova-scheduler[96789]: DEBUG cotyledon.oslo_config_glue [-] oslo_messaging_notifications.driver = ['messagingv2'] {{(pid=96789) log_opt_values /opt/stack/data/venv/lib/python3.12/site-packages/oslo_config/cfg.py:3560}}
Aug 14 06:54:13.324742 np0000007337 nova-scheduler[96789]: DEBUG cotyledon.oslo_config_glue [-] oslo_messaging_notifications.retry = -1 {{(pid=96789) log_opt_values /opt/stack/data/venv/lib/python3.12/site-packages/oslo_config/cfg.py:3560}}
Aug 14 06:54:13.324742 np0000007337 nova-scheduler[96789]: DEBUG cotyledon.oslo_config_glue [-] oslo_messaging_notifications.topics = ['notifications'] {{(pid=96789) log_opt_values /opt/stack/data/venv/lib/python3.12/site-packages/oslo_config/cfg.py:3560}}
Aug 14 06:54:13.325071 np0000007337 nova-scheduler[96789]: DEBUG cotyledon.oslo_config_glue [-] oslo_messaging_notifications.transport_url = **** {{(pid=96789) log_opt_values /opt/stack/data/venv/lib/python3.12/site-packages/oslo_config/cfg.py:3560}}
Aug 14 06:54:13.325071 np0000007337 nova-scheduler[96789]: DEBUG cotyledon.oslo_config_glue [-] oslo_limit.auth_section = None {{(pid=96789) log_opt_values /opt/stack/data/venv/lib/python3.12/site-packages/oslo_config/cfg.py:3560}}
Aug 14 06:54:13.325071 np0000007337 nova-scheduler[96789]: DEBUG cotyledon.oslo_config_glue [-] oslo_limit.auth_type = None {{(pid=96789) log_opt_values /opt/stack/data/venv/lib/python3.12/site-packages/oslo_config/cfg.py:3560}}
Aug 14 06:54:13.325071 np0000007337 nova-scheduler[96789]: DEBUG cotyledon.oslo_config_glue [-] oslo_limit.cafile = None {{(pid=96789) log_opt_values /opt/stack/data/venv/lib/python3.12/site-packages/oslo_config/cfg.py:3560}}
Aug 14 06:54:13.325071 np0000007337 nova-scheduler[96789]: DEBUG cotyledon.oslo_config_glue [-] oslo_limit.certfile = None {{(pid=96789) log_opt_values /opt/stack/data/venv/lib/python3.12/site-packages/oslo_config/cfg.py:3560}}
Aug 14 06:54:13.325071 np0000007337 nova-scheduler[96789]: DEBUG cotyledon.oslo_config_glue [-] oslo_limit.collect_timing = False {{(pid=96789) log_opt_values /opt/stack/data/venv/lib/python3.12/site-packages/oslo_config/cfg.py:3560}}
Aug 14 06:54:13.325071 np0000007337 nova-scheduler[96789]: DEBUG cotyledon.oslo_config_glue [-] oslo_limit.connect_retries = None {{(pid=96789) log_opt_values /opt/stack/data/venv/lib/python3.12/site-packages/oslo_config/cfg.py:3560}}
Aug 14 06:54:13.325071 np0000007337 nova-scheduler[96789]: DEBUG cotyledon.oslo_config_glue [-] oslo_limit.connect_retry_delay = None {{(pid=96789) log_opt_values /opt/stack/data/venv/lib/python3.12/site-packages/oslo_config/cfg.py:3560}}
Aug 14 06:54:13.325071 np0000007337 nova-scheduler[96789]: DEBUG cotyledon.oslo_config_glue [-] oslo_limit.endpoint_id = None {{(pid=96789) log_opt_values /opt/stack/data/venv/lib/python3.12/site-packages/oslo_config/cfg.py:3560}}
Aug 14 06:54:13.325373 np0000007337 nova-scheduler[96789]: DEBUG cotyledon.oslo_config_glue [-] oslo_limit.endpoint_interface = public {{(pid=96789) log_opt_values /opt/stack/data/venv/lib/python3.12/site-packages/oslo_config/cfg.py:3560}}
Aug 14 06:54:13.325373 np0000007337 nova-scheduler[96789]: DEBUG cotyledon.oslo_config_glue [-] oslo_limit.endpoint_override = None {{(pid=96789) log_opt_values /opt/stack/data/venv/lib/python3.12/site-packages/oslo_config/cfg.py:3560}}
Aug 14 06:54:13.325373 np0000007337 nova-scheduler[96789]: DEBUG cotyledon.oslo_config_glue [-] oslo_limit.endpoint_region_name = None {{(pid=96789) log_opt_values /opt/stack/data/venv/lib/python3.12/site-packages/oslo_config/cfg.py:3560}}
Aug 14 06:54:13.325373 np0000007337 nova-scheduler[96789]: DEBUG cotyledon.oslo_config_glue [-] oslo_limit.endpoint_service_name = None {{(pid=96789) log_opt_values /opt/stack/data/venv/lib/python3.12/site-packages/oslo_config/cfg.py:3560}}
Aug 14 06:54:13.325373 np0000007337 nova-scheduler[96789]: DEBUG cotyledon.oslo_config_glue [-] oslo_limit.endpoint_service_type = None {{(pid=96789) log_opt_values /opt/stack/data/venv/lib/python3.12/site-packages/oslo_config/cfg.py:3560}}
Aug 14 06:54:13.325373 np0000007337 nova-scheduler[96789]: DEBUG cotyledon.oslo_config_glue [-] oslo_limit.insecure = False {{(pid=96789) log_opt_values /opt/stack/data/venv/lib/python3.12/site-packages/oslo_config/cfg.py:3560}}
Aug 14 06:54:13.325373 np0000007337 nova-scheduler[96789]: DEBUG cotyledon.oslo_config_glue [-] oslo_limit.keyfile = None {{(pid=96789) log_opt_values /opt/stack/data/venv/lib/python3.12/site-packages/oslo_config/cfg.py:3560}}
Aug 14 06:54:13.325373 np0000007337 nova-scheduler[96789]: DEBUG cotyledon.oslo_config_glue [-] oslo_limit.max_version = None {{(pid=96789) log_opt_values /opt/stack/data/venv/lib/python3.12/site-packages/oslo_config/cfg.py:3560}}
Aug 14 06:54:13.325373 np0000007337 nova-scheduler[96789]: DEBUG cotyledon.oslo_config_glue [-] oslo_limit.min_version = None {{(pid=96789) log_opt_values /opt/stack/data/venv/lib/python3.12/site-packages/oslo_config/cfg.py:3560}}
Aug 14 06:54:13.325667 np0000007337 nova-scheduler[96789]: DEBUG cotyledon.oslo_config_glue [-] oslo_limit.region_name = None {{(pid=96789) log_opt_values /opt/stack/data/venv/lib/python3.12/site-packages/oslo_config/cfg.py:3560}}
Aug 14 06:54:13.325667 np0000007337 nova-scheduler[96789]: DEBUG cotyledon.oslo_config_glue [-] oslo_limit.retriable_status_codes = None {{(pid=96789) log_opt_values /opt/stack/data/venv/lib/python3.12/site-packages/oslo_config/cfg.py:3560}}
Aug 14 06:54:13.325667 np0000007337 nova-scheduler[96789]: DEBUG cotyledon.oslo_config_glue [-] oslo_limit.service_name = None {{(pid=96789) log_opt_values /opt/stack/data/venv/lib/python3.12/site-packages/oslo_config/cfg.py:3560}}
Aug 14 06:54:13.325667 np0000007337 nova-scheduler[96789]: DEBUG cotyledon.oslo_config_glue [-] oslo_limit.service_type = None {{(pid=96789) log_opt_values /opt/stack/data/venv/lib/python3.12/site-packages/oslo_config/cfg.py:3560}}
Aug 14 06:54:13.325667 np0000007337 nova-scheduler[96789]: DEBUG cotyledon.oslo_config_glue [-] oslo_limit.split_loggers = False {{(pid=96789) log_opt_values /opt/stack/data/venv/lib/python3.12/site-packages/oslo_config/cfg.py:3560}}
Aug 14 06:54:13.325667 np0000007337 nova-scheduler[96789]: DEBUG cotyledon.oslo_config_glue [-] oslo_limit.status_code_retries = None {{(pid=96789) log_opt_values /opt/stack/data/venv/lib/python3.12/site-packages/oslo_config/cfg.py:3560}}
Aug 14 06:54:13.325667 np0000007337 nova-scheduler[96789]: DEBUG cotyledon.oslo_config_glue [-] oslo_limit.status_code_retry_delay = None {{(pid=96789) log_opt_values /opt/stack/data/venv/lib/python3.12/site-packages/oslo_config/cfg.py:3560}}
Aug 14 06:54:13.325667 np0000007337 nova-scheduler[96789]: DEBUG cotyledon.oslo_config_glue [-] oslo_limit.timeout = None {{(pid=96789) log_opt_values /opt/stack/data/venv/lib/python3.12/site-packages/oslo_config/cfg.py:3560}}
Aug 14 06:54:13.325667 np0000007337 nova-scheduler[96789]: DEBUG cotyledon.oslo_config_glue [-] oslo_limit.valid_interfaces = None {{(pid=96789) log_opt_values /opt/stack/data/venv/lib/python3.12/site-packages/oslo_config/cfg.py:3560}}
Aug 14 06:54:13.326048 np0000007337 nova-scheduler[96789]: DEBUG cotyledon.oslo_config_glue [-] oslo_limit.version = None {{(pid=96789) log_opt_values /opt/stack/data/venv/lib/python3.12/site-packages/oslo_config/cfg.py:3560}}
Aug 14 06:54:13.326048 np0000007337 nova-scheduler[96789]: DEBUG cotyledon.oslo_config_glue [-] oslo_reports.file_event_handler = None {{(pid=96789) log_opt_values /opt/stack/data/venv/lib/python3.12/site-packages/oslo_config/cfg.py:3560}}
Aug 14 06:54:13.326048 np0000007337 nova-scheduler[96789]: DEBUG cotyledon.oslo_config_glue [-] oslo_reports.file_event_handler_interval = 1 {{(pid=96789) log_opt_values /opt/stack/data/venv/lib/python3.12/site-packages/oslo_config/cfg.py:3560}}
Aug 14 06:54:13.326048 np0000007337 nova-scheduler[96789]: DEBUG cotyledon.oslo_config_glue [-] oslo_reports.log_dir = None {{(pid=96789) log_opt_values /opt/stack/data/venv/lib/python3.12/site-packages/oslo_config/cfg.py:3560}}
Aug 14 06:54:13.326048 np0000007337 nova-scheduler[96789]: DEBUG cotyledon.oslo_config_glue [-] ******************************************************************************** {{(pid=96789) log_opt_values /opt/stack/data/venv/lib/python3.12/site-packages/oslo_config/cfg.py:3567}}
Aug 14 06:54:13.326048 np0000007337 nova-scheduler[96789]: DEBUG cotyledon._service_worker [-] Run service ServiceWrapper(2) [96789] {{(pid=96789) wait_forever /opt/stack/data/venv/lib/python3.12/site-packages/cotyledon/_service_worker.py:218}}
Aug 14 06:54:13.326048 np0000007337 nova-scheduler[96789]: INFO nova.service [-] Starting scheduler node (version 33.1.0)
Aug 14 06:54:13.326048 np0000007337 nova-scheduler[96789]: INFO dbcounter [None req-ae55a769-7085-4227-9124-4ef7668588d4 None None] Registered counter for database nova_cell0
Aug 14 06:54:13.326305 np0000007337 nova-scheduler[96791]: DEBUG oslo_db.sqlalchemy.engines [None req-c84ea29e-6398-4592-9541-acd8c7f36bd8 None None] MySQL server mode set to STRICT_TRANS_TABLES,STRICT_ALL_TABLES,NO_ZERO_IN_DATE,NO_ZERO_DATE,ERROR_FOR_DIVISION_BY_ZERO,TRADITIONAL,NO_ENGINE_SUBSTITUTION {{(pid=96791) _check_effective_sql_mode /opt/stack/data/venv/lib/python3.12/site-packages/oslo_db/sqlalchemy/engines.py:325}}
Aug 14 06:54:13.326361 np0000007337 nova-scheduler[96787]: DEBUG oslo_db.sqlalchemy.engines [None req-254f94ac-9439-45fa-8187-643a53ce21f6 None None] MySQL server mode set to STRICT_TRANS_TABLES,STRICT_ALL_TABLES,NO_ZERO_IN_DATE,NO_ZERO_DATE,ERROR_FOR_DIVISION_BY_ZERO,TRADITIONAL,NO_ENGINE_SUBSTITUTION {{(pid=96787) _check_effective_sql_mode /opt/stack/data/venv/lib/python3.12/site-packages/oslo_db/sqlalchemy/engines.py:325}}
Aug 14 06:54:13.326417 np0000007337 nova-scheduler[96791]: DEBUG dbcounter [-] [96791] Writer thread running {{(pid=96791) stat_writer /opt/stack/data/venv/lib/python3.12/site-packages/dbcounter.py:102}}
Aug 14 06:54:13.326462 np0000007337 nova-scheduler[96785]: DEBUG oslo_db.sqlalchemy.engines [None req-395d228a-5e47-4e8e-b110-36246122bd8a None None] MySQL server mode set to STRICT_TRANS_TABLES,STRICT_ALL_TABLES,NO_ZERO_IN_DATE,NO_ZERO_DATE,ERROR_FOR_DIVISION_BY_ZERO,TRADITIONAL,NO_ENGINE_SUBSTITUTION {{(pid=96785) _check_effective_sql_mode /opt/stack/data/venv/lib/python3.12/site-packages/oslo_db/sqlalchemy/engines.py:325}}
Aug 14 06:54:13.326509 np0000007337 nova-scheduler[96787]: DEBUG dbcounter [-] [96787] Writer thread running {{(pid=96787) stat_writer /opt/stack/data/venv/lib/python3.12/site-packages/dbcounter.py:102}}
Aug 14 06:54:13.326554 np0000007337 nova-scheduler[96791]: DEBUG nova.service [None req-c84ea29e-6398-4592-9541-acd8c7f36bd8 None None] Creating RPC server for service: nova-scheduler on topic: scheduler {{(pid=96791) start /opt/stack/nova/nova/service.py:196}}
Aug 14 06:54:13.326599 np0000007337 nova-scheduler[96789]: DEBUG oslo_db.sqlalchemy.engines [None req-ae55a769-7085-4227-9124-4ef7668588d4 None None] MySQL server mode set to STRICT_TRANS_TABLES,STRICT_ALL_TABLES,NO_ZERO_IN_DATE,NO_ZERO_DATE,ERROR_FOR_DIVISION_BY_ZERO,TRADITIONAL,NO_ENGINE_SUBSTITUTION {{(pid=96789) _check_effective_sql_mode /opt/stack/data/venv/lib/python3.12/site-packages/oslo_db/sqlalchemy/engines.py:325}}
Aug 14 06:54:13.326654 np0000007337 nova-scheduler[96785]: DEBUG dbcounter [-] [96785] Writer thread running {{(pid=96785) stat_writer /opt/stack/data/venv/lib/python3.12/site-packages/dbcounter.py:102}}
Aug 14 06:54:13.326654 np0000007337 nova-scheduler[96785]: DEBUG nova.service [None req-395d228a-5e47-4e8e-b110-36246122bd8a None None] Creating RPC server for service: nova-scheduler on topic: scheduler {{(pid=96785) start /opt/stack/nova/nova/service.py:196}}
Aug 14 06:54:13.326745 np0000007337 nova-scheduler[96787]: DEBUG nova.service [None req-254f94ac-9439-45fa-8187-643a53ce21f6 None None] Creating RPC server for service: nova-scheduler on topic: scheduler {{(pid=96787) start /opt/stack/nova/nova/service.py:196}}
Aug 14 06:54:13.326796 np0000007337 nova-scheduler[96789]: DEBUG dbcounter [-] [96789] Writer thread running {{(pid=96789) stat_writer /opt/stack/data/venv/lib/python3.12/site-packages/dbcounter.py:102}}
Aug 14 06:54:13.326796 np0000007337 nova-scheduler[96789]: DEBUG nova.service [None req-ae55a769-7085-4227-9124-4ef7668588d4 None None] Creating RPC server for service: nova-scheduler on topic: scheduler {{(pid=96789) start /opt/stack/nova/nova/service.py:196}}
Aug 14 06:54:13.342990 np0000007337 nova-scheduler[96787]: DEBUG nova.service [None req-254f94ac-9439-45fa-8187-643a53ce21f6 None None] Join ServiceGroup membership for this service scheduler {{(pid=96787) start /opt/stack/nova/nova/service.py:222}}
Aug 14 06:54:13.343276 np0000007337 nova-scheduler[96787]: DEBUG nova.servicegroup.drivers.db [None req-254f94ac-9439-45fa-8187-643a53ce21f6 None None] DB_Driver: join new ServiceGroup member np0000007337 to the scheduler group, service = {{(pid=96787) join /opt/stack/nova/nova/servicegroup/drivers/db.py:44}}
Aug 14 06:54:13.344740 np0000007337 nova-scheduler[96791]: DEBUG nova.service [None req-c84ea29e-6398-4592-9541-acd8c7f36bd8 None None] Join ServiceGroup membership for this service scheduler {{(pid=96791) start /opt/stack/nova/nova/service.py:222}}
Aug 14 06:54:13.345313 np0000007337 nova-scheduler[96791]: DEBUG nova.servicegroup.drivers.db [None req-c84ea29e-6398-4592-9541-acd8c7f36bd8 None None] DB_Driver: join new ServiceGroup member np0000007337 to the scheduler group, service = {{(pid=96791) join /opt/stack/nova/nova/servicegroup/drivers/db.py:44}}
Aug 14 06:54:13.347856 np0000007337 nova-scheduler[96789]: DEBUG nova.service [None req-ae55a769-7085-4227-9124-4ef7668588d4 None None] Join ServiceGroup membership for this service scheduler {{(pid=96789) start /opt/stack/nova/nova/service.py:222}}
Aug 14 06:54:13.347923 np0000007337 nova-scheduler[96789]: DEBUG nova.servicegroup.drivers.db [None req-ae55a769-7085-4227-9124-4ef7668588d4 None None] DB_Driver: join new ServiceGroup member np0000007337 to the scheduler group, service = {{(pid=96789) join /opt/stack/nova/nova/servicegroup/drivers/db.py:44}}
Aug 14 06:54:13.348342 np0000007337 nova-scheduler[96785]: DEBUG nova.service [None req-395d228a-5e47-4e8e-b110-36246122bd8a None None] Join ServiceGroup membership for this service scheduler {{(pid=96785) start /opt/stack/nova/nova/service.py:222}}
Aug 14 06:54:13.348573 np0000007337 nova-scheduler[96785]: DEBUG nova.servicegroup.drivers.db [None req-395d228a-5e47-4e8e-b110-36246122bd8a None None] DB_Driver: join new ServiceGroup member np0000007337 to the scheduler group, service = {{(pid=96785) join /opt/stack/nova/nova/servicegroup/drivers/db.py:44}}
Aug 14 06:54:18.360762 np0000007337 nova-scheduler[96787]: DEBUG oslo.service.backend._threading.loopingcall [-] Fixed interval looping call 'nova.servicegroup.drivers.db.DbDriver._report_state' sleeping for 119.99 seconds {{(pid=96787) _run_loop /opt/stack/data/venv/lib/python3.12/site-packages/oslo_service/backend/_threading/loopingcall.py:125}}
Aug 14 06:54:18.361194 np0000007337 nova-scheduler[96789]: DEBUG oslo.service.backend._threading.loopingcall [-] Fixed interval looping call 'nova.servicegroup.drivers.db.DbDriver._report_state' sleeping for 119.99 seconds {{(pid=96789) _run_loop /opt/stack/data/venv/lib/python3.12/site-packages/oslo_service/backend/_threading/loopingcall.py:125}}
Aug 14 06:54:18.361619 np0000007337 nova-scheduler[96785]: DEBUG oslo.service.backend._threading.loopingcall [-] Fixed interval looping call 'nova.servicegroup.drivers.db.DbDriver._report_state' sleeping for 119.99 seconds {{(pid=96785) _run_loop /opt/stack/data/venv/lib/python3.12/site-packages/oslo_service/backend/_threading/loopingcall.py:125}}
Aug 14 06:54:18.364531 np0000007337 nova-scheduler[96791]: DEBUG oslo.service.backend._threading.loopingcall [-] Fixed interval looping call 'nova.servicegroup.drivers.db.DbDriver._report_state' sleeping for 119.98 seconds {{(pid=96791) _run_loop /opt/stack/data/venv/lib/python3.12/site-packages/oslo_service/backend/_threading/loopingcall.py:125}}
Aug 14 06:54:19.350094 np0000007337 nova-scheduler[96789]: DEBUG oslo.service.backend._threading.loopingcall [None req-d5616e26-1523-4437-b223-f47b3033ce85 None None] Dynamic interval looping call 'nova.service.Service.periodic_tasks' sleeping for 60.00 seconds {{(pid=96789) _run_loop /opt/stack/data/venv/lib/python3.12/site-packages/oslo_service/backend/_threading/loopingcall.py:125}}
Aug 14 06:54:21.890532 np0000007337 nova-scheduler[95589]: DEBUG dbcounter [-] [95589] Writing DB stats nova_api:SELECT=3 {{(pid=95589) stat_writer /opt/stack/data/venv/lib/python3.12/site-packages/dbcounter.py:115}}
Aug 14 06:54:22.024868 np0000007337 nova-scheduler[95589]: DEBUG dbcounter [-] [95589] Writing DB stats nova_cell0:SELECT=1 {{(pid=95589) stat_writer /opt/stack/data/venv/lib/python3.12/site-packages/dbcounter.py:115}}
Aug 14 06:54:22.030018 np0000007337 nova-scheduler[95589]: DEBUG dbcounter [-] [95589] Writing DB stats nova_cell1:SELECT=1 {{(pid=95589) stat_writer /opt/stack/data/venv/lib/python3.12/site-packages/dbcounter.py:115}}
Aug 14 06:54:28.351915 np0000007337 nova-scheduler[96787]: DEBUG dbcounter [-] [96787] Writing DB stats nova_cell0:SELECT=4,nova_cell0:INSERT=1,nova_cell0:UPDATE=1 {{(pid=96787) stat_writer /opt/stack/data/venv/lib/python3.12/site-packages/dbcounter.py:115}}
Aug 14 06:54:28.360073 np0000007337 nova-scheduler[96789]: DEBUG dbcounter [-] [96789] Writing DB stats nova_cell0:SELECT=3,nova_cell0:UPDATE=1 {{(pid=96789) stat_writer /opt/stack/data/venv/lib/python3.12/site-packages/dbcounter.py:115}}
Aug 14 06:54:28.360815 np0000007337 nova-scheduler[96791]: DEBUG dbcounter [-] [96791] Writing DB stats nova_cell0:SELECT=4,nova_cell0:INSERT=1,nova_cell0:UPDATE=1 {{(pid=96791) stat_writer /opt/stack/data/venv/lib/python3.12/site-packages/dbcounter.py:115}}
Aug 14 06:54:28.361035 np0000007337 nova-scheduler[96785]: DEBUG dbcounter [-] [96785] Writing DB stats nova_cell0:SELECT=3,nova_cell0:UPDATE=1 {{(pid=96785) stat_writer /opt/stack/data/venv/lib/python3.12/site-packages/dbcounter.py:115}}
Aug 14 06:54:29.345898 np0000007337 nova-scheduler[96787]: DEBUG oslo.service.backend._threading.loopingcall [None req-029c5e54-e1db-4bfb-8058-caada3cd64cd None None] Dynamic interval looping call 'nova.service.Service.periodic_tasks' sleeping for 60.00 seconds {{(pid=96787) _run_loop /opt/stack/data/venv/lib/python3.12/site-packages/oslo_service/backend/_threading/loopingcall.py:125}}
Aug 14 06:55:09.351080 np0000007337 nova-scheduler[96785]: DEBUG oslo.service.backend._threading.loopingcall [None req-778ba7ce-17ab-4cb6-9ad1-4847d190ff21 None None] Dynamic interval looping call 'nova.service.Service.periodic_tasks' sleeping for 60.00 seconds {{(pid=96785) _run_loop /opt/stack/data/venv/lib/python3.12/site-packages/oslo_service/backend/_threading/loopingcall.py:125}}
Aug 14 06:55:13.347032 np0000007337 nova-scheduler[96791]: DEBUG oslo.service.backend._threading.loopingcall [None req-0715a00a-217d-4a25-9a95-f4cf46f211d9 None None] Dynamic interval looping call 'nova.service.Service.periodic_tasks' sleeping for 60.00 seconds {{(pid=96791) _run_loop /opt/stack/data/venv/lib/python3.12/site-packages/oslo_service/backend/_threading/loopingcall.py:125}}
Aug 14 06:55:19.350668 np0000007337 nova-scheduler[96789]: DEBUG oslo.service.backend._threading.loopingcall [None req-d5616e26-1523-4437-b223-f47b3033ce85 None None] Dynamic interval looping call 'nova.service.Service.periodic_tasks' sleeping for 60.00 seconds {{(pid=96789) _run_loop /opt/stack/data/venv/lib/python3.12/site-packages/oslo_service/backend/_threading/loopingcall.py:125}}
Aug 14 06:55:29.346398 np0000007337 nova-scheduler[96787]: DEBUG oslo.service.backend._threading.loopingcall [None req-029c5e54-e1db-4bfb-8058-caada3cd64cd None None] Dynamic interval looping call 'nova.service.Service.periodic_tasks' sleeping for 60.00 seconds {{(pid=96787) _run_loop /opt/stack/data/venv/lib/python3.12/site-packages/oslo_service/backend/_threading/loopingcall.py:125}}
Aug 14 06:56:09.351697 np0000007337 nova-scheduler[96785]: DEBUG oslo.service.backend._threading.loopingcall [None req-778ba7ce-17ab-4cb6-9ad1-4847d190ff21 None None] Dynamic interval looping call 'nova.service.Service.periodic_tasks' sleeping for 60.00 seconds {{(pid=96785) _run_loop /opt/stack/data/venv/lib/python3.12/site-packages/oslo_service/backend/_threading/loopingcall.py:125}}
Aug 14 06:56:13.347525 np0000007337 nova-scheduler[96791]: DEBUG oslo.service.backend._threading.loopingcall [None req-0715a00a-217d-4a25-9a95-f4cf46f211d9 None None] Dynamic interval looping call 'nova.service.Service.periodic_tasks' sleeping for 60.00 seconds {{(pid=96791) _run_loop /opt/stack/data/venv/lib/python3.12/site-packages/oslo_service/backend/_threading/loopingcall.py:125}}
Aug 14 06:56:18.352658 np0000007337 nova-scheduler[96791]: DEBUG oslo.service.backend._threading.loopingcall [-] Fixed interval looping call 'nova.servicegroup.drivers.db.DbDriver._report_state' sleeping for 119.99 seconds {{(pid=96791) _run_loop /opt/stack/data/venv/lib/python3.12/site-packages/oslo_service/backend/_threading/loopingcall.py:125}}
Aug 14 06:56:18.353526 np0000007337 nova-scheduler[96787]: DEBUG oslo.service.backend._threading.loopingcall [-] Fixed interval looping call 'nova.servicegroup.drivers.db.DbDriver._report_state' sleeping for 120.00 seconds {{(pid=96787) _run_loop /opt/stack/data/venv/lib/python3.12/site-packages/oslo_service/backend/_threading/loopingcall.py:125}}
Aug 14 06:56:18.355569 np0000007337 nova-scheduler[96789]: DEBUG oslo.service.backend._threading.loopingcall [-] Fixed interval looping call 'nova.servicegroup.drivers.db.DbDriver._report_state' sleeping for 120.00 seconds {{(pid=96789) _run_loop /opt/stack/data/venv/lib/python3.12/site-packages/oslo_service/backend/_threading/loopingcall.py:125}}
Aug 14 06:56:18.355969 np0000007337 nova-scheduler[96785]: DEBUG oslo.service.backend._threading.loopingcall [-] Fixed interval looping call 'nova.servicegroup.drivers.db.DbDriver._report_state' sleeping for 120.00 seconds {{(pid=96785) _run_loop /opt/stack/data/venv/lib/python3.12/site-packages/oslo_service/backend/_threading/loopingcall.py:125}}
Aug 14 06:56:19.351226 np0000007337 nova-scheduler[96789]: DEBUG oslo.service.backend._threading.loopingcall [None req-d5616e26-1523-4437-b223-f47b3033ce85 None None] Dynamic interval looping call 'nova.service.Service.periodic_tasks' sleeping for 60.00 seconds {{(pid=96789) _run_loop /opt/stack/data/venv/lib/python3.12/site-packages/oslo_service/backend/_threading/loopingcall.py:125}}
Aug 14 06:56:28.348648 np0000007337 nova-scheduler[96791]: DEBUG dbcounter [-] [96791] Writing DB stats nova_cell0:SELECT=1,nova_cell0:UPDATE=1 {{(pid=96791) stat_writer /opt/stack/data/venv/lib/python3.12/site-packages/dbcounter.py:115}}
Aug 14 06:56:28.351952 np0000007337 nova-scheduler[96787]: DEBUG dbcounter [-] [96787] Writing DB stats nova_cell0:SELECT=1,nova_cell0:UPDATE=1 {{(pid=96787) stat_writer /opt/stack/data/venv/lib/python3.12/site-packages/dbcounter.py:115}}
Aug 14 06:56:28.353014 np0000007337 nova-scheduler[96789]: DEBUG dbcounter [-] [96789] Writing DB stats nova_cell0:SELECT=1 {{(pid=96789) stat_writer /opt/stack/data/venv/lib/python3.12/site-packages/dbcounter.py:115}}
Aug 14 06:56:28.353717 np0000007337 nova-scheduler[96785]: DEBUG dbcounter [-] [96785] Writing DB stats nova_cell0:SELECT=1 {{(pid=96785) stat_writer /opt/stack/data/venv/lib/python3.12/site-packages/dbcounter.py:115}}
Aug 14 06:56:29.347426 np0000007337 nova-scheduler[96787]: DEBUG oslo.service.backend._threading.loopingcall [None req-029c5e54-e1db-4bfb-8058-caada3cd64cd None None] Dynamic interval looping call 'nova.service.Service.periodic_tasks' sleeping for 60.00 seconds {{(pid=96787) _run_loop /opt/stack/data/venv/lib/python3.12/site-packages/oslo_service/backend/_threading/loopingcall.py:125}}
Aug 14 06:56:53.018390 np0000007337 nova-scheduler[96787]: DEBUG nova.scheduler.manager [None req-f4de5e9c-c358-4474-8697-57d7724e9ef8 tempest-ServerActionsTestOtherB-305270173 tempest-ServerActionsTestOtherB-305270173-project-member] Starting to schedule for instances: ['afdc52ad-985e-43f5-b876-584a24c71972'] {{(pid=96787) select_destinations /opt/stack/nova/nova/scheduler/manager.py:209}}
Aug 14 06:56:53.019895 np0000007337 nova-scheduler[96787]: DEBUG nova.scheduler.request_filter [None req-f4de5e9c-c358-4474-8697-57d7724e9ef8 tempest-ServerActionsTestOtherB-305270173 tempest-ServerActionsTestOtherB-305270173-project-member] compute_status_filter request filter added forbidden trait COMPUTE_STATUS_DISABLED {{(pid=96787) compute_status_filter /opt/stack/nova/nova/scheduler/request_filter.py:253}}
Aug 14 06:56:53.020815 np0000007337 nova-scheduler[96787]: DEBUG nova.scheduler.request_filter [None req-f4de5e9c-c358-4474-8697-57d7724e9ef8 tempest-ServerActionsTestOtherB-305270173 tempest-ServerActionsTestOtherB-305270173-project-member] Request filter 'compute_status_filter' took 0.0 seconds {{(pid=96787) wrapper /opt/stack/nova/nova/scheduler/request_filter.py:46}}
Aug 14 06:56:53.020815 np0000007337 nova-scheduler[96787]: DEBUG nova.scheduler.request_filter [None req-f4de5e9c-c358-4474-8697-57d7724e9ef8 tempest-ServerActionsTestOtherB-305270173 tempest-ServerActionsTestOtherB-305270173-project-member] Request filter 'accelerators_filter' took 0.0 seconds {{(pid=96787) wrapper /opt/stack/nova/nova/scheduler/request_filter.py:46}}
Aug 14 06:56:53.022136 np0000007337 nova-scheduler[96787]: DEBUG nova.scheduler.request_filter [None req-f4de5e9c-c358-4474-8697-57d7724e9ef8 tempest-ServerActionsTestOtherB-305270173 tempest-ServerActionsTestOtherB-305270173-project-member] Request filter 'packed_virtqueue_filter' took 0.0 seconds {{(pid=96787) wrapper /opt/stack/nova/nova/scheduler/request_filter.py:46}}
Aug 14 06:56:53.022136 np0000007337 nova-scheduler[96787]: DEBUG nova.scheduler.request_filter [None req-f4de5e9c-c358-4474-8697-57d7724e9ef8 tempest-ServerActionsTestOtherB-305270173 tempest-ServerActionsTestOtherB-305270173-project-member] Request filter 'remote_managed_ports_filter' took 0.0 seconds {{(pid=96787) wrapper /opt/stack/nova/nova/scheduler/request_filter.py:46}}
Aug 14 06:56:53.023589 np0000007337 nova-scheduler[96787]: DEBUG nova.scheduler.request_filter [None req-f4de5e9c-c358-4474-8697-57d7724e9ef8 tempest-ServerActionsTestOtherB-305270173 tempest-ServerActionsTestOtherB-305270173-project-member] ephemeral_encryption_filter skipped {{(pid=96787) ephemeral_encryption_filter /opt/stack/nova/nova/scheduler/request_filter.py:426}}
Aug 14 06:56:53.023589 np0000007337 nova-scheduler[96787]: DEBUG nova.scheduler.request_filter [None req-f4de5e9c-c358-4474-8697-57d7724e9ef8 tempest-ServerActionsTestOtherB-305270173 tempest-ServerActionsTestOtherB-305270173-project-member] virtio_sound_filter skipped {{(pid=96787) virtio_sound_filter /opt/stack/nova/nova/scheduler/request_filter.py:460}}
Aug 14 06:56:53.024655 np0000007337 nova-scheduler[96787]: DEBUG nova.scheduler.request_filter [None req-f4de5e9c-c358-4474-8697-57d7724e9ef8 tempest-ServerActionsTestOtherB-305270173 tempest-ServerActionsTestOtherB-305270173-project-member] tpm_secret_security_filter skipped {{(pid=96787) tpm_secret_security_filter /opt/stack/nova/nova/scheduler/request_filter.py:477}}
Aug 14 06:56:53.245243 np0000007337 nova-scheduler[96791]: DEBUG nova.scheduler.manager [None req-e3cda92a-b135-480f-be50-8a8111c0ca8d tempest-ServerStableDeviceRescueTest-1038141731 tempest-ServerStableDeviceRescueTest-1038141731-project-member] Starting to schedule for instances: ['0b9cc37c-7c1b-4176-84d9-f0cdb9daf852'] {{(pid=96791) select_destinations /opt/stack/nova/nova/scheduler/manager.py:209}}
Aug 14 06:56:53.245596 np0000007337 nova-scheduler[96791]: DEBUG nova.scheduler.request_filter [None req-e3cda92a-b135-480f-be50-8a8111c0ca8d tempest-ServerStableDeviceRescueTest-1038141731 tempest-ServerStableDeviceRescueTest-1038141731-project-member] compute_status_filter request filter added forbidden trait COMPUTE_STATUS_DISABLED {{(pid=96791) compute_status_filter /opt/stack/nova/nova/scheduler/request_filter.py:253}}
Aug 14 06:56:53.245733 np0000007337 nova-scheduler[96791]: DEBUG nova.scheduler.request_filter [None req-e3cda92a-b135-480f-be50-8a8111c0ca8d tempest-ServerStableDeviceRescueTest-1038141731 tempest-ServerStableDeviceRescueTest-1038141731-project-member] Request filter 'compute_status_filter' took 0.0 seconds {{(pid=96791) wrapper /opt/stack/nova/nova/scheduler/request_filter.py:46}}
Aug 14 06:56:53.246020 np0000007337 nova-scheduler[96791]: DEBUG nova.scheduler.request_filter [None req-e3cda92a-b135-480f-be50-8a8111c0ca8d tempest-ServerStableDeviceRescueTest-1038141731 tempest-ServerStableDeviceRescueTest-1038141731-project-member] Request filter 'accelerators_filter' took 0.0 seconds {{(pid=96791) wrapper /opt/stack/nova/nova/scheduler/request_filter.py:46}}
Aug 14 06:56:53.246269 np0000007337 nova-scheduler[96791]: DEBUG nova.scheduler.request_filter [None req-e3cda92a-b135-480f-be50-8a8111c0ca8d tempest-ServerStableDeviceRescueTest-1038141731 tempest-ServerStableDeviceRescueTest-1038141731-project-member] Request filter 'packed_virtqueue_filter' took 0.0 seconds {{(pid=96791) wrapper /opt/stack/nova/nova/scheduler/request_filter.py:46}}
Aug 14 06:56:53.248285 np0000007337 nova-scheduler[96791]: DEBUG nova.scheduler.request_filter [None req-e3cda92a-b135-480f-be50-8a8111c0ca8d tempest-ServerStableDeviceRescueTest-1038141731 tempest-ServerStableDeviceRescueTest-1038141731-project-member] Request filter 'remote_managed_ports_filter' took 0.0 seconds {{(pid=96791) wrapper /opt/stack/nova/nova/scheduler/request_filter.py:46}}
Aug 14 06:56:53.248285 np0000007337 nova-scheduler[96791]: DEBUG nova.scheduler.request_filter [None req-e3cda92a-b135-480f-be50-8a8111c0ca8d tempest-ServerStableDeviceRescueTest-1038141731 tempest-ServerStableDeviceRescueTest-1038141731-project-member] ephemeral_encryption_filter skipped {{(pid=96791) ephemeral_encryption_filter /opt/stack/nova/nova/scheduler/request_filter.py:426}}
Aug 14 06:56:53.248285 np0000007337 nova-scheduler[96791]: DEBUG nova.scheduler.request_filter [None req-e3cda92a-b135-480f-be50-8a8111c0ca8d tempest-ServerStableDeviceRescueTest-1038141731 tempest-ServerStableDeviceRescueTest-1038141731-project-member] virtio_sound_filter skipped {{(pid=96791) virtio_sound_filter /opt/stack/nova/nova/scheduler/request_filter.py:460}}
Aug 14 06:56:53.248285 np0000007337 nova-scheduler[96791]: DEBUG nova.scheduler.request_filter [None req-e3cda92a-b135-480f-be50-8a8111c0ca8d tempest-ServerStableDeviceRescueTest-1038141731 tempest-ServerStableDeviceRescueTest-1038141731-project-member] tpm_secret_security_filter skipped {{(pid=96791) tpm_secret_security_filter /opt/stack/nova/nova/scheduler/request_filter.py:477}}
