Aug 14 06:53:48.555771 np0000007337 devstack@neutron-api.service[90943]: DEBUG oslo_concurrency.processutils [None req-8f4514aa-7487-4c0f-b4c2-c4f8522b13cb None None] CMD "ovsdb-client transact ssl:10.4.3.217:6641 --timeout 180 -p /opt/stack/data/CA/int-ca/private/devstack-cert.key -c /opt/stack/data/CA/int-ca/devstack-cert.crt -C /opt/stack/data/CA/int-ca/ca-chain.pem ["OVN_Northbound", {"op": "wait", "timeout": 0, "table": "Port_Group", "where": [["name", "==", "pvlan_pg_drop"]], "until": "==", "rows": []}, {"op": "insert", "table": "ACL", "row": {"action": "drop", "direction": "to-lport", "match": "outport == @pvlan_pg_drop && ip", "priority": 1010}, "uuid-name": "pvlandroptoport"}, {"op": "insert", "table": "ACL", "row": {"action": "drop", "direction": "from-lport", "match": "inport == @pvlan_pg_drop && ip", "priority": 1010}, "uuid-name": "pvlandropfromport"}, {"op": "insert", "table": "Port_Group", "row": {"name": "pvlan_pg_drop", "acls": ["set", [["named-uuid", "pvlandroptoport"], ["named-uuid", "pvlandropfromport"]]]}}]" returned: 0 in 0.023s {{(pid=90943) execute /opt/stack/data/venv/lib/python3.12/site-packages/oslo_concurrency/processutils.py:468}}
Aug 14 06:53:48.557660 np0000007337 devstack@neutron-api.service[90943]: WSGI app 0 (mountpoint='') ready in 6 seconds on interpreter 0x79aa94ea4668 pid: 90943 (default app)
Aug 14 06:53:49.117968 np0000007337 devstack@neutron-api.service[90943]: DEBUG neutron.plugins.ml2.drivers.ovn.mech_driver.ovsdb.ovsdb_monitor [-] Hash Ring: Node eb33cde830845d5eab79af6a7e80a2e3 (host: np0000007337) handling event "update" for row 18996dae-881d-4096-820b-8c8c8cfe8fd3 (table: Connection) {{(pid=90943) notify /opt/stack/neutron/neutron/plugins/ml2/drivers/ovn/mech_driver/ovsdb/ovsdb_monitor.py:1099}}
Aug 14 06:53:49.118910 np0000007337 devstack@neutron-api.service[90940]: DEBUG neutron.common.ovn.hash_ring_manager [-] Allow caching, nodes 4>=4 {{(pid=90940) _wait_startup_before_caching /opt/stack/neutron/neutron/common/ovn/hash_ring_manager.py:71}}
Aug 14 06:53:49.119147 np0000007337 devstack@neutron-api.service[90940]: DEBUG neutron.plugins.ml2.drivers.ovn.mech_driver.ovsdb.ovsdb_monitor [-] Hash Ring: Node 308df977ac1b5e8e9d3135ab8269fa88 (host: np0000007337) handling event "update" for row 18996dae-881d-4096-820b-8c8c8cfe8fd3 (table: Connection) {{(pid=90940) notify /opt/stack/neutron/neutron/plugins/ml2/drivers/ovn/mech_driver/ovsdb/ovsdb_monitor.py:1099}}
Aug 14 06:53:51.627765 np0000007337 devstack@neutron-api.service[90940]: DEBUG neutron.plugins.ml2.drivers.ovn.mech_driver.ovsdb.ovsdb_monitor [-] Hash Ring: Node 308df977ac1b5e8e9d3135ab8269fa88 (host: np0000007337) handling event "update" for row 18996dae-881d-4096-820b-8c8c8cfe8fd3 (table: Connection) {{(pid=90940) notify /opt/stack/neutron/neutron/plugins/ml2/drivers/ovn/mech_driver/ovsdb/ovsdb_monitor.py:1099}}
Aug 14 06:53:51.628246 np0000007337 devstack@neutron-api.service[90943]: DEBUG neutron.plugins.ml2.drivers.ovn.mech_driver.ovsdb.ovsdb_monitor [-] Hash Ring: Node eb33cde830845d5eab79af6a7e80a2e3 (host: np0000007337) handling event "update" for row 18996dae-881d-4096-820b-8c8c8cfe8fd3 (table: Connection) {{(pid=90943) notify /opt/stack/neutron/neutron/plugins/ml2/drivers/ovn/mech_driver/ovsdb/ovsdb_monitor.py:1099}}
Aug 14 06:53:52.271338 np0000007337 devstack@neutron-api.service[90940]: DEBUG neutron.api.wsgi [None req-eb343c50-1078-46cc-b8c6-5da901358215 admin admin] Missing Content-Type {{(pid=90940) get_content_type /opt/stack/neutron/neutron/api/wsgi.py:80}}
Aug 14 06:53:52.271801 np0000007337 devstack@neutron-api.service[90940]: DEBUG neutron.api.wsgi [None req-eb343c50-1078-46cc-b8c6-5da901358215 admin admin] https://10.4.3.217/networking/v2.0/extensions returned with HTTP 200 {{(pid=90940) __call__ /opt/stack/neutron/neutron/api/wsgi.py:540}}
Aug 14 06:53:52.272267 np0000007337 devstack@neutron-api.service[90940]: [pid: 90940|app: 0|req: 2/2] 10.4.3.217 () {64 vars in 1292 bytes} [Fri Aug 14 06:53:51 2026] GET /networking/v2.0/extensions => generated 16171 bytes in 568 msecs (HTTP/1.1 200) 4 headers in 159 bytes (1 switches on core 0)
Aug 14 06:53:52.624206 np0000007337 devstack@neutron-api.service[90942]: DEBUG neutron.api.v2.base [None req-52d0e730-f0ea-4d39-bf55-a5a7aa90e4bc admin admin] Request body: {'subnetpool': {'prefixes': ['10.1.0.0/20'], 'is_default': True, 'shared': True, 'default_prefixlen': 26, 'name': 'shared-default-subnetpool-v4'}} {{(pid=90942) prepare_request_body /opt/stack/neutron/neutron/api/v2/base.py:727}}
Aug 14 06:53:52.797290 np0000007337 devstack@neutron-api.service[90942]: DEBUG neutron.policy [None req-52d0e730-f0ea-4d39-bf55-a5a7aa90e4bc admin admin] Loaded default policies from ['neutron'] under neutron.policies entry points {{(pid=90942) register_rules /opt/stack/neutron/neutron/policy.py:65}}
Aug 14 06:53:52.916914 np0000007337 devstack@neutron-api.service[90942]: DEBUG neutron_lib.callbacks.manager [None req-52d0e730-f0ea-4d39-bf55-a5a7aa90e4bc admin admin] Publish callbacks ['neutron.objects.securitygroup.RbacNeutronDbObjectMixin.validate_rbac_policy_change-2706925882110', 'neutron.objects.address_group.RbacNeutronDbObjectMixin.validate_rbac_policy_change-2706925778150', 'neutron.objects.network.RbacNeutronDbObjectMixin.validate_rbac_policy_change-2706925978422', 'neutron.objects.qos.policy.RbacNeutronDbObjectMixin.validate_rbac_policy_change-2706925982781', 'neutron.objects.subnetpool.RbacNeutronDbObjectMixin.validate_rbac_policy_change-2706925950477', 'neutron.objects.address_scope.RbacNeutronDbObjectMixin.validate_rbac_policy_change-2706925953396', 'neutron.plugins.ml2.plugin.External_net_db_mixin._process_ext_policy_create-43562', 'neutron.plugins.ml2.plugin.NeutronDbPluginV2.validate_network_rbac_policy_change-40914'] for rbac-policy (None), before_create {{(pid=90942) _notify_loop /opt/stack/data/venv/lib/python3.12/site-packages/neutron_lib/callbacks/manager.py:184}}
Aug 14 06:53:52.951146 np0000007337 devstack@neutron-api.service[90942]: DEBUG neutron_lib.callbacks.manager [None req-52d0e730-f0ea-4d39-bf55-a5a7aa90e4bc admin admin] Publish callbacks [] for subnetpool (None), before_response {{(pid=90942) _notify_loop /opt/stack/data/venv/lib/python3.12/site-packages/neutron_lib/callbacks/manager.py:184}}
Aug 14 06:53:52.951626 np0000007337 devstack@neutron-api.service[90942]: [pid: 90942|app: 0|req: 1/3] 10.4.3.217 () {68 vars in 1336 bytes} [Fri Aug 14 06:53:52 2026] POST /networking/v2.0/subnetpools => generated 533 bytes in 415 msecs (HTTP/1.1 201) 4 headers in 162 bytes (1 switches on core 0)
Aug 14 06:53:53.264922 np0000007337 devstack@neutron-api.service[90941]: DEBUG neutron.api.v2.base [None req-ebee68e0-7834-447f-a81b-a406e52b31de admin admin] Request body: {'subnetpool': {'prefixes': ['fdce:154b:c00e::/56'], 'is_default': True, 'shared': True, 'default_prefixlen': 64, 'name': 'shared-default-subnetpool-v6'}} {{(pid=90941) prepare_request_body /opt/stack/neutron/neutron/api/v2/base.py:727}}
Aug 14 06:53:53.430233 np0000007337 devstack@neutron-api.service[90941]: DEBUG neutron.policy [None req-ebee68e0-7834-447f-a81b-a406e52b31de admin admin] Loaded default policies from ['neutron'] under neutron.policies entry points {{(pid=90941) register_rules /opt/stack/neutron/neutron/policy.py:65}}
Aug 14 06:53:53.557541 np0000007337 devstack@neutron-api.service[90941]: DEBUG neutron_lib.callbacks.manager [None req-ebee68e0-7834-447f-a81b-a406e52b31de admin admin] Publish callbacks ['neutron.objects.securitygroup.RbacNeutronDbObjectMixin.validate_rbac_policy_change-2706925828603', 'neutron.objects.address_group.RbacNeutronDbObjectMixin.validate_rbac_policy_change-2706925871454', 'neutron.objects.network.RbacNeutronDbObjectMixin.validate_rbac_policy_change-2706925856866', 'neutron.objects.qos.policy.RbacNeutronDbObjectMixin.validate_rbac_policy_change-2706926034943', 'neutron.objects.subnetpool.RbacNeutronDbObjectMixin.validate_rbac_policy_change-2706926025841', 'neutron.objects.address_scope.RbacNeutronDbObjectMixin.validate_rbac_policy_change-2706926022673', 'neutron.plugins.ml2.plugin.External_net_db_mixin._process_ext_policy_create-117132', 'neutron.plugins.ml2.plugin.NeutronDbPluginV2.validate_network_rbac_policy_change-72754'] for rbac-policy (None), before_create {{(pid=90941) _notify_loop /opt/stack/data/venv/lib/python3.12/site-packages/neutron_lib/callbacks/manager.py:184}}
Aug 14 06:53:53.590634 np0000007337 devstack@neutron-api.service[90941]: DEBUG neutron_lib.callbacks.manager [None req-ebee68e0-7834-447f-a81b-a406e52b31de admin admin] Publish callbacks [] for subnetpool (None), before_response {{(pid=90941) _notify_loop /opt/stack/data/venv/lib/python3.12/site-packages/neutron_lib/callbacks/manager.py:184}}
Aug 14 06:53:53.591192 np0000007337 devstack@neutron-api.service[90941]: [pid: 90941|app: 0|req: 1/4] 10.4.3.217 () {68 vars in 1336 bytes} [Fri Aug 14 06:53:53 2026] POST /networking/v2.0/subnetpools => generated 543 bytes in 415 msecs (HTTP/1.1 201) 4 headers in 162 bytes (1 switches on core 0)
Aug 14 06:53:53.900335 np0000007337 devstack@neutron-api.service[90943]: DEBUG neutron.api.v2.base [None req-63bec2f7-1fa7-41b7-9fc6-73b03e573148 admin admin] Request body: {'network': {'admin_state_up': True, 'name': 'private'}} {{(pid=90943) prepare_request_body /opt/stack/neutron/neutron/api/v2/base.py:727}}
Aug 14 06:53:53.928480 np0000007337 devstack@neutron-api.service[90943]: DEBUG neutron.pecan_wsgi.hooks.quota_enforcement [None req-63bec2f7-1fa7-41b7-9fc6-73b03e573148 admin admin] Made reservation on behalf of c63a1c4d329b4089bbbc0fe6261ab821 for: {'network': 1} {{(pid=90943) before /opt/stack/neutron/neutron/pecan_wsgi/hooks/quota_enforcement.py:66}}
Aug 14 06:53:54.075254 np0000007337 devstack@neutron-api.service[90943]: DEBUG neutron.policy [None req-63bec2f7-1fa7-41b7-9fc6-73b03e573148 admin admin] Loaded default policies from ['neutron'] under neutron.policies entry points {{(pid=90943) register_rules /opt/stack/neutron/neutron/policy.py:65}}
Aug 14 06:53:54.159254 np0000007337 devstack@neutron-api.service[90943]: DEBUG neutron_lib.callbacks.manager [None req-63bec2f7-1fa7-41b7-9fc6-73b03e573148 admin admin] Publish callbacks ['neutron.plugins.ml2.plugin.SecurityGroupDbMixin._ensure_default_security_group_handler-4055729'] for network (None), before_create {{(pid=90943) _notify_loop /opt/stack/data/venv/lib/python3.12/site-packages/neutron_lib/callbacks/manager.py:184}}
Aug 14 06:53:54.178190 np0000007337 devstack@neutron-api.service[90943]: DEBUG neutron_lib.callbacks.manager [None req-63bec2f7-1fa7-41b7-9fc6-73b03e573148 admin admin] Publish callbacks [] for security_group (None), before_create {{(pid=90943) _notify_loop /opt/stack/data/venv/lib/python3.12/site-packages/neutron_lib/callbacks/manager.py:184}}
Aug 14 06:53:54.264895 np0000007337 devstack@neutron-api.service[90943]: DEBUG neutron_lib.callbacks.manager [None req-63bec2f7-1fa7-41b7-9fc6-73b03e573148 admin admin] Publish callbacks ['neutron.plugins.ml2.drivers.ovn.mech_driver.mech_driver.OVNMechanismDriver._create_security_group_precommit-468878'] for security_group (42a845a3-0ef8-4cdb-a468-38094df0d70a), precommit_create {{(pid=90943) _notify_loop /opt/stack/data/venv/lib/python3.12/site-packages/neutron_lib/callbacks/manager.py:184}}
Aug 14 06:53:54.265059 np0000007337 devstack@neutron-api.service[90943]: DEBUG neutron.db.ovn_revision_numbers_db [None req-63bec2f7-1fa7-41b7-9fc6-73b03e573148 admin admin] create_initial_revision uuid=42a845a3-0ef8-4cdb-a468-38094df0d70a, type=security_groups, rev=-1 {{(pid=90943) create_initial_revision /opt/stack/neutron/neutron/db/ovn_revision_numbers_db.py:98}}
Aug 14 06:53:54.267212 np0000007337 devstack@neutron-api.service[90943]: DEBUG neutron.db.ovn_revision_numbers_db [None req-63bec2f7-1fa7-41b7-9fc6-73b03e573148 admin admin] create_initial_revision uuid=19278cf1-a8d4-407f-a2d3-3a2d581b75d5, type=security_group_rules, rev=-1 {{(pid=90943) create_initial_revision /opt/stack/neutron/neutron/db/ovn_revision_numbers_db.py:98}}
Aug 14 06:53:54.268187 np0000007337 devstack@neutron-api.service[90943]: DEBUG neutron.db.ovn_revision_numbers_db [None req-63bec2f7-1fa7-41b7-9fc6-73b03e573148 admin admin] create_initial_revision uuid=685d3686-a416-47db-8118-0d9aeb558882, type=security_group_rules, rev=-1 {{(pid=90943) create_initial_revision /opt/stack/neutron/neutron/db/ovn_revision_numbers_db.py:98}}
Aug 14 06:53:54.269057 np0000007337 devstack@neutron-api.service[90943]: DEBUG neutron.db.ovn_revision_numbers_db [None req-63bec2f7-1fa7-41b7-9fc6-73b03e573148 admin admin] create_initial_revision uuid=687c2ceb-b600-427d-a79b-c688969a2be7, type=security_group_rules, rev=-1 {{(pid=90943) create_initial_revision /opt/stack/neutron/neutron/db/ovn_revision_numbers_db.py:98}}
Aug 14 06:53:54.270321 np0000007337 devstack@neutron-api.service[90943]: DEBUG neutron.db.ovn_revision_numbers_db [None req-63bec2f7-1fa7-41b7-9fc6-73b03e573148 admin admin] create_initial_revision uuid=b7e7761f-cbf5-4dc1-9943-074da0075f84, type=security_group_rules, rev=-1 {{(pid=90943) create_initial_revision /opt/stack/neutron/neutron/db/ovn_revision_numbers_db.py:98}}
Aug 14 06:53:54.273370 np0000007337 devstack@neutron-api.service[90943]: DEBUG neutron_lib.callbacks.manager [None req-63bec2f7-1fa7-41b7-9fc6-73b03e573148 admin admin] Publish callbacks ['neutron.plugins.ml2.drivers.ovn.mech_driver.mech_driver.OVNMechanismDriver._create_security_group-468888', 'neutron.plugins.ml2.ovo_rpc._ObjectChangeHandler.handle_event-2500466'] for security_group (42a845a3-0ef8-4cdb-a468-38094df0d70a), after_create {{(pid=90943) _notify_loop /opt/stack/data/venv/lib/python3.12/site-packages/neutron_lib/callbacks/manager.py:184}}
Aug 14 06:53:54.273543 np0000007337 devstack@neutron-api.service[90943]: INFO neutron.plugins.ml2.drivers.ovn.mech_driver.ovsdb.extensions.qos [None req-63bec2f7-1fa7-41b7-9fc6-73b03e573148 admin admin] Starting OVNClientQosExtension
Aug 14 06:53:54.273722 np0000007337 devstack@neutron-api.service[90943]: INFO neutron.plugins.ml2.drivers.ovn.mech_driver.ovsdb.extensions.placement [None req-63bec2f7-1fa7-41b7-9fc6-73b03e573148 admin admin] Starting OVNClientPlacementExtension
Aug 14 06:53:54.274914 np0000007337 devstack@neutron-api.service[90943]: DEBUG ovsdbapp.backend.ovs_idl.transaction [-] Running txn n=1 command(idx=0): PgAddCommand(_result=None, name=pg_42a845a3_0ef8_4cdb_a468_38094df0d70a, may_exist=False, columns={'acls': [], 'external_ids': {'neutron:security_group_id': '42a845a3-0ef8-4cdb-a468-38094df0d70a'}}) {{(pid=90943) do_commit /opt/stack/data/venv/lib/python3.12/site-packages/ovsdbapp/backend/ovs_idl/transaction.py:89}}
Aug 14 06:53:54.278817 np0000007337 devstack@neutron-api.service[90943]: DEBUG ovsdbapp.backend.ovs_idl.transaction [-] Running txn n=1 command(idx=1): PgAclAddCommand(_result=None, entity=pg_42a845a3_0ef8_4cdb_a468_38094df0d70a, direction=from-lport, priority=1002, match=inport == @pg_42a845a3_0ef8_4cdb_a468_38094df0d70a && ip4, action=allow-related, log=False, may_exist=True, severity=[], name=[], meter=[], external_ids={'neutron:security_group_rule_id': '19278cf1-a8d4-407f-a2d3-3a2d581b75d5'}) {{(pid=90943) do_commit /opt/stack/data/venv/lib/python3.12/site-packages/ovsdbapp/backend/ovs_idl/transaction.py:89}}
Aug 14 06:53:54.279166 np0000007337 devstack@neutron-api.service[90943]: DEBUG ovsdbapp.backend.ovs_idl.transaction [-] Running txn n=1 command(idx=2): PgAclAddCommand(_result=None, entity=pg_42a845a3_0ef8_4cdb_a468_38094df0d70a, direction=to-lport, priority=1002, match=outport == @pg_42a845a3_0ef8_4cdb_a468_38094df0d70a && ip4 && ip4.src == $pg_42a845a3_0ef8_4cdb_a468_38094df0d70a_ip4, action=allow-related, log=False, may_exist=True, severity=[], name=[], meter=[], external_ids={'neutron:security_group_rule_id': '685d3686-a416-47db-8118-0d9aeb558882'}) {{(pid=90943) do_commit /opt/stack/data/venv/lib/python3.12/site-packages/ovsdbapp/backend/ovs_idl/transaction.py:89}}
Aug 14 06:53:54.279428 np0000007337 devstack@neutron-api.service[90943]: DEBUG ovsdbapp.backend.ovs_idl.transaction [-] Running txn n=1 command(idx=3): PgAclAddCommand(_result=None, entity=pg_42a845a3_0ef8_4cdb_a468_38094df0d70a, direction=to-lport, priority=1002, match=outport == @pg_42a845a3_0ef8_4cdb_a468_38094df0d70a && ip6 && ip6.src == $pg_42a845a3_0ef8_4cdb_a468_38094df0d70a_ip6, action=allow-related, log=False, may_exist=True, severity=[], name=[], meter=[], external_ids={'neutron:security_group_rule_id': '687c2ceb-b600-427d-a79b-c688969a2be7'}) {{(pid=90943) do_commit /opt/stack/data/venv/lib/python3.12/site-packages/ovsdbapp/backend/ovs_idl/transaction.py:89}}
Aug 14 06:53:54.279662 np0000007337 devstack@neutron-api.service[90943]: DEBUG ovsdbapp.backend.ovs_idl.transaction [-] Running txn n=1 command(idx=4): PgAclAddCommand(_result=None, entity=pg_42a845a3_0ef8_4cdb_a468_38094df0d70a, direction=from-lport, priority=1002, match=inport == @pg_42a845a3_0ef8_4cdb_a468_38094df0d70a && ip6, action=allow-related, log=False, may_exist=True, severity=[], name=[], meter=[], external_ids={'neutron:security_group_rule_id': 'b7e7761f-cbf5-4dc1-9943-074da0075f84'}) {{(pid=90943) do_commit /opt/stack/data/venv/lib/python3.12/site-packages/ovsdbapp/backend/ovs_idl/transaction.py:89}}
Aug 14 06:53:54.284258 np0000007337 devstack@neutron-api.service[90943]: DEBUG neutron.plugins.ml2.drivers.ovn.mech_driver.ovsdb.ovsdb_monitor [-] Hash Ring: Node eb33cde830845d5eab79af6a7e80a2e3 (host: np0000007337) handling event "create" for row 4e1d17a6-4749-488a-b50b-f0e56dc0789f (table: ACL) {{(pid=90943) notify /opt/stack/neutron/neutron/plugins/ml2/drivers/ovn/mech_driver/ovsdb/ovsdb_monitor.py:1099}}
Aug 14 06:53:54.284469 np0000007337 devstack@neutron-api.service[90943]: DEBUG neutron.plugins.ml2.drivers.ovn.mech_driver.ovsdb.ovsdb_monitor [-] Hash Ring: Node eb33cde830845d5eab79af6a7e80a2e3 (host: np0000007337) handling event "create" for row 82eb73df-200b-4ec8-832b-ad51a691427a (table: ACL) {{(pid=90943) notify /opt/stack/neutron/neutron/plugins/ml2/drivers/ovn/mech_driver/ovsdb/ovsdb_monitor.py:1099}}
Aug 14 06:53:54.284853 np0000007337 devstack@neutron-api.service[90940]: DEBUG neutron.plugins.ml2.drivers.ovn.mech_driver.ovsdb.ovsdb_monitor [-] Hash Ring: Node 308df977ac1b5e8e9d3135ab8269fa88 (host: np0000007337) handling event "create" for row 4e1d17a6-4749-488a-b50b-f0e56dc0789f (table: ACL) {{(pid=90940) notify /opt/stack/neutron/neutron/plugins/ml2/drivers/ovn/mech_driver/ovsdb/ovsdb_monitor.py:1099}}
Aug 14 06:53:54.285129 np0000007337 devstack@neutron-api.service[90943]: DEBUG neutron.plugins.ml2.drivers.ovn.mech_driver.ovsdb.ovsdb_monitor [-] Hash Ring: Node eb33cde830845d5eab79af6a7e80a2e3 (host: np0000007337) handling event "create" for row d0d7fbfe-61ca-48eb-bc24-622381de6b5a (table: ACL) {{(pid=90943) notify /opt/stack/neutron/neutron/plugins/ml2/drivers/ovn/mech_driver/ovsdb/ovsdb_monitor.py:1099}}
Aug 14 06:53:54.285168 np0000007337 devstack@neutron-api.service[90940]: DEBUG neutron.plugins.ml2.drivers.ovn.mech_driver.ovsdb.ovsdb_monitor [-] Hash Ring: Node 308df977ac1b5e8e9d3135ab8269fa88 (host: np0000007337) handling event "create" for row 54dfed5e-434d-4c8b-9605-815a93418533 (table: ACL) {{(pid=90940) notify /opt/stack/neutron/neutron/plugins/ml2/drivers/ovn/mech_driver/ovsdb/ovsdb_monitor.py:1099}}
Aug 14 06:53:54.285168 np0000007337 devstack@neutron-api.service[90940]: DEBUG neutron.plugins.ml2.drivers.ovn.mech_driver.ovsdb.ovsdb_monitor [-] Hash Ring: Node 308df977ac1b5e8e9d3135ab8269fa88 (host: np0000007337) handling event "create" for row 82eb73df-200b-4ec8-832b-ad51a691427a (table: ACL) {{(pid=90940) notify /opt/stack/neutron/neutron/plugins/ml2/drivers/ovn/mech_driver/ovsdb/ovsdb_monitor.py:1099}}
Aug 14 06:53:54.285168 np0000007337 devstack@neutron-api.service[90940]: DEBUG neutron.plugins.ml2.drivers.ovn.mech_driver.ovsdb.ovsdb_monitor [-] Hash Ring: Node 308df977ac1b5e8e9d3135ab8269fa88 (host: np0000007337) handling event "create" for row d0d7fbfe-61ca-48eb-bc24-622381de6b5a (table: ACL) {{(pid=90940) notify /opt/stack/neutron/neutron/plugins/ml2/drivers/ovn/mech_driver/ovsdb/ovsdb_monitor.py:1099}}
Aug 14 06:53:54.285168 np0000007337 devstack@neutron-api.service[90940]: DEBUG neutron.plugins.ml2.drivers.ovn.mech_driver.ovsdb.ovsdb_monitor [-] Hash Ring: Node 308df977ac1b5e8e9d3135ab8269fa88 (host: np0000007337) handling event "create" for row d5e66dbd-21b5-486c-be3a-3385e3764093 (table: Port_Group) {{(pid=90940) notify /opt/stack/neutron/neutron/plugins/ml2/drivers/ovn/mech_driver/ovsdb/ovsdb_monitor.py:1099}}
Aug 14 06:53:54.285986 np0000007337 devstack@neutron-api.service[90941]: DEBUG neutron.plugins.ml2.drivers.ovn.mech_driver.ovsdb.ovsdb_monitor [-] Hash Ring: Node 049dd88acf5756f29d5829c2da567751 (host: np0000007337) handling event "create" for row 54dfed5e-434d-4c8b-9605-815a93418533 (table: ACL) {{(pid=90941) notify /opt/stack/neutron/neutron/plugins/ml2/drivers/ovn/mech_driver/ovsdb/ovsdb_monitor.py:1099}}
Aug 14 06:53:54.305116 np0000007337 devstack@neutron-api.service[90943]: INFO neutron.db.ovn_revision_numbers_db [None req-63bec2f7-1fa7-41b7-9fc6-73b03e573148 admin admin] Successfully bumped revision number for resource 42a845a3-0ef8-4cdb-a468-38094df0d70a (type: security_groups) to 1
Aug 14 06:53:54.316263 np0000007337 devstack@neutron-api.service[90943]: INFO neutron.db.ovn_revision_numbers_db [None req-63bec2f7-1fa7-41b7-9fc6-73b03e573148 admin admin] Successfully bumped revision number for resource 19278cf1-a8d4-407f-a2d3-3a2d581b75d5 (type: security_group_rules) to 0
Aug 14 06:53:54.324777 np0000007337 devstack@neutron-api.service[90943]: INFO neutron.db.ovn_revision_numbers_db [None req-63bec2f7-1fa7-41b7-9fc6-73b03e573148 admin admin] Successfully bumped revision number for resource 685d3686-a416-47db-8118-0d9aeb558882 (type: security_group_rules) to 0
Aug 14 06:53:54.333314 np0000007337 devstack@neutron-api.service[90943]: INFO neutron.db.ovn_revision_numbers_db [None req-63bec2f7-1fa7-41b7-9fc6-73b03e573148 admin admin] Successfully bumped revision number for resource 687c2ceb-b600-427d-a79b-c688969a2be7 (type: security_group_rules) to 0
Aug 14 06:53:54.341572 np0000007337 devstack@neutron-api.service[90943]: INFO neutron.db.ovn_revision_numbers_db [None req-63bec2f7-1fa7-41b7-9fc6-73b03e573148 admin admin] Successfully bumped revision number for resource b7e7761f-cbf5-4dc1-9943-074da0075f84 (type: security_group_rules) to 0
Aug 14 06:53:54.362111 np0000007337 devstack@neutron-api.service[90943]: DEBUG neutron.api.rpc.handlers.resources_rpc [None req-63bec2f7-1fa7-41b7-9fc6-73b03e573148 admin admin] Pushing event updated for resources: {'SecurityGroup': ['ID=42a845a3-0ef8-4cdb-a468-38094df0d70a,revision_number=1']} {{(pid=90943) push /opt/stack/neutron/neutron/api/rpc/handlers/resources_rpc.py:237}}
Aug 14 06:53:54.368162 np0000007337 devstack@neutron-api.service[90943]: DEBUG ovsdbapp.backend.ovs_idl.transaction [-] Running txn n=1 command(idx=0): CheckLivenessCommand(_result=None) {{(pid=90943) do_commit /opt/stack/data/venv/lib/python3.12/site-packages/ovsdbapp/backend/ovs_idl/transaction.py:89}}
Aug 14 06:53:54.370896 np0000007337 devstack@neutron-api.service[90940]: DEBUG neutron.plugins.ml2.drivers.ovn.mech_driver.ovsdb.ovsdb_monitor [-] Hash Ring: Node 308df977ac1b5e8e9d3135ab8269fa88 (host: np0000007337) handling event "update" for row e425d49d-ee8a-41f4-987c-0d0c0fac11ce (table: NB_Global) {{(pid=90940) notify /opt/stack/neutron/neutron/plugins/ml2/drivers/ovn/mech_driver/ovsdb/ovsdb_monitor.py:1099}}
Aug 14 06:53:54.371715 np0000007337 devstack@neutron-api.service[90942]: DEBUG neutron.plugins.ml2.drivers.ovn.mech_driver.ovsdb.ovsdb_monitor [-] Hash Ring: Node b17d3e8629c151da9178fe209eacafc2 (host: np0000007337) handling event "update" for row e425d49d-ee8a-41f4-987c-0d0c0fac11ce (table: NB_Global) {{(pid=90942) notify /opt/stack/neutron/neutron/plugins/ml2/drivers/ovn/mech_driver/ovsdb/ovsdb_monitor.py:1099}}
Aug 14 06:53:54.372075 np0000007337 devstack@neutron-api.service[90940]: DEBUG neutron.plugins.ml2.drivers.ovn.mech_driver.ovsdb.ovsdb_monitor [-] Hash Ring: Node 308df977ac1b5e8e9d3135ab8269fa88 (host: np0000007337) handling event "update" for row e425d49d-ee8a-41f4-987c-0d0c0fac11ce (table: NB_Global) {{(pid=90940) notify /opt/stack/neutron/neutron/plugins/ml2/drivers/ovn/mech_driver/ovsdb/ovsdb_monitor.py:1099}}
Aug 14 06:53:54.372372 np0000007337 devstack@neutron-api.service[90940]: DEBUG neutron.plugins.ml2.drivers.ovn.mech_driver.ovsdb.ovsdb_monitor [-] Hash Ring: Node 308df977ac1b5e8e9d3135ab8269fa88 (host: np0000007337) handling event "update" for row e425d49d-ee8a-41f4-987c-0d0c0fac11ce (table: NB_Global) {{(pid=90940) notify /opt/stack/neutron/neutron/plugins/ml2/drivers/ovn/mech_driver/ovsdb/ovsdb_monitor.py:1099}}
Aug 14 06:53:54.372635 np0000007337 devstack@neutron-api.service[90943]: DEBUG neutron.api.rpc.callbacks.version_manager [None req-63bec2f7-1fa7-41b7-9fc6-73b03e573148 admin admin] Tracked resource versions report:
Aug 14 06:53:54.372635 np0000007337 devstack@neutron-api.service[90943]: pushed versions:
Aug 14 06:53:54.372635 np0000007337 devstack@neutron-api.service[90943]: { 'AddressGroup': {'1.2'},
Aug 14 06:53:54.372635 np0000007337 devstack@neutron-api.service[90943]: 'Agent': {'1.1'},
Aug 14 06:53:54.372635 np0000007337 devstack@neutron-api.service[90943]: 'ConntrackHelper': {'1.0'},
Aug 14 06:53:54.372635 np0000007337 devstack@neutron-api.service[90943]: 'LocalIPAssociation': {'1.0'},
Aug 14 06:53:54.372635 np0000007337 devstack@neutron-api.service[90943]: 'Log': {'1.0'},
Aug 14 06:53:54.372635 np0000007337 devstack@neutron-api.service[90943]: 'NDPProxy': {'1.0'},
Aug 14 06:53:54.372635 np0000007337 devstack@neutron-api.service[90943]: 'Network': {'1.3'},
Aug 14 06:53:54.372635 np0000007337 devstack@neutron-api.service[90943]: 'Port': {'1.11'},
Aug 14 06:53:54.372635 np0000007337 devstack@neutron-api.service[90943]: 'PortForwarding': {'1.3'},
Aug 14 06:53:54.372635 np0000007337 devstack@neutron-api.service[90943]: 'QosPolicy': {'1.10'},
Aug 14 06:53:54.372635 np0000007337 devstack@neutron-api.service[90943]: 'SecurityGroup': {'1.6'},
Aug 14 06:53:54.372635 np0000007337 devstack@neutron-api.service[90943]: 'SecurityGroupRule': {'1.3'},
Aug 14 06:53:54.372635 np0000007337 devstack@neutron-api.service[90943]: 'SubPort': {'1.0'},
Aug 14 06:53:54.372635 np0000007337 devstack@neutron-api.service[90943]: 'Subnet': {'1.2'},
Aug 14 06:53:54.372635 np0000007337 devstack@neutron-api.service[90943]: 'Trunk': {'1.1'}}
Aug 14 06:53:54.372635 np0000007337 devstack@neutron-api.service[90943]: consumer versions:
Aug 14 06:53:54.372635 np0000007337 devstack@neutron-api.service[90943]: {}
Aug 14 06:53:54.372635 np0000007337 devstack@neutron-api.service[90943]: {{(pid=90943) report /opt/stack/neutron/neutron/api/rpc/callbacks/version_manager.py:183}}
Aug 14 06:53:54.373221 np0000007337 devstack@neutron-api.service[90942]: DEBUG neutron.plugins.ml2.drivers.ovn.mech_driver.ovsdb.ovsdb_monitor [-] Hash Ring: Node b17d3e8629c151da9178fe209eacafc2 (host: np0000007337) handling event "update" for row e425d49d-ee8a-41f4-987c-0d0c0fac11ce (table: NB_Global) {{(pid=90942) notify /opt/stack/neutron/neutron/plugins/ml2/drivers/ovn/mech_driver/ovsdb/ovsdb_monitor.py:1099}}
Aug 14 06:53:54.373221 np0000007337 devstack@neutron-api.service[90942]: DEBUG neutron.plugins.ml2.drivers.ovn.mech_driver.ovsdb.ovsdb_monitor [-] Hash Ring: Node b17d3e8629c151da9178fe209eacafc2 (host: np0000007337) handling event "update" for row e425d49d-ee8a-41f4-987c-0d0c0fac11ce (table: NB_Global) {{(pid=90942) notify /opt/stack/neutron/neutron/plugins/ml2/drivers/ovn/mech_driver/ovsdb/ovsdb_monitor.py:1099}}
Aug 14 06:53:54.374356 np0000007337 devstack@neutron-api.service[90940]: DEBUG ovsdbapp.backend.ovs_idl.event [-] Matched UPDATE: ChassisAgentWriteEvent(events=('create', 'update'), table='Chassis_Private', conditions=None, old_conditions=None), priority=20 to row=Chassis_Private(uuid=f6ab6989-dcae-4366-adf4-71a11a667ac7, chassis=321b772a-91ed-4304-a991-37da8c94fdfd, external_ids={'neutron:ovn-bridge': 'br-int', 'neutron:ovn-neutron-agent-id': '89ed6853-d381-571d-97ff-5d802f7e6c40', 'neutron:ovn-neutron-agent-sb-cfg': '0'}, name='13961175-5e72-4b6f-a690-f89b17f740da', nb_cfg=1, nb_cfg_timestamp=1786690434370) old=Chassis_Private(uuid=f6ab6989-dcae-4366-adf4-71a11a667ac7, nb_cfg=0, nb_cfg_timestamp=0) {{(pid=90940) matches /opt/stack/data/venv/lib/python3.12/site-packages/ovsdbapp/backend/ovs_idl/event.py:55}}
Aug 14 06:53:54.374967 np0000007337 devstack@neutron-api.service[90941]: DEBUG ovsdbapp.backend.ovs_idl.event [-] Matched UPDATE: ChassisAgentWriteEvent(events=('create', 'update'), table='Chassis_Private', conditions=None, old_conditions=None), priority=20 to row=Chassis_Private(uuid=f6ab6989-dcae-4366-adf4-71a11a667ac7, chassis=321b772a-91ed-4304-a991-37da8c94fdfd, external_ids={'neutron:ovn-bridge': 'br-int', 'neutron:ovn-neutron-agent-id': '89ed6853-d381-571d-97ff-5d802f7e6c40', 'neutron:ovn-neutron-agent-sb-cfg': '0'}, name='13961175-5e72-4b6f-a690-f89b17f740da', nb_cfg=1, nb_cfg_timestamp=1786690434370) old=Chassis_Private(uuid=f6ab6989-dcae-4366-adf4-71a11a667ac7, nb_cfg=0, nb_cfg_timestamp=0) {{(pid=90941) matches /opt/stack/data/venv/lib/python3.12/site-packages/ovsdbapp/backend/ovs_idl/event.py:55}}
Aug 14 06:53:54.375226 np0000007337 devstack@neutron-api.service[90942]: DEBUG ovsdbapp.backend.ovs_idl.event [-] Matched UPDATE: ChassisAgentWriteEvent(events=('create', 'update'), table='Chassis_Private', conditions=None, old_conditions=None), priority=20 to row=Chassis_Private(uuid=f6ab6989-dcae-4366-adf4-71a11a667ac7, chassis=321b772a-91ed-4304-a991-37da8c94fdfd, external_ids={'neutron:ovn-bridge': 'br-int', 'neutron:ovn-neutron-agent-id': '89ed6853-d381-571d-97ff-5d802f7e6c40', 'neutron:ovn-neutron-agent-sb-cfg': '0'}, name='13961175-5e72-4b6f-a690-f89b17f740da', nb_cfg=1, nb_cfg_timestamp=1786690434370) old=Chassis_Private(uuid=f6ab6989-dcae-4366-adf4-71a11a667ac7, nb_cfg=0, nb_cfg_timestamp=0) {{(pid=90942) matches /opt/stack/data/venv/lib/python3.12/site-packages/ovsdbapp/backend/ovs_idl/event.py:55}}
Aug 14 06:53:54.375767 np0000007337 devstack@neutron-api.service[90942]: DEBUG neutron.plugins.ml2.drivers.ovn.mech_driver.ovsdb.ovsdb_monitor [-] Hash Ring: Node b17d3e8629c151da9178fe209eacafc2 (host: np0000007337) handling event "update" for row f6ab6989-dcae-4366-adf4-71a11a667ac7 (table: Chassis_Private) {{(pid=90942) notify /opt/stack/neutron/neutron/plugins/ml2/drivers/ovn/mech_driver/ovsdb/ovsdb_monitor.py:1099}}
Aug 14 06:53:54.376984 np0000007337 devstack@neutron-api.service[90940]: DEBUG neutron.plugins.ml2.drivers.ovn.mech_driver.ovsdb.ovsdb_monitor [-] Hash Ring: Node 308df977ac1b5e8e9d3135ab8269fa88 (host: np0000007337) handling event "update" for row e425d49d-ee8a-41f4-987c-0d0c0fac11ce (table: NB_Global) {{(pid=90940) notify /opt/stack/neutron/neutron/plugins/ml2/drivers/ovn/mech_driver/ovsdb/ovsdb_monitor.py:1099}}
Aug 14 06:53:54.377796 np0000007337 devstack@neutron-api.service[90941]: DEBUG ovsdbapp.backend.ovs_idl.event [-] Matched UPDATE: ChassisOVNAgentWriteEvent(events=('create', 'update'), table='Chassis_Private', conditions=None, old_conditions=None), priority=20 to row=Chassis_Private(uuid=f6ab6989-dcae-4366-adf4-71a11a667ac7, chassis=321b772a-91ed-4304-a991-37da8c94fdfd, external_ids={'neutron:ovn-bridge': 'br-int', 'neutron:ovn-neutron-agent-id': '89ed6853-d381-571d-97ff-5d802f7e6c40', 'neutron:ovn-neutron-agent-sb-cfg': '1'}, name='13961175-5e72-4b6f-a690-f89b17f740da', nb_cfg=1, nb_cfg_timestamp=1786690434370) old=Chassis_Private(uuid=f6ab6989-dcae-4366-adf4-71a11a667ac7, external_ids={'neutron:ovn-bridge': 'br-int', 'neutron:ovn-neutron-agent-id': '89ed6853-d381-571d-97ff-5d802f7e6c40', 'neutron:ovn-neutron-agent-sb-cfg': '0'}) {{(pid=90941) matches /opt/stack/data/venv/lib/python3.12/site-packages/ovsdbapp/backend/ovs_idl/event.py:55}}
Aug 14 06:53:54.377952 np0000007337 devstack@neutron-api.service[90942]: DEBUG ovsdbapp.backend.ovs_idl.event [-] Matched UPDATE: ChassisOVNAgentWriteEvent(events=('create', 'update'), table='Chassis_Private', conditions=None, old_conditions=None), priority=20 to row=Chassis_Private(uuid=f6ab6989-dcae-4366-adf4-71a11a667ac7, chassis=321b772a-91ed-4304-a991-37da8c94fdfd, external_ids={'neutron:ovn-bridge': 'br-int', 'neutron:ovn-neutron-agent-id': '89ed6853-d381-571d-97ff-5d802f7e6c40', 'neutron:ovn-neutron-agent-sb-cfg': '1'}, name='13961175-5e72-4b6f-a690-f89b17f740da', nb_cfg=1, nb_cfg_timestamp=1786690434370) old=Chassis_Private(uuid=f6ab6989-dcae-4366-adf4-71a11a667ac7, external_ids={'neutron:ovn-bridge': 'br-int', 'neutron:ovn-neutron-agent-id': '89ed6853-d381-571d-97ff-5d802f7e6c40', 'neutron:ovn-neutron-agent-sb-cfg': '0'}) {{(pid=90942) matches /opt/stack/data/venv/lib/python3.12/site-packages/ovsdbapp/backend/ovs_idl/event.py:55}}
Aug 14 06:53:54.378277 np0000007337 devstack@neutron-api.service[90942]: DEBUG neutron.plugins.ml2.drivers.ovn.mech_driver.ovsdb.ovsdb_monitor [-] Hash Ring: Node b17d3e8629c151da9178fe209eacafc2 (host: np0000007337) handling event "update" for row f6ab6989-dcae-4366-adf4-71a11a667ac7 (table: Chassis_Private) {{(pid=90942) notify /opt/stack/neutron/neutron/plugins/ml2/drivers/ovn/mech_driver/ovsdb/ovsdb_monitor.py:1099}}
Aug 14 06:53:54.378460 np0000007337 devstack@neutron-api.service[90940]: DEBUG neutron.common.ovn.hash_ring_manager [-] Allow caching, nodes 4>=4 {{(pid=90940) _wait_startup_before_caching /opt/stack/neutron/neutron/common/ovn/hash_ring_manager.py:71}}
Aug 14 06:53:54.378609 np0000007337 devstack@neutron-api.service[90940]: DEBUG neutron.plugins.ml2.drivers.ovn.mech_driver.ovsdb.ovsdb_monitor [-] Hash Ring: Node 308df977ac1b5e8e9d3135ab8269fa88 (host: np0000007337) handling event "update" for row f6ab6989-dcae-4366-adf4-71a11a667ac7 (table: Chassis_Private) {{(pid=90940) notify /opt/stack/neutron/neutron/plugins/ml2/drivers/ovn/mech_driver/ovsdb/ovsdb_monitor.py:1099}}
Aug 14 06:53:54.379164 np0000007337 devstack@neutron-api.service[90942]: DEBUG neutron.plugins.ml2.drivers.ovn.mech_driver.ovsdb.ovsdb_monitor [-] Hash Ring: Node b17d3e8629c151da9178fe209eacafc2 (host: np0000007337) handling event "update" for row e425d49d-ee8a-41f4-987c-0d0c0fac11ce (table: NB_Global) {{(pid=90942) notify /opt/stack/neutron/neutron/plugins/ml2/drivers/ovn/mech_driver/ovsdb/ovsdb_monitor.py:1099}}
Aug 14 06:53:54.379747 np0000007337 devstack@neutron-api.service[90940]: DEBUG ovsdbapp.backend.ovs_idl.event [-] Matched UPDATE: ChassisOVNAgentWriteEvent(events=('create', 'update'), table='Chassis_Private', conditions=None, old_conditions=None), priority=20 to row=Chassis_Private(uuid=f6ab6989-dcae-4366-adf4-71a11a667ac7, chassis=321b772a-91ed-4304-a991-37da8c94fdfd, external_ids={'neutron:ovn-bridge': 'br-int', 'neutron:ovn-neutron-agent-id': '89ed6853-d381-571d-97ff-5d802f7e6c40', 'neutron:ovn-neutron-agent-sb-cfg': '1'}, name='13961175-5e72-4b6f-a690-f89b17f740da', nb_cfg=1, nb_cfg_timestamp=1786690434370) old=Chassis_Private(uuid=f6ab6989-dcae-4366-adf4-71a11a667ac7, external_ids={'neutron:ovn-bridge': 'br-int', 'neutron:ovn-neutron-agent-id': '89ed6853-d381-571d-97ff-5d802f7e6c40', 'neutron:ovn-neutron-agent-sb-cfg': '0'}) {{(pid=90940) matches /opt/stack/data/venv/lib/python3.12/site-packages/ovsdbapp/backend/ovs_idl/event.py:55}}
Aug 14 06:53:54.380004 np0000007337 devstack@neutron-api.service[90940]: DEBUG neutron.plugins.ml2.drivers.ovn.mech_driver.ovsdb.ovsdb_monitor [-] Hash Ring: Node 308df977ac1b5e8e9d3135ab8269fa88 (host: np0000007337) handling event "update" for row f6ab6989-dcae-4366-adf4-71a11a667ac7 (table: Chassis_Private) {{(pid=90940) notify /opt/stack/neutron/neutron/plugins/ml2/drivers/ovn/mech_driver/ovsdb/ovsdb_monitor.py:1099}}
Aug 14 06:53:54.380272 np0000007337 devstack@neutron-api.service[90943]: DEBUG ovsdbapp.backend.ovs_idl.event [-] Matched UPDATE: ChassisAgentWriteEvent(events=('create', 'update'), table='Chassis_Private', conditions=None, old_conditions=None), priority=20 to row=Chassis_Private(uuid=f6ab6989-dcae-4366-adf4-71a11a667ac7, chassis=321b772a-91ed-4304-a991-37da8c94fdfd, external_ids={'neutron:ovn-bridge': 'br-int', 'neutron:ovn-neutron-agent-id': '89ed6853-d381-571d-97ff-5d802f7e6c40', 'neutron:ovn-neutron-agent-sb-cfg': '0'}, name='13961175-5e72-4b6f-a690-f89b17f740da', nb_cfg=1, nb_cfg_timestamp=1786690434370) old=Chassis_Private(uuid=f6ab6989-dcae-4366-adf4-71a11a667ac7, nb_cfg=0, nb_cfg_timestamp=0) {{(pid=90943) matches /opt/stack/data/venv/lib/python3.12/site-packages/ovsdbapp/backend/ovs_idl/event.py:55}}
Aug 14 06:53:54.383646 np0000007337 devstack@neutron-api.service[90943]: DEBUG ovsdbapp.backend.ovs_idl.event [-] Matched UPDATE: ChassisOVNAgentWriteEvent(events=('create', 'update'), table='Chassis_Private', conditions=None, old_conditions=None), priority=20 to row=Chassis_Private(uuid=f6ab6989-dcae-4366-adf4-71a11a667ac7, chassis=321b772a-91ed-4304-a991-37da8c94fdfd, external_ids={'neutron:ovn-bridge': 'br-int', 'neutron:ovn-neutron-agent-id': '89ed6853-d381-571d-97ff-5d802f7e6c40', 'neutron:ovn-neutron-agent-sb-cfg': '1'}, name='13961175-5e72-4b6f-a690-f89b17f740da', nb_cfg=1, nb_cfg_timestamp=1786690434370) old=Chassis_Private(uuid=f6ab6989-dcae-4366-adf4-71a11a667ac7, external_ids={'neutron:ovn-bridge': 'br-int', 'neutron:ovn-neutron-agent-id': '89ed6853-d381-571d-97ff-5d802f7e6c40', 'neutron:ovn-neutron-agent-sb-cfg': '0'}) {{(pid=90943) matches /opt/stack/data/venv/lib/python3.12/site-packages/ovsdbapp/backend/ovs_idl/event.py:55}}
Aug 14 06:53:54.418755 np0000007337 devstack@neutron-api.service[90943]: DEBUG neutron.plugins.ml2.drivers.helpers [None req-63bec2f7-1fa7-41b7-9fc6-73b03e573148 admin admin] geneve segment allocate from pool success with {'geneve_vni': 27231} {{(pid=90943) allocate_partially_specified_segment /opt/stack/neutron/neutron/plugins/ml2/drivers/helpers.py:142}}
Aug 14 06:53:54.427911 np0000007337 devstack@neutron-api.service[90943]: DEBUG neutron_lib.callbacks.manager [None req-63bec2f7-1fa7-41b7-9fc6-73b03e573148 admin admin] Publish callbacks ['neutron.services.segments.db._add_segment_host_mapping_for_segment-8360839704146', 'neutron.plugins.ml2.plugin.Ml2Plugin._handle_segment_change-101123'] for segment (5179dacc-2f07-4330-83e2-da0236bca178), precommit_create {{(pid=90943) _notify_loop /opt/stack/data/venv/lib/python3.12/site-packages/neutron_lib/callbacks/manager.py:184}}
Aug 14 06:53:54.428079 np0000007337 devstack@neutron-api.service[90943]: INFO neutron.db.segments_db [None req-63bec2f7-1fa7-41b7-9fc6-73b03e573148 admin admin] Added segment 5179dacc-2f07-4330-83e2-da0236bca178 of type geneve for network 5107d858-1258-463a-898c-1954c7e415eb
Aug 14 06:53:54.464407 np0000007337 devstack@neutron-api.service[90943]: DEBUG neutron_lib.callbacks.manager [None req-63bec2f7-1fa7-41b7-9fc6-73b03e573148 admin admin] Publish callbacks ['neutron.services.auto_allocate.db._ensure_external_network_default_value_callback-8360838444386'] for network (5107d858-1258-463a-898c-1954c7e415eb), precommit_create {{(pid=90943) _notify_loop /opt/stack/data/venv/lib/python3.12/site-packages/neutron_lib/callbacks/manager.py:184}}
Aug 14 06:53:54.478771 np0000007337 devstack@neutron-api.service[90943]: DEBUG neutron.plugins.ml2.drivers.ovn.mech_driver.mech_driver [None req-63bec2f7-1fa7-41b7-9fc6-73b03e573148 admin admin] Validating network segment with type geneve, segmentation ID 27231, physical network None {{(pid=90943) _validate_network_segments /opt/stack/neutron/neutron/plugins/ml2/drivers/ovn/mech_driver/mech_driver.py:624}}
Aug 14 06:53:54.478887 np0000007337 devstack@neutron-api.service[90943]: DEBUG neutron.db.ovn_revision_numbers_db [None req-63bec2f7-1fa7-41b7-9fc6-73b03e573148 admin admin] create_initial_revision uuid=5107d858-1258-463a-898c-1954c7e415eb, type=networks, rev=-1 {{(pid=90943) create_initial_revision /opt/stack/neutron/neutron/db/ovn_revision_numbers_db.py:98}}
Aug 14 06:53:54.492665 np0000007337 devstack@neutron-api.service[90943]: DEBUG neutron_lib.callbacks.manager [None req-63bec2f7-1fa7-41b7-9fc6-73b03e573148 admin admin] Publish callbacks ['neutron.plugins.ml2.ovo_rpc._ObjectChangeHandler.handle_event-2500348'] for network (5107d858-1258-463a-898c-1954c7e415eb), after_create {{(pid=90943) _notify_loop /opt/stack/data/venv/lib/python3.12/site-packages/neutron_lib/callbacks/manager.py:184}}
Aug 14 06:53:54.541239 np0000007337 devstack@neutron-api.service[90943]: DEBUG neutron.api.rpc.handlers.resources_rpc [None req-63bec2f7-1fa7-41b7-9fc6-73b03e573148 admin admin] Pushing event updated for resources: {'Network': ['ID=5107d858-1258-463a-898c-1954c7e415eb,revision_number=1']} {{(pid=90943) push /opt/stack/neutron/neutron/api/rpc/handlers/resources_rpc.py:237}}
Aug 14 06:53:54.548550 np0000007337 devstack@neutron-api.service[90943]: DEBUG ovsdbapp.backend.ovs_idl.transaction [-] Running txn n=1 command(idx=0): AddNetworkCommand(_result=None, network_uuid=5107d858-1258-463a-898c-1954c7e415eb, may_exist=True, columns={'external_ids': {'neutron:network_name': 'private', 'neutron:mtu': '1372', 'neutron:revision_number': '1', 'neutron:availability_zone_hints': '', 'neutron:provnet-network-type': 'geneve'}, 'other_config': {'mcast_snoop': 'false', 'mcast_flood_unregistered': 'false', 'vlan-passthru': 'false'}}) {{(pid=90943) do_commit /opt/stack/data/venv/lib/python3.12/site-packages/ovsdbapp/backend/ovs_idl/transaction.py:89}}
Aug 14 06:53:54.548889 np0000007337 devstack@neutron-api.service[90943]: DEBUG neutron.common.ovn.utils [-] OVS persist_uuid supported=True {{(pid=90943) ovs_persist_uuid_supported /opt/stack/neutron/neutron/common/ovn/utils.py:1565}}
Aug 14 06:53:54.561485 np0000007337 devstack@neutron-api.service[90941]: DEBUG neutron.plugins.ml2.drivers.ovn.mech_driver.ovsdb.ovsdb_monitor [-] Hash Ring: Node 049dd88acf5756f29d5829c2da567751 (host: np0000007337) handling event "create" for row 5107d858-1258-463a-898c-1954c7e415eb (table: Logical_Switch) {{(pid=90941) notify /opt/stack/neutron/neutron/plugins/ml2/drivers/ovn/mech_driver/ovsdb/ovsdb_monitor.py:1099}}
Aug 14 06:53:54.561564 np0000007337 devstack@neutron-api.service[90940]: DEBUG neutron.plugins.ml2.drivers.ovn.mech_driver.ovsdb.ovsdb_monitor [-] Hash Ring: Node 308df977ac1b5e8e9d3135ab8269fa88 (host: np0000007337) handling event "create" for row 5107d858-1258-463a-898c-1954c7e415eb (table: Logical_Switch) {{(pid=90940) notify /opt/stack/neutron/neutron/plugins/ml2/drivers/ovn/mech_driver/ovsdb/ovsdb_monitor.py:1099}}
Aug 14 06:53:54.564044 np0000007337 devstack@neutron-api.service[90940]: DEBUG neutron.plugins.ml2.drivers.ovn.mech_driver.ovsdb.ovsdb_monitor [-] Hash Ring: Node 308df977ac1b5e8e9d3135ab8269fa88 (host: np0000007337) handling event "create" for row 12297e4c-3543-47f6-9d1a-d7249ceb890f (table: Datapath_Binding) {{(pid=90940) notify /opt/stack/neutron/neutron/plugins/ml2/drivers/ovn/mech_driver/ovsdb/ovsdb_monitor.py:1099}}
Aug 14 06:53:54.587458 np0000007337 devstack@neutron-api.service[90943]: INFO neutron.db.ovn_revision_numbers_db [None req-63bec2f7-1fa7-41b7-9fc6-73b03e573148 admin admin] Successfully bumped revision number for resource 5107d858-1258-463a-898c-1954c7e415eb (type: networks) to 1
Aug 14 06:53:54.641141 np0000007337 devstack@neutron-api.service[90943]: DEBUG neutron_lib.callbacks.manager [None req-63bec2f7-1fa7-41b7-9fc6-73b03e573148 admin admin] Publish callbacks ['neutron.plugins.ml2.plugin.SecurityGroupDbMixin._ensure_default_security_group_handler-4055729'] for port (None), before_create {{(pid=90943) _notify_loop /opt/stack/data/venv/lib/python3.12/site-packages/neutron_lib/callbacks/manager.py:184}}
Aug 14 06:53:54.909631 np0000007337 devstack@neutron-api.service[90943]: DEBUG neutron_lib.callbacks.manager [None req-63bec2f7-1fa7-41b7-9fc6-73b03e573148 admin admin] Publish callbacks ['neutron.plugins.ml2.drivers.ovn.mech_driver.mech_driver.OVNMechanismDriver._validate_allowed_address_pairs-468790'] for allowed_address_pair (c404e706-72f6-4be7-a4fc-46c8d5e9e72b), before_create {{(pid=90943) _notify_loop /opt/stack/data/venv/lib/python3.12/site-packages/neutron_lib/callbacks/manager.py:184}}
Aug 14 06:53:54.910113 np0000007337 devstack@neutron-api.service[90943]: DEBUG neutron_lib.callbacks.manager [None req-63bec2f7-1fa7-41b7-9fc6-73b03e573148 admin admin] Publish callbacks [] for port (c404e706-72f6-4be7-a4fc-46c8d5e9e72b), precommit_create {{(pid=90943) _notify_loop /opt/stack/data/venv/lib/python3.12/site-packages/neutron_lib/callbacks/manager.py:184}}
Aug 14 06:53:54.910326 np0000007337 devstack@neutron-api.service[90943]: DEBUG neutron.plugins.ml2.drivers.ovn.mech_driver.mech_driver [None req-63bec2f7-1fa7-41b7-9fc6-73b03e573148 admin admin] No provisioning block for port c404e706-72f6-4be7-a4fc-46c8d5e9e72b since it does not have a host {{(pid=90943) _is_port_provisioning_required /opt/stack/neutron/neutron/plugins/ml2/drivers/ovn/mech_driver/mech_driver.py:877}}
Aug 14 06:53:54.910466 np0000007337 devstack@neutron-api.service[90943]: DEBUG neutron.db.ovn_revision_numbers_db [None req-63bec2f7-1fa7-41b7-9fc6-73b03e573148 admin admin] create_initial_revision uuid=c404e706-72f6-4be7-a4fc-46c8d5e9e72b, type=ports, rev=-1 {{(pid=90943) create_initial_revision /opt/stack/neutron/neutron/db/ovn_revision_numbers_db.py:98}}
Aug 14 06:53:54.958554 np0000007337 devstack@neutron-api.service[90943]: DEBUG neutron_lib.callbacks.manager [None req-63bec2f7-1fa7-41b7-9fc6-73b03e573148 admin admin] Publish callbacks ['neutron.plugins.ml2.ovo_rpc._ObjectChangeHandler.handle_event-2500331'] for port (c404e706-72f6-4be7-a4fc-46c8d5e9e72b), after_create {{(pid=90943) _notify_loop /opt/stack/data/venv/lib/python3.12/site-packages/neutron_lib/callbacks/manager.py:184}}
Aug 14 06:53:55.005981 np0000007337 devstack@neutron-api.service[90943]: DEBUG neutron.api.rpc.handlers.resources_rpc [None req-63bec2f7-1fa7-41b7-9fc6-73b03e573148 admin admin] Pushing event updated for resources: {'Port': ['ID=c404e706-72f6-4be7-a4fc-46c8d5e9e72b,revision_number=1']} {{(pid=90943) push /opt/stack/neutron/neutron/api/rpc/handlers/resources_rpc.py:237}}
Aug 14 06:53:55.036452 np0000007337 devstack@neutron-api.service[90943]: DEBUG neutron.plugins.ml2.drivers.ovn.mech_driver.ovsdb.commands [None req-63bec2f7-1fa7-41b7-9fc6-73b03e573148 admin admin] Converting tag [] to a tag_request {{(pid=90943) _tag_column_to_tag_request /opt/stack/neutron/neutron/plugins/ml2/drivers/ovn/mech_driver/ovsdb/commands.py:227}}
Aug 14 06:53:55.037234 np0000007337 devstack@neutron-api.service[90943]: DEBUG ovsdbapp.backend.ovs_idl.transaction [-] Running txn n=1 command(idx=0): AddLSwitchPortCommand(_result=None, lport=c404e706-72f6-4be7-a4fc-46c8d5e9e72b, lswitch=neutron-5107d858-1258-463a-898c-1954c7e415eb, may_exist=True, network_uuid=5107d858-1258-463a-898c-1954c7e415eb, columns={'addresses': ['fa:16:3e:c1:bd:86'], 'external_ids': {'neutron:port_name': '', 'neutron:device_id': 'ovnmeta-5107d858-1258-463a-898c-1954c7e415eb', 'neutron:project_id': 'c63a1c4d329b4089bbbc0fe6261ab821', 'neutron:cidrs': '', 'neutron:device_owner': 'network:distributed', 'neutron:subnet_pool_addr_scope4': '', 'neutron:subnet_pool_addr_scope6': '', 'neutron:network_name': 'neutron-5107d858-1258-463a-898c-1954c7e415eb', 'neutron:security_group_ids': '', 'neutron:revision_number': '1', 'neutron:vnic_type': 'normal', 'neutron:port_capabilities': '', 'neutron:mtu': '1372'}, 'parent_name': [], 'enabled': True, 'options': {}, 'type': 'localport', 'port_security': [], 'dhcpv4_options': [], 'dhcpv6_options': [], 'tag_request': []}) {{(pid=90943) do_commit /opt/stack/data/venv/lib/python3.12/site-packages/ovsdbapp/backend/ovs_idl/transaction.py:89}}
Aug 14 06:53:55.037755 np0000007337 devstack@neutron-api.service[90943]: DEBUG ovsdbapp.backend.ovs_idl.transaction [-] Running txn n=1 command(idx=1): QoSDelCommand(_result=None, switch=neutron-5107d858-1258-463a-898c-1954c7e415eb, conditions=[('direction', '=', 'to-lport'), ('priority', '=', 2002), ('match', '=', 'outport == "c404e706-72f6-4be7-a4fc-46c8d5e9e72b"')], if_exists=True) {{(pid=90943) do_commit /opt/stack/data/venv/lib/python3.12/site-packages/ovsdbapp/backend/ovs_idl/transaction.py:89}}
Aug 14 06:53:55.037924 np0000007337 devstack@neutron-api.service[90943]: DEBUG ovsdbapp.backend.ovs_idl.transaction [-] Running txn n=1 command(idx=2): QoSDelCommand(_result=None, switch=neutron-5107d858-1258-463a-898c-1954c7e415eb, conditions=[('direction', '=', 'from-lport'), ('priority', '=', 2002), ('match', '=', 'inport == "c404e706-72f6-4be7-a4fc-46c8d5e9e72b"')], if_exists=True) {{(pid=90943) do_commit /opt/stack/data/venv/lib/python3.12/site-packages/ovsdbapp/backend/ovs_idl/transaction.py:89}}
Aug 14 06:53:55.041018 np0000007337 devstack@neutron-api.service[90940]: DEBUG neutron.plugins.ml2.drivers.ovn.mech_driver.ovsdb.ovsdb_monitor [-] Hash Ring: Node 308df977ac1b5e8e9d3135ab8269fa88 (host: np0000007337) handling event "update" for row 5107d858-1258-463a-898c-1954c7e415eb (table: Logical_Switch) {{(pid=90940) notify /opt/stack/neutron/neutron/plugins/ml2/drivers/ovn/mech_driver/ovsdb/ovsdb_monitor.py:1099}}
Aug 14 06:53:55.041173 np0000007337 devstack@neutron-api.service[90940]: DEBUG neutron.plugins.ml2.drivers.ovn.mech_driver.ovsdb.ovsdb_monitor [-] Hash Ring: Node 308df977ac1b5e8e9d3135ab8269fa88 (host: np0000007337) handling event "create" for row 265b8e4b-bbe1-4d50-9392-3bc7f64c1cf1 (table: Logical_Switch_Port) {{(pid=90940) notify /opt/stack/neutron/neutron/plugins/ml2/drivers/ovn/mech_driver/ovsdb/ovsdb_monitor.py:1099}}
