Aug 24 21:53:24.396203 np0000008024 devstack@g-api.service[99838]: DEBUG glance.api.middleware.version_negotiation [None req-f0f55bc3-6b15-4978-8149-885447b6886e tempest-VolumesImageMetadata-1744076448 tempest-VolumesImageMetadata-1744076448-project-member] Matched version: v2 {{(pid=99838) process_request /opt/stack/glance/glance/api/middleware/version_negotiation.py:69}}
Aug 24 21:53:24.396770 np0000008024 devstack@g-api.service[99838]: DEBUG glance.api.middleware.version_negotiation [None req-f0f55bc3-6b15-4978-8149-885447b6886e tempest-VolumesImageMetadata-1744076448 tempest-VolumesImageMetadata-1744076448-project-member] new path /v2/schemas/image {{(pid=99838) process_request /opt/stack/glance/glance/api/middleware/version_negotiation.py:70}}
Aug 24 21:53:24.399694 np0000008024 devstack@g-api.service[99838]: [pid: 99838|app: 0|req: 114/351] 127.0.0.1 () {44 vars in 1055 bytes} [Mon Aug 24 21:53:24 2026] GET /v2/schemas/image => generated 6083 bytes in 4 msecs (HTTP/1.1 200) 4 headers in 158 bytes (1 switches on core 0)
Aug 24 21:53:24.409279 np0000008024 devstack@g-api.service[99842]: DEBUG glance.api.middleware.version_negotiation [None req-f0f55bc3-6b15-4978-8149-885447b6886e tempest-VolumesImageMetadata-1744076448 tempest-VolumesImageMetadata-1744076448-project-member] Determining version of request: GET /v2/images/fe7e36a2-6ae0-49f0-8428-7e218ae3d59a Accept: */* {{(pid=99842) process_request /opt/stack/glance/glance/api/middleware/version_negotiation.py:44}}
Aug 24 21:53:24.409488 np0000008024 devstack@g-api.service[99842]: DEBUG glance.api.middleware.version_negotiation [None req-f0f55bc3-6b15-4978-8149-885447b6886e tempest-VolumesImageMetadata-1744076448 tempest-VolumesImageMetadata-1744076448-project-member] Using url versioning {{(pid=99842) process_request /opt/stack/glance/glance/api/middleware/version_negotiation.py:57}}
Aug 24 21:53:24.409671 np0000008024 devstack@g-api.service[99842]: DEBUG glance.api.middleware.version_negotiation [None req-f0f55bc3-6b15-4978-8149-885447b6886e tempest-VolumesImageMetadata-1744076448 tempest-VolumesImageMetadata-1744076448-project-member] Matched version: v2 {{(pid=99842) process_request /opt/stack/glance/glance/api/middleware/version_negotiation.py:69}}
Aug 24 21:53:24.409735 np0000008024 devstack@g-api.service[99842]: DEBUG glance.api.middleware.version_negotiation [None req-f0f55bc3-6b15-4978-8149-885447b6886e tempest-VolumesImageMetadata-1744076448 tempest-VolumesImageMetadata-1744076448-project-member] new path /v2/images/fe7e36a2-6ae0-49f0-8428-7e218ae3d59a {{(pid=99842) process_request /opt/stack/glance/glance/api/middleware/version_negotiation.py:70}}
Aug 24 21:53:24.422424 np0000008024 devstack@g-api.service[99842]: [pid: 99842|app: 0|req: 126/352] 127.0.0.1 () {44 vars in 1115 bytes} [Mon Aug 24 21:53:24 2026] GET /v2/images/fe7e36a2-6ae0-49f0-8428-7e218ae3d59a => generated 1044 bytes in 13 msecs (HTTP/1.1 200) 4 headers in 158 bytes (1 switches on core 0)
Aug 24 21:53:24.433041 np0000008024 devstack@g-api.service[99838]: DEBUG glance.api.middleware.version_negotiation [None req-f0f55bc3-6b15-4978-8149-885447b6886e tempest-VolumesImageMetadata-1744076448 tempest-VolumesImageMetadata-1744076448-project-member] Determining version of request: GET /v2/schemas/image Accept: */* {{(pid=99838) process_request /opt/stack/glance/glance/api/middleware/version_negotiation.py:44}}
Aug 24 21:53:24.433228 np0000008024 devstack@g-api.service[99838]: DEBUG glance.api.middleware.version_negotiation [None req-f0f55bc3-6b15-4978-8149-885447b6886e tempest-VolumesImageMetadata-1744076448 tempest-VolumesImageMetadata-1744076448-project-member] Using url versioning {{(pid=99838) process_request /opt/stack/glance/glance/api/middleware/version_negotiation.py:57}}
Aug 24 21:53:24.433359 np0000008024 devstack@g-api.service[99838]: DEBUG glance.api.middleware.version_negotiation [None req-f0f55bc3-6b15-4978-8149-885447b6886e tempest-VolumesImageMetadata-1744076448 tempest-VolumesImageMetadata-1744076448-project-member] Matched version: v2 {{(pid=99838) process_request /opt/stack/glance/glance/api/middleware/version_negotiation.py:69}}
Aug 24 21:53:24.433469 np0000008024 devstack@g-api.service[99838]: DEBUG glance.api.middleware.version_negotiation [None req-f0f55bc3-6b15-4978-8149-885447b6886e tempest-VolumesImageMetadata-1744076448 tempest-VolumesImageMetadata-1744076448-project-member] new path /v2/schemas/image {{(pid=99838) process_request /opt/stack/glance/glance/api/middleware/version_negotiation.py:70}}
Aug 24 21:53:24.437388 np0000008024 devstack@g-api.service[99838]: [pid: 99838|app: 0|req: 115/353] 127.0.0.1 () {44 vars in 1055 bytes} [Mon Aug 24 21:53:24 2026] GET /v2/schemas/image => generated 6083 bytes in 4 msecs (HTTP/1.1 200) 4 headers in 158 bytes (1 switches on core 0)
Aug 24 21:53:24.445684 np0000008024 devstack@g-api.service[99842]: DEBUG glance.api.middleware.version_negotiation [None req-f0f55bc3-6b15-4978-8149-885447b6886e tempest-VolumesImageMetadata-1744076448 tempest-VolumesImageMetadata-1744076448-project-member] Determining version of request: GET /v2/schemas/image Accept: */* {{(pid=99842) process_request /opt/stack/glance/glance/api/middleware/version_negotiation.py:44}}
Aug 24 21:53:24.445937 np0000008024 devstack@g-api.service[99842]: DEBUG glance.api.middleware.version_negotiation [None req-f0f55bc3-6b15-4978-8149-885447b6886e tempest-VolumesImageMetadata-1744076448 tempest-VolumesImageMetadata-1744076448-project-member] Using url versioning {{(pid=99842) process_request /opt/stack/glance/glance/api/middleware/version_negotiation.py:57}}
Aug 24 21:53:24.446063 np0000008024 devstack@g-api.service[99842]: DEBUG glance.api.middleware.version_negotiation [None req-f0f55bc3-6b15-4978-8149-885447b6886e tempest-VolumesImageMetadata-1744076448 tempest-VolumesImageMetadata-1744076448-project-member] Matched version: v2 {{(pid=99842) process_request /opt/stack/glance/glance/api/middleware/version_negotiation.py:69}}
Aug 24 21:53:24.446600 np0000008024 devstack@g-api.service[99842]: DEBUG glance.api.middleware.version_negotiation [None req-f0f55bc3-6b15-4978-8149-885447b6886e tempest-VolumesImageMetadata-1744076448 tempest-VolumesImageMetadata-1744076448-project-member] new path /v2/schemas/image {{(pid=99842) process_request /opt/stack/glance/glance/api/middleware/version_negotiation.py:70}}
Aug 24 21:53:24.453302 np0000008024 devstack@g-api.service[99842]: [pid: 99842|app: 0|req: 127/354] 127.0.0.1 () {44 vars in 1055 bytes} [Mon Aug 24 21:53:24 2026] GET /v2/schemas/image => generated 6083 bytes in 8 msecs (HTTP/1.1 200) 4 headers in 158 bytes (1 switches on core 0)
Aug 24 21:53:24.486412 np0000008024 devstack@g-api.service[99838]: DEBUG glance.api.middleware.version_negotiation [None req-f0f55bc3-6b15-4978-8149-885447b6886e tempest-VolumesImageMetadata-1744076448 tempest-VolumesImageMetadata-1744076448-project-member] Determining version of request: GET /v2/images/fe7e36a2-6ae0-49f0-8428-7e218ae3d59a Accept: */* {{(pid=99838) process_request /opt/stack/glance/glance/api/middleware/version_negotiation.py:44}}
Aug 24 21:53:24.486559 np0000008024 devstack@g-api.service[99838]: DEBUG glance.api.middleware.version_negotiation [None req-f0f55bc3-6b15-4978-8149-885447b6886e tempest-VolumesImageMetadata-1744076448 tempest-VolumesImageMetadata-1744076448-project-member] Using url versioning {{(pid=99838) process_request /opt/stack/glance/glance/api/middleware/version_negotiation.py:57}}
Aug 24 21:53:24.486672 np0000008024 devstack@g-api.service[99838]: DEBUG glance.api.middleware.version_negotiation [None req-f0f55bc3-6b15-4978-8149-885447b6886e tempest-VolumesImageMetadata-1744076448 tempest-VolumesImageMetadata-1744076448-project-member] Matched version: v2 {{(pid=99838) process_request /opt/stack/glance/glance/api/middleware/version_negotiation.py:69}}
Aug 24 21:53:24.486759 np0000008024 devstack@g-api.service[99838]: DEBUG glance.api.middleware.version_negotiation [None req-f0f55bc3-6b15-4978-8149-885447b6886e tempest-VolumesImageMetadata-1744076448 tempest-VolumesImageMetadata-1744076448-project-member] new path /v2/images/fe7e36a2-6ae0-49f0-8428-7e218ae3d59a {{(pid=99838) process_request /opt/stack/glance/glance/api/middleware/version_negotiation.py:70}}
Aug 24 21:53:24.510687 np0000008024 devstack@g-api.service[99838]: [pid: 99838|app: 0|req: 116/355] 127.0.0.1 () {44 vars in 1115 bytes} [Mon Aug 24 21:53:24 2026] GET /v2/images/fe7e36a2-6ae0-49f0-8428-7e218ae3d59a => generated 1044 bytes in 24 msecs (HTTP/1.1 200) 4 headers in 158 bytes (1 switches on core 0)
Aug 24 21:53:24.518373 np0000008024 devstack@g-api.service[99842]: DEBUG glance.api.middleware.version_negotiation [None req-f0f55bc3-6b15-4978-8149-885447b6886e tempest-VolumesImageMetadata-1744076448 tempest-VolumesImageMetadata-1744076448-project-member] Determining version of request: GET /v2/schemas/image Accept: */* {{(pid=99842) process_request /opt/stack/glance/glance/api/middleware/version_negotiation.py:44}}
Aug 24 21:53:24.518532 np0000008024 devstack@g-api.service[99842]: DEBUG glance.api.middleware.version_negotiation [None req-f0f55bc3-6b15-4978-8149-885447b6886e tempest-VolumesImageMetadata-1744076448 tempest-VolumesImageMetadata-1744076448-project-member] Using url versioning {{(pid=99842) process_request /opt/stack/glance/glance/api/middleware/version_negotiation.py:57}}
Aug 24 21:53:24.518629 np0000008024 devstack@g-api.service[99842]: DEBUG glance.api.middleware.version_negotiation [None req-f0f55bc3-6b15-4978-8149-885447b6886e tempest-VolumesImageMetadata-1744076448 tempest-VolumesImageMetadata-1744076448-project-member] Matched version: v2 {{(pid=99842) process_request /opt/stack/glance/glance/api/middleware/version_negotiation.py:69}}
Aug 24 21:53:24.518720 np0000008024 devstack@g-api.service[99842]: DEBUG glance.api.middleware.version_negotiation [None req-f0f55bc3-6b15-4978-8149-885447b6886e tempest-VolumesImageMetadata-1744076448 tempest-VolumesImageMetadata-1744076448-project-member] new path /v2/schemas/image {{(pid=99842) process_request /opt/stack/glance/glance/api/middleware/version_negotiation.py:70}}
Aug 24 21:53:24.520764 np0000008024 devstack@g-api.service[99842]: [pid: 99842|app: 0|req: 128/356] 127.0.0.1 () {44 vars in 1055 bytes} [Mon Aug 24 21:53:24 2026] GET /v2/schemas/image => generated 6083 bytes in 2 msecs (HTTP/1.1 200) 4 headers in 158 bytes (1 switches on core 0)
Aug 24 21:53:24.531966 np0000008024 devstack@g-api.service[99838]: DEBUG glance.api.middleware.version_negotiation [None req-f0f55bc3-6b15-4978-8149-885447b6886e tempest-VolumesImageMetadata-1744076448 tempest-VolumesImageMetadata-1744076448-project-member] Determining version of request: GET /v2/schemas/image Accept: */* {{(pid=99838) process_request /opt/stack/glance/glance/api/middleware/version_negotiation.py:44}}
Aug 24 21:53:24.532097 np0000008024 devstack@g-api.service[99838]: DEBUG glance.api.middleware.version_negotiation [None req-f0f55bc3-6b15-4978-8149-885447b6886e tempest-VolumesImageMetadata-1744076448 tempest-VolumesImageMetadata-1744076448-project-member] Using url versioning {{(pid=99838) process_request /opt/stack/glance/glance/api/middleware/version_negotiation.py:57}}
Aug 24 21:53:24.532287 np0000008024 devstack@g-api.service[99838]: DEBUG glance.api.middleware.version_negotiation [None req-f0f55bc3-6b15-4978-8149-885447b6886e tempest-VolumesImageMetadata-1744076448 tempest-VolumesImageMetadata-1744076448-project-member] Matched version: v2 {{(pid=99838) process_request /opt/stack/glance/glance/api/middleware/version_negotiation.py:69}}
Aug 24 21:53:24.532287 np0000008024 devstack@g-api.service[99838]: DEBUG glance.api.middleware.version_negotiation [None req-f0f55bc3-6b15-4978-8149-885447b6886e tempest-VolumesImageMetadata-1744076448 tempest-VolumesImageMetadata-1744076448-project-member] new path /v2/schemas/image {{(pid=99838) process_request /opt/stack/glance/glance/api/middleware/version_negotiation.py:70}}
Aug 24 21:53:24.535541 np0000008024 devstack@g-api.service[99838]: [pid: 99838|app: 0|req: 117/357] 127.0.0.1 () {44 vars in 1055 bytes} [Mon Aug 24 21:53:24 2026] GET /v2/schemas/image => generated 6083 bytes in 3 msecs (HTTP/1.1 200) 4 headers in 158 bytes (1 switches on core 0)
Aug 24 21:53:24.792741 np0000008024 devstack@g-api.service[99840]: DEBUG glance.location [None req-2e2c8b2b-3236-48cb-9f1a-62cbdfb7f925 tempest-ServerBootFromVolumeStableRescueTest-52979688 tempest-ServerBootFromVolumeStableRescueTest-52979688-project-member] Enabling in-flight format inspection for qcow2 {{(pid=99840) set_data /opt/stack/glance/glance/location.py:596}}
Aug 24 21:53:24.793190 np0000008024 devstack@g-api.service[99840]: DEBUG glance_store.backend [None req-2e2c8b2b-3236-48cb-9f1a-62cbdfb7f925 tempest-ServerBootFromVolumeStableRescueTest-52979688 tempest-ServerBootFromVolumeStableRescueTest-52979688-project-member] Attempting to import store swift {{(pid=99840) _load_store /opt/stack/data/venv/lib/python3.12/site-packages/glance_store/backend.py:215}}
Aug 24 21:53:24.794589 np0000008024 devstack@g-api.service[99840]: DEBUG glance_store.capabilities [None req-2e2c8b2b-3236-48cb-9f1a-62cbdfb7f925 tempest-ServerBootFromVolumeStableRescueTest-52979688 tempest-ServerBootFromVolumeStableRescueTest-52979688-project-member] Store glance_store._drivers.swift.store.SingleTenantStore doesn't support updating dynamic storage capabilities. Please overwrite 'update_capabilities' method of the store to implement updating logics if needed. {{(pid=99840) update_capabilities /opt/stack/data/venv/lib/python3.12/site-packages/glance_store/capabilities.py:91}}
Aug 24 21:53:24.794738 np0000008024 devstack@g-api.service[99840]: DEBUG glance_store.driver [None req-2e2c8b2b-3236-48cb-9f1a-62cbdfb7f925 tempest-ServerBootFromVolumeStableRescueTest-52979688 tempest-ServerBootFromVolumeStableRescueTest-52979688-project-member] Late loading location class glance_store._drivers.swift.store.StoreLocation {{(pid=99840) get_store_location_class /opt/stack/data/venv/lib/python3.12/site-packages/glance_store/driver.py:134}}
Aug 24 21:53:24.794818 np0000008024 devstack@g-api.service[99840]: DEBUG glance_store.location [None req-2e2c8b2b-3236-48cb-9f1a-62cbdfb7f925 tempest-ServerBootFromVolumeStableRescueTest-52979688 tempest-ServerBootFromVolumeStableRescueTest-52979688-project-member] Registering scheme swift+https with {'store': , 'location_class': , 'store_entry': 'swift'} {{(pid=99840) register_scheme_map /opt/stack/data/venv/lib/python3.12/site-packages/glance_store/location.py:146}}
Aug 24 21:53:24.794953 np0000008024 devstack@g-api.service[99840]: DEBUG glance_store.location [None req-2e2c8b2b-3236-48cb-9f1a-62cbdfb7f925 tempest-ServerBootFromVolumeStableRescueTest-52979688 tempest-ServerBootFromVolumeStableRescueTest-52979688-project-member] Registering scheme swift+https with {'store': , 'location_class': , 'store_entry': 'swift'} {{(pid=99840) register_scheme_map /opt/stack/data/venv/lib/python3.12/site-packages/glance_store/location.py:146}}
Aug 24 21:53:24.795207 np0000008024 devstack@g-api.service[99840]: DEBUG glance_store.location [None req-2e2c8b2b-3236-48cb-9f1a-62cbdfb7f925 tempest-ServerBootFromVolumeStableRescueTest-52979688 tempest-ServerBootFromVolumeStableRescueTest-52979688-project-member] Registering scheme swift with {'store': , 'location_class': , 'store_entry': 'swift'} {{(pid=99840) register_scheme_map /opt/stack/data/venv/lib/python3.12/site-packages/glance_store/location.py:146}}
Aug 24 21:53:24.795207 np0000008024 devstack@g-api.service[99840]: DEBUG glance_store.location [None req-2e2c8b2b-3236-48cb-9f1a-62cbdfb7f925 tempest-ServerBootFromVolumeStableRescueTest-52979688 tempest-ServerBootFromVolumeStableRescueTest-52979688-project-member] Registering scheme swift+https with {'store': , 'location_class': , 'store_entry': 'swift'} {{(pid=99840) register_scheme_map /opt/stack/data/venv/lib/python3.12/site-packages/glance_store/location.py:146}}
Aug 24 21:53:24.795331 np0000008024 devstack@g-api.service[99840]: DEBUG glance_store.location [None req-2e2c8b2b-3236-48cb-9f1a-62cbdfb7f925 tempest-ServerBootFromVolumeStableRescueTest-52979688 tempest-ServerBootFromVolumeStableRescueTest-52979688-project-member] Registering scheme swift with {'store': , 'location_class': , 'store_entry': 'swift'} {{(pid=99840) register_scheme_map /opt/stack/data/venv/lib/python3.12/site-packages/glance_store/location.py:146}}
Aug 24 21:53:24.795331 np0000008024 devstack@g-api.service[99840]: DEBUG glance_store.location [None req-2e2c8b2b-3236-48cb-9f1a-62cbdfb7f925 tempest-ServerBootFromVolumeStableRescueTest-52979688 tempest-ServerBootFromVolumeStableRescueTest-52979688-project-member] Registering scheme swift+http with {'store': , 'location_class': , 'store_entry': 'swift'} {{(pid=99840) register_scheme_map /opt/stack/data/venv/lib/python3.12/site-packages/glance_store/location.py:146}}
Aug 24 21:53:24.795435 np0000008024 devstack@g-api.service[99840]: DEBUG glance_store.location [None req-2e2c8b2b-3236-48cb-9f1a-62cbdfb7f925 tempest-ServerBootFromVolumeStableRescueTest-52979688 tempest-ServerBootFromVolumeStableRescueTest-52979688-project-member] Registering scheme swift+https with {'store': , 'location_class': , 'store_entry': 'swift'} {{(pid=99840) register_scheme_map /opt/stack/data/venv/lib/python3.12/site-packages/glance_store/location.py:146}}
Aug 24 21:53:24.795489 np0000008024 devstack@g-api.service[99840]: DEBUG glance_store.location [None req-2e2c8b2b-3236-48cb-9f1a-62cbdfb7f925 tempest-ServerBootFromVolumeStableRescueTest-52979688 tempest-ServerBootFromVolumeStableRescueTest-52979688-project-member] Registering scheme swift with {'store': , 'location_class': , 'store_entry': 'swift'} {{(pid=99840) register_scheme_map /opt/stack/data/venv/lib/python3.12/site-packages/glance_store/location.py:146}}
Aug 24 21:53:24.795537 np0000008024 devstack@g-api.service[99840]: DEBUG glance_store.location [None req-2e2c8b2b-3236-48cb-9f1a-62cbdfb7f925 tempest-ServerBootFromVolumeStableRescueTest-52979688 tempest-ServerBootFromVolumeStableRescueTest-52979688-project-member] Registering scheme swift+http with {'store': , 'location_class': , 'store_entry': 'swift'} {{(pid=99840) register_scheme_map /opt/stack/data/venv/lib/python3.12/site-packages/glance_store/location.py:146}}
Aug 24 21:53:24.795587 np0000008024 devstack@g-api.service[99840]: DEBUG glance_store.location [None req-2e2c8b2b-3236-48cb-9f1a-62cbdfb7f925 tempest-ServerBootFromVolumeStableRescueTest-52979688 tempest-ServerBootFromVolumeStableRescueTest-52979688-project-member] Registering scheme swift+config with {'store': , 'location_class': , 'store_entry': 'swift'} {{(pid=99840) register_scheme_map /opt/stack/data/venv/lib/python3.12/site-packages/glance_store/location.py:146}}
Aug 24 21:53:24.861398 np0000008024 devstack@g-api.service[99842]: DEBUG glance.api.middleware.version_negotiation [None req-f0f55bc3-6b15-4978-8149-885447b6886e tempest-VolumesImageMetadata-1744076448 tempest-VolumesImageMetadata-1744076448-project-member] Determining version of request: GET /v2/images/0392d750-1121-46c0-8a96-0cdc26d5d5f6 Accept: application/json {{(pid=99842) process_request /opt/stack/glance/glance/api/middleware/version_negotiation.py:44}}
Aug 24 21:53:24.861586 np0000008024 devstack@g-api.service[99842]: DEBUG glance.api.middleware.version_negotiation [None req-f0f55bc3-6b15-4978-8149-885447b6886e tempest-VolumesImageMetadata-1744076448 tempest-VolumesImageMetadata-1744076448-project-member] Using url versioning {{(pid=99842) process_request /opt/stack/glance/glance/api/middleware/version_negotiation.py:57}}
Aug 24 21:53:24.861755 np0000008024 devstack@g-api.service[99842]: DEBUG glance.api.middleware.version_negotiation [None req-f0f55bc3-6b15-4978-8149-885447b6886e tempest-VolumesImageMetadata-1744076448 tempest-VolumesImageMetadata-1744076448-project-member] Matched version: v2 {{(pid=99842) process_request /opt/stack/glance/glance/api/middleware/version_negotiation.py:69}}
Aug 24 21:53:24.861844 np0000008024 devstack@g-api.service[99842]: DEBUG glance.api.middleware.version_negotiation [None req-f0f55bc3-6b15-4978-8149-885447b6886e tempest-VolumesImageMetadata-1744076448 tempest-VolumesImageMetadata-1744076448-project-member] new path /v2/images/0392d750-1121-46c0-8a96-0cdc26d5d5f6 {{(pid=99842) process_request /opt/stack/glance/glance/api/middleware/version_negotiation.py:70}}
Aug 24 21:53:24.887107 np0000008024 devstack@g-api.service[99842]: [pid: 99842|app: 0|req: 129/358] 127.0.0.1 () {40 vars in 838 bytes} [Mon Aug 24 21:53:24 2026] GET /v2/images/0392d750-1121-46c0-8a96-0cdc26d5d5f6 => generated 1467 bytes in 26 msecs (HTTP/1.1 200) 4 headers in 158 bytes (1 switches on core 0)
Aug 24 21:53:24.984622 np0000008024 devstack@g-api.service[99838]: DEBUG glance.api.middleware.version_negotiation [None req-f0f55bc3-6b15-4978-8149-885447b6886e tempest-VolumesImageMetadata-1744076448 tempest-VolumesImageMetadata-1744076448-project-member] Determining version of request: GET /versions Accept: */* {{(pid=99838) process_request /opt/stack/glance/glance/api/middleware/version_negotiation.py:44}}
Aug 24 21:53:24.986397 np0000008024 devstack@g-api.service[99838]: [pid: 99838|app: 0|req: 118/359] 127.0.0.1 () {44 vars in 1039 bytes} [Mon Aug 24 21:53:24 2026] GET /versions => generated 1515 bytes in 2 msecs (HTTP/1.1 200) 3 headers in 92 bytes (1 switches on core 0)
Aug 24 21:53:25.000363 np0000008024 devstack@g-api.service[99842]: DEBUG glance.api.middleware.version_negotiation [None req-06898e8b-434c-4763-ad5c-1b19f48465d0 tempest-ServerBootFromVolumeStableRescueTest-52979688 tempest-ServerBootFromVolumeStableRescueTest-52979688-project-member] Determining version of request: GET /v2/images/fe7e36a2-6ae0-49f0-8428-7e218ae3d59a/locations Accept: */* {{(pid=99842) process_request /opt/stack/glance/glance/api/middleware/version_negotiation.py:44}}
Aug 24 21:53:25.000507 np0000008024 devstack@g-api.service[99842]: DEBUG glance.api.middleware.version_negotiation [None req-06898e8b-434c-4763-ad5c-1b19f48465d0 tempest-ServerBootFromVolumeStableRescueTest-52979688 tempest-ServerBootFromVolumeStableRescueTest-52979688-project-member] Using url versioning {{(pid=99842) process_request /opt/stack/glance/glance/api/middleware/version_negotiation.py:57}}
Aug 24 21:53:25.000641 np0000008024 devstack@g-api.service[99842]: DEBUG glance.api.middleware.version_negotiation [None req-06898e8b-434c-4763-ad5c-1b19f48465d0 tempest-ServerBootFromVolumeStableRescueTest-52979688 tempest-ServerBootFromVolumeStableRescueTest-52979688-project-member] Matched version: v2 {{(pid=99842) process_request /opt/stack/glance/glance/api/middleware/version_negotiation.py:69}}
Aug 24 21:53:25.001692 np0000008024 devstack@g-api.service[99842]: DEBUG glance.api.middleware.version_negotiation [None req-06898e8b-434c-4763-ad5c-1b19f48465d0 tempest-ServerBootFromVolumeStableRescueTest-52979688 tempest-ServerBootFromVolumeStableRescueTest-52979688-project-member] new path /v2/images/fe7e36a2-6ae0-49f0-8428-7e218ae3d59a/locations {{(pid=99842) process_request /opt/stack/glance/glance/api/middleware/version_negotiation.py:70}}
Aug 24 21:53:25.063052 np0000008024 devstack@g-api.service[99842]: [pid: 99842|app: 0|req: 130/360] 127.0.0.1 () {44 vars in 1135 bytes} [Mon Aug 24 21:53:24 2026] GET /v2/images/fe7e36a2-6ae0-49f0-8428-7e218ae3d59a/locations => generated 92 bytes in 63 msecs (HTTP/1.1 200) 4 headers in 156 bytes (1 switches on core 0)
Aug 24 21:53:25.074001 np0000008024 devstack@g-api.service[99840]: DEBUG swiftclient [None req-2e2c8b2b-3236-48cb-9f1a-62cbdfb7f925 tempest-ServerBootFromVolumeStableRescueTest-52979688 tempest-ServerBootFromVolumeStableRescueTest-52979688-project-member] REQ: curl -i https://10.4.3.127:8080/v1/AUTH_34685bf29c994ac8a46157df7be38656/glance -I -H "X-Auth-Token: gAAAAABqjL1UNlzO..." {{(pid=99840) http_log /opt/stack/data/venv/lib/python3.12/site-packages/swiftclient/client.py:160}}
Aug 24 21:53:25.074348 np0000008024 devstack@g-api.service[99840]: DEBUG swiftclient [None req-2e2c8b2b-3236-48cb-9f1a-62cbdfb7f925 tempest-ServerBootFromVolumeStableRescueTest-52979688 tempest-ServerBootFromVolumeStableRescueTest-52979688-project-member] RESP STATUS: 204 No Content {{(pid=99840) http_log /opt/stack/data/venv/lib/python3.12/site-packages/swiftclient/client.py:161}}
Aug 24 21:53:25.074348 np0000008024 devstack@g-api.service[99840]: DEBUG swiftclient [None req-2e2c8b2b-3236-48cb-9f1a-62cbdfb7f925 tempest-ServerBootFromVolumeStableRescueTest-52979688 tempest-ServerBootFromVolumeStableRescueTest-52979688-project-member] RESP HEADERS: {'Date': 'Mon, 24 Aug 2026 21:53:25 GMT', 'Server': 'Apache/2.4.58 (Ubuntu)', 'Content-Type': 'text/plain; charset=utf-8', 'X-Container-Object-Count': '7', 'X-Container-Bytes-Used': '109576192', 'X-Timestamp': '1787607974.33618', 'Last-Modified': 'Mon, 24 Aug 2026 21:46:15 GMT', 'Accept-Ranges': 'bytes', 'X-Storage-Policy': 'Policy-0', 'X-Container-Sharding': 'False', 'Vary': 'Accept', 'X-Trans-Id': 'tx9d01c2eccb0245e389065-006a8cbd54', 'X-Openstack-Request-Id': 'tx9d01c2eccb0245e389065-006a8cbd54', 'Connection': 'close'} {{(pid=99840) http_log /opt/stack/data/venv/lib/python3.12/site-packages/swiftclient/client.py:162}}
Aug 24 21:53:25.075945 np0000008024 devstack@g-api.service[99840]: DEBUG glance_store._drivers.swift.store [None req-2e2c8b2b-3236-48cb-9f1a-62cbdfb7f925 tempest-ServerBootFromVolumeStableRescueTest-52979688 tempest-ServerBootFromVolumeStableRescueTest-52979688-project-member] Adding image object '0392d750-1121-46c0-8a96-0cdc26d5d5f6' to Swift {{(pid=99840) add /opt/stack/data/venv/lib/python3.12/site-packages/glance_store/_drivers/swift/store.py:970}}
Aug 24 21:53:25.076134 np0000008024 devstack@g-api.service[99840]: DEBUG glance_store._drivers.swift.store [None req-2e2c8b2b-3236-48cb-9f1a-62cbdfb7f925 tempest-ServerBootFromVolumeStableRescueTest-52979688 tempest-ServerBootFromVolumeStableRescueTest-52979688-project-member] Cannot determine image size because it is either not provided in the request or chunked-transfer encoding is used. Adding image as a segmented object to Swift. {{(pid=99840) add /opt/stack/data/venv/lib/python3.12/site-packages/glance_store/_drivers/swift/store.py:994}}
Aug 24 21:53:25.078734 np0000008024 devstack@g-api.service[99838]: DEBUG glance.api.middleware.version_negotiation [None req-f0f55bc3-6b15-4978-8149-885447b6886e tempest-VolumesImageMetadata-1744076448 tempest-VolumesImageMetadata-1744076448-project-member] Determining version of request: GET /v2/images/fe7e36a2-6ae0-49f0-8428-7e218ae3d59a Accept: */* {{(pid=99838) process_request /opt/stack/glance/glance/api/middleware/version_negotiation.py:44}}
Aug 24 21:53:25.078734 np0000008024 devstack@g-api.service[99838]: DEBUG glance.api.middleware.version_negotiation [None req-f0f55bc3-6b15-4978-8149-885447b6886e tempest-VolumesImageMetadata-1744076448 tempest-VolumesImageMetadata-1744076448-project-member] Using url versioning {{(pid=99838) process_request /opt/stack/glance/glance/api/middleware/version_negotiation.py:57}}
Aug 24 21:53:25.078734 np0000008024 devstack@g-api.service[99838]: DEBUG glance.api.middleware.version_negotiation [None req-f0f55bc3-6b15-4978-8149-885447b6886e tempest-VolumesImageMetadata-1744076448 tempest-VolumesImageMetadata-1744076448-project-member] Matched version: v2 {{(pid=99838) process_request /opt/stack/glance/glance/api/middleware/version_negotiation.py:69}}
Aug 24 21:53:25.078734 np0000008024 devstack@g-api.service[99838]: DEBUG glance.api.middleware.version_negotiation [None req-f0f55bc3-6b15-4978-8149-885447b6886e tempest-VolumesImageMetadata-1744076448 tempest-VolumesImageMetadata-1744076448-project-member] new path /v2/images/fe7e36a2-6ae0-49f0-8428-7e218ae3d59a {{(pid=99838) process_request /opt/stack/glance/glance/api/middleware/version_negotiation.py:70}}
Aug 24 21:53:25.086716 np0000008024 devstack@g-api.service[99840]: DEBUG oslo_utils.imageutils.format_inspector [None req-2e2c8b2b-3236-48cb-9f1a-62cbdfb7f925 tempest-ServerBootFromVolumeStableRescueTest-52979688 tempest-ServerBootFromVolumeStableRescueTest-52979688-project-member] Format inspector for vmdk does not match, excluding from consideration (Signature KDMV not found: b'QFI\xfb') {{(pid=99840) _process_chunk /opt/stack/data/venv/lib/python3.12/site-packages/oslo_utils/imageutils/format_inspector.py:1758}}
Aug 24 21:53:25.089120 np0000008024 devstack@g-api.service[99840]: DEBUG oslo_utils.imageutils.format_inspector [None req-2e2c8b2b-3236-48cb-9f1a-62cbdfb7f925 tempest-ServerBootFromVolumeStableRescueTest-52979688 tempest-ServerBootFromVolumeStableRescueTest-52979688-project-member] Format inspector for vhdx does not match, excluding from consideration (Region signature not found at 30000) {{(pid=99840) _process_chunk /opt/stack/data/venv/lib/python3.12/site-packages/oslo_utils/imageutils/format_inspector.py:1758}}
Aug 24 21:53:25.100302 np0000008024 devstack@g-api.service[99838]: [pid: 99838|app: 0|req: 119/361] 127.0.0.1 () {44 vars in 1115 bytes} [Mon Aug 24 21:53:25 2026] GET /v2/images/fe7e36a2-6ae0-49f0-8428-7e218ae3d59a => generated 1044 bytes in 22 msecs (HTTP/1.1 200) 4 headers in 158 bytes (1 switches on core 0)
Aug 24 21:53:25.112232 np0000008024 devstack@g-api.service[99842]: DEBUG glance.api.middleware.version_negotiation [None req-f0f55bc3-6b15-4978-8149-885447b6886e service glance] Determining version of request: GET /v2/schemas/image Accept: */* {{(pid=99842) process_request /opt/stack/glance/glance/api/middleware/version_negotiation.py:44}}
Aug 24 21:53:25.112656 np0000008024 devstack@g-api.service[99842]: DEBUG glance.api.middleware.version_negotiation [None req-f0f55bc3-6b15-4978-8149-885447b6886e service glance] Using url versioning {{(pid=99842) process_request /opt/stack/glance/glance/api/middleware/version_negotiation.py:57}}
Aug 24 21:53:25.112692 np0000008024 devstack@g-api.service[99842]: DEBUG glance.api.middleware.version_negotiation [None req-f0f55bc3-6b15-4978-8149-885447b6886e service glance] Matched version: v2 {{(pid=99842) process_request /opt/stack/glance/glance/api/middleware/version_negotiation.py:69}}
Aug 24 21:53:25.116061 np0000008024 devstack@g-api.service[99842]: DEBUG glance.api.middleware.version_negotiation [None req-f0f55bc3-6b15-4978-8149-885447b6886e service glance] new path /v2/schemas/image {{(pid=99842) process_request /opt/stack/glance/glance/api/middleware/version_negotiation.py:70}}
Aug 24 21:53:25.119578 np0000008024 devstack@g-api.service[99842]: [pid: 99842|app: 0|req: 131/362] 127.0.0.1 () {44 vars in 1055 bytes} [Mon Aug 24 21:53:25 2026] GET /v2/schemas/image => generated 6083 bytes in 9 msecs (HTTP/1.1 200) 4 headers in 158 bytes (1 switches on core 0)
Aug 24 21:53:25.132123 np0000008024 devstack@g-api.service[99838]: DEBUG glance.api.middleware.version_negotiation [None req-f0f55bc3-6b15-4978-8149-885447b6886e tempest-VolumesImageMetadata-1744076448 tempest-VolumesImageMetadata-1744076448-project-member] Determining version of request: GET /v2/schemas/image Accept: */* {{(pid=99838) process_request /opt/stack/glance/glance/api/middleware/version_negotiation.py:44}}
Aug 24 21:53:25.132392 np0000008024 devstack@g-api.service[99838]: DEBUG glance.api.middleware.version_negotiation [None req-f0f55bc3-6b15-4978-8149-885447b6886e tempest-VolumesImageMetadata-1744076448 tempest-VolumesImageMetadata-1744076448-project-member] Using url versioning {{(pid=99838) process_request /opt/stack/glance/glance/api/middleware/version_negotiation.py:57}}
Aug 24 21:53:25.132518 np0000008024 devstack@g-api.service[99838]: DEBUG glance.api.middleware.version_negotiation [None req-f0f55bc3-6b15-4978-8149-885447b6886e tempest-VolumesImageMetadata-1744076448 tempest-VolumesImageMetadata-1744076448-project-member] Matched version: v2 {{(pid=99838) process_request /opt/stack/glance/glance/api/middleware/version_negotiation.py:69}}
Aug 24 21:53:25.132669 np0000008024 devstack@g-api.service[99838]: DEBUG glance.api.middleware.version_negotiation [None req-f0f55bc3-6b15-4978-8149-885447b6886e tempest-VolumesImageMetadata-1744076448 tempest-VolumesImageMetadata-1744076448-project-member] new path /v2/schemas/image {{(pid=99838) process_request /opt/stack/glance/glance/api/middleware/version_negotiation.py:70}}
Aug 24 21:53:25.135580 np0000008024 devstack@g-api.service[99838]: [pid: 99838|app: 0|req: 120/363] 127.0.0.1 () {44 vars in 1055 bytes} [Mon Aug 24 21:53:25 2026] GET /v2/schemas/image => generated 6083 bytes in 4 msecs (HTTP/1.1 200) 4 headers in 158 bytes (1 switches on core 0)
Aug 24 21:53:25.351012 np0000008024 devstack@g-api.service[99840]: DEBUG swiftclient [None req-2e2c8b2b-3236-48cb-9f1a-62cbdfb7f925 tempest-ServerBootFromVolumeStableRescueTest-52979688 tempest-ServerBootFromVolumeStableRescueTest-52979688-project-member] REQ: curl -i https://10.4.3.127:8080/v1/AUTH_34685bf29c994ac8a46157df7be38656/glance/0392d750-1121-46c0-8a96-0cdc26d5d5f6-00001 -X PUT -H "X-Auth-Token: gAAAAABqjL1UNlzO..." {{(pid=99840) http_log /opt/stack/data/venv/lib/python3.12/site-packages/swiftclient/client.py:160}}
Aug 24 21:53:25.351413 np0000008024 devstack@g-api.service[99840]: DEBUG swiftclient [None req-2e2c8b2b-3236-48cb-9f1a-62cbdfb7f925 tempest-ServerBootFromVolumeStableRescueTest-52979688 tempest-ServerBootFromVolumeStableRescueTest-52979688-project-member] RESP STATUS: 201 Created {{(pid=99840) http_log /opt/stack/data/venv/lib/python3.12/site-packages/swiftclient/client.py:161}}
Aug 24 21:53:25.351413 np0000008024 devstack@g-api.service[99840]: DEBUG swiftclient [None req-2e2c8b2b-3236-48cb-9f1a-62cbdfb7f925 tempest-ServerBootFromVolumeStableRescueTest-52979688 tempest-ServerBootFromVolumeStableRescueTest-52979688-project-member] RESP HEADERS: {'Date': 'Mon, 24 Aug 2026 21:53:25 GMT', 'Server': 'Apache/2.4.58 (Ubuntu)', 'Content-Type': 'text/html; charset=UTF-8', 'Content-Length': '0', 'Etag': '4fa343ee581d8d2e78533191fd1ac3e1', 'Last-Modified': 'Mon, 24 Aug 2026 21:53:26 GMT', 'X-Trans-Id': 'tx883aa7ea163f4ff7827be-006a8cbd55', 'X-Openstack-Request-Id': 'tx883aa7ea163f4ff7827be-006a8cbd55', 'Connection': 'close'} {{(pid=99840) http_log /opt/stack/data/venv/lib/python3.12/site-packages/swiftclient/client.py:162}}
Aug 24 21:53:25.351413 np0000008024 devstack@g-api.service[99840]: DEBUG glance_store._drivers.swift.store [None req-2e2c8b2b-3236-48cb-9f1a-62cbdfb7f925 tempest-ServerBootFromVolumeStableRescueTest-52979688 tempest-ServerBootFromVolumeStableRescueTest-52979688-project-member] Wrote chunk 0392d750-1121-46c0-8a96-0cdc26d5d5f6-00001 (1/?) of length 23527424 to Swift returning MD5 of content: 4fa343ee581d8d2e78533191fd1ac3e1 {{(pid=99840) add /opt/stack/data/venv/lib/python3.12/site-packages/glance_store/_drivers/swift/store.py:1059}}
Aug 24 21:53:25.351701 np0000008024 devstack@g-api.service[99840]: DEBUG glance_store._drivers.swift.store [None req-2e2c8b2b-3236-48cb-9f1a-62cbdfb7f925 tempest-ServerBootFromVolumeStableRescueTest-52979688 tempest-ServerBootFromVolumeStableRescueTest-52979688-project-member] Not writing zero-length chunk. {{(pid=99840) add /opt/stack/data/venv/lib/python3.12/site-packages/glance_store/_drivers/swift/store.py:1028}}
Aug 24 21:53:25.391462 np0000008024 devstack@g-api.service[99840]: DEBUG swiftclient [None req-2e2c8b2b-3236-48cb-9f1a-62cbdfb7f925 tempest-ServerBootFromVolumeStableRescueTest-52979688 tempest-ServerBootFromVolumeStableRescueTest-52979688-project-member] REQ: curl -i https://10.4.3.127:8080/v1/AUTH_34685bf29c994ac8a46157df7be38656/glance/0392d750-1121-46c0-8a96-0cdc26d5d5f6 -X PUT -H "X-Object-Manifest: glance/0392d750-1121-46c0-8a96-0cdc26d5d5f6-" -H "X-Auth-Token: gAAAAABqjL1UNlzO..." -H "Content-Length: 0" {{(pid=99840) http_log /opt/stack/data/venv/lib/python3.12/site-packages/swiftclient/client.py:160}}
Aug 24 21:53:25.391685 np0000008024 devstack@g-api.service[99840]: DEBUG swiftclient [None req-2e2c8b2b-3236-48cb-9f1a-62cbdfb7f925 tempest-ServerBootFromVolumeStableRescueTest-52979688 tempest-ServerBootFromVolumeStableRescueTest-52979688-project-member] RESP STATUS: 201 Created {{(pid=99840) http_log /opt/stack/data/venv/lib/python3.12/site-packages/swiftclient/client.py:161}}
Aug 24 21:53:25.391905 np0000008024 devstack@g-api.service[99840]: DEBUG swiftclient [None req-2e2c8b2b-3236-48cb-9f1a-62cbdfb7f925 tempest-ServerBootFromVolumeStableRescueTest-52979688 tempest-ServerBootFromVolumeStableRescueTest-52979688-project-member] RESP HEADERS: {'Date': 'Mon, 24 Aug 2026 21:53:25 GMT', 'Server': 'Apache/2.4.58 (Ubuntu)', 'Content-Type': 'text/html; charset=UTF-8', 'Content-Length': '0', 'Etag': 'd41d8cd98f00b204e9800998ecf8427e', 'Last-Modified': 'Mon, 24 Aug 2026 21:53:26 GMT', 'X-Trans-Id': 'tx4a59f12aa8cd425182786-006a8cbd55', 'X-Openstack-Request-Id': 'tx4a59f12aa8cd425182786-006a8cbd55', 'Connection': 'close'} {{(pid=99840) http_log /opt/stack/data/venv/lib/python3.12/site-packages/swiftclient/client.py:162}}
Aug 24 21:53:25.392393 np0000008024 devstack@g-api.service[99840]: INFO glance.location [None req-2e2c8b2b-3236-48cb-9f1a-62cbdfb7f925 tempest-ServerBootFromVolumeStableRescueTest-52979688 tempest-ServerBootFromVolumeStableRescueTest-52979688-project-member] Image format matched and virtual size computed: 1073741824
Aug 24 21:53:25.437926 np0000008024 devstack@g-api.service[99840]: DEBUG glance_store.backend [None req-2e2c8b2b-3236-48cb-9f1a-62cbdfb7f925 tempest-ServerBootFromVolumeStableRescueTest-52979688 tempest-ServerBootFromVolumeStableRescueTest-52979688-project-member] Attempting to import store swift {{(pid=99840) _load_store /opt/stack/data/venv/lib/python3.12/site-packages/glance_store/backend.py:215}}
Aug 24 21:53:25.439844 np0000008024 devstack@g-api.service[99840]: DEBUG glance_store.capabilities [None req-2e2c8b2b-3236-48cb-9f1a-62cbdfb7f925 tempest-ServerBootFromVolumeStableRescueTest-52979688 tempest-ServerBootFromVolumeStableRescueTest-52979688-project-member] Store glance_store._drivers.swift.store.SingleTenantStore doesn't support updating dynamic storage capabilities. Please overwrite 'update_capabilities' method of the store to implement updating logics if needed. {{(pid=99840) update_capabilities /opt/stack/data/venv/lib/python3.12/site-packages/glance_store/capabilities.py:91}}
Aug 24 21:53:25.439988 np0000008024 devstack@g-api.service[99840]: DEBUG glance_store.driver [None req-2e2c8b2b-3236-48cb-9f1a-62cbdfb7f925 tempest-ServerBootFromVolumeStableRescueTest-52979688 tempest-ServerBootFromVolumeStableRescueTest-52979688-project-member] Late loading location class glance_store._drivers.swift.store.StoreLocation {{(pid=99840) get_store_location_class /opt/stack/data/venv/lib/python3.12/site-packages/glance_store/driver.py:134}}
Aug 24 21:53:25.440164 np0000008024 devstack@g-api.service[99840]: DEBUG glance_store.location [None req-2e2c8b2b-3236-48cb-9f1a-62cbdfb7f925 tempest-ServerBootFromVolumeStableRescueTest-52979688 tempest-ServerBootFromVolumeStableRescueTest-52979688-project-member] Registering scheme swift+https with {'store': , 'location_class': , 'store_entry': 'swift'} {{(pid=99840) register_scheme_map /opt/stack/data/venv/lib/python3.12/site-packages/glance_store/location.py:146}}
Aug 24 21:53:25.440282 np0000008024 devstack@g-api.service[99840]: DEBUG glance_store.location [None req-2e2c8b2b-3236-48cb-9f1a-62cbdfb7f925 tempest-ServerBootFromVolumeStableRescueTest-52979688 tempest-ServerBootFromVolumeStableRescueTest-52979688-project-member] Registering scheme swift+https with {'store': , 'location_class': , 'store_entry': 'swift'} {{(pid=99840) register_scheme_map /opt/stack/data/venv/lib/python3.12/site-packages/glance_store/location.py:146}}
Aug 24 21:53:25.440385 np0000008024 devstack@g-api.service[99840]: DEBUG glance_store.location [None req-2e2c8b2b-3236-48cb-9f1a-62cbdfb7f925 tempest-ServerBootFromVolumeStableRescueTest-52979688 tempest-ServerBootFromVolumeStableRescueTest-52979688-project-member] Registering scheme swift with {'store': , 'location_class': , 'store_entry': 'swift'} {{(pid=99840) register_scheme_map /opt/stack/data/venv/lib/python3.12/site-packages/glance_store/location.py:146}}
Aug 24 21:53:25.440480 np0000008024 devstack@g-api.service[99840]: DEBUG glance_store.location [None req-2e2c8b2b-3236-48cb-9f1a-62cbdfb7f925 tempest-ServerBootFromVolumeStableRescueTest-52979688 tempest-ServerBootFromVolumeStableRescueTest-52979688-project-member] Registering scheme swift+https with {'store': , 'location_class': , 'store_entry': 'swift'} {{(pid=99840) register_scheme_map /opt/stack/data/venv/lib/python3.12/site-packages/glance_store/location.py:146}}
Aug 24 21:53:25.440564 np0000008024 devstack@g-api.service[99840]: DEBUG glance_store.location [None req-2e2c8b2b-3236-48cb-9f1a-62cbdfb7f925 tempest-ServerBootFromVolumeStableRescueTest-52979688 tempest-ServerBootFromVolumeStableRescueTest-52979688-project-member] Registering scheme swift with {'store': , 'location_class': , 'store_entry': 'swift'} {{(pid=99840) register_scheme_map /opt/stack/data/venv/lib/python3.12/site-packages/glance_store/location.py:146}}
Aug 24 21:53:25.440654 np0000008024 devstack@g-api.service[99840]: DEBUG glance_store.location [None req-2e2c8b2b-3236-48cb-9f1a-62cbdfb7f925 tempest-ServerBootFromVolumeStableRescueTest-52979688 tempest-ServerBootFromVolumeStableRescueTest-52979688-project-member] Registering scheme swift+http with {'store': , 'location_class': , 'store_entry': 'swift'} {{(pid=99840) register_scheme_map /opt/stack/data/venv/lib/python3.12/site-packages/glance_store/location.py:146}}
Aug 24 21:53:25.440744 np0000008024 devstack@g-api.service[99840]: DEBUG glance_store.location [None req-2e2c8b2b-3236-48cb-9f1a-62cbdfb7f925 tempest-ServerBootFromVolumeStableRescueTest-52979688 tempest-ServerBootFromVolumeStableRescueTest-52979688-project-member] Registering scheme swift+https with {'store': , 'location_class': , 'store_entry': 'swift'} {{(pid=99840) register_scheme_map /opt/stack/data/venv/lib/python3.12/site-packages/glance_store/location.py:146}}
Aug 24 21:53:25.440865 np0000008024 devstack@g-api.service[99840]: DEBUG glance_store.location [None req-2e2c8b2b-3236-48cb-9f1a-62cbdfb7f925 tempest-ServerBootFromVolumeStableRescueTest-52979688 tempest-ServerBootFromVolumeStableRescueTest-52979688-project-member] Registering scheme swift with {'store': , 'location_class': , 'store_entry': 'swift'} {{(pid=99840) register_scheme_map /opt/stack/data/venv/lib/python3.12/site-packages/glance_store/location.py:146}}
Aug 24 21:53:25.440960 np0000008024 devstack@g-api.service[99840]: DEBUG glance_store.location [None req-2e2c8b2b-3236-48cb-9f1a-62cbdfb7f925 tempest-ServerBootFromVolumeStableRescueTest-52979688 tempest-ServerBootFromVolumeStableRescueTest-52979688-project-member] Registering scheme swift+http with {'store': , 'location_class': , 'store_entry': 'swift'} {{(pid=99840) register_scheme_map /opt/stack/data/venv/lib/python3.12/site-packages/glance_store/location.py:146}}
Aug 24 21:53:25.441054 np0000008024 devstack@g-api.service[99840]: DEBUG glance_store.location [None req-2e2c8b2b-3236-48cb-9f1a-62cbdfb7f925 tempest-ServerBootFromVolumeStableRescueTest-52979688 tempest-ServerBootFromVolumeStableRescueTest-52979688-project-member] Registering scheme swift+config with {'store': , 'location_class': , 'store_entry': 'swift'} {{(pid=99840) register_scheme_map /opt/stack/data/venv/lib/python3.12/site-packages/glance_store/location.py:146}}
Aug 24 21:53:25.441181 np0000008024 devstack@g-api.service[99840]: DEBUG glance_store.backend [None req-2e2c8b2b-3236-48cb-9f1a-62cbdfb7f925 tempest-ServerBootFromVolumeStableRescueTest-52979688 tempest-ServerBootFromVolumeStableRescueTest-52979688-project-member] Skipping store.set_acls... not implemented. {{(pid=99840) set_acls /opt/stack/data/venv/lib/python3.12/site-packages/glance_store/backend.py:507}}
Aug 24 21:53:25.443189 np0000008024 devstack@g-api.service[99840]: [pid: 99840|app: 0|req: 113/364] 127.0.0.1 () {46 vars in 1158 bytes} [Mon Aug 24 21:53:23 2026] PUT /v2/images/0392d750-1121-46c0-8a96-0cdc26d5d5f6/file => generated 0 bytes in 1764 msecs (HTTP/1.1 204) 4 headers in 171 bytes (1 switches on core 0)
Aug 24 21:53:25.536019 np0000008024 devstack@g-api.service[99842]: DEBUG glance.api.middleware.version_negotiation [None req-f0f55bc3-6b15-4978-8149-885447b6886e tempest-VolumesImageMetadata-1744076448 tempest-VolumesImageMetadata-1744076448-project-member] Determining version of request: GET /v2/images/0392d750-1121-46c0-8a96-0cdc26d5d5f6 Accept: */* {{(pid=99842) process_request /opt/stack/glance/glance/api/middleware/version_negotiation.py:44}}
Aug 24 21:53:25.536019 np0000008024 devstack@g-api.service[99842]: DEBUG glance.api.middleware.version_negotiation [None req-f0f55bc3-6b15-4978-8149-885447b6886e tempest-VolumesImageMetadata-1744076448 tempest-VolumesImageMetadata-1744076448-project-member] Using url versioning {{(pid=99842) process_request /opt/stack/glance/glance/api/middleware/version_negotiation.py:57}}
Aug 24 21:53:25.536019 np0000008024 devstack@g-api.service[99842]: DEBUG glance.api.middleware.version_negotiation [None req-f0f55bc3-6b15-4978-8149-885447b6886e tempest-VolumesImageMetadata-1744076448 tempest-VolumesImageMetadata-1744076448-project-member] Matched version: v2 {{(pid=99842) process_request /opt/stack/glance/glance/api/middleware/version_negotiation.py:69}}
Aug 24 21:53:25.536350 np0000008024 devstack@g-api.service[99842]: DEBUG glance.api.middleware.version_negotiation [None req-f0f55bc3-6b15-4978-8149-885447b6886e tempest-VolumesImageMetadata-1744076448 tempest-VolumesImageMetadata-1744076448-project-member] new path /v2/images/0392d750-1121-46c0-8a96-0cdc26d5d5f6 {{(pid=99842) process_request /opt/stack/glance/glance/api/middleware/version_negotiation.py:70}}
Aug 24 21:53:25.553147 np0000008024 devstack@g-api.service[99842]: [pid: 99842|app: 0|req: 132/365] 127.0.0.1 () {44 vars in 1115 bytes} [Mon Aug 24 21:53:25 2026] GET /v2/images/0392d750-1121-46c0-8a96-0cdc26d5d5f6 => generated 1637 bytes in 18 msecs (HTTP/1.1 200) 4 headers in 158 bytes (1 switches on core 0)
Aug 24 21:53:25.615334 np0000008024 devstack@g-api.service[99838]: DEBUG glance.api.middleware.version_negotiation [None req-f0f55bc3-6b15-4978-8149-885447b6886e tempest-VolumesImageMetadata-1744076448 tempest-VolumesImageMetadata-1744076448-project-member] Determining version of request: GET /v2/schemas/image Accept: */* {{(pid=99838) process_request /opt/stack/glance/glance/api/middleware/version_negotiation.py:44}}
Aug 24 21:53:25.615745 np0000008024 devstack@g-api.service[99838]: DEBUG glance.api.middleware.version_negotiation [None req-f0f55bc3-6b15-4978-8149-885447b6886e tempest-VolumesImageMetadata-1744076448 tempest-VolumesImageMetadata-1744076448-project-member] Using url versioning {{(pid=99838) process_request /opt/stack/glance/glance/api/middleware/version_negotiation.py:57}}
Aug 24 21:53:25.615745 np0000008024 devstack@g-api.service[99838]: DEBUG glance.api.middleware.version_negotiation [None req-f0f55bc3-6b15-4978-8149-885447b6886e tempest-VolumesImageMetadata-1744076448 tempest-VolumesImageMetadata-1744076448-project-member] Matched version: v2 {{(pid=99838) process_request /opt/stack/glance/glance/api/middleware/version_negotiation.py:69}}
Aug 24 21:53:25.615837 np0000008024 devstack@g-api.service[99838]: DEBUG glance.api.middleware.version_negotiation [None req-f0f55bc3-6b15-4978-8149-885447b6886e tempest-VolumesImageMetadata-1744076448 tempest-VolumesImageMetadata-1744076448-project-member] new path /v2/schemas/image {{(pid=99838) process_request /opt/stack/glance/glance/api/middleware/version_negotiation.py:70}}
Aug 24 21:53:25.623082 np0000008024 devstack@g-api.service[99838]: [pid: 99838|app: 0|req: 121/366] 127.0.0.1 () {44 vars in 1055 bytes} [Mon Aug 24 21:53:25 2026] GET /v2/schemas/image => generated 6083 bytes in 8 msecs (HTTP/1.1 200) 4 headers in 158 bytes (1 switches on core 0)
Aug 24 21:53:25.900186 np0000008024 devstack@g-api.service[99840]: DEBUG glance.api.middleware.version_negotiation [None req-2e2c8b2b-3236-48cb-9f1a-62cbdfb7f925 tempest-ServerBootFromVolumeStableRescueTest-52979688 tempest-ServerBootFromVolumeStableRescueTest-52979688-project-member] Determining version of request: GET /v2/images/0392d750-1121-46c0-8a96-0cdc26d5d5f6 Accept: application/json {{(pid=99840) process_request /opt/stack/glance/glance/api/middleware/version_negotiation.py:44}}
Aug 24 21:53:25.900186 np0000008024 devstack@g-api.service[99840]: DEBUG glance.api.middleware.version_negotiation [None req-2e2c8b2b-3236-48cb-9f1a-62cbdfb7f925 tempest-ServerBootFromVolumeStableRescueTest-52979688 tempest-ServerBootFromVolumeStableRescueTest-52979688-project-member] Using url versioning {{(pid=99840) process_request /opt/stack/glance/glance/api/middleware/version_negotiation.py:57}}
Aug 24 21:53:25.900186 np0000008024 devstack@g-api.service[99840]: DEBUG glance.api.middleware.version_negotiation [None req-2e2c8b2b-3236-48cb-9f1a-62cbdfb7f925 tempest-ServerBootFromVolumeStableRescueTest-52979688 tempest-ServerBootFromVolumeStableRescueTest-52979688-project-member] Matched version: v2 {{(pid=99840) process_request /opt/stack/glance/glance/api/middleware/version_negotiation.py:69}}
Aug 24 21:53:25.900186 np0000008024 devstack@g-api.service[99840]: DEBUG glance.api.middleware.version_negotiation [None req-2e2c8b2b-3236-48cb-9f1a-62cbdfb7f925 tempest-ServerBootFromVolumeStableRescueTest-52979688 tempest-ServerBootFromVolumeStableRescueTest-52979688-project-member] new path /v2/images/0392d750-1121-46c0-8a96-0cdc26d5d5f6 {{(pid=99840) process_request /opt/stack/glance/glance/api/middleware/version_negotiation.py:70}}
