Aug 24 21:47:43.994410 np0000008024 devstack@neutron-api.service[87695]: INFO neutron.db.ovn_revision_numbers_db [None req-6333a62d-93c5-4598-af7f-deded3f13ee8 admin admin] Successfully bumped revision number for resource 04bc1a07-8762-4958-962d-9074f2104e75 (type: security_group_rules) to 0
Aug 24 21:47:44.004867 np0000008024 devstack@neutron-api.service[87695]: INFO neutron.db.ovn_revision_numbers_db [None req-6333a62d-93c5-4598-af7f-deded3f13ee8 admin admin] Successfully bumped revision number for resource b119cd83-53cc-4e0b-88b4-d281c33699ab (type: security_group_rules) to 0
Aug 24 21:47:44.005965 np0000008024 devstack@neutron-api.service[87696]: DEBUG neutron_lib.callbacks.manager [None req-8dab0949-d9e4-4cb5-95f8-5e7eeacb8026 admin admin] Publish callbacks ['neutron.plugins.ml2.plugin.SecurityGroupDbMixin._ensure_default_security_group_handler-1059269'] for port (None), before_create {{(pid=87696) _notify_loop /opt/stack/data/venv/lib/python3.12/site-packages/neutron_lib/callbacks/manager.py:184}}
Aug 24 21:47:44.013315 np0000008024 devstack@neutron-api.service[87695]: INFO neutron.db.ovn_revision_numbers_db [None req-6333a62d-93c5-4598-af7f-deded3f13ee8 admin admin] Successfully bumped revision number for resource c8ce3af3-d518-4cee-957f-1870a7acd795 (type: security_group_rules) to 0
Aug 24 21:47:44.016141 np0000008024 devstack@neutron-api.service[87694]: DEBUG neutron_lib.callbacks.manager [None req-e1c4eed0-7146-4dce-bc75-4576e79dff8a admin admin] Publish callbacks ['neutron.plugins.ml2.drivers.ovn.mech_driver.mech_driver.OVNMechanismDriver._validate_allowed_address_pairs-155447'] for allowed_address_pair (17450b95-b232-4937-bf4b-584d8fe24f45), before_create {{(pid=87694) _notify_loop /opt/stack/data/venv/lib/python3.12/site-packages/neutron_lib/callbacks/manager.py:184}}
Aug 24 21:47:44.016605 np0000008024 devstack@neutron-api.service[87694]: DEBUG neutron_lib.callbacks.manager [None req-e1c4eed0-7146-4dce-bc75-4576e79dff8a admin admin] Publish callbacks [] for port (17450b95-b232-4937-bf4b-584d8fe24f45), precommit_create {{(pid=87694) _notify_loop /opt/stack/data/venv/lib/python3.12/site-packages/neutron_lib/callbacks/manager.py:184}}
Aug 24 21:47:44.016741 np0000008024 devstack@neutron-api.service[87694]: DEBUG neutron.plugins.ml2.drivers.ovn.mech_driver.mech_driver [None req-e1c4eed0-7146-4dce-bc75-4576e79dff8a admin admin] No provisioning block for port 17450b95-b232-4937-bf4b-584d8fe24f45 since it does not have a host {{(pid=87694) _is_port_provisioning_required /opt/stack/neutron/neutron/plugins/ml2/drivers/ovn/mech_driver/mech_driver.py:877}}
Aug 24 21:47:44.016862 np0000008024 devstack@neutron-api.service[87694]: DEBUG neutron.db.ovn_revision_numbers_db [None req-e1c4eed0-7146-4dce-bc75-4576e79dff8a admin admin] create_initial_revision uuid=17450b95-b232-4937-bf4b-584d8fe24f45, type=ports, rev=-1 {{(pid=87694) create_initial_revision /opt/stack/neutron/neutron/db/ovn_revision_numbers_db.py:98}}
Aug 24 21:47:44.022032 np0000008024 devstack@neutron-api.service[87695]: INFO neutron.db.ovn_revision_numbers_db [None req-6333a62d-93c5-4598-af7f-deded3f13ee8 admin admin] Successfully bumped revision number for resource fec079ba-4608-4c6d-86e5-5f7e310aea0a (type: security_group_rules) to 0
Aug 24 21:47:44.041471 np0000008024 devstack@neutron-api.service[87695]: DEBUG neutron.api.rpc.handlers.resources_rpc [None req-6333a62d-93c5-4598-af7f-deded3f13ee8 admin admin] Pushing event updated for resources: {'SecurityGroup': ['ID=ce8d6967-4b8c-4eec-825e-075ee1eac763,revision_number=1']} {{(pid=87695) push /opt/stack/neutron/neutron/api/rpc/handlers/resources_rpc.py:237}}
Aug 24 21:47:44.041612 np0000008024 devstack@neutron-api.service[87694]: DEBUG neutron_lib.callbacks.manager [None req-e1c4eed0-7146-4dce-bc75-4576e79dff8a admin admin] Publish callbacks ['neutron.plugins.ml2.ovo_rpc._ObjectChangeHandler.handle_event-900917'] for port (17450b95-b232-4937-bf4b-584d8fe24f45), after_create {{(pid=87694) _notify_loop /opt/stack/data/venv/lib/python3.12/site-packages/neutron_lib/callbacks/manager.py:184}}
Aug 24 21:47:44.046435 np0000008024 devstack@neutron-api.service[87695]: DEBUG neutron.api.rpc.callbacks.version_manager [None req-6333a62d-93c5-4598-af7f-deded3f13ee8 admin admin] Tracked resource versions report:
Aug 24 21:47:44.046435 np0000008024 devstack@neutron-api.service[87695]: pushed versions:
Aug 24 21:47:44.046435 np0000008024 devstack@neutron-api.service[87695]: { 'AddressGroup': {'1.2'},
Aug 24 21:47:44.046435 np0000008024 devstack@neutron-api.service[87695]: 'Agent': {'1.1'},
Aug 24 21:47:44.046435 np0000008024 devstack@neutron-api.service[87695]: 'ConntrackHelper': {'1.0'},
Aug 24 21:47:44.046435 np0000008024 devstack@neutron-api.service[87695]: 'LocalIPAssociation': {'1.0'},
Aug 24 21:47:44.046435 np0000008024 devstack@neutron-api.service[87695]: 'Log': {'1.0'},
Aug 24 21:47:44.046435 np0000008024 devstack@neutron-api.service[87695]: 'NDPProxy': {'1.0'},
Aug 24 21:47:44.046435 np0000008024 devstack@neutron-api.service[87695]: 'Network': {'1.3'},
Aug 24 21:47:44.046435 np0000008024 devstack@neutron-api.service[87695]: 'Port': {'1.11'},
Aug 24 21:47:44.046435 np0000008024 devstack@neutron-api.service[87695]: 'PortForwarding': {'1.3'},
Aug 24 21:47:44.046435 np0000008024 devstack@neutron-api.service[87695]: 'QosPolicy': {'1.10'},
Aug 24 21:47:44.046435 np0000008024 devstack@neutron-api.service[87695]: 'SecurityGroup': {'1.6'},
Aug 24 21:47:44.046435 np0000008024 devstack@neutron-api.service[87695]: 'SecurityGroupRule': {'1.3'},
Aug 24 21:47:44.046435 np0000008024 devstack@neutron-api.service[87695]: 'SubPort': {'1.0'},
Aug 24 21:47:44.046435 np0000008024 devstack@neutron-api.service[87695]: 'Subnet': {'1.2'},
Aug 24 21:47:44.046435 np0000008024 devstack@neutron-api.service[87695]: 'Trunk': {'1.1'}}
Aug 24 21:47:44.046435 np0000008024 devstack@neutron-api.service[87695]: consumer versions:
Aug 24 21:47:44.046435 np0000008024 devstack@neutron-api.service[87695]: { OVN Controller Gateway agent@np0000008024: {},
Aug 24 21:47:44.046435 np0000008024 devstack@neutron-api.service[87695]: OVN Neutron agent@np0000008024: {}}
Aug 24 21:47:44.046435 np0000008024 devstack@neutron-api.service[87695]: {{(pid=87695) report /opt/stack/neutron/neutron/api/rpc/callbacks/version_manager.py:183}}
Aug 24 21:47:44.066309 np0000008024 devstack@neutron-api.service[87694]: DEBUG neutron.api.rpc.handlers.resources_rpc [None req-e1c4eed0-7146-4dce-bc75-4576e79dff8a admin admin] Pushing event updated for resources: {'Port': ['ID=17450b95-b232-4937-bf4b-584d8fe24f45,revision_number=1']} {{(pid=87694) push /opt/stack/neutron/neutron/api/rpc/handlers/resources_rpc.py:237}}
Aug 24 21:47:44.070726 np0000008024 devstack@neutron-api.service[87695]: DEBUG neutron.plugins.ml2.drivers.helpers [None req-6333a62d-93c5-4598-af7f-deded3f13ee8 admin admin] geneve segment allocate from pool success with {'geneve_vni': 29686} {{(pid=87695) allocate_partially_specified_segment /opt/stack/neutron/neutron/plugins/ml2/drivers/helpers.py:142}}
Aug 24 21:47:44.071042 np0000008024 devstack@neutron-api.service[87694]: DEBUG neutron.plugins.ml2.drivers.ovn.mech_driver.ovsdb.commands [None req-e1c4eed0-7146-4dce-bc75-4576e79dff8a admin admin] Converting tag [] to a tag_request {{(pid=87694) _tag_column_to_tag_request /opt/stack/neutron/neutron/plugins/ml2/drivers/ovn/mech_driver/ovsdb/commands.py:227}}
Aug 24 21:47:44.071715 np0000008024 devstack@neutron-api.service[87694]: DEBUG ovsdbapp.backend.ovs_idl.transaction [None req-697caca2-36df-4b0c-8f52-bdd34dfe09fd None None] Running txn 3479b7ac n=1 command(idx=0): AddLSwitchPortCommand(_result=None, lport=17450b95-b232-4937-bf4b-584d8fe24f45, lswitch=neutron-918e40d0-7773-4b59-97e6-df2c1aaac549, may_exist=True, network_uuid=918e40d0-7773-4b59-97e6-df2c1aaac549, columns={'addresses': ['fa:16:3e:e0:1e:97'], 'external_ids': {'neutron:port_name': '', 'neutron:device_id': 'ovnmeta-918e40d0-7773-4b59-97e6-df2c1aaac549', 'neutron:project_id': 'ba36ea6cd29d4fcaba18c6f9b08051f1', 'neutron:cidrs': '', 'neutron:device_owner': 'network:distributed', 'neutron:subnet_pool_addr_scope4': '', 'neutron:subnet_pool_addr_scope6': '', 'neutron:network_name': 'neutron-918e40d0-7773-4b59-97e6-df2c1aaac549', 'neutron:security_group_ids': '', 'neutron:revision_number': '1', 'neutron:vnic_type': 'normal', 'neutron:port_capabilities': '', 'neutron:mtu': '1372'}, 'parent_name': [], 'enabled': True, 'options': {}, 'type': 'localport', 'port_security': [], 'dhcpv4_options': [], 'dhcpv6_options': [], 'tag_request': []}) {{(pid=87694) do_commit /opt/stack/data/venv/lib/python3.12/site-packages/ovsdbapp/backend/ovs_idl/transaction.py:91}}
Aug 24 21:47:44.072205 np0000008024 devstack@neutron-api.service[87694]: DEBUG ovsdbapp.backend.ovs_idl.transaction [None req-697caca2-36df-4b0c-8f52-bdd34dfe09fd None None] Running txn 3479b7ac n=1 command(idx=1): QoSDelCommand(_result=None, switch=neutron-918e40d0-7773-4b59-97e6-df2c1aaac549, conditions=[('direction', '=', 'to-lport'), ('priority', '=', 2002), ('match', '=', 'outport == "17450b95-b232-4937-bf4b-584d8fe24f45"')], if_exists=True) {{(pid=87694) do_commit /opt/stack/data/venv/lib/python3.12/site-packages/ovsdbapp/backend/ovs_idl/transaction.py:91}}
Aug 24 21:47:44.072405 np0000008024 devstack@neutron-api.service[87694]: DEBUG ovsdbapp.backend.ovs_idl.transaction [None req-697caca2-36df-4b0c-8f52-bdd34dfe09fd None None] Running txn 3479b7ac n=1 command(idx=2): QoSDelCommand(_result=None, switch=neutron-918e40d0-7773-4b59-97e6-df2c1aaac549, conditions=[('direction', '=', 'from-lport'), ('priority', '=', 2002), ('match', '=', 'inport == "17450b95-b232-4937-bf4b-584d8fe24f45"')], if_exists=True) {{(pid=87694) do_commit /opt/stack/data/venv/lib/python3.12/site-packages/ovsdbapp/backend/ovs_idl/transaction.py:91}}
Aug 24 21:47:44.075816 np0000008024 devstack@neutron-api.service[87695]: DEBUG neutron.plugins.ml2.drivers.ovn.mech_driver.ovsdb.ovsdb_monitor [None req-5e40dce8-4fc5-4912-963d-66b21d0ca3ef None None] Hash Ring: Node 47d2a43550ce5dcb98fe84acf7ac7a23 (host: np0000008024) handling event "create" for row b3d5a1a7-0dbf-4627-8cb7-14f81bc71bef (table: Logical_Switch_Port) {{(pid=87695) notify /opt/stack/neutron/neutron/plugins/ml2/drivers/ovn/mech_driver/ovsdb/ovsdb_monitor.py:1099}}
Aug 24 21:47:44.076693 np0000008024 devstack@neutron-api.service[87696]: DEBUG neutron.plugins.ml2.drivers.ovn.mech_driver.ovsdb.ovsdb_monitor [None req-eab2bc0d-8da1-4cf4-a619-3ae25da99e83 None None] Hash Ring: Node eef9f49c6fd45203a48ced19b02fcc44 (host: np0000008024) handling event "update" for row 918e40d0-7773-4b59-97e6-df2c1aaac549 (table: Logical_Switch) {{(pid=87696) notify /opt/stack/neutron/neutron/plugins/ml2/drivers/ovn/mech_driver/ovsdb/ovsdb_monitor.py:1099}}
Aug 24 21:47:44.076850 np0000008024 devstack@neutron-api.service[87695]: DEBUG ovsdbapp.backend.ovs_idl.event [None req-5e40dce8-4fc5-4912-963d-66b21d0ca3ef None None] Matched CREATE: LogicalSwitchPortCreateEvent(events=('create',), table='Logical_Switch_Port', conditions=[], old_conditions=None), priority=20 to row=Logical_Switch_Port(uuid=b3d5a1a7-0dbf-4627-8cb7-14f81bc71bef, addresses=['fa:16:3e:e0:1e:97'], dhcpv4_options=[], dhcpv6_options=[], dynamic_addresses=[], enabled=True, external_ids={'neutron:cidrs': '', 'neutron:device_id': 'ovnmeta-918e40d0-7773-4b59-97e6-df2c1aaac549', 'neutron:device_owner': 'network:distributed', 'neutron:mtu': '1372', 'neutron:network_name': 'neutron-918e40d0-7773-4b59-97e6-df2c1aaac549', 'neutron:port_capabilities': '', 'neutron:port_name': '', 'neutron:project_id': 'ba36ea6cd29d4fcaba18c6f9b08051f1', 'neutron:revision_number': '1', 'neutron:security_group_ids': '', 'neutron:subnet_pool_addr_scope4': '', 'neutron:subnet_pool_addr_scope6': '', 'neutron:vnic_type': 'normal'}, ha_chassis_group=[], mirror_rules=[], name='17450b95-b232-4937-bf4b-584d8fe24f45', options={}, parent_name=[], port_security=[], tag=[], tag_request=[], type='localport', up=[]) old= {{(pid=87695) matches /opt/stack/data/venv/lib/python3.12/site-packages/ovsdbapp/backend/ovs_idl/event.py:55}}
Aug 24 21:47:44.079587 np0000008024 devstack@neutron-api.service[87695]: DEBUG neutron.plugins.ml2.drivers.ovn.mech_driver.ovsdb.ovsdb_monitor [None req-5e40dce8-4fc5-4912-963d-66b21d0ca3ef None None] Hash Ring: Node 47d2a43550ce5dcb98fe84acf7ac7a23 (host: np0000008024) handling event "update" for row b3d5a1a7-0dbf-4627-8cb7-14f81bc71bef (table: Logical_Switch_Port) {{(pid=87695) notify /opt/stack/neutron/neutron/plugins/ml2/drivers/ovn/mech_driver/ovsdb/ovsdb_monitor.py:1099}}
Aug 24 21:47:44.080808 np0000008024 devstack@neutron-api.service[87694]: DEBUG neutron.plugins.ml2.drivers.ovn.mech_driver.ovsdb.ovsdb_monitor [None req-98f04d48-5735-4bd9-92a6-4b15cbabe689 None None] Hash Ring: Node 00881d835d985a2babfb0d4cd00d110d (host: np0000008024) handling event "create" for row 1787f20d-3dcc-477d-8854-b5684b0e2436 (table: Port_Binding) {{(pid=87694) notify /opt/stack/neutron/neutron/plugins/ml2/drivers/ovn/mech_driver/ovsdb/ovsdb_monitor.py:1099}}
Aug 24 21:47:44.081835 np0000008024 devstack@neutron-api.service[87695]: INFO neutron.plugins.ml2.drivers.ovn.mech_driver.mech_driver [None req-43c5beb7-0dc6-4f3c-8570-78f817dad22b None None] OVN reports status down for port: 17450b95-b232-4937-bf4b-584d8fe24f45
Aug 24 21:47:44.082721 np0000008024 devstack@neutron-api.service[87694]: DEBUG ovsdbapp.backend.ovs_idl.transaction [None req-697caca2-36df-4b0c-8f52-bdd34dfe09fd None None] txn 3479b7ac succeeded {{(pid=87694) do_commit /opt/stack/data/venv/lib/python3.12/site-packages/ovsdbapp/backend/ovs_idl/transaction.py:137}}
Aug 24 21:47:44.083348 np0000008024 devstack@neutron-api.service[87695]: DEBUG neutron_lib.callbacks.manager [None req-6333a62d-93c5-4598-af7f-deded3f13ee8 admin admin] Publish callbacks ['neutron.plugins.ml2.plugin.Ml2Plugin._handle_segment_change-799569'] for segment (cbb062ad-76f6-4d20-81cb-63a59e1d3d12), precommit_create {{(pid=87695) _notify_loop /opt/stack/data/venv/lib/python3.12/site-packages/neutron_lib/callbacks/manager.py:184}}
Aug 24 21:47:44.084320 np0000008024 devstack@neutron-api.service[87695]: INFO neutron.db.segments_db [None req-6333a62d-93c5-4598-af7f-deded3f13ee8 admin admin] Added segment cbb062ad-76f6-4d20-81cb-63a59e1d3d12 of type geneve for network 64cc4fb1-2aa3-4885-a1cf-8365e62dbfdf
Aug 24 21:47:44.096988 np0000008024 devstack@neutron-api.service[87696]: DEBUG neutron_lib.callbacks.manager [None req-8dab0949-d9e4-4cb5-95f8-5e7eeacb8026 admin admin] Publish callbacks ['neutron.plugins.ml2.drivers.ovn.mech_driver.mech_driver.OVNMechanismDriver._validate_allowed_address_pairs-515965'] for allowed_address_pair (84271a37-bb6e-45f5-b3b1-7a32e448d18c), before_create {{(pid=87696) _notify_loop /opt/stack/data/venv/lib/python3.12/site-packages/neutron_lib/callbacks/manager.py:184}}
Aug 24 21:47:44.097472 np0000008024 devstack@neutron-api.service[87696]: DEBUG neutron_lib.callbacks.manager [None req-8dab0949-d9e4-4cb5-95f8-5e7eeacb8026 admin admin] Publish callbacks [] for port (84271a37-bb6e-45f5-b3b1-7a32e448d18c), precommit_create {{(pid=87696) _notify_loop /opt/stack/data/venv/lib/python3.12/site-packages/neutron_lib/callbacks/manager.py:184}}
Aug 24 21:47:44.097662 np0000008024 devstack@neutron-api.service[87696]: DEBUG neutron.plugins.ml2.drivers.ovn.mech_driver.mech_driver [None req-8dab0949-d9e4-4cb5-95f8-5e7eeacb8026 admin admin] No provisioning block for port 84271a37-bb6e-45f5-b3b1-7a32e448d18c since it does not have a host {{(pid=87696) _is_port_provisioning_required /opt/stack/neutron/neutron/plugins/ml2/drivers/ovn/mech_driver/mech_driver.py:877}}
Aug 24 21:47:44.097792 np0000008024 devstack@neutron-api.service[87696]: DEBUG neutron.db.ovn_revision_numbers_db [None req-8dab0949-d9e4-4cb5-95f8-5e7eeacb8026 admin admin] create_initial_revision uuid=84271a37-bb6e-45f5-b3b1-7a32e448d18c, type=ports, rev=-1 {{(pid=87696) create_initial_revision /opt/stack/neutron/neutron/db/ovn_revision_numbers_db.py:98}}
Aug 24 21:47:44.103808 np0000008024 devstack@neutron-api.service[87694]: INFO neutron.db.ovn_revision_numbers_db [None req-e1c4eed0-7146-4dce-bc75-4576e79dff8a admin admin] Successfully bumped revision number for resource 17450b95-b232-4937-bf4b-584d8fe24f45 (type: ports) to 1
Aug 24 21:47:44.106169 np0000008024 devstack@neutron-api.service[87695]: DEBUG neutron_lib.callbacks.manager [None req-6333a62d-93c5-4598-af7f-deded3f13ee8 admin admin] Publish callbacks ['neutron.services.auto_allocate.db._ensure_external_network_default_value_callback-8029396638390'] for network (64cc4fb1-2aa3-4885-a1cf-8365e62dbfdf), precommit_create {{(pid=87695) _notify_loop /opt/stack/data/venv/lib/python3.12/site-packages/neutron_lib/callbacks/manager.py:184}}
Aug 24 21:47:44.109349 np0000008024 devstack@neutron-api.service[87694]: DEBUG neutron.pecan_wsgi.hooks.policy_enforcement [None req-e1c4eed0-7146-4dce-bc75-4576e79dff8a admin admin] Attributes excluded by policy engine: ['standard_attr_id'] {{(pid=87694) _exclude_attributes_by_policy /opt/stack/neutron/neutron/pecan_wsgi/hooks/policy_enforcement.py:259}}
Aug 24 21:47:44.109641 np0000008024 devstack@neutron-api.service[87694]: DEBUG neutron_lib.callbacks.manager [None req-e1c4eed0-7146-4dce-bc75-4576e79dff8a admin admin] Publish callbacks [] for network (None), before_response {{(pid=87694) _notify_loop /opt/stack/data/venv/lib/python3.12/site-packages/neutron_lib/callbacks/manager.py:184}}
Aug 24 21:47:44.117602 np0000008024 devstack@neutron-api.service[87694]: [pid: 87694|app: 0|req: 16/44] 10.4.3.127 () {68 vars in 1277 bytes} [Mon Aug 24 21:47:43 2026] POST /networking/v2.0/networks => generated 725 bytes in 809 msecs (HTTP/1.1 201) 4 headers in 162 bytes (1 switches on core 0)
Aug 24 21:47:44.124328 np0000008024 devstack@neutron-api.service[87695]: DEBUG neutron.plugins.ml2.drivers.ovn.mech_driver.mech_driver [None req-6333a62d-93c5-4598-af7f-deded3f13ee8 admin admin] Validating network segment with type geneve, segmentation ID 29686, physical network None {{(pid=87695) _validate_network_segments /opt/stack/neutron/neutron/plugins/ml2/drivers/ovn/mech_driver/mech_driver.py:624}}
Aug 24 21:47:44.124464 np0000008024 devstack@neutron-api.service[87695]: DEBUG neutron.db.ovn_revision_numbers_db [None req-6333a62d-93c5-4598-af7f-deded3f13ee8 admin admin] create_initial_revision uuid=64cc4fb1-2aa3-4885-a1cf-8365e62dbfdf, type=networks, rev=-1 {{(pid=87695) create_initial_revision /opt/stack/neutron/neutron/db/ovn_revision_numbers_db.py:98}}
Aug 24 21:47:44.129527 np0000008024 devstack@neutron-api.service[87695]: DEBUG neutron.db.provisioning_blocks [None req-43c5beb7-0dc6-4f3c-8570-78f817dad22b None None] Transition to ACTIVE for port object 17450b95-b232-4937-bf4b-584d8fe24f45 will not be triggered until provisioned by entity L2. {{(pid=87695) add_provisioning_component /opt/stack/neutron/neutron/db/provisioning_blocks.py:74}}
Aug 24 21:47:44.135593 np0000008024 devstack@neutron-api.service[87695]: DEBUG neutron_lib.callbacks.manager [None req-6333a62d-93c5-4598-af7f-deded3f13ee8 admin admin] Publish callbacks ['neutron.plugins.ml2.ovo_rpc._ObjectChangeHandler.handle_event-2502028'] for network (64cc4fb1-2aa3-4885-a1cf-8365e62dbfdf), after_create {{(pid=87695) _notify_loop /opt/stack/data/venv/lib/python3.12/site-packages/neutron_lib/callbacks/manager.py:184}}
Aug 24 21:47:44.139325 np0000008024 devstack@neutron-api.service[87696]: DEBUG neutron_lib.callbacks.manager [None req-8dab0949-d9e4-4cb5-95f8-5e7eeacb8026 admin admin] Publish callbacks ['neutron.plugins.ml2.ovo_rpc._ObjectChangeHandler.handle_event-4185257'] for port (84271a37-bb6e-45f5-b3b1-7a32e448d18c), after_create {{(pid=87696) _notify_loop /opt/stack/data/venv/lib/python3.12/site-packages/neutron_lib/callbacks/manager.py:184}}
Aug 24 21:47:44.161524 np0000008024 devstack@neutron-api.service[87695]: DEBUG neutron.api.rpc.handlers.resources_rpc [None req-6333a62d-93c5-4598-af7f-deded3f13ee8 admin admin] Pushing event updated for resources: {'Network': ['ID=64cc4fb1-2aa3-4885-a1cf-8365e62dbfdf,revision_number=1']} {{(pid=87695) push /opt/stack/neutron/neutron/api/rpc/handlers/resources_rpc.py:237}}
Aug 24 21:47:44.167624 np0000008024 devstack@neutron-api.service[87695]: DEBUG neutron.plugins.ml2.plugin [None req-43c5beb7-0dc6-4f3c-8570-78f817dad22b None None] Current status of the port 17450b95-b232-4937-bf4b-584d8fe24f45 is: DOWN; New status is: DOWN {{(pid=87695) _update_individual_port_db_status /opt/stack/neutron/neutron/plugins/ml2/plugin.py:2473}}
Aug 24 21:47:44.169356 np0000008024 devstack@neutron-api.service[87695]: DEBUG ovsdbapp.backend.ovs_idl.transaction [None req-5e40dce8-4fc5-4912-963d-66b21d0ca3ef None None] Running txn 81e728cf n=1 command(idx=0): DbRemoveCommand(_result=None, table=Logical_Switch_Port, record=17450b95-b232-4937-bf4b-584d8fe24f45, column=external_ids, values=('neutron:host_id',), keyvalues={}, if_exists=True) {{(pid=87695) do_commit /opt/stack/data/venv/lib/python3.12/site-packages/ovsdbapp/backend/ovs_idl/transaction.py:91}}
Aug 24 21:47:44.170807 np0000008024 devstack@neutron-api.service[87695]: DEBUG ovsdbapp.backend.ovs_idl.transaction [None req-5e40dce8-4fc5-4912-963d-66b21d0ca3ef None None] txn 81e728cf succeeded {{(pid=87695) do_commit /opt/stack/data/venv/lib/python3.12/site-packages/ovsdbapp/backend/ovs_idl/transaction.py:137}}
Aug 24 21:47:44.171432 np0000008024 devstack@neutron-api.service[87695]: DEBUG ovsdbapp.backend.ovs_idl.transaction [None req-5e40dce8-4fc5-4912-963d-66b21d0ca3ef None None] Running txn b7d93457 n=1 command(idx=0): AddNetworkCommand(_result=None, network_uuid=64cc4fb1-2aa3-4885-a1cf-8365e62dbfdf, may_exist=True, columns={'external_ids': {'neutron:network_name': 'tempest-VolumesAdminNegativeTest-1309884131-network', 'neutron:mtu': '1372', 'neutron:revision_number': '1', 'neutron:availability_zone_hints': '', 'neutron:provnet-network-type': 'geneve'}, 'other_config': {'mcast_snoop': 'false', 'mcast_flood_unregistered': 'false', 'vlan-passthru': 'false'}}) {{(pid=87695) do_commit /opt/stack/data/venv/lib/python3.12/site-packages/ovsdbapp/backend/ovs_idl/transaction.py:91}}
Aug 24 21:47:44.173768 np0000008024 devstack@neutron-api.service[87695]: DEBUG ovsdbapp.backend.ovs_idl.transaction [None req-5e40dce8-4fc5-4912-963d-66b21d0ca3ef None None] txn b7d93457 succeeded {{(pid=87695) do_commit /opt/stack/data/venv/lib/python3.12/site-packages/ovsdbapp/backend/ovs_idl/transaction.py:137}}
Aug 24 21:47:44.176827 np0000008024 devstack@neutron-api.service[87694]: DEBUG neutron.plugins.ml2.drivers.ovn.mech_driver.ovsdb.ovsdb_monitor [None req-98f04d48-5735-4bd9-92a6-4b15cbabe689 None None] Hash Ring: Node 00881d835d985a2babfb0d4cd00d110d (host: np0000008024) handling event "create" for row 01c49901-61ae-4ca8-b852-f099a8a6c02d (table: Datapath_Binding) {{(pid=87694) notify /opt/stack/neutron/neutron/plugins/ml2/drivers/ovn/mech_driver/ovsdb/ovsdb_monitor.py:1099}}
Aug 24 21:47:44.180432 np0000008024 devstack@neutron-api.service[87696]: DEBUG neutron.plugins.ml2.drivers.ovn.mech_driver.ovsdb.ovsdb_monitor [None req-eab2bc0d-8da1-4cf4-a619-3ae25da99e83 None None] Hash Ring: Node eef9f49c6fd45203a48ced19b02fcc44 (host: np0000008024) handling event "create" for row 64cc4fb1-2aa3-4885-a1cf-8365e62dbfdf (table: Logical_Switch) {{(pid=87696) notify /opt/stack/neutron/neutron/plugins/ml2/drivers/ovn/mech_driver/ovsdb/ovsdb_monitor.py:1099}}
Aug 24 21:47:44.190035 np0000008024 devstack@neutron-api.service[87695]: INFO neutron.db.ovn_revision_numbers_db [None req-6333a62d-93c5-4598-af7f-deded3f13ee8 admin admin] Successfully bumped revision number for resource 64cc4fb1-2aa3-4885-a1cf-8365e62dbfdf (type: networks) to 1
Aug 24 21:47:44.193989 np0000008024 devstack@neutron-api.service[87696]: DEBUG neutron.api.rpc.handlers.resources_rpc [None req-8dab0949-d9e4-4cb5-95f8-5e7eeacb8026 admin admin] Pushing event updated for resources: {'Port': ['ID=84271a37-bb6e-45f5-b3b1-7a32e448d18c,revision_number=1']} {{(pid=87696) push /opt/stack/neutron/neutron/api/rpc/handlers/resources_rpc.py:237}}
Aug 24 21:47:44.200204 np0000008024 devstack@neutron-api.service[87695]: DEBUG neutron_lib.callbacks.manager [None req-6333a62d-93c5-4598-af7f-deded3f13ee8 admin admin] Publish callbacks ['neutron.plugins.ml2.plugin.SecurityGroupDbMixin._ensure_default_security_group_handler-18203'] for port (None), before_create {{(pid=87695) _notify_loop /opt/stack/data/venv/lib/python3.12/site-packages/neutron_lib/callbacks/manager.py:184}}
Aug 24 21:47:44.223878 np0000008024 devstack@neutron-api.service[87696]: DEBUG neutron.plugins.ml2.drivers.ovn.mech_driver.ovsdb.commands [None req-8dab0949-d9e4-4cb5-95f8-5e7eeacb8026 admin admin] Converting tag [] to a tag_request {{(pid=87696) _tag_column_to_tag_request /opt/stack/neutron/neutron/plugins/ml2/drivers/ovn/mech_driver/ovsdb/commands.py:227}}
Aug 24 21:47:44.224610 np0000008024 devstack@neutron-api.service[87696]: DEBUG ovsdbapp.backend.ovs_idl.transaction [None req-eab2bc0d-8da1-4cf4-a619-3ae25da99e83 None None] Running txn 60cc69cd n=1 command(idx=0): AddLSwitchPortCommand(_result=None, lport=84271a37-bb6e-45f5-b3b1-7a32e448d18c, lswitch=neutron-a47674ee-8e13-4f57-a9f2-3d2cc094e85e, may_exist=True, network_uuid=a47674ee-8e13-4f57-a9f2-3d2cc094e85e, columns={'addresses': ['fa:16:3e:52:0b:45'], 'external_ids': {'neutron:port_name': '', 'neutron:device_id': 'ovnmeta-a47674ee-8e13-4f57-a9f2-3d2cc094e85e', 'neutron:project_id': 'd2beedf5aa5e4805bc5658bfd1a4ddae', 'neutron:cidrs': '', 'neutron:device_owner': 'network:distributed', 'neutron:subnet_pool_addr_scope4': '', 'neutron:subnet_pool_addr_scope6': '', 'neutron:network_name': 'neutron-a47674ee-8e13-4f57-a9f2-3d2cc094e85e', 'neutron:security_group_ids': '', 'neutron:revision_number': '1', 'neutron:vnic_type': 'normal', 'neutron:port_capabilities': '', 'neutron:mtu': '1372'}, 'parent_name': [], 'enabled': True, 'options': {}, 'type': 'localport', 'port_security': [], 'dhcpv4_options': [], 'dhcpv6_options': [], 'tag_request': []}) {{(pid=87696) do_commit /opt/stack/data/venv/lib/python3.12/site-packages/ovsdbapp/backend/ovs_idl/transaction.py:91}}
Aug 24 21:47:44.225088 np0000008024 devstack@neutron-api.service[87696]: DEBUG ovsdbapp.backend.ovs_idl.transaction [None req-eab2bc0d-8da1-4cf4-a619-3ae25da99e83 None None] Running txn 60cc69cd n=1 command(idx=1): QoSDelCommand(_result=None, switch=neutron-a47674ee-8e13-4f57-a9f2-3d2cc094e85e, conditions=[('direction', '=', 'to-lport'), ('priority', '=', 2002), ('match', '=', 'outport == "84271a37-bb6e-45f5-b3b1-7a32e448d18c"')], if_exists=True) {{(pid=87696) do_commit /opt/stack/data/venv/lib/python3.12/site-packages/ovsdbapp/backend/ovs_idl/transaction.py:91}}
Aug 24 21:47:44.225269 np0000008024 devstack@neutron-api.service[87696]: DEBUG ovsdbapp.backend.ovs_idl.transaction [None req-eab2bc0d-8da1-4cf4-a619-3ae25da99e83 None None] Running txn 60cc69cd n=1 command(idx=2): QoSDelCommand(_result=None, switch=neutron-a47674ee-8e13-4f57-a9f2-3d2cc094e85e, conditions=[('direction', '=', 'from-lport'), ('priority', '=', 2002), ('match', '=', 'inport == "84271a37-bb6e-45f5-b3b1-7a32e448d18c"')], if_exists=True) {{(pid=87696) do_commit /opt/stack/data/venv/lib/python3.12/site-packages/ovsdbapp/backend/ovs_idl/transaction.py:91}}
Aug 24 21:47:44.227659 np0000008024 devstack@neutron-api.service[87696]: DEBUG ovsdbapp.backend.ovs_idl.transaction [None req-eab2bc0d-8da1-4cf4-a619-3ae25da99e83 None None] txn 60cc69cd succeeded {{(pid=87696) do_commit /opt/stack/data/venv/lib/python3.12/site-packages/ovsdbapp/backend/ovs_idl/transaction.py:137}}
Aug 24 21:47:44.229594 np0000008024 devstack@neutron-api.service[87695]: DEBUG neutron.plugins.ml2.drivers.ovn.mech_driver.ovsdb.ovsdb_monitor [None req-5e40dce8-4fc5-4912-963d-66b21d0ca3ef None None] Hash Ring: Node 47d2a43550ce5dcb98fe84acf7ac7a23 (host: np0000008024) handling event "create" for row 803ce63c-a407-43bd-b9a1-88b7c897e6b2 (table: Logical_Switch_Port) {{(pid=87695) notify /opt/stack/neutron/neutron/plugins/ml2/drivers/ovn/mech_driver/ovsdb/ovsdb_monitor.py:1099}}
Aug 24 21:47:44.230750 np0000008024 devstack@neutron-api.service[87695]: DEBUG ovsdbapp.backend.ovs_idl.event [None req-5e40dce8-4fc5-4912-963d-66b21d0ca3ef None None] Matched CREATE: LogicalSwitchPortCreateEvent(events=('create',), table='Logical_Switch_Port', conditions=[], old_conditions=None), priority=20 to row=Logical_Switch_Port(uuid=803ce63c-a407-43bd-b9a1-88b7c897e6b2, addresses=['fa:16:3e:52:0b:45'], dhcpv4_options=[], dhcpv6_options=[], dynamic_addresses=[], enabled=True, external_ids={'neutron:cidrs': '', 'neutron:device_id': 'ovnmeta-a47674ee-8e13-4f57-a9f2-3d2cc094e85e', 'neutron:device_owner': 'network:distributed', 'neutron:mtu': '1372', 'neutron:network_name': 'neutron-a47674ee-8e13-4f57-a9f2-3d2cc094e85e', 'neutron:port_capabilities': '', 'neutron:port_name': '', 'neutron:project_id': 'd2beedf5aa5e4805bc5658bfd1a4ddae', 'neutron:revision_number': '1', 'neutron:security_group_ids': '', 'neutron:subnet_pool_addr_scope4': '', 'neutron:subnet_pool_addr_scope6': '', 'neutron:vnic_type': 'normal'}, ha_chassis_group=[], mirror_rules=[], name='84271a37-bb6e-45f5-b3b1-7a32e448d18c', options={}, parent_name=[], port_security=[], tag=[], tag_request=[], type='localport', up=[]) old= {{(pid=87695) matches /opt/stack/data/venv/lib/python3.12/site-packages/ovsdbapp/backend/ovs_idl/event.py:55}}
Aug 24 21:47:44.231746 np0000008024 devstack@neutron-api.service[87695]: INFO neutron.plugins.ml2.drivers.ovn.mech_driver.mech_driver [None req-43c5beb7-0dc6-4f3c-8570-78f817dad22b None None] OVN reports status down for port: 84271a37-bb6e-45f5-b3b1-7a32e448d18c
Aug 24 21:47:44.232143 np0000008024 devstack@neutron-api.service[87694]: DEBUG neutron.plugins.ml2.drivers.ovn.mech_driver.ovsdb.ovsdb_monitor [None req-697caca2-36df-4b0c-8f52-bdd34dfe09fd None None] Hash Ring: Node 00881d835d985a2babfb0d4cd00d110d (host: np0000008024) handling event "update" for row a47674ee-8e13-4f57-a9f2-3d2cc094e85e (table: Logical_Switch) {{(pid=87694) notify /opt/stack/neutron/neutron/plugins/ml2/drivers/ovn/mech_driver/ovsdb/ovsdb_monitor.py:1099}}
Aug 24 21:47:44.234293 np0000008024 devstack@neutron-api.service[87694]: DEBUG neutron.plugins.ml2.drivers.ovn.mech_driver.ovsdb.ovsdb_monitor [None req-98f04d48-5735-4bd9-92a6-4b15cbabe689 None None] Hash Ring: Node 00881d835d985a2babfb0d4cd00d110d (host: np0000008024) handling event "create" for row ff2e4ce0-b78c-47b2-a463-b4d4d995fdf4 (table: Port_Binding) {{(pid=87694) notify /opt/stack/neutron/neutron/plugins/ml2/drivers/ovn/mech_driver/ovsdb/ovsdb_monitor.py:1099}}
Aug 24 21:47:44.237999 np0000008024 devstack@neutron-api.service[87695]: DEBUG neutron.plugins.ml2.drivers.ovn.mech_driver.ovsdb.ovsdb_monitor [None req-5e40dce8-4fc5-4912-963d-66b21d0ca3ef None None] Hash Ring: Node 47d2a43550ce5dcb98fe84acf7ac7a23 (host: np0000008024) handling event "update" for row 803ce63c-a407-43bd-b9a1-88b7c897e6b2 (table: Logical_Switch_Port) {{(pid=87695) notify /opt/stack/neutron/neutron/plugins/ml2/drivers/ovn/mech_driver/ovsdb/ovsdb_monitor.py:1099}}
Aug 24 21:47:44.268551 np0000008024 devstack@neutron-api.service[87696]: INFO neutron.db.ovn_revision_numbers_db [None req-8dab0949-d9e4-4cb5-95f8-5e7eeacb8026 admin admin] Successfully bumped revision number for resource 84271a37-bb6e-45f5-b3b1-7a32e448d18c (type: ports) to 1
Aug 24 21:47:44.274564 np0000008024 devstack@neutron-api.service[87696]: DEBUG neutron.pecan_wsgi.hooks.policy_enforcement [None req-8dab0949-d9e4-4cb5-95f8-5e7eeacb8026 admin admin] Attributes excluded by policy engine: ['standard_attr_id'] {{(pid=87696) _exclude_attributes_by_policy /opt/stack/neutron/neutron/pecan_wsgi/hooks/policy_enforcement.py:259}}
Aug 24 21:47:44.274841 np0000008024 devstack@neutron-api.service[87696]: DEBUG neutron_lib.callbacks.manager [None req-8dab0949-d9e4-4cb5-95f8-5e7eeacb8026 admin admin] Publish callbacks [] for network (None), before_response {{(pid=87696) _notify_loop /opt/stack/data/venv/lib/python3.12/site-packages/neutron_lib/callbacks/manager.py:184}}
Aug 24 21:47:44.283042 np0000008024 devstack@neutron-api.service[87695]: DEBUG neutron_lib.callbacks.manager [None req-6333a62d-93c5-4598-af7f-deded3f13ee8 admin admin] Publish callbacks ['neutron.plugins.ml2.drivers.ovn.mech_driver.mech_driver.OVNMechanismDriver._validate_allowed_address_pairs-460779'] for allowed_address_pair (ac900929-dcf6-42dd-9a94-138839f39155), before_create {{(pid=87695) _notify_loop /opt/stack/data/venv/lib/python3.12/site-packages/neutron_lib/callbacks/manager.py:184}}
Aug 24 21:47:44.283550 np0000008024 devstack@neutron-api.service[87695]: DEBUG neutron_lib.callbacks.manager [None req-6333a62d-93c5-4598-af7f-deded3f13ee8 admin admin] Publish callbacks [] for port (ac900929-dcf6-42dd-9a94-138839f39155), precommit_create {{(pid=87695) _notify_loop /opt/stack/data/venv/lib/python3.12/site-packages/neutron_lib/callbacks/manager.py:184}}
Aug 24 21:47:44.283705 np0000008024 devstack@neutron-api.service[87695]: DEBUG neutron.plugins.ml2.drivers.ovn.mech_driver.mech_driver [None req-6333a62d-93c5-4598-af7f-deded3f13ee8 admin admin] No provisioning block for port ac900929-dcf6-42dd-9a94-138839f39155 since it does not have a host {{(pid=87695) _is_port_provisioning_required /opt/stack/neutron/neutron/plugins/ml2/drivers/ovn/mech_driver/mech_driver.py:877}}
Aug 24 21:47:44.283826 np0000008024 devstack@neutron-api.service[87695]: DEBUG neutron.db.ovn_revision_numbers_db [None req-6333a62d-93c5-4598-af7f-deded3f13ee8 admin admin] create_initial_revision uuid=ac900929-dcf6-42dd-9a94-138839f39155, type=ports, rev=-1 {{(pid=87695) create_initial_revision /opt/stack/neutron/neutron/db/ovn_revision_numbers_db.py:98}}
Aug 24 21:47:44.284096 np0000008024 devstack@neutron-api.service[87696]: [pid: 87696|app: 0|req: 15/45] 10.4.3.127 () {68 vars in 1277 bytes} [Mon Aug 24 21:47:43 2026] POST /networking/v2.0/networks => generated 715 bytes in 934 msecs (HTTP/1.1 201) 4 headers in 162 bytes (1 switches on core 0)
Aug 24 21:47:44.291855 np0000008024 devstack@neutron-api.service[87695]: DEBUG neutron.db.provisioning_blocks [None req-43c5beb7-0dc6-4f3c-8570-78f817dad22b None None] Transition to ACTIVE for port object 84271a37-bb6e-45f5-b3b1-7a32e448d18c will not be triggered until provisioned by entity L2. {{(pid=87695) add_provisioning_component /opt/stack/neutron/neutron/db/provisioning_blocks.py:74}}
Aug 24 21:47:44.292651 np0000008024 devstack@neutron-api.service[87694]: DEBUG neutron.api.v2.base [None req-d1931c8e-c5e0-42c8-8984-8af1628266b2 admin admin] Request body: {'network': {'name': 'tempest-VolumesAssistedSnapshotsTest-1153449183-network', 'project_id': 'ab3a0c85ef394278aa70269524961d42'}} {{(pid=87694) prepare_request_body /opt/stack/neutron/neutron/api/v2/base.py:727}}
Aug 24 21:47:44.304192 np0000008024 devstack@neutron-api.service[87694]: DEBUG neutron.pecan_wsgi.hooks.quota_enforcement [None req-d1931c8e-c5e0-42c8-8984-8af1628266b2 admin admin] Made reservation on behalf of ab3a0c85ef394278aa70269524961d42 for: {'network': 1} {{(pid=87694) before /opt/stack/neutron/neutron/pecan_wsgi/hooks/quota_enforcement.py:66}}
Aug 24 21:47:44.306584 np0000008024 devstack@neutron-api.service[87694]: DEBUG neutron_lib.callbacks.manager [None req-d1931c8e-c5e0-42c8-8984-8af1628266b2 admin admin] Publish callbacks ['neutron.plugins.ml2.plugin.SecurityGroupDbMixin._ensure_default_security_group_handler-171177'] for network (None), before_create {{(pid=87694) _notify_loop /opt/stack/data/venv/lib/python3.12/site-packages/neutron_lib/callbacks/manager.py:184}}
Aug 24 21:47:44.312132 np0000008024 devstack@neutron-api.service[87694]: DEBUG neutron_lib.callbacks.manager [None req-d1931c8e-c5e0-42c8-8984-8af1628266b2 admin admin] Publish callbacks [] for security_group (None), before_create {{(pid=87694) _notify_loop /opt/stack/data/venv/lib/python3.12/site-packages/neutron_lib/callbacks/manager.py:184}}
Aug 24 21:47:44.327058 np0000008024 devstack@neutron-api.service[87695]: DEBUG neutron.plugins.ml2.plugin [None req-43c5beb7-0dc6-4f3c-8570-78f817dad22b None None] Current status of the port 84271a37-bb6e-45f5-b3b1-7a32e448d18c is: DOWN; New status is: DOWN {{(pid=87695) _update_individual_port_db_status /opt/stack/neutron/neutron/plugins/ml2/plugin.py:2473}}
Aug 24 21:47:44.328154 np0000008024 devstack@neutron-api.service[87695]: DEBUG ovsdbapp.backend.ovs_idl.transaction [None req-5e40dce8-4fc5-4912-963d-66b21d0ca3ef None None] Running txn cb465260 n=1 command(idx=0): DbRemoveCommand(_result=None, table=Logical_Switch_Port, record=84271a37-bb6e-45f5-b3b1-7a32e448d18c, column=external_ids, values=('neutron:host_id',), keyvalues={}, if_exists=True) {{(pid=87695) do_commit /opt/stack/data/venv/lib/python3.12/site-packages/ovsdbapp/backend/ovs_idl/transaction.py:91}}
Aug 24 21:47:44.330226 np0000008024 devstack@neutron-api.service[87695]: DEBUG ovsdbapp.backend.ovs_idl.transaction [None req-5e40dce8-4fc5-4912-963d-66b21d0ca3ef None None] txn cb465260 succeeded {{(pid=87695) do_commit /opt/stack/data/venv/lib/python3.12/site-packages/ovsdbapp/backend/ovs_idl/transaction.py:137}}
Aug 24 21:47:44.332752 np0000008024 devstack@neutron-api.service[87695]: DEBUG neutron_lib.callbacks.manager [None req-6333a62d-93c5-4598-af7f-deded3f13ee8 admin admin] Publish callbacks ['neutron.plugins.ml2.ovo_rpc._ObjectChangeHandler.handle_event-2502075'] for port (ac900929-dcf6-42dd-9a94-138839f39155), after_create {{(pid=87695) _notify_loop /opt/stack/data/venv/lib/python3.12/site-packages/neutron_lib/callbacks/manager.py:184}}
Aug 24 21:47:44.358190 np0000008024 devstack@neutron-api.service[87694]: DEBUG neutron_lib.callbacks.manager [None req-d1931c8e-c5e0-42c8-8984-8af1628266b2 admin admin] Publish callbacks ['neutron.plugins.ml2.drivers.ovn.mech_driver.mech_driver.OVNMechanismDriver._create_security_group_precommit-155583'] for security_group (52e28ea9-3eac-49bf-afdb-95d2a9779b90), precommit_create {{(pid=87694) _notify_loop /opt/stack/data/venv/lib/python3.12/site-packages/neutron_lib/callbacks/manager.py:184}}
Aug 24 21:47:44.358382 np0000008024 devstack@neutron-api.service[87694]: DEBUG neutron.db.ovn_revision_numbers_db [None req-d1931c8e-c5e0-42c8-8984-8af1628266b2 admin admin] create_initial_revision uuid=52e28ea9-3eac-49bf-afdb-95d2a9779b90, type=security_groups, rev=-1 {{(pid=87694) create_initial_revision /opt/stack/neutron/neutron/db/ovn_revision_numbers_db.py:98}}
Aug 24 21:47:44.359321 np0000008024 devstack@neutron-api.service[87694]: DEBUG neutron.db.ovn_revision_numbers_db [None req-d1931c8e-c5e0-42c8-8984-8af1628266b2 admin admin] create_initial_revision uuid=57ea7849-286c-4d83-9840-65c2b1d5530a, type=security_group_rules, rev=-1 {{(pid=87694) create_initial_revision /opt/stack/neutron/neutron/db/ovn_revision_numbers_db.py:98}}
Aug 24 21:47:44.359697 np0000008024 devstack@neutron-api.service[87695]: DEBUG neutron.api.rpc.handlers.resources_rpc [None req-6333a62d-93c5-4598-af7f-deded3f13ee8 admin admin] Pushing event updated for resources: {'Port': ['ID=ac900929-dcf6-42dd-9a94-138839f39155,revision_number=1']} {{(pid=87695) push /opt/stack/neutron/neutron/api/rpc/handlers/resources_rpc.py:237}}
Aug 24 21:47:44.360180 np0000008024 devstack@neutron-api.service[87694]: DEBUG neutron.db.ovn_revision_numbers_db [None req-d1931c8e-c5e0-42c8-8984-8af1628266b2 admin admin] create_initial_revision uuid=616c875e-4b85-49fe-b6fb-a27e210f5107, type=security_group_rules, rev=-1 {{(pid=87694) create_initial_revision /opt/stack/neutron/neutron/db/ovn_revision_numbers_db.py:98}}
Aug 24 21:47:44.361007 np0000008024 devstack@neutron-api.service[87694]: DEBUG neutron.db.ovn_revision_numbers_db [None req-d1931c8e-c5e0-42c8-8984-8af1628266b2 admin admin] create_initial_revision uuid=7da31ef9-27b4-42b7-b859-5792ba0fd7f3, type=security_group_rules, rev=-1 {{(pid=87694) create_initial_revision /opt/stack/neutron/neutron/db/ovn_revision_numbers_db.py:98}}
Aug 24 21:47:44.361829 np0000008024 devstack@neutron-api.service[87694]: DEBUG neutron.db.ovn_revision_numbers_db [None req-d1931c8e-c5e0-42c8-8984-8af1628266b2 admin admin] create_initial_revision uuid=f9dc3794-878f-451e-bf4f-90a1aee76d4e, type=security_group_rules, rev=-1 {{(pid=87694) create_initial_revision /opt/stack/neutron/neutron/db/ovn_revision_numbers_db.py:98}}
Aug 24 21:47:44.365061 np0000008024 devstack@neutron-api.service[87695]: DEBUG neutron.plugins.ml2.drivers.ovn.mech_driver.ovsdb.commands [None req-6333a62d-93c5-4598-af7f-deded3f13ee8 admin admin] Converting tag [] to a tag_request {{(pid=87695) _tag_column_to_tag_request /opt/stack/neutron/neutron/plugins/ml2/drivers/ovn/mech_driver/ovsdb/commands.py:227}}
Aug 24 21:47:44.365192 np0000008024 devstack@neutron-api.service[87694]: DEBUG neutron_lib.callbacks.manager [None req-d1931c8e-c5e0-42c8-8984-8af1628266b2 admin admin] Publish callbacks ['neutron.plugins.ml2.drivers.ovn.mech_driver.mech_driver.OVNMechanismDriver._create_security_group-155553', 'neutron.plugins.ml2.ovo_rpc._ObjectChangeHandler.handle_event-2587917'] for security_group (52e28ea9-3eac-49bf-afdb-95d2a9779b90), after_create {{(pid=87694) _notify_loop /opt/stack/data/venv/lib/python3.12/site-packages/neutron_lib/callbacks/manager.py:184}}
Aug 24 21:47:44.365703 np0000008024 devstack@neutron-api.service[87695]: DEBUG ovsdbapp.backend.ovs_idl.transaction [None req-5e40dce8-4fc5-4912-963d-66b21d0ca3ef None None] Running txn ef4387b9 n=1 command(idx=0): AddLSwitchPortCommand(_result=None, lport=ac900929-dcf6-42dd-9a94-138839f39155, lswitch=neutron-64cc4fb1-2aa3-4885-a1cf-8365e62dbfdf, may_exist=True, network_uuid=64cc4fb1-2aa3-4885-a1cf-8365e62dbfdf, columns={'addresses': ['fa:16:3e:a3:e1:e3'], 'external_ids': {'neutron:port_name': '', 'neutron:device_id': 'ovnmeta-64cc4fb1-2aa3-4885-a1cf-8365e62dbfdf', 'neutron:project_id': '8eb741f5f53b498a9a614ae0abefee1d', 'neutron:cidrs': '', 'neutron:device_owner': 'network:distributed', 'neutron:subnet_pool_addr_scope4': '', 'neutron:subnet_pool_addr_scope6': '', 'neutron:network_name': 'neutron-64cc4fb1-2aa3-4885-a1cf-8365e62dbfdf', 'neutron:security_group_ids': '', 'neutron:revision_number': '1', 'neutron:vnic_type': 'normal', 'neutron:port_capabilities': '', 'neutron:mtu': '1372'}, 'parent_name': [], 'enabled': True, 'options': {}, 'type': 'localport', 'port_security': [], 'dhcpv4_options': [], 'dhcpv6_options': [], 'tag_request': []}) {{(pid=87695) do_commit /opt/stack/data/venv/lib/python3.12/site-packages/ovsdbapp/backend/ovs_idl/transaction.py:91}}
Aug 24 21:47:44.365864 np0000008024 devstack@neutron-api.service[87694]: DEBUG ovsdbapp.backend.ovs_idl.transaction [None req-697caca2-36df-4b0c-8f52-bdd34dfe09fd None None] Running txn f56f31c2 n=1 command(idx=0): PgAddCommand(_result=None, name=pg_52e28ea9_3eac_49bf_afdb_95d2a9779b90, may_exist=False, columns={'acls': [], 'external_ids': {'neutron:security_group_id': '52e28ea9-3eac-49bf-afdb-95d2a9779b90'}}) {{(pid=87694) do_commit /opt/stack/data/venv/lib/python3.12/site-packages/ovsdbapp/backend/ovs_idl/transaction.py:91}}
Aug 24 21:47:44.366081 np0000008024 devstack@neutron-api.service[87694]: DEBUG ovsdbapp.backend.ovs_idl.transaction [None req-697caca2-36df-4b0c-8f52-bdd34dfe09fd None None] Running txn f56f31c2 n=1 command(idx=1): PgAclAddCommand(_result=None, entity=pg_52e28ea9_3eac_49bf_afdb_95d2a9779b90, direction=from-lport, priority=1002, match=inport == @pg_52e28ea9_3eac_49bf_afdb_95d2a9779b90 && ip6, action=allow-related, log=False, may_exist=True, severity=[], name=[], meter=[], external_ids={'neutron:security_group_rule_id': '57ea7849-286c-4d83-9840-65c2b1d5530a'}) {{(pid=87694) do_commit /opt/stack/data/venv/lib/python3.12/site-packages/ovsdbapp/backend/ovs_idl/transaction.py:91}}
Aug 24 21:47:44.366214 np0000008024 devstack@neutron-api.service[87695]: DEBUG ovsdbapp.backend.ovs_idl.transaction [None req-5e40dce8-4fc5-4912-963d-66b21d0ca3ef None None] Running txn ef4387b9 n=1 command(idx=1): QoSDelCommand(_result=None, switch=neutron-64cc4fb1-2aa3-4885-a1cf-8365e62dbfdf, conditions=[('direction', '=', 'to-lport'), ('priority', '=', 2002), ('match', '=', 'outport == "ac900929-dcf6-42dd-9a94-138839f39155"')], if_exists=True) {{(pid=87695) do_commit /opt/stack/data/venv/lib/python3.12/site-packages/ovsdbapp/backend/ovs_idl/transaction.py:91}}
Aug 24 21:47:44.366339 np0000008024 devstack@neutron-api.service[87694]: DEBUG ovsdbapp.backend.ovs_idl.transaction [None req-697caca2-36df-4b0c-8f52-bdd34dfe09fd None None] Running txn f56f31c2 n=1 command(idx=2): PgAclAddCommand(_result=None, entity=pg_52e28ea9_3eac_49bf_afdb_95d2a9779b90, direction=from-lport, priority=1002, match=inport == @pg_52e28ea9_3eac_49bf_afdb_95d2a9779b90 && ip4, action=allow-related, log=False, may_exist=True, severity=[], name=[], meter=[], external_ids={'neutron:security_group_rule_id': '616c875e-4b85-49fe-b6fb-a27e210f5107'}) {{(pid=87694) do_commit /opt/stack/data/venv/lib/python3.12/site-packages/ovsdbapp/backend/ovs_idl/transaction.py:91}}
Aug 24 21:47:44.366413 np0000008024 devstack@neutron-api.service[87695]: DEBUG ovsdbapp.backend.ovs_idl.transaction [None req-5e40dce8-4fc5-4912-963d-66b21d0ca3ef None None] Running txn ef4387b9 n=1 command(idx=2): QoSDelCommand(_result=None, switch=neutron-64cc4fb1-2aa3-4885-a1cf-8365e62dbfdf, conditions=[('direction', '=', 'from-lport'), ('priority', '=', 2002), ('match', '=', 'inport == "ac900929-dcf6-42dd-9a94-138839f39155"')], if_exists=True) {{(pid=87695) do_commit /opt/stack/data/venv/lib/python3.12/site-packages/ovsdbapp/backend/ovs_idl/transaction.py:91}}
Aug 24 21:47:44.366566 np0000008024 devstack@neutron-api.service[87694]: DEBUG ovsdbapp.backend.ovs_idl.transaction [None req-697caca2-36df-4b0c-8f52-bdd34dfe09fd None None] Running txn f56f31c2 n=1 command(idx=3): PgAclAddCommand(_result=None, entity=pg_52e28ea9_3eac_49bf_afdb_95d2a9779b90, direction=to-lport, priority=1002, match=outport == @pg_52e28ea9_3eac_49bf_afdb_95d2a9779b90 && ip4 && ip4.src == $pg_52e28ea9_3eac_49bf_afdb_95d2a9779b90_ip4, action=allow-related, log=False, may_exist=True, severity=[], name=[], meter=[], external_ids={'neutron:security_group_rule_id': '7da31ef9-27b4-42b7-b859-5792ba0fd7f3'}) {{(pid=87694) do_commit /opt/stack/data/venv/lib/python3.12/site-packages/ovsdbapp/backend/ovs_idl/transaction.py:91}}
Aug 24 21:47:44.366774 np0000008024 devstack@neutron-api.service[87694]: DEBUG ovsdbapp.backend.ovs_idl.transaction [None req-697caca2-36df-4b0c-8f52-bdd34dfe09fd None None] Running txn f56f31c2 n=1 command(idx=4): PgAclAddCommand(_result=None, entity=pg_52e28ea9_3eac_49bf_afdb_95d2a9779b90, direction=to-lport, priority=1002, match=outport == @pg_52e28ea9_3eac_49bf_afdb_95d2a9779b90 && ip6 && ip6.src == $pg_52e28ea9_3eac_49bf_afdb_95d2a9779b90_ip6, action=allow-related, log=False, may_exist=True, severity=[], name=[], meter=[], external_ids={'neutron:security_group_rule_id': 'f9dc3794-878f-451e-bf4f-90a1aee76d4e'}) {{(pid=87694) do_commit /opt/stack/data/venv/lib/python3.12/site-packages/ovsdbapp/backend/ovs_idl/transaction.py:91}}
Aug 24 21:47:44.368702 np0000008024 devstack@neutron-api.service[87695]: DEBUG ovsdbapp.backend.ovs_idl.transaction [None req-5e40dce8-4fc5-4912-963d-66b21d0ca3ef None None] txn ef4387b9 succeeded {{(pid=87695) do_commit /opt/stack/data/venv/lib/python3.12/site-packages/ovsdbapp/backend/ovs_idl/transaction.py:137}}
Aug 24 21:47:44.372244 np0000008024 devstack@neutron-api.service[87696]: DEBUG neutron.plugins.ml2.drivers.ovn.mech_driver.ovsdb.ovsdb_monitor [None req-eab2bc0d-8da1-4cf4-a619-3ae25da99e83 None None] Hash Ring: Node eef9f49c6fd45203a48ced19b02fcc44 (host: np0000008024) handling event "create" for row d30b9606-e0c5-49bb-8813-41dc1d91275c (table: ACL) {{(pid=87696) notify /opt/stack/neutron/neutron/plugins/ml2/drivers/ovn/mech_driver/ovsdb/ovsdb_monitor.py:1099}}
Aug 24 21:47:44.372630 np0000008024 devstack@neutron-api.service[87696]: DEBUG neutron.plugins.ml2.drivers.ovn.mech_driver.ovsdb.ovsdb_monitor [None req-eab2bc0d-8da1-4cf4-a619-3ae25da99e83 None None] Hash Ring: Node eef9f49c6fd45203a48ced19b02fcc44 (host: np0000008024) handling event "create" for row e6fe56b1-7abf-4799-b8d7-99f295a15ef2 (table: ACL) {{(pid=87696) notify /opt/stack/neutron/neutron/plugins/ml2/drivers/ovn/mech_driver/ovsdb/ovsdb_monitor.py:1099}}
Aug 24 21:47:44.372630 np0000008024 devstack@neutron-api.service[87696]: DEBUG neutron.plugins.ml2.drivers.ovn.mech_driver.ovsdb.ovsdb_monitor [None req-eab2bc0d-8da1-4cf4-a619-3ae25da99e83 None None] Hash Ring: Node eef9f49c6fd45203a48ced19b02fcc44 (host: np0000008024) handling event "update" for row 64cc4fb1-2aa3-4885-a1cf-8365e62dbfdf (table: Logical_Switch) {{(pid=87696) notify /opt/stack/neutron/neutron/plugins/ml2/drivers/ovn/mech_driver/ovsdb/ovsdb_monitor.py:1099}}
Aug 24 21:47:44.372957 np0000008024 devstack@neutron-api.service[87696]: DEBUG neutron.plugins.ml2.drivers.ovn.mech_driver.ovsdb.ovsdb_monitor [None req-eab2bc0d-8da1-4cf4-a619-3ae25da99e83 None None] Hash Ring: Node eef9f49c6fd45203a48ced19b02fcc44 (host: np0000008024) handling event "create" for row 8b6575f6-ba38-4e0e-a0d7-f4fc12fae86a (table: Logical_Switch_Port) {{(pid=87696) notify /opt/stack/neutron/neutron/plugins/ml2/drivers/ovn/mech_driver/ovsdb/ovsdb_monitor.py:1099}}
