Jun 09 16:59:41.718161 np0000002465 nova-scheduler[95669]: DEBUG cotyledon.oslo_config_glue [-] oslo_limit.connect_retry_delay = None {{(pid=95669) log_opt_values /opt/stack/data/venv/lib/python3.12/site-packages/oslo_config/cfg.py:3256}}
Jun 09 16:59:41.718417 np0000002465 nova-scheduler[95669]: DEBUG cotyledon.oslo_config_glue [-] oslo_limit.endpoint_id = None {{(pid=95669) log_opt_values /opt/stack/data/venv/lib/python3.12/site-packages/oslo_config/cfg.py:3256}}
Jun 09 16:59:41.718417 np0000002465 nova-scheduler[95669]: DEBUG cotyledon.oslo_config_glue [-] oslo_limit.endpoint_interface = public {{(pid=95669) log_opt_values /opt/stack/data/venv/lib/python3.12/site-packages/oslo_config/cfg.py:3256}}
Jun 09 16:59:41.718417 np0000002465 nova-scheduler[95669]: DEBUG cotyledon.oslo_config_glue [-] oslo_limit.endpoint_override = None {{(pid=95669) log_opt_values /opt/stack/data/venv/lib/python3.12/site-packages/oslo_config/cfg.py:3256}}
Jun 09 16:59:41.718417 np0000002465 nova-scheduler[95669]: DEBUG cotyledon.oslo_config_glue [-] oslo_limit.endpoint_region_name = None {{(pid=95669) log_opt_values /opt/stack/data/venv/lib/python3.12/site-packages/oslo_config/cfg.py:3256}}
Jun 09 16:59:41.718417 np0000002465 nova-scheduler[95669]: DEBUG cotyledon.oslo_config_glue [-] oslo_limit.endpoint_service_name = None {{(pid=95669) log_opt_values /opt/stack/data/venv/lib/python3.12/site-packages/oslo_config/cfg.py:3256}}
Jun 09 16:59:41.718417 np0000002465 nova-scheduler[95669]: DEBUG cotyledon.oslo_config_glue [-] oslo_limit.endpoint_service_type = None {{(pid=95669) log_opt_values /opt/stack/data/venv/lib/python3.12/site-packages/oslo_config/cfg.py:3256}}
Jun 09 16:59:41.718417 np0000002465 nova-scheduler[95669]: DEBUG cotyledon.oslo_config_glue [-] oslo_limit.insecure = False {{(pid=95669) log_opt_values /opt/stack/data/venv/lib/python3.12/site-packages/oslo_config/cfg.py:3256}}
Jun 09 16:59:41.718417 np0000002465 nova-scheduler[95669]: DEBUG cotyledon.oslo_config_glue [-] oslo_limit.keyfile = None {{(pid=95669) log_opt_values /opt/stack/data/venv/lib/python3.12/site-packages/oslo_config/cfg.py:3256}}
Jun 09 16:59:41.718417 np0000002465 nova-scheduler[95669]: DEBUG cotyledon.oslo_config_glue [-] oslo_limit.max_version = None {{(pid=95669) log_opt_values /opt/stack/data/venv/lib/python3.12/site-packages/oslo_config/cfg.py:3256}}
Jun 09 16:59:41.718632 np0000002465 nova-scheduler[95669]: DEBUG cotyledon.oslo_config_glue [-] oslo_limit.min_version = None {{(pid=95669) log_opt_values /opt/stack/data/venv/lib/python3.12/site-packages/oslo_config/cfg.py:3256}}
Jun 09 16:59:41.718632 np0000002465 nova-scheduler[95669]: DEBUG cotyledon.oslo_config_glue [-] oslo_limit.region_name = None {{(pid=95669) log_opt_values /opt/stack/data/venv/lib/python3.12/site-packages/oslo_config/cfg.py:3256}}
Jun 09 16:59:41.718632 np0000002465 nova-scheduler[95669]: DEBUG cotyledon.oslo_config_glue [-] oslo_limit.retriable_status_codes = None {{(pid=95669) log_opt_values /opt/stack/data/venv/lib/python3.12/site-packages/oslo_config/cfg.py:3256}}
Jun 09 16:59:41.718632 np0000002465 nova-scheduler[95669]: DEBUG cotyledon.oslo_config_glue [-] oslo_limit.service_name = None {{(pid=95669) log_opt_values /opt/stack/data/venv/lib/python3.12/site-packages/oslo_config/cfg.py:3256}}
Jun 09 16:59:41.718632 np0000002465 nova-scheduler[95669]: DEBUG cotyledon.oslo_config_glue [-] oslo_limit.service_type = None {{(pid=95669) log_opt_values /opt/stack/data/venv/lib/python3.12/site-packages/oslo_config/cfg.py:3256}}
Jun 09 16:59:41.718632 np0000002465 nova-scheduler[95669]: DEBUG cotyledon.oslo_config_glue [-] oslo_limit.split_loggers = False {{(pid=95669) log_opt_values /opt/stack/data/venv/lib/python3.12/site-packages/oslo_config/cfg.py:3256}}
Jun 09 16:59:41.718632 np0000002465 nova-scheduler[95669]: DEBUG cotyledon.oslo_config_glue [-] oslo_limit.status_code_retries = None {{(pid=95669) log_opt_values /opt/stack/data/venv/lib/python3.12/site-packages/oslo_config/cfg.py:3256}}
Jun 09 16:59:41.718632 np0000002465 nova-scheduler[95669]: DEBUG cotyledon.oslo_config_glue [-] oslo_limit.status_code_retry_delay = None {{(pid=95669) log_opt_values /opt/stack/data/venv/lib/python3.12/site-packages/oslo_config/cfg.py:3256}}
Jun 09 16:59:41.718632 np0000002465 nova-scheduler[95669]: DEBUG cotyledon.oslo_config_glue [-] oslo_limit.timeout = None {{(pid=95669) log_opt_values /opt/stack/data/venv/lib/python3.12/site-packages/oslo_config/cfg.py:3256}}
Jun 09 16:59:41.718804 np0000002465 nova-scheduler[95669]: DEBUG cotyledon.oslo_config_glue [-] oslo_limit.valid_interfaces = None {{(pid=95669) log_opt_values /opt/stack/data/venv/lib/python3.12/site-packages/oslo_config/cfg.py:3256}}
Jun 09 16:59:41.718804 np0000002465 nova-scheduler[95669]: DEBUG cotyledon.oslo_config_glue [-] oslo_limit.version = None {{(pid=95669) log_opt_values /opt/stack/data/venv/lib/python3.12/site-packages/oslo_config/cfg.py:3256}}
Jun 09 16:59:41.718804 np0000002465 nova-scheduler[95669]: DEBUG cotyledon.oslo_config_glue [-] oslo_reports.file_event_handler = None {{(pid=95669) log_opt_values /opt/stack/data/venv/lib/python3.12/site-packages/oslo_config/cfg.py:3256}}
Jun 09 16:59:41.718804 np0000002465 nova-scheduler[95669]: DEBUG cotyledon.oslo_config_glue [-] oslo_reports.file_event_handler_interval = 1 {{(pid=95669) log_opt_values /opt/stack/data/venv/lib/python3.12/site-packages/oslo_config/cfg.py:3256}}
Jun 09 16:59:41.718804 np0000002465 nova-scheduler[95669]: DEBUG cotyledon.oslo_config_glue [-] oslo_reports.log_dir = None {{(pid=95669) log_opt_values /opt/stack/data/venv/lib/python3.12/site-packages/oslo_config/cfg.py:3256}}
Jun 09 16:59:41.718804 np0000002465 nova-scheduler[95669]: DEBUG cotyledon.oslo_config_glue [-] ******************************************************************************** {{(pid=95669) log_opt_values /opt/stack/data/venv/lib/python3.12/site-packages/oslo_config/cfg.py:3263}}
Jun 09 16:59:41.718804 np0000002465 nova-scheduler[95669]: DEBUG cotyledon._service_worker [-] Run service ServiceWrapper(2) [95669] {{(pid=95669) wait_forever /opt/stack/data/venv/lib/python3.12/site-packages/cotyledon/_service_worker.py:218}}
Jun 09 16:59:41.718804 np0000002465 nova-scheduler[95669]: INFO nova.service [-] Starting scheduler node (version 33.1.0)
Jun 09 16:59:41.718804 np0000002465 nova-scheduler[95669]: INFO dbcounter [None req-86c71db4-16db-4588-b46e-6b78bf0c0a67 None None] Registered counter for database nova_cell0
Jun 09 16:59:41.732486 np0000002465 nova-scheduler[95665]: DEBUG oslo_db.sqlalchemy.engines [None req-678e0b60-2652-452b-b0b3-5cc7fc4904d8 None None] MySQL server mode set to STRICT_TRANS_TABLES,STRICT_ALL_TABLES,NO_ZERO_IN_DATE,NO_ZERO_DATE,ERROR_FOR_DIVISION_BY_ZERO,TRADITIONAL,NO_ENGINE_SUBSTITUTION {{(pid=95665) _check_effective_sql_mode /opt/stack/data/venv/lib/python3.12/site-packages/oslo_db/sqlalchemy/engines.py:325}}
Jun 09 16:59:41.737197 np0000002465 nova-scheduler[95669]: DEBUG oslo_db.sqlalchemy.engines [None req-86c71db4-16db-4588-b46e-6b78bf0c0a67 None None] MySQL server mode set to STRICT_TRANS_TABLES,STRICT_ALL_TABLES,NO_ZERO_IN_DATE,NO_ZERO_DATE,ERROR_FOR_DIVISION_BY_ZERO,TRADITIONAL,NO_ENGINE_SUBSTITUTION {{(pid=95669) _check_effective_sql_mode /opt/stack/data/venv/lib/python3.12/site-packages/oslo_db/sqlalchemy/engines.py:325}}
Jun 09 16:59:41.744774 np0000002465 nova-scheduler[95665]: DEBUG dbcounter [-] [95665] Writer thread running {{(pid=95665) stat_writer /opt/stack/data/venv/lib/python3.12/site-packages/dbcounter.py:102}}
Jun 09 16:59:41.746127 np0000002465 nova-scheduler[95667]: DEBUG oslo_db.sqlalchemy.engines [None req-d78342d8-cd77-4c8f-9b8b-249652a2c821 None None] MySQL server mode set to STRICT_TRANS_TABLES,STRICT_ALL_TABLES,NO_ZERO_IN_DATE,NO_ZERO_DATE,ERROR_FOR_DIVISION_BY_ZERO,TRADITIONAL,NO_ENGINE_SUBSTITUTION {{(pid=95667) _check_effective_sql_mode /opt/stack/data/venv/lib/python3.12/site-packages/oslo_db/sqlalchemy/engines.py:325}}
Jun 09 16:59:41.746215 np0000002465 nova-scheduler[95669]: DEBUG dbcounter [-] [95669] Writer thread running {{(pid=95669) stat_writer /opt/stack/data/venv/lib/python3.12/site-packages/dbcounter.py:102}}
Jun 09 16:59:41.756654 np0000002465 nova-scheduler[95667]: DEBUG dbcounter [-] [95667] Writer thread running {{(pid=95667) stat_writer /opt/stack/data/venv/lib/python3.12/site-packages/dbcounter.py:102}}
Jun 09 16:59:41.761511 np0000002465 nova-scheduler[95669]: DEBUG nova.service [None req-86c71db4-16db-4588-b46e-6b78bf0c0a67 None None] Creating RPC server for service: nova-scheduler on topic: scheduler {{(pid=95669) start /opt/stack/nova/nova/service.py:195}}
Jun 09 16:59:41.768095 np0000002465 nova-scheduler[95665]: DEBUG nova.service [None req-678e0b60-2652-452b-b0b3-5cc7fc4904d8 None None] Creating RPC server for service: nova-scheduler on topic: scheduler {{(pid=95665) start /opt/stack/nova/nova/service.py:195}}
Jun 09 16:59:41.775685 np0000002465 nova-scheduler[95667]: DEBUG nova.service [None req-d78342d8-cd77-4c8f-9b8b-249652a2c821 None None] Creating RPC server for service: nova-scheduler on topic: scheduler {{(pid=95667) start /opt/stack/nova/nova/service.py:195}}
Jun 09 16:59:41.803205 np0000002465 nova-scheduler[95669]: DEBUG nova.service [None req-86c71db4-16db-4588-b46e-6b78bf0c0a67 None None] Join ServiceGroup membership for this service scheduler {{(pid=95669) start /opt/stack/nova/nova/service.py:221}}
Jun 09 16:59:41.803205 np0000002465 nova-scheduler[95669]: DEBUG nova.servicegroup.drivers.db [None req-86c71db4-16db-4588-b46e-6b78bf0c0a67 None None] DB_Driver: join new ServiceGroup member np0000002465 to the scheduler group, service = {{(pid=95669) join /opt/stack/nova/nova/servicegroup/drivers/db.py:44}}
Jun 09 16:59:41.808069 np0000002465 nova-scheduler[95667]: DEBUG nova.service [None req-d78342d8-cd77-4c8f-9b8b-249652a2c821 None None] Join ServiceGroup membership for this service scheduler {{(pid=95667) start /opt/stack/nova/nova/service.py:221}}
Jun 09 16:59:41.808426 np0000002465 nova-scheduler[95667]: DEBUG nova.servicegroup.drivers.db [None req-d78342d8-cd77-4c8f-9b8b-249652a2c821 None None] DB_Driver: join new ServiceGroup member np0000002465 to the scheduler group, service = {{(pid=95667) join /opt/stack/nova/nova/servicegroup/drivers/db.py:44}}
Jun 09 16:59:41.808645 np0000002465 nova-scheduler[95665]: DEBUG nova.service [None req-678e0b60-2652-452b-b0b3-5cc7fc4904d8 None None] Join ServiceGroup membership for this service scheduler {{(pid=95665) start /opt/stack/nova/nova/service.py:221}}
Jun 09 16:59:41.809175 np0000002465 nova-scheduler[95665]: DEBUG nova.servicegroup.drivers.db [None req-678e0b60-2652-452b-b0b3-5cc7fc4904d8 None None] DB_Driver: join new ServiceGroup member np0000002465 to the scheduler group, service = {{(pid=95665) join /opt/stack/nova/nova/servicegroup/drivers/db.py:44}}
Jun 09 16:59:46.821963 np0000002465 nova-scheduler[95669]: DEBUG oslo.service.backend._threading.loopingcall [-] Fixed interval looping call 'nova.servicegroup.drivers.db.DbDriver._report_state' sleeping for 119.98 seconds {{(pid=95669) _run_loop /opt/stack/data/venv/lib/python3.12/site-packages/oslo_service/backend/_threading/loopingcall.py:125}}
Jun 09 16:59:46.823551 np0000002465 nova-scheduler[95667]: DEBUG oslo.service.backend._threading.loopingcall [-] Fixed interval looping call 'nova.servicegroup.drivers.db.DbDriver._report_state' sleeping for 119.99 seconds {{(pid=95667) _run_loop /opt/stack/data/venv/lib/python3.12/site-packages/oslo_service/backend/_threading/loopingcall.py:125}}
Jun 09 16:59:46.824785 np0000002465 nova-scheduler[95665]: DEBUG oslo.service.backend._threading.loopingcall [-] Fixed interval looping call 'nova.servicegroup.drivers.db.DbDriver._report_state' sleeping for 119.99 seconds {{(pid=95665) _run_loop /opt/stack/data/venv/lib/python3.12/site-packages/oslo_service/backend/_threading/loopingcall.py:125}}
Jun 09 16:59:50.299101 np0000002465 nova-scheduler[94473]: DEBUG dbcounter [-] [94473] Writing DB stats nova_api:SELECT=3 {{(pid=94473) stat_writer /opt/stack/data/venv/lib/python3.12/site-packages/dbcounter.py:115}}
Jun 09 16:59:50.438648 np0000002465 nova-scheduler[94473]: DEBUG dbcounter [-] [94473] Writing DB stats nova_cell0:SELECT=1 {{(pid=94473) stat_writer /opt/stack/data/venv/lib/python3.12/site-packages/dbcounter.py:115}}
Jun 09 16:59:50.443953 np0000002465 nova-scheduler[94473]: DEBUG dbcounter [-] [94473] Writing DB stats nova_cell1:SELECT=1 {{(pid=94473) stat_writer /opt/stack/data/venv/lib/python3.12/site-packages/dbcounter.py:115}}
Jun 09 16:59:56.813557 np0000002465 nova-scheduler[95669]: DEBUG dbcounter [-] [95669] Writing DB stats nova_cell0:SELECT=4,nova_cell0:INSERT=1,nova_cell0:UPDATE=1 {{(pid=95669) stat_writer /opt/stack/data/venv/lib/python3.12/site-packages/dbcounter.py:115}}
Jun 09 16:59:56.818922 np0000002465 nova-scheduler[95665]: DEBUG dbcounter [-] [95665] Writing DB stats nova_cell0:SELECT=5,nova_cell0:INSERT=1,nova_cell0:UPDATE=1 {{(pid=95665) stat_writer /opt/stack/data/venv/lib/python3.12/site-packages/dbcounter.py:115}}
Jun 09 16:59:56.822923 np0000002465 nova-scheduler[95667]: DEBUG dbcounter [-] [95667] Writing DB stats nova_cell0:SELECT=4,nova_cell0:INSERT=1,nova_cell0:UPDATE=1 {{(pid=95667) stat_writer /opt/stack/data/venv/lib/python3.12/site-packages/dbcounter.py:115}}
Jun 09 16:59:57.811849 np0000002465 nova-scheduler[95665]: DEBUG oslo.service.backend._threading.loopingcall [None req-74f72240-4fa2-4bac-9a96-943ffd9dda8b None None] Dynamic interval looping call 'nova.service.Service.periodic_tasks' sleeping for 60.00 seconds {{(pid=95665) _run_loop /opt/stack/data/venv/lib/python3.12/site-packages/oslo_service/backend/_threading/loopingcall.py:125}}
Jun 09 17:00:00.805323 np0000002465 nova-scheduler[95669]: DEBUG oslo.service.backend._threading.loopingcall [None req-50cfbdc5-6c9d-48f3-a9c4-d27c9ce251cb None None] Dynamic interval looping call 'nova.service.Service.periodic_tasks' sleeping for 60.00 seconds {{(pid=95669) _run_loop /opt/stack/data/venv/lib/python3.12/site-packages/oslo_service/backend/_threading/loopingcall.py:125}}
Jun 09 17:00:13.811589 np0000002465 nova-scheduler[95667]: DEBUG oslo.service.backend._threading.loopingcall [None req-de1da75d-6b04-47ff-8846-4eeac899f8e1 None None] Dynamic interval looping call 'nova.service.Service.periodic_tasks' sleeping for 60.00 seconds {{(pid=95667) _run_loop /opt/stack/data/venv/lib/python3.12/site-packages/oslo_service/backend/_threading/loopingcall.py:125}}
Jun 09 17:00:57.812354 np0000002465 nova-scheduler[95665]: DEBUG oslo.service.backend._threading.loopingcall [None req-74f72240-4fa2-4bac-9a96-943ffd9dda8b None None] Dynamic interval looping call 'nova.service.Service.periodic_tasks' sleeping for 60.00 seconds {{(pid=95665) _run_loop /opt/stack/data/venv/lib/python3.12/site-packages/oslo_service/backend/_threading/loopingcall.py:125}}
Jun 09 17:01:00.805860 np0000002465 nova-scheduler[95669]: DEBUG oslo.service.backend._threading.loopingcall [None req-50cfbdc5-6c9d-48f3-a9c4-d27c9ce251cb None None] Dynamic interval looping call 'nova.service.Service.periodic_tasks' sleeping for 60.00 seconds {{(pid=95669) _run_loop /opt/stack/data/venv/lib/python3.12/site-packages/oslo_service/backend/_threading/loopingcall.py:125}}
Jun 09 17:01:13.812069 np0000002465 nova-scheduler[95667]: DEBUG oslo.service.backend._threading.loopingcall [None req-de1da75d-6b04-47ff-8846-4eeac899f8e1 None None] Dynamic interval looping call 'nova.service.Service.periodic_tasks' sleeping for 60.00 seconds {{(pid=95667) _run_loop /opt/stack/data/venv/lib/python3.12/site-packages/oslo_service/backend/_threading/loopingcall.py:125}}
Jun 09 17:01:46.807899 np0000002465 nova-scheduler[95669]: DEBUG oslo.service.backend._threading.loopingcall [-] Fixed interval looping call 'nova.servicegroup.drivers.db.DbDriver._report_state' sleeping for 119.99 seconds {{(pid=95669) _run_loop /opt/stack/data/venv/lib/python3.12/site-packages/oslo_service/backend/_threading/loopingcall.py:125}}
Jun 09 17:01:46.817532 np0000002465 nova-scheduler[95667]: DEBUG oslo.service.backend._threading.loopingcall [-] Fixed interval looping call 'nova.servicegroup.drivers.db.DbDriver._report_state' sleeping for 120.00 seconds {{(pid=95667) _run_loop /opt/stack/data/venv/lib/python3.12/site-packages/oslo_service/backend/_threading/loopingcall.py:125}}
Jun 09 17:01:46.818194 np0000002465 nova-scheduler[95665]: DEBUG oslo.service.backend._threading.loopingcall [-] Fixed interval looping call 'nova.servicegroup.drivers.db.DbDriver._report_state' sleeping for 120.00 seconds {{(pid=95665) _run_loop /opt/stack/data/venv/lib/python3.12/site-packages/oslo_service/backend/_threading/loopingcall.py:125}}
Jun 09 17:01:56.805232 np0000002465 nova-scheduler[95669]: DEBUG dbcounter [-] [95669] Writing DB stats nova_cell0:SELECT=1,nova_cell0:UPDATE=1 {{(pid=95669) stat_writer /opt/stack/data/venv/lib/python3.12/site-packages/dbcounter.py:115}}
Jun 09 17:01:56.816442 np0000002465 nova-scheduler[95667]: DEBUG dbcounter [-] [95667] Writing DB stats nova_cell0:SELECT=1 {{(pid=95667) stat_writer /opt/stack/data/venv/lib/python3.12/site-packages/dbcounter.py:115}}
Jun 09 17:01:56.817059 np0000002465 nova-scheduler[95665]: DEBUG dbcounter [-] [95665] Writing DB stats nova_cell0:SELECT=1 {{(pid=95665) stat_writer /opt/stack/data/venv/lib/python3.12/site-packages/dbcounter.py:115}}
Jun 09 17:01:57.812915 np0000002465 nova-scheduler[95665]: DEBUG oslo.service.backend._threading.loopingcall [None req-74f72240-4fa2-4bac-9a96-943ffd9dda8b None None] Dynamic interval looping call 'nova.service.Service.periodic_tasks' sleeping for 60.00 seconds {{(pid=95665) _run_loop /opt/stack/data/venv/lib/python3.12/site-packages/oslo_service/backend/_threading/loopingcall.py:125}}
Jun 09 17:02:00.806558 np0000002465 nova-scheduler[95669]: DEBUG oslo.service.backend._threading.loopingcall [None req-50cfbdc5-6c9d-48f3-a9c4-d27c9ce251cb None None] Dynamic interval looping call 'nova.service.Service.periodic_tasks' sleeping for 60.00 seconds {{(pid=95669) _run_loop /opt/stack/data/venv/lib/python3.12/site-packages/oslo_service/backend/_threading/loopingcall.py:125}}
Jun 09 17:02:13.813380 np0000002465 nova-scheduler[95667]: DEBUG oslo.service.backend._threading.loopingcall [None req-de1da75d-6b04-47ff-8846-4eeac899f8e1 None None] Dynamic interval looping call 'nova.service.Service.periodic_tasks' sleeping for 60.00 seconds {{(pid=95667) _run_loop /opt/stack/data/venv/lib/python3.12/site-packages/oslo_service/backend/_threading/loopingcall.py:125}}
Jun 09 17:02:36.521469 np0000002465 nova-scheduler[95669]: DEBUG nova.scheduler.manager [None req-71ee9d0b-baf2-46b4-98e0-c803738bd431 tempest-ServerRescueNegativeTestJSON-1508048019 tempest-ServerRescueNegativeTestJSON-1508048019-project-member] Starting to schedule for instances: ['26536589-859b-487c-86bf-7358868c3082'] {{(pid=95669) select_destinations /opt/stack/nova/nova/scheduler/manager.py:210}}
Jun 09 17:02:36.521469 np0000002465 nova-scheduler[95669]: DEBUG nova.scheduler.request_filter [None req-71ee9d0b-baf2-46b4-98e0-c803738bd431 tempest-ServerRescueNegativeTestJSON-1508048019 tempest-ServerRescueNegativeTestJSON-1508048019-project-member] compute_status_filter request filter added forbidden trait COMPUTE_STATUS_DISABLED {{(pid=95669) compute_status_filter /opt/stack/nova/nova/scheduler/request_filter.py:253}}
Jun 09 17:02:36.521469 np0000002465 nova-scheduler[95669]: DEBUG nova.scheduler.request_filter [None req-71ee9d0b-baf2-46b4-98e0-c803738bd431 tempest-ServerRescueNegativeTestJSON-1508048019 tempest-ServerRescueNegativeTestJSON-1508048019-project-member] Request filter 'compute_status_filter' took 0.0 seconds {{(pid=95669) wrapper /opt/stack/nova/nova/scheduler/request_filter.py:46}}
Jun 09 17:02:36.521469 np0000002465 nova-scheduler[95669]: DEBUG nova.scheduler.request_filter [None req-71ee9d0b-baf2-46b4-98e0-c803738bd431 tempest-ServerRescueNegativeTestJSON-1508048019 tempest-ServerRescueNegativeTestJSON-1508048019-project-member] Request filter 'accelerators_filter' took 0.0 seconds {{(pid=95669) wrapper /opt/stack/nova/nova/scheduler/request_filter.py:46}}
Jun 09 17:02:36.521469 np0000002465 nova-scheduler[95669]: DEBUG nova.scheduler.request_filter [None req-71ee9d0b-baf2-46b4-98e0-c803738bd431 tempest-ServerRescueNegativeTestJSON-1508048019 tempest-ServerRescueNegativeTestJSON-1508048019-project-member] Request filter 'packed_virtqueue_filter' took 0.0 seconds {{(pid=95669) wrapper /opt/stack/nova/nova/scheduler/request_filter.py:46}}
Jun 09 17:02:36.522113 np0000002465 nova-scheduler[95669]: DEBUG nova.scheduler.request_filter [None req-71ee9d0b-baf2-46b4-98e0-c803738bd431 tempest-ServerRescueNegativeTestJSON-1508048019 tempest-ServerRescueNegativeTestJSON-1508048019-project-member] Request filter 'remote_managed_ports_filter' took 0.0 seconds {{(pid=95669) wrapper /opt/stack/nova/nova/scheduler/request_filter.py:46}}
Jun 09 17:02:36.522113 np0000002465 nova-scheduler[95669]: DEBUG nova.scheduler.request_filter [None req-71ee9d0b-baf2-46b4-98e0-c803738bd431 tempest-ServerRescueNegativeTestJSON-1508048019 tempest-ServerRescueNegativeTestJSON-1508048019-project-member] ephemeral_encryption_filter skipped {{(pid=95669) ephemeral_encryption_filter /opt/stack/nova/nova/scheduler/request_filter.py:426}}
Jun 09 17:02:36.522113 np0000002465 nova-scheduler[95669]: DEBUG nova.scheduler.request_filter [None req-71ee9d0b-baf2-46b4-98e0-c803738bd431 tempest-ServerRescueNegativeTestJSON-1508048019 tempest-ServerRescueNegativeTestJSON-1508048019-project-member] virtio_sound_filter skipped {{(pid=95669) virtio_sound_filter /opt/stack/nova/nova/scheduler/request_filter.py:460}}
Jun 09 17:02:36.522113 np0000002465 nova-scheduler[95669]: DEBUG nova.scheduler.request_filter [None req-71ee9d0b-baf2-46b4-98e0-c803738bd431 tempest-ServerRescueNegativeTestJSON-1508048019 tempest-ServerRescueNegativeTestJSON-1508048019-project-member] tpm_secret_security_filter skipped {{(pid=95669) tpm_secret_security_filter /opt/stack/nova/nova/scheduler/request_filter.py:477}}
Jun 09 17:02:37.081165 np0000002465 nova-scheduler[95669]: INFO nova.utils [None req-71ee9d0b-baf2-46b4-98e0-c803738bd431 tempest-ServerRescueNegativeTestJSON-1508048019 tempest-ServerRescueNegativeTestJSON-1508048019-project-member] The cell worker thread pool ForkProcess-3.cell_worker is initialized
Jun 09 17:02:37.081639 np0000002465 nova-scheduler[95669]: DEBUG oslo_concurrency.lockutils [None req-71ee9d0b-baf2-46b4-98e0-c803738bd431 tempest-ServerRescueNegativeTestJSON-1508048019 tempest-ServerRescueNegativeTestJSON-1508048019-project-member] Acquiring lock "536dde9c-b59d-48c3-9b8c-cae22145db2b" by "nova.context.set_target_cell..get_or_set_cached_cell_and_set_connections" {{(pid=95669) inner /opt/stack/data/venv/lib/python3.12/site-packages/oslo_concurrency/lockutils.py:511}}
Jun 09 17:02:37.082162 np0000002465 nova-scheduler[95669]: DEBUG oslo_concurrency.lockutils [None req-71ee9d0b-baf2-46b4-98e0-c803738bd431 tempest-ServerRescueNegativeTestJSON-1508048019 tempest-ServerRescueNegativeTestJSON-1508048019-project-member] Lock "536dde9c-b59d-48c3-9b8c-cae22145db2b" acquired by "nova.context.set_target_cell..get_or_set_cached_cell_and_set_connections" :: waited 0.000s {{(pid=95669) inner /opt/stack/data/venv/lib/python3.12/site-packages/oslo_concurrency/lockutils.py:524}}
Jun 09 17:02:37.083165 np0000002465 nova-scheduler[95669]: DEBUG oslo_concurrency.lockutils [None req-71ee9d0b-baf2-46b4-98e0-c803738bd431 tempest-ServerRescueNegativeTestJSON-1508048019 tempest-ServerRescueNegativeTestJSON-1508048019-project-member] Lock "536dde9c-b59d-48c3-9b8c-cae22145db2b" "released" by "nova.context.set_target_cell..get_or_set_cached_cell_and_set_connections" :: held 0.001s {{(pid=95669) inner /opt/stack/data/venv/lib/python3.12/site-packages/oslo_concurrency/lockutils.py:543}}
Jun 09 17:02:37.085171 np0000002465 nova-scheduler[95669]: INFO dbcounter [None req-71ee9d0b-baf2-46b4-98e0-c803738bd431 tempest-ServerRescueNegativeTestJSON-1508048019 tempest-ServerRescueNegativeTestJSON-1508048019-project-member] Registered counter for database nova_cell1
Jun 09 17:02:37.132001 np0000002465 nova-scheduler[95669]: DEBUG oslo_db.sqlalchemy.engines [None req-71ee9d0b-baf2-46b4-98e0-c803738bd431 tempest-ServerRescueNegativeTestJSON-1508048019 tempest-ServerRescueNegativeTestJSON-1508048019-project-member] MySQL server mode set to STRICT_TRANS_TABLES,STRICT_ALL_TABLES,NO_ZERO_IN_DATE,NO_ZERO_DATE,ERROR_FOR_DIVISION_BY_ZERO,TRADITIONAL,NO_ENGINE_SUBSTITUTION {{(pid=95669) _check_effective_sql_mode /opt/stack/data/venv/lib/python3.12/site-packages/oslo_db/sqlalchemy/engines.py:325}}
Jun 09 17:02:37.139154 np0000002465 nova-scheduler[95669]: DEBUG dbcounter [-] [95669] Writer thread running {{(pid=95669) stat_writer /opt/stack/data/venv/lib/python3.12/site-packages/dbcounter.py:102}}
Jun 09 17:02:37.155778 np0000002465 nova-scheduler[95669]: DEBUG oslo_db.sqlalchemy.engines [None req-71ee9d0b-baf2-46b4-98e0-c803738bd431 tempest-ServerRescueNegativeTestJSON-1508048019 tempest-ServerRescueNegativeTestJSON-1508048019-project-member] Parent process 94473 forked (95669) with an open database connection, which is being discarded and recreated. {{(pid=95669) checkout /opt/stack/data/venv/lib/python3.12/site-packages/oslo_db/sqlalchemy/engines.py:402}}
Jun 09 17:02:37.215317 np0000002465 nova-scheduler[95669]: DEBUG dbcounter [-] [95669] Writer thread running {{(pid=95669) stat_writer /opt/stack/data/venv/lib/python3.12/site-packages/dbcounter.py:102}}
Jun 09 17:02:37.218457 np0000002465 nova-scheduler[95669]: DEBUG oslo_concurrency.lockutils [None req-71ee9d0b-baf2-46b4-98e0-c803738bd431 tempest-ServerRescueNegativeTestJSON-1508048019 tempest-ServerRescueNegativeTestJSON-1508048019-project-member] Acquiring lock "536dde9c-b59d-48c3-9b8c-cae22145db2b" by "nova.context.set_target_cell..get_or_set_cached_cell_and_set_connections" {{(pid=95669) inner /opt/stack/data/venv/lib/python3.12/site-packages/oslo_concurrency/lockutils.py:511}}
Jun 09 17:02:37.218705 np0000002465 nova-scheduler[95669]: DEBUG oslo_concurrency.lockutils [None req-71ee9d0b-baf2-46b4-98e0-c803738bd431 tempest-ServerRescueNegativeTestJSON-1508048019 tempest-ServerRescueNegativeTestJSON-1508048019-project-member] Lock "536dde9c-b59d-48c3-9b8c-cae22145db2b" acquired by "nova.context.set_target_cell..get_or_set_cached_cell_and_set_connections" :: waited 0.000s {{(pid=95669) inner /opt/stack/data/venv/lib/python3.12/site-packages/oslo_concurrency/lockutils.py:524}}
Jun 09 17:02:37.218869 np0000002465 nova-scheduler[95669]: DEBUG oslo_concurrency.lockutils [None req-71ee9d0b-baf2-46b4-98e0-c803738bd431 tempest-ServerRescueNegativeTestJSON-1508048019 tempest-ServerRescueNegativeTestJSON-1508048019-project-member] Lock "536dde9c-b59d-48c3-9b8c-cae22145db2b" "released" by "nova.context.set_target_cell..get_or_set_cached_cell_and_set_connections" :: held 0.000s {{(pid=95669) inner /opt/stack/data/venv/lib/python3.12/site-packages/oslo_concurrency/lockutils.py:543}}
Jun 09 17:02:37.225101 np0000002465 nova-scheduler[95669]: DEBUG oslo_concurrency.lockutils [None req-71ee9d0b-baf2-46b4-98e0-c803738bd431 tempest-ServerRescueNegativeTestJSON-1508048019 tempest-ServerRescueNegativeTestJSON-1508048019-project-member] Acquiring lock "('np0000002465', 'np0000002465')" by "nova.scheduler.host_manager.HostState.update.._locked_update" {{(pid=95669) inner /opt/stack/data/venv/lib/python3.12/site-packages/oslo_concurrency/lockutils.py:511}}
Jun 09 17:02:37.225101 np0000002465 nova-scheduler[95669]: DEBUG oslo_concurrency.lockutils [None req-71ee9d0b-baf2-46b4-98e0-c803738bd431 tempest-ServerRescueNegativeTestJSON-1508048019 tempest-ServerRescueNegativeTestJSON-1508048019-project-member] Lock "('np0000002465', 'np0000002465')" acquired by "nova.scheduler.host_manager.HostState.update.._locked_update" :: waited 0.000s {{(pid=95669) inner /opt/stack/data/venv/lib/python3.12/site-packages/oslo_concurrency/lockutils.py:524}}
Jun 09 17:02:37.225292 np0000002465 nova-scheduler[95669]: DEBUG nova.scheduler.host_manager [None req-71ee9d0b-baf2-46b4-98e0-c803738bd431 tempest-ServerRescueNegativeTestJSON-1508048019 tempest-ServerRescueNegativeTestJSON-1508048019-project-member] Update host state from compute node: ComputeNode(cpu_allocation_ratio=4.0,cpu_info='{"arch": "x86_64", "model": "EPYC-Milan", "vendor": "AMD", "topology": {"cells": 1, "sockets": 12, "cores": 1, "threads": 1}, "maxphysaddr": {"mode": "emulate", "bits": 40}, "features": ["sse4.1", "fsgsbase", "mca", "tsc-scale", "pku", "smep", "msr", "popcnt", "lbrv", "misalignsse", "ssse3", "pse36", "xgetbv1", "amd-stibp", "clflush", "stibp-always-on", "spec-ctrl", "movbe", "umip", "fma", "avx2", "aes", "invpcid", "clwb", "pause-filter", "svme-addr-chk", "tsc_adjust", "rdseed", "v-vmsave-vmload", "x2apic", "sha-ni", "rdpid", "sse4.2", "vpclmulqdq", "pni", "mmx", "amd-psfd", "sse4a", "vaes", "rdtscp", "pschange-mc-no", "bmi1", "ibrs", "perfctr_core", "fpu", "osvw", "syscall", "gds-no", "mmxext", "xsave", "apic", "lm", "virt-ssbd", "ibpb", "avx", "pcid", "sse2", "null-sel-clr-base", "erms", "pge", "svm", "fxsr", "bmi2", "mtrr", "3dnowprefetch", "stibp", "hypervisor", "amd-ssbd", "cx8", "abm", "rdctl-no", "fsrm", "xsaveerptr", "pclmuldq", "no-nested-data-bp", "arch-capabilities", "cx16", "cmp_legacy", "pat", "mds-no", "lahf_lm", "arat", "sep", "xsavec", "npt", "clzero", "cmov", "tsc-deadline", "pse", "xsaves", "pae", "topoext", "vmcb-clean", "wbnoinvd", "tsc", "nx", "f16c", "vgif", "adx", "flushbyasid", "de", "fxsr_opt", "sse", "smap", "rdrand", "pfthreshold", "clflushopt", "mce", "skip-l1dfl-vmentry", "vme", "pdpe1gb", "xsaveopt", "cr8legacy", "nrip-save", "lfence-always-serializing", "ssbd"]}',created_at=2026-06-09T17:00:07Z,current_workload=0,deleted=False,deleted_at=None,disk_allocation_ratio=1.0,disk_available_least=74,free_disk_gb=95,free_ram_mb=23518,host='np0000002465',host_ip=10.4.3.136,hypervisor_hostname='np0000002465',hypervisor_type='QEMU',hypervisor_version=8002002,id=1,local_gb=95,local_gb_used=0,mapped=1,memory_mb=24030,memory_mb_used=512,metrics='[]',numa_topology='{"nova_object.name": "NUMATopology", "nova_object.namespace": "nova", "nova_object.version": "1.2", "nova_object.data": {"cells": [{"nova_object.name": "NUMACell", "nova_object.namespace": "nova", "nova_object.version": "1.5", "nova_object.data": {"id": 0, "cpuset": [0, 1, 2, 3, 4, 5, 6, 7, 8, 9, 10, 11], "pcpuset": [0, 1, 2, 3, 4, 5, 6, 7, 8, 9, 10, 11], "memory": 24030, "cpu_usage": 0, "memory_usage": 0, "pinned_cpus": [], "siblings": [[6], [2], [5], [11], [8], [4], [1], [7], [10], [0], [3], [9]], "mempages": [{"nova_object.name": "NUMAPagesTopology", "nova_object.namespace": "nova", "nova_object.version": "1.1", "nova_object.data": {"size_kb": 4, "total": 6151798, "used": 0, "reserved": 0}, "nova_object.changes": ["reserved", "total", "size_kb", "used"]}, {"nova_object.name": "NUMAPagesTopology", "nova_object.namespace": "nova", "nova_object.version": "1.1", "nova_object.data": {"size_kb": 2048, "total": 0, "used": 0, "reserved": 0}, "nova_object.changes": ["reserved", "total", "size_kb", "used"]}, {"nova_object.name": "NUMAPagesTopology", "nova_object.namespace": "nova", "nova_object.version": "1.1", "nova_object.data": {"size_kb": 1048576, "total": 0, "used": 0, "reserved": 0}, "nova_object.changes": ["reserved", "total", "size_kb", "used"]}], "network_metadata": {"nova_object.name": "NetworkMetadata", "nova_object.namespace": "nova", "nova_object.version": "1.0", "nova_object.data": {"physnets": [], "tunneled": false}, "nova_object.changes": ["physnets", "tunneled"]}, "socket": null}, "nova_object.changes": ["id", "cpuset", "pinned_cpus", "memory_usage", "network_metadata", "memory", "pcpuset", "siblings", "mempages", "socket", "cpu_usage"]}]}, "nova_object.changes": ["cells"]}',pci_device_pools=PciDevicePoolList,ram_allocation_ratio=1.0,running_vms=0,service_id=3,stats={failed_builds='0',uptime=' 17:01:53 up 27 min, 2 users, load average: 1.31, 1.38, 0.78
Jun 09 17:02:37.225292 np0000002465 nova-scheduler[95669]: '},supported_hv_specs=[HVSpec,HVSpec,HVSpec,HVSpec,HVSpec,HVSpec,HVSpec,HVSpec,HVSpec,HVSpec,HVSpec,HVSpec,HVSpec,HVSpec,HVSpec,HVSpec,HVSpec,HVSpec,HVSpec,HVSpec,HVSpec,HVSpec,HVSpec,HVSpec,HVSpec],updated_at=2026-06-09T17:01:55Z,uuid=9fe871c5-8a51-456b-8af0-12719e814b50,vcpus=12,vcpus_used=0) {{(pid=95669) _locked_update /opt/stack/nova/nova/scheduler/host_manager.py:168}}
Jun 09 17:02:37.225752 np0000002465 nova-scheduler[95669]: DEBUG nova.scheduler.host_manager [None req-71ee9d0b-baf2-46b4-98e0-c803738bd431 tempest-ServerRescueNegativeTestJSON-1508048019 tempest-ServerRescueNegativeTestJSON-1508048019-project-member] Update host state with aggregates: [] {{(pid=95669) _locked_update /opt/stack/nova/nova/scheduler/host_manager.py:171}}
Jun 09 17:02:37.225932 np0000002465 nova-scheduler[95669]: DEBUG nova.scheduler.host_manager [None req-71ee9d0b-baf2-46b4-98e0-c803738bd431 tempest-ServerRescueNegativeTestJSON-1508048019 tempest-ServerRescueNegativeTestJSON-1508048019-project-member] Update host state with service dict: {'id': 3, 'uuid': 'f2776a40-70d5-405c-a68f-f722be6cdb99', 'host': 'np0000002465', 'binary': 'nova-compute', 'topic': 'compute', 'report_count': 2, 'disabled': False, 'disabled_reason': None, 'last_seen_up': datetime.datetime(2026, 6, 9, 17, 2, 16, tzinfo=datetime.timezone.utc), 'forced_down': False, 'version': 72, 'created_at': datetime.datetime(2026, 6, 9, 17, 0, 5, tzinfo=datetime.timezone.utc), 'updated_at': datetime.datetime(2026, 6, 9, 17, 2, 16, tzinfo=datetime.timezone.utc), 'deleted_at': None, 'deleted': False} {{(pid=95669) _locked_update /opt/stack/nova/nova/scheduler/host_manager.py:174}}
Jun 09 17:02:37.226113 np0000002465 nova-scheduler[95669]: DEBUG nova.scheduler.host_manager [None req-71ee9d0b-baf2-46b4-98e0-c803738bd431 tempest-ServerRescueNegativeTestJSON-1508048019 tempest-ServerRescueNegativeTestJSON-1508048019-project-member] Update host state with instances: [] {{(pid=95669) _locked_update /opt/stack/nova/nova/scheduler/host_manager.py:177}}
Jun 09 17:02:37.226284 np0000002465 nova-scheduler[95669]: DEBUG oslo_concurrency.lockutils [None req-71ee9d0b-baf2-46b4-98e0-c803738bd431 tempest-ServerRescueNegativeTestJSON-1508048019 tempest-ServerRescueNegativeTestJSON-1508048019-project-member] Lock "('np0000002465', 'np0000002465')" "released" by "nova.scheduler.host_manager.HostState.update.._locked_update" :: held 0.003s {{(pid=95669) inner /opt/stack/data/venv/lib/python3.12/site-packages/oslo_concurrency/lockutils.py:543}}
Jun 09 17:02:37.226873 np0000002465 nova-scheduler[95669]: DEBUG nova.filters [None req-71ee9d0b-baf2-46b4-98e0-c803738bd431 tempest-ServerRescueNegativeTestJSON-1508048019 tempest-ServerRescueNegativeTestJSON-1508048019-project-member] Starting with 1 host(s) {{(pid=95669) get_filtered_objects /opt/stack/nova/nova/filters.py:70}}
Jun 09 17:02:37.227177 np0000002465 nova-scheduler[95669]: DEBUG nova.filters [None req-71ee9d0b-baf2-46b4-98e0-c803738bd431 tempest-ServerRescueNegativeTestJSON-1508048019 tempest-ServerRescueNegativeTestJSON-1508048019-project-member] Filter ComputeFilter returned 1 host(s) {{(pid=95669) get_filtered_objects /opt/stack/nova/nova/filters.py:102}}
Jun 09 17:02:37.227407 np0000002465 nova-scheduler[95669]: DEBUG nova.filters [None req-71ee9d0b-baf2-46b4-98e0-c803738bd431 tempest-ServerRescueNegativeTestJSON-1508048019 tempest-ServerRescueNegativeTestJSON-1508048019-project-member] Filter ComputeCapabilitiesFilter returned 1 host(s) {{(pid=95669) get_filtered_objects /opt/stack/nova/nova/filters.py:102}}
Jun 09 17:02:37.227666 np0000002465 nova-scheduler[95669]: DEBUG nova.filters [None req-71ee9d0b-baf2-46b4-98e0-c803738bd431 tempest-ServerRescueNegativeTestJSON-1508048019 tempest-ServerRescueNegativeTestJSON-1508048019-project-member] Filter ImagePropertiesFilter returned 1 host(s) {{(pid=95669) get_filtered_objects /opt/stack/nova/nova/filters.py:102}}
Jun 09 17:02:37.227831 np0000002465 nova-scheduler[95669]: DEBUG nova.filters [None req-71ee9d0b-baf2-46b4-98e0-c803738bd431 tempest-ServerRescueNegativeTestJSON-1508048019 tempest-ServerRescueNegativeTestJSON-1508048019-project-member] Filter ServerGroupAntiAffinityFilter returned 1 host(s) {{(pid=95669) get_filtered_objects /opt/stack/nova/nova/filters.py:102}}
Jun 09 17:02:37.229391 np0000002465 nova-scheduler[95669]: DEBUG nova.filters [None req-71ee9d0b-baf2-46b4-98e0-c803738bd431 tempest-ServerRescueNegativeTestJSON-1508048019 tempest-ServerRescueNegativeTestJSON-1508048019-project-member] Filter ServerGroupAffinityFilter returned 1 host(s) {{(pid=95669) get_filtered_objects /opt/stack/nova/nova/filters.py:102}}
Jun 09 17:02:37.229391 np0000002465 nova-scheduler[95669]: DEBUG nova.filters [None req-71ee9d0b-baf2-46b4-98e0-c803738bd431 tempest-ServerRescueNegativeTestJSON-1508048019 tempest-ServerRescueNegativeTestJSON-1508048019-project-member] Filter SameHostFilter returned 1 host(s) {{(pid=95669) get_filtered_objects /opt/stack/nova/nova/filters.py:102}}
Jun 09 17:02:37.229391 np0000002465 nova-scheduler[95669]: DEBUG nova.filters [None req-71ee9d0b-baf2-46b4-98e0-c803738bd431 tempest-ServerRescueNegativeTestJSON-1508048019 tempest-ServerRescueNegativeTestJSON-1508048019-project-member] Filter DifferentHostFilter returned 1 host(s) {{(pid=95669) get_filtered_objects /opt/stack/nova/nova/filters.py:102}}
Jun 09 17:02:37.229391 np0000002465 nova-scheduler[95669]: DEBUG nova.scheduler.manager [None req-71ee9d0b-baf2-46b4-98e0-c803738bd431 tempest-ServerRescueNegativeTestJSON-1508048019 tempest-ServerRescueNegativeTestJSON-1508048019-project-member] Filtered [(np0000002465, np0000002465) ram: 23518MB disk: 75776MB io_ops: 0 instances: 0, allocation_candidates: 1] {{(pid=95669) _get_sorted_hosts /opt/stack/nova/nova/scheduler/manager.py:743}}
Jun 09 17:02:37.229391 np0000002465 nova-scheduler[95669]: DEBUG nova.scheduler.manager [None req-71ee9d0b-baf2-46b4-98e0-c803738bd431 tempest-ServerRescueNegativeTestJSON-1508048019 tempest-ServerRescueNegativeTestJSON-1508048019-project-member] Weighed [WeighedHost [host: (np0000002465, np0000002465) ram: 23518MB disk: 75776MB io_ops: 0 instances: 0, allocation_candidates: 1, weight: 0.0]] {{(pid=95669) _get_sorted_hosts /opt/stack/nova/nova/scheduler/manager.py:765}}
Jun 09 17:02:37.229391 np0000002465 nova-scheduler[95669]: DEBUG nova.scheduler.utils [None req-71ee9d0b-baf2-46b4-98e0-c803738bd431 tempest-ServerRescueNegativeTestJSON-1508048019 tempest-ServerRescueNegativeTestJSON-1508048019-project-member] Attempting to claim resources in the placement API for instance 26536589-859b-487c-86bf-7358868c3082 {{(pid=95669) claim_resources /opt/stack/nova/nova/scheduler/utils.py:1345}}
Jun 09 17:02:37.417151 np0000002465 nova-scheduler[95669]: DEBUG nova.scheduler.manager [None req-71ee9d0b-baf2-46b4-98e0-c803738bd431 tempest-ServerRescueNegativeTestJSON-1508048019 tempest-ServerRescueNegativeTestJSON-1508048019-project-member] [instance: 26536589-859b-487c-86bf-7358868c3082] Selected host: (np0000002465, np0000002465) ram: 23518MB disk: 75776MB io_ops: 0 instances: 0, allocation_candidates: 1 {{(pid=95669) _consume_selected_host /opt/stack/nova/nova/scheduler/manager.py:625}}
Jun 09 17:02:37.417507 np0000002465 nova-scheduler[95669]: DEBUG oslo_concurrency.lockutils [None req-71ee9d0b-baf2-46b4-98e0-c803738bd431 tempest-ServerRescueNegativeTestJSON-1508048019 tempest-ServerRescueNegativeTestJSON-1508048019-project-member] Acquiring lock "('np0000002465', 'np0000002465')" by "nova.scheduler.host_manager.HostState.consume_from_request.._locked" {{(pid=95669) inner /opt/stack/data/venv/lib/python3.12/site-packages/oslo_concurrency/lockutils.py:511}}
Jun 09 17:02:37.417680 np0000002465 nova-scheduler[95669]: DEBUG oslo_concurrency.lockutils [None req-71ee9d0b-baf2-46b4-98e0-c803738bd431 tempest-ServerRescueNegativeTestJSON-1508048019 tempest-ServerRescueNegativeTestJSON-1508048019-project-member] Lock "('np0000002465', 'np0000002465')" acquired by "nova.scheduler.host_manager.HostState.consume_from_request.._locked" :: waited 0.000s {{(pid=95669) inner /opt/stack/data/venv/lib/python3.12/site-packages/oslo_concurrency/lockutils.py:524}}
Jun 09 17:02:37.417893 np0000002465 nova-scheduler[95669]: DEBUG oslo_concurrency.lockutils [None req-71ee9d0b-baf2-46b4-98e0-c803738bd431 tempest-ServerRescueNegativeTestJSON-1508048019 tempest-ServerRescueNegativeTestJSON-1508048019-project-member] Lock "('np0000002465', 'np0000002465')" "released" by "nova.scheduler.host_manager.HostState.consume_from_request.._locked" :: held 0.000s {{(pid=95669) inner /opt/stack/data/venv/lib/python3.12/site-packages/oslo_concurrency/lockutils.py:543}}
Jun 09 17:02:45.991885 np0000002465 nova-scheduler[95667]: DEBUG nova.scheduler.manager [None req-a9917fdc-e06b-4c04-b046-9659177d0019 tempest-ServerRescueNegativeTestJSON-1508048019 tempest-ServerRescueNegativeTestJSON-1508048019-project-member] Starting to schedule for instances: ['a68f1067-c815-48f4-8311-f7f4dfb2f3d6'] {{(pid=95667) select_destinations /opt/stack/nova/nova/scheduler/manager.py:210}}
Jun 09 17:02:45.992596 np0000002465 nova-scheduler[95667]: DEBUG nova.scheduler.request_filter [None req-a9917fdc-e06b-4c04-b046-9659177d0019 tempest-ServerRescueNegativeTestJSON-1508048019 tempest-ServerRescueNegativeTestJSON-1508048019-project-member] compute_status_filter request filter added forbidden trait COMPUTE_STATUS_DISABLED {{(pid=95667) compute_status_filter /opt/stack/nova/nova/scheduler/request_filter.py:253}}
Jun 09 17:02:45.992923 np0000002465 nova-scheduler[95667]: DEBUG nova.scheduler.request_filter [None req-a9917fdc-e06b-4c04-b046-9659177d0019 tempest-ServerRescueNegativeTestJSON-1508048019 tempest-ServerRescueNegativeTestJSON-1508048019-project-member] Request filter 'compute_status_filter' took 0.0 seconds {{(pid=95667) wrapper /opt/stack/nova/nova/scheduler/request_filter.py:46}}
Jun 09 17:02:45.993231 np0000002465 nova-scheduler[95667]: DEBUG nova.scheduler.request_filter [None req-a9917fdc-e06b-4c04-b046-9659177d0019 tempest-ServerRescueNegativeTestJSON-1508048019 tempest-ServerRescueNegativeTestJSON-1508048019-project-member] Request filter 'accelerators_filter' took 0.0 seconds {{(pid=95667) wrapper /opt/stack/nova/nova/scheduler/request_filter.py:46}}
Jun 09 17:02:45.993691 np0000002465 nova-scheduler[95667]: DEBUG nova.scheduler.request_filter [None req-a9917fdc-e06b-4c04-b046-9659177d0019 tempest-ServerRescueNegativeTestJSON-1508048019 tempest-ServerRescueNegativeTestJSON-1508048019-project-member] Request filter 'packed_virtqueue_filter' took 0.0 seconds {{(pid=95667) wrapper /opt/stack/nova/nova/scheduler/request_filter.py:46}}
Jun 09 17:02:45.994093 np0000002465 nova-scheduler[95667]: DEBUG nova.scheduler.request_filter [None req-a9917fdc-e06b-4c04-b046-9659177d0019 tempest-ServerRescueNegativeTestJSON-1508048019 tempest-ServerRescueNegativeTestJSON-1508048019-project-member] Request filter 'remote_managed_ports_filter' took 0.0 seconds {{(pid=95667) wrapper /opt/stack/nova/nova/scheduler/request_filter.py:46}}
Jun 09 17:02:45.994355 np0000002465 nova-scheduler[95667]: DEBUG nova.scheduler.request_filter [None req-a9917fdc-e06b-4c04-b046-9659177d0019 tempest-ServerRescueNegativeTestJSON-1508048019 tempest-ServerRescueNegativeTestJSON-1508048019-project-member] ephemeral_encryption_filter skipped {{(pid=95667) ephemeral_encryption_filter /opt/stack/nova/nova/scheduler/request_filter.py:426}}
Jun 09 17:02:45.994609 np0000002465 nova-scheduler[95667]: DEBUG nova.scheduler.request_filter [None req-a9917fdc-e06b-4c04-b046-9659177d0019 tempest-ServerRescueNegativeTestJSON-1508048019 tempest-ServerRescueNegativeTestJSON-1508048019-project-member] virtio_sound_filter skipped {{(pid=95667) virtio_sound_filter /opt/stack/nova/nova/scheduler/request_filter.py:460}}
Jun 09 17:02:45.994841 np0000002465 nova-scheduler[95667]: DEBUG nova.scheduler.request_filter [None req-a9917fdc-e06b-4c04-b046-9659177d0019 tempest-ServerRescueNegativeTestJSON-1508048019 tempest-ServerRescueNegativeTestJSON-1508048019-project-member] tpm_secret_security_filter skipped {{(pid=95667) tpm_secret_security_filter /opt/stack/nova/nova/scheduler/request_filter.py:477}}
Jun 09 17:02:46.111382 np0000002465 nova-scheduler[95667]: INFO nova.utils [None req-a9917fdc-e06b-4c04-b046-9659177d0019 tempest-ServerRescueNegativeTestJSON-1508048019 tempest-ServerRescueNegativeTestJSON-1508048019-project-member] The cell worker thread pool ForkProcess-2.cell_worker is initialized
Jun 09 17:02:46.111800 np0000002465 nova-scheduler[95667]: DEBUG oslo_concurrency.lockutils [None req-a9917fdc-e06b-4c04-b046-9659177d0019 tempest-ServerRescueNegativeTestJSON-1508048019 tempest-ServerRescueNegativeTestJSON-1508048019-project-member] Acquiring lock "536dde9c-b59d-48c3-9b8c-cae22145db2b" by "nova.context.set_target_cell..get_or_set_cached_cell_and_set_connections" {{(pid=95667) inner /opt/stack/data/venv/lib/python3.12/site-packages/oslo_concurrency/lockutils.py:511}}
Jun 09 17:02:46.112164 np0000002465 nova-scheduler[95667]: DEBUG oslo_concurrency.lockutils [None req-a9917fdc-e06b-4c04-b046-9659177d0019 tempest-ServerRescueNegativeTestJSON-1508048019 tempest-ServerRescueNegativeTestJSON-1508048019-project-member] Lock "536dde9c-b59d-48c3-9b8c-cae22145db2b" acquired by "nova.context.set_target_cell..get_or_set_cached_cell_and_set_connections" :: waited 0.000s {{(pid=95667) inner /opt/stack/data/venv/lib/python3.12/site-packages/oslo_concurrency/lockutils.py:524}}
Jun 09 17:02:46.114434 np0000002465 nova-scheduler[95667]: DEBUG oslo_concurrency.lockutils [None req-a9917fdc-e06b-4c04-b046-9659177d0019 tempest-ServerRescueNegativeTestJSON-1508048019 tempest-ServerRescueNegativeTestJSON-1508048019-project-member] Lock "536dde9c-b59d-48c3-9b8c-cae22145db2b" "released" by "nova.context.set_target_cell..get_or_set_cached_cell_and_set_connections" :: held 0.002s {{(pid=95667) inner /opt/stack/data/venv/lib/python3.12/site-packages/oslo_concurrency/lockutils.py:543}}
Jun 09 17:02:46.116719 np0000002465 nova-scheduler[95667]: INFO dbcounter [None req-a9917fdc-e06b-4c04-b046-9659177d0019 tempest-ServerRescueNegativeTestJSON-1508048019 tempest-ServerRescueNegativeTestJSON-1508048019-project-member] Registered counter for database nova_cell1
Jun 09 17:02:46.154478 np0000002465 nova-scheduler[95667]: DEBUG oslo_db.sqlalchemy.engines [None req-a9917fdc-e06b-4c04-b046-9659177d0019 tempest-ServerRescueNegativeTestJSON-1508048019 tempest-ServerRescueNegativeTestJSON-1508048019-project-member] MySQL server mode set to STRICT_TRANS_TABLES,STRICT_ALL_TABLES,NO_ZERO_IN_DATE,NO_ZERO_DATE,ERROR_FOR_DIVISION_BY_ZERO,TRADITIONAL,NO_ENGINE_SUBSTITUTION {{(pid=95667) _check_effective_sql_mode /opt/stack/data/venv/lib/python3.12/site-packages/oslo_db/sqlalchemy/engines.py:325}}
Jun 09 17:02:46.160783 np0000002465 nova-scheduler[95667]: DEBUG dbcounter [-] [95667] Writer thread running {{(pid=95667) stat_writer /opt/stack/data/venv/lib/python3.12/site-packages/dbcounter.py:102}}
Jun 09 17:02:46.207544 np0000002465 nova-scheduler[95667]: DEBUG dbcounter [-] [95667] Writer thread running {{(pid=95667) stat_writer /opt/stack/data/venv/lib/python3.12/site-packages/dbcounter.py:102}}
Jun 09 17:02:46.210162 np0000002465 nova-scheduler[95667]: DEBUG oslo_concurrency.lockutils [None req-a9917fdc-e06b-4c04-b046-9659177d0019 tempest-ServerRescueNegativeTestJSON-1508048019 tempest-ServerRescueNegativeTestJSON-1508048019-project-member] Acquiring lock "536dde9c-b59d-48c3-9b8c-cae22145db2b" by "nova.context.set_target_cell..get_or_set_cached_cell_and_set_connections" {{(pid=95667) inner /opt/stack/data/venv/lib/python3.12/site-packages/oslo_concurrency/lockutils.py:511}}
Jun 09 17:02:46.210292 np0000002465 nova-scheduler[95667]: DEBUG oslo_concurrency.lockutils [None req-a9917fdc-e06b-4c04-b046-9659177d0019 tempest-ServerRescueNegativeTestJSON-1508048019 tempest-ServerRescueNegativeTestJSON-1508048019-project-member] Lock "536dde9c-b59d-48c3-9b8c-cae22145db2b" acquired by "nova.context.set_target_cell..get_or_set_cached_cell_and_set_connections" :: waited 0.000s {{(pid=95667) inner /opt/stack/data/venv/lib/python3.12/site-packages/oslo_concurrency/lockutils.py:524}}
Jun 09 17:02:46.210406 np0000002465 nova-scheduler[95667]: DEBUG oslo_concurrency.lockutils [None req-a9917fdc-e06b-4c04-b046-9659177d0019 tempest-ServerRescueNegativeTestJSON-1508048019 tempest-ServerRescueNegativeTestJSON-1508048019-project-member] Lock "536dde9c-b59d-48c3-9b8c-cae22145db2b" "released" by "nova.context.set_target_cell..get_or_set_cached_cell_and_set_connections" :: held 0.000s {{(pid=95667) inner /opt/stack/data/venv/lib/python3.12/site-packages/oslo_concurrency/lockutils.py:543}}
Jun 09 17:02:46.213584 np0000002465 nova-scheduler[95667]: DEBUG oslo_concurrency.lockutils [None req-a9917fdc-e06b-4c04-b046-9659177d0019 tempest-ServerRescueNegativeTestJSON-1508048019 tempest-ServerRescueNegativeTestJSON-1508048019-project-member] Acquiring lock "('np0000002465', 'np0000002465')" by "nova.scheduler.host_manager.HostState.update.._locked_update" {{(pid=95667) inner /opt/stack/data/venv/lib/python3.12/site-packages/oslo_concurrency/lockutils.py:511}}
Jun 09 17:02:46.213744 np0000002465 nova-scheduler[95667]: DEBUG oslo_concurrency.lockutils [None req-a9917fdc-e06b-4c04-b046-9659177d0019 tempest-ServerRescueNegativeTestJSON-1508048019 tempest-ServerRescueNegativeTestJSON-1508048019-project-member] Lock "('np0000002465', 'np0000002465')" acquired by "nova.scheduler.host_manager.HostState.update.._locked_update" :: waited 0.000s {{(pid=95667) inner /opt/stack/data/venv/lib/python3.12/site-packages/oslo_concurrency/lockutils.py:524}}
