Jul 24 05:49:20.186892 np0000005807 devstack@g-api.service[99687]: [pid: 99687|app: 0|req: 14/45] 127.0.0.1 () {44 vars in 1125 bytes} [Fri Jul 24 05:49:19 2026] GET /v2/images/a2d4a32a-0d1a-416d-8bd0-b78450109787/file => generated 21692416 bytes in 970 msecs (HTTP/1.1 200) 4 headers in 191 bytes (336 switches on core 0)
Jul 24 05:49:20.667932 np0000005807 devstack@g-api.service[99686]: [pid: 99686|app: 0|req: 16/46] 127.0.0.1 () {42 vars in 786 bytes} [Fri Jul 24 05:49:19 2026] POST /v2/images => generated 690 bytes in 688 msecs (HTTP/1.1 201) 6 headers in 315 bytes (1 switches on core 0)
Jul 24 05:49:20.677625 np0000005807 devstack@g-api.service[99687]: DEBUG glance.api.middleware.version_negotiation [None req-41032921-d198-4ec7-9fc2-accc5c5f6005 tempest-TaggedBootDevicesTest_v242-731769132 tempest-TaggedBootDevicesTest_v242-731769132-project-member] Determining version of request: PUT /v2/images/60d93426-6315-4800-891f-8749fadf31ea/file Accept: {{(pid=99687) process_request /opt/stack/glance/glance/api/middleware/version_negotiation.py:44}}
Jul 24 05:49:20.677934 np0000005807 devstack@g-api.service[99687]: DEBUG glance.api.middleware.version_negotiation [None req-41032921-d198-4ec7-9fc2-accc5c5f6005 tempest-TaggedBootDevicesTest_v242-731769132 tempest-TaggedBootDevicesTest_v242-731769132-project-member] Using url versioning {{(pid=99687) process_request /opt/stack/glance/glance/api/middleware/version_negotiation.py:57}}
Jul 24 05:49:20.678282 np0000005807 devstack@g-api.service[99687]: DEBUG glance.api.middleware.version_negotiation [None req-41032921-d198-4ec7-9fc2-accc5c5f6005 tempest-TaggedBootDevicesTest_v242-731769132 tempest-TaggedBootDevicesTest_v242-731769132-project-member] Matched version: v2 {{(pid=99687) process_request /opt/stack/glance/glance/api/middleware/version_negotiation.py:69}}
Jul 24 05:49:20.678282 np0000005807 devstack@g-api.service[99687]: DEBUG glance.api.middleware.version_negotiation [None req-41032921-d198-4ec7-9fc2-accc5c5f6005 tempest-TaggedBootDevicesTest_v242-731769132 tempest-TaggedBootDevicesTest_v242-731769132-project-member] new path /v2/images/60d93426-6315-4800-891f-8749fadf31ea/file {{(pid=99687) process_request /opt/stack/glance/glance/api/middleware/version_negotiation.py:70}}
Jul 24 05:49:20.703870 np0000005807 devstack@g-api.service[99688]: [pid: 99688|app: 0|req: 17/47] 127.0.0.1 () {40 vars in 848 bytes} [Fri Jul 24 05:49:19 2026] GET /v2/images/a2d4a32a-0d1a-416d-8bd0-b78450109787/file => generated 21692416 bytes in 1519 msecs (HTTP/1.1 200) 4 headers in 191 bytes (333 switches on core 0)
Jul 24 05:49:20.877822 np0000005807 devstack@g-api.service[99686]: DEBUG glance.api.middleware.version_negotiation [None req-e90218ba-6b80-46f2-9069-d867e3940e54 tempest-AttachSCSIVolumeTestJSON-208860938 tempest-AttachSCSIVolumeTestJSON-208860938-project-admin] Determining version of request: GET /v2/images/a2d4a32a-0d1a-416d-8bd0-b78450109787 Accept: */* {{(pid=99686) process_request /opt/stack/glance/glance/api/middleware/version_negotiation.py:44}}
Jul 24 05:49:20.878163 np0000005807 devstack@g-api.service[99686]: DEBUG glance.api.middleware.version_negotiation [None req-e90218ba-6b80-46f2-9069-d867e3940e54 tempest-AttachSCSIVolumeTestJSON-208860938 tempest-AttachSCSIVolumeTestJSON-208860938-project-admin] Using url versioning {{(pid=99686) process_request /opt/stack/glance/glance/api/middleware/version_negotiation.py:57}}
Jul 24 05:49:20.878163 np0000005807 devstack@g-api.service[99686]: DEBUG glance.api.middleware.version_negotiation [None req-e90218ba-6b80-46f2-9069-d867e3940e54 tempest-AttachSCSIVolumeTestJSON-208860938 tempest-AttachSCSIVolumeTestJSON-208860938-project-admin] Matched version: v2 {{(pid=99686) process_request /opt/stack/glance/glance/api/middleware/version_negotiation.py:69}}
Jul 24 05:49:20.878163 np0000005807 devstack@g-api.service[99686]: DEBUG glance.api.middleware.version_negotiation [None req-e90218ba-6b80-46f2-9069-d867e3940e54 tempest-AttachSCSIVolumeTestJSON-208860938 tempest-AttachSCSIVolumeTestJSON-208860938-project-admin] new path /v2/images/a2d4a32a-0d1a-416d-8bd0-b78450109787 {{(pid=99686) process_request /opt/stack/glance/glance/api/middleware/version_negotiation.py:70}}
Jul 24 05:49:20.893298 np0000005807 devstack@g-api.service[99686]: [pid: 99686|app: 0|req: 17/48] 127.0.0.1 () {44 vars in 1115 bytes} [Fri Jul 24 05:49:20 2026] GET /v2/images/a2d4a32a-0d1a-416d-8bd0-b78450109787 => generated 1044 bytes in 15 msecs (HTTP/1.1 200) 4 headers in 158 bytes (1 switches on core 0)
Jul 24 05:49:20.901807 np0000005807 devstack@g-api.service[99688]: DEBUG glance.api.middleware.version_negotiation [None req-4d97a93b-e132-4366-89f1-54633e4954b6 tempest-AttachSCSIVolumeTestJSON-208860938 tempest-AttachSCSIVolumeTestJSON-208860938-project-admin] Determining version of request: GET /v2/schemas/image Accept: */* {{(pid=99688) process_request /opt/stack/glance/glance/api/middleware/version_negotiation.py:44}}
Jul 24 05:49:20.901807 np0000005807 devstack@g-api.service[99688]: DEBUG glance.api.middleware.version_negotiation [None req-4d97a93b-e132-4366-89f1-54633e4954b6 tempest-AttachSCSIVolumeTestJSON-208860938 tempest-AttachSCSIVolumeTestJSON-208860938-project-admin] Using url versioning {{(pid=99688) process_request /opt/stack/glance/glance/api/middleware/version_negotiation.py:57}}
Jul 24 05:49:20.901807 np0000005807 devstack@g-api.service[99688]: DEBUG glance.api.middleware.version_negotiation [None req-4d97a93b-e132-4366-89f1-54633e4954b6 tempest-AttachSCSIVolumeTestJSON-208860938 tempest-AttachSCSIVolumeTestJSON-208860938-project-admin] Matched version: v2 {{(pid=99688) process_request /opt/stack/glance/glance/api/middleware/version_negotiation.py:69}}
Jul 24 05:49:20.901807 np0000005807 devstack@g-api.service[99688]: DEBUG glance.api.middleware.version_negotiation [None req-4d97a93b-e132-4366-89f1-54633e4954b6 tempest-AttachSCSIVolumeTestJSON-208860938 tempest-AttachSCSIVolumeTestJSON-208860938-project-admin] new path /v2/schemas/image {{(pid=99688) process_request /opt/stack/glance/glance/api/middleware/version_negotiation.py:70}}
Jul 24 05:49:20.905132 np0000005807 devstack@g-api.service[99688]: [pid: 99688|app: 0|req: 18/49] 127.0.0.1 () {44 vars in 1055 bytes} [Fri Jul 24 05:49:20 2026] GET /v2/schemas/image => generated 6083 bytes in 4 msecs (HTTP/1.1 200) 4 headers in 158 bytes (1 switches on core 0)
Jul 24 05:49:21.404014 np0000005807 devstack@g-api.service[99687]: INFO glance.api.v2.image_data [None req-294a1476-f0e1-46aa-9999-62109b1e9840 tempest-AttachSCSIVolumeTestJSON-208860938 tempest-AttachSCSIVolumeTestJSON-208860938-project-admin] Unable to create trust: no such option collect_timing in group [keystone_authtoken] Use the existing user token.
Jul 24 05:49:21.946463 np0000005807 devstack@g-api.service[99686]: DEBUG glance.api.middleware.version_negotiation [None req-41032921-d198-4ec7-9fc2-accc5c5f6005 tempest-TaggedBootDevicesTest_v242-731769132 tempest-TaggedBootDevicesTest_v242-731769132-project-member] Determining version of request: GET /v2/images/a2d4a32a-0d1a-416d-8bd0-b78450109787 Accept: */* {{(pid=99686) process_request /opt/stack/glance/glance/api/middleware/version_negotiation.py:44}}
Jul 24 05:49:21.946916 np0000005807 devstack@g-api.service[99686]: DEBUG glance.api.middleware.version_negotiation [None req-41032921-d198-4ec7-9fc2-accc5c5f6005 tempest-TaggedBootDevicesTest_v242-731769132 tempest-TaggedBootDevicesTest_v242-731769132-project-member] Using url versioning {{(pid=99686) process_request /opt/stack/glance/glance/api/middleware/version_negotiation.py:57}}
Jul 24 05:49:21.946916 np0000005807 devstack@g-api.service[99686]: DEBUG glance.api.middleware.version_negotiation [None req-41032921-d198-4ec7-9fc2-accc5c5f6005 tempest-TaggedBootDevicesTest_v242-731769132 tempest-TaggedBootDevicesTest_v242-731769132-project-member] Matched version: v2 {{(pid=99686) process_request /opt/stack/glance/glance/api/middleware/version_negotiation.py:69}}
Jul 24 05:49:21.946916 np0000005807 devstack@g-api.service[99686]: DEBUG glance.api.middleware.version_negotiation [None req-41032921-d198-4ec7-9fc2-accc5c5f6005 tempest-TaggedBootDevicesTest_v242-731769132 tempest-TaggedBootDevicesTest_v242-731769132-project-member] new path /v2/images/a2d4a32a-0d1a-416d-8bd0-b78450109787 {{(pid=99686) process_request /opt/stack/glance/glance/api/middleware/version_negotiation.py:70}}
Jul 24 05:49:21.962492 np0000005807 devstack@g-api.service[99686]: [pid: 99686|app: 0|req: 18/50] 127.0.0.1 () {44 vars in 1115 bytes} [Fri Jul 24 05:49:21 2026] GET /v2/images/a2d4a32a-0d1a-416d-8bd0-b78450109787 => generated 1044 bytes in 16 msecs (HTTP/1.1 200) 4 headers in 158 bytes (1 switches on core 0)
Jul 24 05:49:21.978799 np0000005807 devstack@g-api.service[99688]: DEBUG glance.api.middleware.version_negotiation [None req-41032921-d198-4ec7-9fc2-accc5c5f6005 tempest-TaggedBootDevicesTest_v242-731769132 tempest-TaggedBootDevicesTest_v242-731769132-project-member] Determining version of request: GET /v2/schemas/image Accept: */* {{(pid=99688) process_request /opt/stack/glance/glance/api/middleware/version_negotiation.py:44}}
Jul 24 05:49:21.978799 np0000005807 devstack@g-api.service[99688]: DEBUG glance.api.middleware.version_negotiation [None req-41032921-d198-4ec7-9fc2-accc5c5f6005 tempest-TaggedBootDevicesTest_v242-731769132 tempest-TaggedBootDevicesTest_v242-731769132-project-member] Using url versioning {{(pid=99688) process_request /opt/stack/glance/glance/api/middleware/version_negotiation.py:57}}
Jul 24 05:49:21.979310 np0000005807 devstack@g-api.service[99688]: DEBUG glance.api.middleware.version_negotiation [None req-41032921-d198-4ec7-9fc2-accc5c5f6005 tempest-TaggedBootDevicesTest_v242-731769132 tempest-TaggedBootDevicesTest_v242-731769132-project-member] Matched version: v2 {{(pid=99688) process_request /opt/stack/glance/glance/api/middleware/version_negotiation.py:69}}
Jul 24 05:49:21.979310 np0000005807 devstack@g-api.service[99688]: DEBUG glance.api.middleware.version_negotiation [None req-41032921-d198-4ec7-9fc2-accc5c5f6005 tempest-TaggedBootDevicesTest_v242-731769132 tempest-TaggedBootDevicesTest_v242-731769132-project-member] new path /v2/schemas/image {{(pid=99688) process_request /opt/stack/glance/glance/api/middleware/version_negotiation.py:70}}
Jul 24 05:49:21.984191 np0000005807 devstack@g-api.service[99688]: [pid: 99688|app: 0|req: 19/51] 127.0.0.1 () {44 vars in 1055 bytes} [Fri Jul 24 05:49:21 2026] GET /v2/schemas/image => generated 6083 bytes in 5 msecs (HTTP/1.1 200) 4 headers in 158 bytes (1 switches on core 0)
Jul 24 05:49:22.231238 np0000005807 devstack@g-api.service[99687]: DEBUG glance.location [None req-294a1476-f0e1-46aa-9999-62109b1e9840 tempest-AttachSCSIVolumeTestJSON-208860938 tempest-AttachSCSIVolumeTestJSON-208860938-project-admin] Enabling in-flight format inspection for qcow2 {{(pid=99687) set_data /opt/stack/glance/glance/location.py:596}}
Jul 24 05:49:22.231702 np0000005807 devstack@g-api.service[99687]: DEBUG glance_store.backend [None req-294a1476-f0e1-46aa-9999-62109b1e9840 tempest-AttachSCSIVolumeTestJSON-208860938 tempest-AttachSCSIVolumeTestJSON-208860938-project-admin] Attempting to import store swift {{(pid=99687) _load_store /opt/stack/data/venv/lib/python3.12/site-packages/glance_store/backend.py:215}}
Jul 24 05:49:22.232957 np0000005807 devstack@g-api.service[99687]: DEBUG glance_store.capabilities [None req-294a1476-f0e1-46aa-9999-62109b1e9840 tempest-AttachSCSIVolumeTestJSON-208860938 tempest-AttachSCSIVolumeTestJSON-208860938-project-admin] Store glance_store._drivers.swift.store.SingleTenantStore doesn't support updating dynamic storage capabilities. Please overwrite 'update_capabilities' method of the store to implement updating logics if needed. {{(pid=99687) update_capabilities /opt/stack/data/venv/lib/python3.12/site-packages/glance_store/capabilities.py:91}}
Jul 24 05:49:22.233112 np0000005807 devstack@g-api.service[99687]: DEBUG glance_store.driver [None req-294a1476-f0e1-46aa-9999-62109b1e9840 tempest-AttachSCSIVolumeTestJSON-208860938 tempest-AttachSCSIVolumeTestJSON-208860938-project-admin] Late loading location class glance_store._drivers.swift.store.StoreLocation {{(pid=99687) get_store_location_class /opt/stack/data/venv/lib/python3.12/site-packages/glance_store/driver.py:134}}
Jul 24 05:49:22.233196 np0000005807 devstack@g-api.service[99687]: DEBUG glance_store.location [None req-294a1476-f0e1-46aa-9999-62109b1e9840 tempest-AttachSCSIVolumeTestJSON-208860938 tempest-AttachSCSIVolumeTestJSON-208860938-project-admin] Registering scheme swift+https with {'store': , 'location_class': , 'store_entry': 'swift'} {{(pid=99687) register_scheme_map /opt/stack/data/venv/lib/python3.12/site-packages/glance_store/location.py:146}}
Jul 24 05:49:22.233196 np0000005807 devstack@g-api.service[99687]: DEBUG glance_store.location [None req-294a1476-f0e1-46aa-9999-62109b1e9840 tempest-AttachSCSIVolumeTestJSON-208860938 tempest-AttachSCSIVolumeTestJSON-208860938-project-admin] Registering scheme swift+https with {'store': , 'location_class': , 'store_entry': 'swift'} {{(pid=99687) register_scheme_map /opt/stack/data/venv/lib/python3.12/site-packages/glance_store/location.py:146}}
Jul 24 05:49:22.233453 np0000005807 devstack@g-api.service[99687]: DEBUG glance_store.location [None req-294a1476-f0e1-46aa-9999-62109b1e9840 tempest-AttachSCSIVolumeTestJSON-208860938 tempest-AttachSCSIVolumeTestJSON-208860938-project-admin] Registering scheme swift with {'store': , 'location_class': , 'store_entry': 'swift'} {{(pid=99687) register_scheme_map /opt/stack/data/venv/lib/python3.12/site-packages/glance_store/location.py:146}}
Jul 24 05:49:22.233453 np0000005807 devstack@g-api.service[99687]: DEBUG glance_store.location [None req-294a1476-f0e1-46aa-9999-62109b1e9840 tempest-AttachSCSIVolumeTestJSON-208860938 tempest-AttachSCSIVolumeTestJSON-208860938-project-admin] Registering scheme swift+https with {'store': , 'location_class': , 'store_entry': 'swift'} {{(pid=99687) register_scheme_map /opt/stack/data/venv/lib/python3.12/site-packages/glance_store/location.py:146}}
Jul 24 05:49:22.233453 np0000005807 devstack@g-api.service[99687]: DEBUG glance_store.location [None req-294a1476-f0e1-46aa-9999-62109b1e9840 tempest-AttachSCSIVolumeTestJSON-208860938 tempest-AttachSCSIVolumeTestJSON-208860938-project-admin] Registering scheme swift with {'store': , 'location_class': , 'store_entry': 'swift'} {{(pid=99687) register_scheme_map /opt/stack/data/venv/lib/python3.12/site-packages/glance_store/location.py:146}}
Jul 24 05:49:22.233615 np0000005807 devstack@g-api.service[99687]: DEBUG glance_store.location [None req-294a1476-f0e1-46aa-9999-62109b1e9840 tempest-AttachSCSIVolumeTestJSON-208860938 tempest-AttachSCSIVolumeTestJSON-208860938-project-admin] Registering scheme swift+http with {'store': , 'location_class': , 'store_entry': 'swift'} {{(pid=99687) register_scheme_map /opt/stack/data/venv/lib/python3.12/site-packages/glance_store/location.py:146}}
Jul 24 05:49:22.233615 np0000005807 devstack@g-api.service[99687]: DEBUG glance_store.location [None req-294a1476-f0e1-46aa-9999-62109b1e9840 tempest-AttachSCSIVolumeTestJSON-208860938 tempest-AttachSCSIVolumeTestJSON-208860938-project-admin] Registering scheme swift+https with {'store': , 'location_class': , 'store_entry': 'swift'} {{(pid=99687) register_scheme_map /opt/stack/data/venv/lib/python3.12/site-packages/glance_store/location.py:146}}
Jul 24 05:49:22.233615 np0000005807 devstack@g-api.service[99687]: DEBUG glance_store.location [None req-294a1476-f0e1-46aa-9999-62109b1e9840 tempest-AttachSCSIVolumeTestJSON-208860938 tempest-AttachSCSIVolumeTestJSON-208860938-project-admin] Registering scheme swift with {'store': , 'location_class': , 'store_entry': 'swift'} {{(pid=99687) register_scheme_map /opt/stack/data/venv/lib/python3.12/site-packages/glance_store/location.py:146}}
Jul 24 05:49:22.233753 np0000005807 devstack@g-api.service[99687]: DEBUG glance_store.location [None req-294a1476-f0e1-46aa-9999-62109b1e9840 tempest-AttachSCSIVolumeTestJSON-208860938 tempest-AttachSCSIVolumeTestJSON-208860938-project-admin] Registering scheme swift+http with {'store': , 'location_class': , 'store_entry': 'swift'} {{(pid=99687) register_scheme_map /opt/stack/data/venv/lib/python3.12/site-packages/glance_store/location.py:146}}
Jul 24 05:49:22.233753 np0000005807 devstack@g-api.service[99687]: DEBUG glance_store.location [None req-294a1476-f0e1-46aa-9999-62109b1e9840 tempest-AttachSCSIVolumeTestJSON-208860938 tempest-AttachSCSIVolumeTestJSON-208860938-project-admin] Registering scheme swift+config with {'store': , 'location_class': , 'store_entry': 'swift'} {{(pid=99687) register_scheme_map /opt/stack/data/venv/lib/python3.12/site-packages/glance_store/location.py:146}}
Jul 24 05:49:22.650669 np0000005807 devstack@g-api.service[99687]: DEBUG swiftclient [None req-294a1476-f0e1-46aa-9999-62109b1e9840 tempest-AttachSCSIVolumeTestJSON-208860938 tempest-AttachSCSIVolumeTestJSON-208860938-project-admin] REQ: curl -i https://10.4.3.232:8080/v1/AUTH_c94b35544bb04631bf4d76a88782406e/glance -I -H "X-Auth-Token: gAAAAABqYvziDC8w..." {{(pid=99687) http_log /opt/stack/data/venv/lib/python3.12/site-packages/swiftclient/client.py:160}}
Jul 24 05:49:22.651061 np0000005807 devstack@g-api.service[99687]: DEBUG swiftclient [None req-294a1476-f0e1-46aa-9999-62109b1e9840 tempest-AttachSCSIVolumeTestJSON-208860938 tempest-AttachSCSIVolumeTestJSON-208860938-project-admin] RESP STATUS: 204 No Content {{(pid=99687) http_log /opt/stack/data/venv/lib/python3.12/site-packages/swiftclient/client.py:161}}
Jul 24 05:49:22.651061 np0000005807 devstack@g-api.service[99687]: DEBUG swiftclient [None req-294a1476-f0e1-46aa-9999-62109b1e9840 tempest-AttachSCSIVolumeTestJSON-208860938 tempest-AttachSCSIVolumeTestJSON-208860938-project-admin] RESP HEADERS: {'Date': 'Fri, 24 Jul 2026 05:49:22 GMT', 'Server': 'Apache/2.4.58 (Ubuntu)', 'Content-Type': 'text/plain; charset=utf-8', 'X-Container-Object-Count': '3', 'X-Container-Bytes-Used': '64356352', 'X-Timestamp': '1784872034.16711', 'Last-Modified': 'Fri, 24 Jul 2026 05:47:15 GMT', 'Accept-Ranges': 'bytes', 'X-Storage-Policy': 'Policy-0', 'X-Container-Sharding': 'False', 'Vary': 'Accept', 'X-Trans-Id': 'tx42d979b3e2254f65957ef-006a62fce2', 'X-Openstack-Request-Id': 'tx42d979b3e2254f65957ef-006a62fce2', 'Connection': 'close'} {{(pid=99687) http_log /opt/stack/data/venv/lib/python3.12/site-packages/swiftclient/client.py:162}}
Jul 24 05:49:22.651061 np0000005807 devstack@g-api.service[99687]: DEBUG glance_store._drivers.swift.store [None req-294a1476-f0e1-46aa-9999-62109b1e9840 tempest-AttachSCSIVolumeTestJSON-208860938 tempest-AttachSCSIVolumeTestJSON-208860938-project-admin] Adding image object '60d93426-6315-4800-891f-8749fadf31ea' to Swift {{(pid=99687) add /opt/stack/data/venv/lib/python3.12/site-packages/glance_store/_drivers/swift/store.py:970}}
Jul 24 05:49:22.651180 np0000005807 devstack@g-api.service[99687]: DEBUG glance_store._drivers.swift.store [None req-294a1476-f0e1-46aa-9999-62109b1e9840 tempest-AttachSCSIVolumeTestJSON-208860938 tempest-AttachSCSIVolumeTestJSON-208860938-project-admin] Cannot determine image size because it is either not provided in the request or chunked-transfer encoding is used. Adding image as a segmented object to Swift. {{(pid=99687) add /opt/stack/data/venv/lib/python3.12/site-packages/glance_store/_drivers/swift/store.py:994}}
Jul 24 05:49:22.659128 np0000005807 devstack@g-api.service[99687]: DEBUG oslo_utils.imageutils.format_inspector [None req-294a1476-f0e1-46aa-9999-62109b1e9840 tempest-AttachSCSIVolumeTestJSON-208860938 tempest-AttachSCSIVolumeTestJSON-208860938-project-admin] Format inspector for vmdk does not match, excluding from consideration (Signature KDMV not found: b'QFI\xfb') {{(pid=99687) _process_chunk /opt/stack/data/venv/lib/python3.12/site-packages/oslo_utils/imageutils/format_inspector.py:1758}}
Jul 24 05:49:22.661271 np0000005807 devstack@g-api.service[99687]: DEBUG oslo_utils.imageutils.format_inspector [None req-294a1476-f0e1-46aa-9999-62109b1e9840 tempest-AttachSCSIVolumeTestJSON-208860938 tempest-AttachSCSIVolumeTestJSON-208860938-project-admin] Format inspector for vhdx does not match, excluding from consideration (Region signature not found at 30000) {{(pid=99687) _process_chunk /opt/stack/data/venv/lib/python3.12/site-packages/oslo_utils/imageutils/format_inspector.py:1758}}
Jul 24 05:49:23.136266 np0000005807 devstack@g-api.service[99686]: DEBUG glance.api.middleware.version_negotiation [None req-41032921-d198-4ec7-9fc2-accc5c5f6005 tempest-TaggedBootDevicesTest_v242-731769132 tempest-TaggedBootDevicesTest_v242-731769132-project-member] Determining version of request: GET /v2/images/a2d4a32a-0d1a-416d-8bd0-b78450109787 Accept: */* {{(pid=99686) process_request /opt/stack/glance/glance/api/middleware/version_negotiation.py:44}}
Jul 24 05:49:23.136266 np0000005807 devstack@g-api.service[99686]: DEBUG glance.api.middleware.version_negotiation [None req-41032921-d198-4ec7-9fc2-accc5c5f6005 tempest-TaggedBootDevicesTest_v242-731769132 tempest-TaggedBootDevicesTest_v242-731769132-project-member] Using url versioning {{(pid=99686) process_request /opt/stack/glance/glance/api/middleware/version_negotiation.py:57}}
Jul 24 05:49:23.136266 np0000005807 devstack@g-api.service[99686]: DEBUG glance.api.middleware.version_negotiation [None req-41032921-d198-4ec7-9fc2-accc5c5f6005 tempest-TaggedBootDevicesTest_v242-731769132 tempest-TaggedBootDevicesTest_v242-731769132-project-member] Matched version: v2 {{(pid=99686) process_request /opt/stack/glance/glance/api/middleware/version_negotiation.py:69}}
Jul 24 05:49:23.136266 np0000005807 devstack@g-api.service[99686]: DEBUG glance.api.middleware.version_negotiation [None req-41032921-d198-4ec7-9fc2-accc5c5f6005 tempest-TaggedBootDevicesTest_v242-731769132 tempest-TaggedBootDevicesTest_v242-731769132-project-member] new path /v2/images/a2d4a32a-0d1a-416d-8bd0-b78450109787 {{(pid=99686) process_request /opt/stack/glance/glance/api/middleware/version_negotiation.py:70}}
Jul 24 05:49:23.149508 np0000005807 devstack@g-api.service[99686]: [pid: 99686|app: 0|req: 19/52] 127.0.0.1 () {44 vars in 1115 bytes} [Fri Jul 24 05:49:23 2026] GET /v2/images/a2d4a32a-0d1a-416d-8bd0-b78450109787 => generated 1044 bytes in 15 msecs (HTTP/1.1 200) 4 headers in 158 bytes (1 switches on core 0)
Jul 24 05:49:23.157575 np0000005807 devstack@g-api.service[99688]: DEBUG glance.api.middleware.version_negotiation [None req-41032921-d198-4ec7-9fc2-accc5c5f6005 tempest-TaggedBootDevicesTest_v242-731769132 tempest-TaggedBootDevicesTest_v242-731769132-project-member] Determining version of request: GET /v2/schemas/image Accept: */* {{(pid=99688) process_request /opt/stack/glance/glance/api/middleware/version_negotiation.py:44}}
Jul 24 05:49:23.158207 np0000005807 devstack@g-api.service[99688]: DEBUG glance.api.middleware.version_negotiation [None req-41032921-d198-4ec7-9fc2-accc5c5f6005 tempest-TaggedBootDevicesTest_v242-731769132 tempest-TaggedBootDevicesTest_v242-731769132-project-member] Using url versioning {{(pid=99688) process_request /opt/stack/glance/glance/api/middleware/version_negotiation.py:57}}
Jul 24 05:49:23.158207 np0000005807 devstack@g-api.service[99688]: DEBUG glance.api.middleware.version_negotiation [None req-41032921-d198-4ec7-9fc2-accc5c5f6005 tempest-TaggedBootDevicesTest_v242-731769132 tempest-TaggedBootDevicesTest_v242-731769132-project-member] Matched version: v2 {{(pid=99688) process_request /opt/stack/glance/glance/api/middleware/version_negotiation.py:69}}
Jul 24 05:49:23.158207 np0000005807 devstack@g-api.service[99688]: DEBUG glance.api.middleware.version_negotiation [None req-41032921-d198-4ec7-9fc2-accc5c5f6005 tempest-TaggedBootDevicesTest_v242-731769132 tempest-TaggedBootDevicesTest_v242-731769132-project-member] new path /v2/schemas/image {{(pid=99688) process_request /opt/stack/glance/glance/api/middleware/version_negotiation.py:70}}
Jul 24 05:49:23.161976 np0000005807 devstack@g-api.service[99688]: [pid: 99688|app: 0|req: 20/53] 127.0.0.1 () {44 vars in 1055 bytes} [Fri Jul 24 05:49:23 2026] GET /v2/schemas/image => generated 6083 bytes in 4 msecs (HTTP/1.1 200) 4 headers in 158 bytes (1 switches on core 0)
Jul 24 05:49:24.303959 np0000005807 devstack@g-api.service[99687]: DEBUG swiftclient [None req-294a1476-f0e1-46aa-9999-62109b1e9840 tempest-AttachSCSIVolumeTestJSON-208860938 tempest-AttachSCSIVolumeTestJSON-208860938-project-admin] REQ: curl -i https://10.4.3.232:8080/v1/AUTH_c94b35544bb04631bf4d76a88782406e/glance/60d93426-6315-4800-891f-8749fadf31ea-00001 -X PUT -H "X-Auth-Token: gAAAAABqYvziDC8w..." {{(pid=99687) http_log /opt/stack/data/venv/lib/python3.12/site-packages/swiftclient/client.py:160}}
Jul 24 05:49:24.304431 np0000005807 devstack@g-api.service[99687]: DEBUG swiftclient [None req-294a1476-f0e1-46aa-9999-62109b1e9840 tempest-AttachSCSIVolumeTestJSON-208860938 tempest-AttachSCSIVolumeTestJSON-208860938-project-admin] RESP STATUS: 201 Created {{(pid=99687) http_log /opt/stack/data/venv/lib/python3.12/site-packages/swiftclient/client.py:161}}
Jul 24 05:49:24.304431 np0000005807 devstack@g-api.service[99687]: DEBUG swiftclient [None req-294a1476-f0e1-46aa-9999-62109b1e9840 tempest-AttachSCSIVolumeTestJSON-208860938 tempest-AttachSCSIVolumeTestJSON-208860938-project-admin] RESP HEADERS: {'Date': 'Fri, 24 Jul 2026 05:49:24 GMT', 'Server': 'Apache/2.4.58 (Ubuntu)', 'Content-Type': 'text/html; charset=UTF-8', 'Content-Length': '0', 'Etag': '87617e24a5e30cb3b87fda8c0764838f', 'Last-Modified': 'Fri, 24 Jul 2026 05:49:23 GMT', 'X-Trans-Id': 'tx06ce3352a3214256a214a-006a62fce2', 'X-Openstack-Request-Id': 'tx06ce3352a3214256a214a-006a62fce2', 'Connection': 'close'} {{(pid=99687) http_log /opt/stack/data/venv/lib/python3.12/site-packages/swiftclient/client.py:162}}
Jul 24 05:49:24.304431 np0000005807 devstack@g-api.service[99687]: DEBUG glance_store._drivers.swift.store [None req-294a1476-f0e1-46aa-9999-62109b1e9840 tempest-AttachSCSIVolumeTestJSON-208860938 tempest-AttachSCSIVolumeTestJSON-208860938-project-admin] Wrote chunk 60d93426-6315-4800-891f-8749fadf31ea-00001 (1/?) of length 21692416 to Swift returning MD5 of content: 87617e24a5e30cb3b87fda8c0764838f {{(pid=99687) add /opt/stack/data/venv/lib/python3.12/site-packages/glance_store/_drivers/swift/store.py:1059}}
Jul 24 05:49:24.304698 np0000005807 devstack@g-api.service[99687]: DEBUG glance_store._drivers.swift.store [None req-294a1476-f0e1-46aa-9999-62109b1e9840 tempest-AttachSCSIVolumeTestJSON-208860938 tempest-AttachSCSIVolumeTestJSON-208860938-project-admin] Not writing zero-length chunk. {{(pid=99687) add /opt/stack/data/venv/lib/python3.12/site-packages/glance_store/_drivers/swift/store.py:1028}}
Jul 24 05:49:24.335445 np0000005807 devstack@g-api.service[99687]: DEBUG swiftclient [None req-294a1476-f0e1-46aa-9999-62109b1e9840 tempest-AttachSCSIVolumeTestJSON-208860938 tempest-AttachSCSIVolumeTestJSON-208860938-project-admin] REQ: curl -i https://10.4.3.232:8080/v1/AUTH_c94b35544bb04631bf4d76a88782406e/glance/60d93426-6315-4800-891f-8749fadf31ea -X PUT -H "X-Object-Manifest: glance/60d93426-6315-4800-891f-8749fadf31ea-" -H "X-Auth-Token: gAAAAABqYvziDC8w..." -H "Content-Length: 0" {{(pid=99687) http_log /opt/stack/data/venv/lib/python3.12/site-packages/swiftclient/client.py:160}}
Jul 24 05:49:24.335659 np0000005807 devstack@g-api.service[99687]: DEBUG swiftclient [None req-294a1476-f0e1-46aa-9999-62109b1e9840 tempest-AttachSCSIVolumeTestJSON-208860938 tempest-AttachSCSIVolumeTestJSON-208860938-project-admin] RESP STATUS: 201 Created {{(pid=99687) http_log /opt/stack/data/venv/lib/python3.12/site-packages/swiftclient/client.py:161}}
Jul 24 05:49:24.335756 np0000005807 devstack@g-api.service[99687]: DEBUG swiftclient [None req-294a1476-f0e1-46aa-9999-62109b1e9840 tempest-AttachSCSIVolumeTestJSON-208860938 tempest-AttachSCSIVolumeTestJSON-208860938-project-admin] RESP HEADERS: {'Date': 'Fri, 24 Jul 2026 05:49:24 GMT', 'Server': 'Apache/2.4.58 (Ubuntu)', 'Content-Type': 'text/html; charset=UTF-8', 'Content-Length': '0', 'Etag': 'd41d8cd98f00b204e9800998ecf8427e', 'Last-Modified': 'Fri, 24 Jul 2026 05:49:25 GMT', 'X-Trans-Id': 'txbcf99fb5fe7c40af866d3-006a62fce4', 'X-Openstack-Request-Id': 'txbcf99fb5fe7c40af866d3-006a62fce4', 'Connection': 'close'} {{(pid=99687) http_log /opt/stack/data/venv/lib/python3.12/site-packages/swiftclient/client.py:162}}
Jul 24 05:49:24.336370 np0000005807 devstack@g-api.service[99687]: INFO glance.location [None req-294a1476-f0e1-46aa-9999-62109b1e9840 tempest-AttachSCSIVolumeTestJSON-208860938 tempest-AttachSCSIVolumeTestJSON-208860938-project-admin] Image format matched and virtual size computed: 117440512
Jul 24 05:49:24.360341 np0000005807 devstack@g-api.service[99687]: DEBUG glance_store.backend [None req-294a1476-f0e1-46aa-9999-62109b1e9840 tempest-AttachSCSIVolumeTestJSON-208860938 tempest-AttachSCSIVolumeTestJSON-208860938-project-admin] Attempting to import store swift {{(pid=99687) _load_store /opt/stack/data/venv/lib/python3.12/site-packages/glance_store/backend.py:215}}
Jul 24 05:49:24.362799 np0000005807 devstack@g-api.service[99687]: DEBUG glance_store.capabilities [None req-294a1476-f0e1-46aa-9999-62109b1e9840 tempest-AttachSCSIVolumeTestJSON-208860938 tempest-AttachSCSIVolumeTestJSON-208860938-project-admin] Store glance_store._drivers.swift.store.SingleTenantStore doesn't support updating dynamic storage capabilities. Please overwrite 'update_capabilities' method of the store to implement updating logics if needed. {{(pid=99687) update_capabilities /opt/stack/data/venv/lib/python3.12/site-packages/glance_store/capabilities.py:91}}
Jul 24 05:49:24.362949 np0000005807 devstack@g-api.service[99687]: DEBUG glance_store.driver [None req-294a1476-f0e1-46aa-9999-62109b1e9840 tempest-AttachSCSIVolumeTestJSON-208860938 tempest-AttachSCSIVolumeTestJSON-208860938-project-admin] Late loading location class glance_store._drivers.swift.store.StoreLocation {{(pid=99687) get_store_location_class /opt/stack/data/venv/lib/python3.12/site-packages/glance_store/driver.py:134}}
Jul 24 05:49:24.363065 np0000005807 devstack@g-api.service[99687]: DEBUG glance_store.location [None req-294a1476-f0e1-46aa-9999-62109b1e9840 tempest-AttachSCSIVolumeTestJSON-208860938 tempest-AttachSCSIVolumeTestJSON-208860938-project-admin] Registering scheme swift+https with {'store': , 'location_class': , 'store_entry': 'swift'} {{(pid=99687) register_scheme_map /opt/stack/data/venv/lib/python3.12/site-packages/glance_store/location.py:146}}
Jul 24 05:49:24.363186 np0000005807 devstack@g-api.service[99687]: DEBUG glance_store.location [None req-294a1476-f0e1-46aa-9999-62109b1e9840 tempest-AttachSCSIVolumeTestJSON-208860938 tempest-AttachSCSIVolumeTestJSON-208860938-project-admin] Registering scheme swift+https with {'store': , 'location_class': , 'store_entry': 'swift'} {{(pid=99687) register_scheme_map /opt/stack/data/venv/lib/python3.12/site-packages/glance_store/location.py:146}}
Jul 24 05:49:24.363186 np0000005807 devstack@g-api.service[99687]: DEBUG glance_store.location [None req-294a1476-f0e1-46aa-9999-62109b1e9840 tempest-AttachSCSIVolumeTestJSON-208860938 tempest-AttachSCSIVolumeTestJSON-208860938-project-admin] Registering scheme swift with {'store': , 'location_class': , 'store_entry': 'swift'} {{(pid=99687) register_scheme_map /opt/stack/data/venv/lib/python3.12/site-packages/glance_store/location.py:146}}
Jul 24 05:49:24.363430 np0000005807 devstack@g-api.service[99687]: DEBUG glance_store.location [None req-294a1476-f0e1-46aa-9999-62109b1e9840 tempest-AttachSCSIVolumeTestJSON-208860938 tempest-AttachSCSIVolumeTestJSON-208860938-project-admin] Registering scheme swift+https with {'store': , 'location_class': , 'store_entry': 'swift'} {{(pid=99687) register_scheme_map /opt/stack/data/venv/lib/python3.12/site-packages/glance_store/location.py:146}}
Jul 24 05:49:24.363430 np0000005807 devstack@g-api.service[99687]: DEBUG glance_store.location [None req-294a1476-f0e1-46aa-9999-62109b1e9840 tempest-AttachSCSIVolumeTestJSON-208860938 tempest-AttachSCSIVolumeTestJSON-208860938-project-admin] Registering scheme swift with {'store': , 'location_class': , 'store_entry': 'swift'} {{(pid=99687) register_scheme_map /opt/stack/data/venv/lib/python3.12/site-packages/glance_store/location.py:146}}
Jul 24 05:49:24.363670 np0000005807 devstack@g-api.service[99687]: DEBUG glance_store.location [None req-294a1476-f0e1-46aa-9999-62109b1e9840 tempest-AttachSCSIVolumeTestJSON-208860938 tempest-AttachSCSIVolumeTestJSON-208860938-project-admin] Registering scheme swift+http with {'store': , 'location_class': , 'store_entry': 'swift'} {{(pid=99687) register_scheme_map /opt/stack/data/venv/lib/python3.12/site-packages/glance_store/location.py:146}}
Jul 24 05:49:24.363670 np0000005807 devstack@g-api.service[99687]: DEBUG glance_store.location [None req-294a1476-f0e1-46aa-9999-62109b1e9840 tempest-AttachSCSIVolumeTestJSON-208860938 tempest-AttachSCSIVolumeTestJSON-208860938-project-admin] Registering scheme swift+https with {'store': , 'location_class': , 'store_entry': 'swift'} {{(pid=99687) register_scheme_map /opt/stack/data/venv/lib/python3.12/site-packages/glance_store/location.py:146}}
Jul 24 05:49:24.363670 np0000005807 devstack@g-api.service[99687]: DEBUG glance_store.location [None req-294a1476-f0e1-46aa-9999-62109b1e9840 tempest-AttachSCSIVolumeTestJSON-208860938 tempest-AttachSCSIVolumeTestJSON-208860938-project-admin] Registering scheme swift with {'store': , 'location_class': , 'store_entry': 'swift'} {{(pid=99687) register_scheme_map /opt/stack/data/venv/lib/python3.12/site-packages/glance_store/location.py:146}}
Jul 24 05:49:24.363908 np0000005807 devstack@g-api.service[99687]: DEBUG glance_store.location [None req-294a1476-f0e1-46aa-9999-62109b1e9840 tempest-AttachSCSIVolumeTestJSON-208860938 tempest-AttachSCSIVolumeTestJSON-208860938-project-admin] Registering scheme swift+http with {'store': , 'location_class': , 'store_entry': 'swift'} {{(pid=99687) register_scheme_map /opt/stack/data/venv/lib/python3.12/site-packages/glance_store/location.py:146}}
Jul 24 05:49:24.363908 np0000005807 devstack@g-api.service[99687]: DEBUG glance_store.location [None req-294a1476-f0e1-46aa-9999-62109b1e9840 tempest-AttachSCSIVolumeTestJSON-208860938 tempest-AttachSCSIVolumeTestJSON-208860938-project-admin] Registering scheme swift+config with {'store': , 'location_class': , 'store_entry': 'swift'} {{(pid=99687) register_scheme_map /opt/stack/data/venv/lib/python3.12/site-packages/glance_store/location.py:146}}
Jul 24 05:49:24.363908 np0000005807 devstack@g-api.service[99687]: DEBUG glance_store.backend [None req-294a1476-f0e1-46aa-9999-62109b1e9840 tempest-AttachSCSIVolumeTestJSON-208860938 tempest-AttachSCSIVolumeTestJSON-208860938-project-admin] Skipping store.set_acls... not implemented. {{(pid=99687) set_acls /opt/stack/data/venv/lib/python3.12/site-packages/glance_store/backend.py:507}}
Jul 24 05:49:24.365700 np0000005807 devstack@g-api.service[99687]: [pid: 99687|app: 0|req: 15/54] 127.0.0.1 () {40 vars in 858 bytes} [Fri Jul 24 05:49:20 2026] PUT /v2/images/60d93426-6315-4800-891f-8749fadf31ea/file => generated 0 bytes in 3688 msecs (HTTP/1.1 204) 4 headers in 171 bytes (1 switches on core 0)
Jul 24 05:49:26.901559 np0000005807 devstack@g-api.service[99686]: DEBUG glance.api.middleware.version_negotiation [None req-41032921-d198-4ec7-9fc2-accc5c5f6005 tempest-TaggedBootDevicesTest_v242-731769132 tempest-TaggedBootDevicesTest_v242-731769132-project-member] Determining version of request: GET /v2/images/a2d4a32a-0d1a-416d-8bd0-b78450109787 Accept: */* {{(pid=99686) process_request /opt/stack/glance/glance/api/middleware/version_negotiation.py:44}}
Jul 24 05:49:26.901916 np0000005807 devstack@g-api.service[99686]: DEBUG glance.api.middleware.version_negotiation [None req-41032921-d198-4ec7-9fc2-accc5c5f6005 tempest-TaggedBootDevicesTest_v242-731769132 tempest-TaggedBootDevicesTest_v242-731769132-project-member] Using url versioning {{(pid=99686) process_request /opt/stack/glance/glance/api/middleware/version_negotiation.py:57}}
Jul 24 05:49:26.901916 np0000005807 devstack@g-api.service[99686]: DEBUG glance.api.middleware.version_negotiation [None req-41032921-d198-4ec7-9fc2-accc5c5f6005 tempest-TaggedBootDevicesTest_v242-731769132 tempest-TaggedBootDevicesTest_v242-731769132-project-member] Matched version: v2 {{(pid=99686) process_request /opt/stack/glance/glance/api/middleware/version_negotiation.py:69}}
Jul 24 05:49:26.901916 np0000005807 devstack@g-api.service[99686]: DEBUG glance.api.middleware.version_negotiation [None req-41032921-d198-4ec7-9fc2-accc5c5f6005 tempest-TaggedBootDevicesTest_v242-731769132 tempest-TaggedBootDevicesTest_v242-731769132-project-member] new path /v2/images/a2d4a32a-0d1a-416d-8bd0-b78450109787 {{(pid=99686) process_request /opt/stack/glance/glance/api/middleware/version_negotiation.py:70}}
Jul 24 05:49:26.918192 np0000005807 devstack@g-api.service[99686]: [pid: 99686|app: 0|req: 20/55] 127.0.0.1 () {44 vars in 1115 bytes} [Fri Jul 24 05:49:26 2026] GET /v2/images/a2d4a32a-0d1a-416d-8bd0-b78450109787 => generated 1044 bytes in 16 msecs (HTTP/1.1 200) 4 headers in 158 bytes (1 switches on core 0)
Jul 24 05:49:26.944058 np0000005807 devstack@g-api.service[99688]: DEBUG glance.api.middleware.version_negotiation [None req-41032921-d198-4ec7-9fc2-accc5c5f6005 tempest-TaggedBootDevicesTest_v242-731769132 tempest-TaggedBootDevicesTest_v242-731769132-project-member] Determining version of request: GET /v2/schemas/image Accept: */* {{(pid=99688) process_request /opt/stack/glance/glance/api/middleware/version_negotiation.py:44}}
Jul 24 05:49:26.944539 np0000005807 devstack@g-api.service[99688]: DEBUG glance.api.middleware.version_negotiation [None req-41032921-d198-4ec7-9fc2-accc5c5f6005 tempest-TaggedBootDevicesTest_v242-731769132 tempest-TaggedBootDevicesTest_v242-731769132-project-member] Using url versioning {{(pid=99688) process_request /opt/stack/glance/glance/api/middleware/version_negotiation.py:57}}
Jul 24 05:49:26.944539 np0000005807 devstack@g-api.service[99688]: DEBUG glance.api.middleware.version_negotiation [None req-41032921-d198-4ec7-9fc2-accc5c5f6005 tempest-TaggedBootDevicesTest_v242-731769132 tempest-TaggedBootDevicesTest_v242-731769132-project-member] Matched version: v2 {{(pid=99688) process_request /opt/stack/glance/glance/api/middleware/version_negotiation.py:69}}
Jul 24 05:49:26.944539 np0000005807 devstack@g-api.service[99688]: DEBUG glance.api.middleware.version_negotiation [None req-41032921-d198-4ec7-9fc2-accc5c5f6005 tempest-TaggedBootDevicesTest_v242-731769132 tempest-TaggedBootDevicesTest_v242-731769132-project-member] new path /v2/schemas/image {{(pid=99688) process_request /opt/stack/glance/glance/api/middleware/version_negotiation.py:70}}
Jul 24 05:49:26.946623 np0000005807 devstack@g-api.service[99688]: [pid: 99688|app: 0|req: 21/56] 127.0.0.1 () {44 vars in 1055 bytes} [Fri Jul 24 05:49:26 2026] GET /v2/schemas/image => generated 6083 bytes in 3 msecs (HTTP/1.1 200) 4 headers in 158 bytes (1 switches on core 0)
Jul 24 05:49:29.664744 np0000005807 devstack@g-api.service[99687]: DEBUG glance.api.middleware.version_negotiation [None req-294a1476-f0e1-46aa-9999-62109b1e9840 tempest-AttachSCSIVolumeTestJSON-208860938 tempest-AttachSCSIVolumeTestJSON-208860938-project-admin] Determining version of request: GET / Accept: application/json {{(pid=99687) process_request /opt/stack/glance/glance/api/middleware/version_negotiation.py:44}}
Jul 24 05:49:29.665160 np0000005807 devstack@g-api.service[99687]: DEBUG glance.api.middleware.version_negotiation [None req-294a1476-f0e1-46aa-9999-62109b1e9840 tempest-AttachSCSIVolumeTestJSON-208860938 tempest-AttachSCSIVolumeTestJSON-208860938-project-admin] Using url versioning {{(pid=99687) process_request /opt/stack/glance/glance/api/middleware/version_negotiation.py:57}}
Jul 24 05:49:29.665160 np0000005807 devstack@g-api.service[99687]: DEBUG glance.api.middleware.version_negotiation [None req-294a1476-f0e1-46aa-9999-62109b1e9840 tempest-AttachSCSIVolumeTestJSON-208860938 tempest-AttachSCSIVolumeTestJSON-208860938-project-admin] Unknown version. Returning version choices. {{(pid=99687) process_request /opt/stack/glance/glance/api/middleware/version_negotiation.py:64}}
Jul 24 05:49:29.665704 np0000005807 devstack@g-api.service[99687]: [pid: 99687|app: 0|req: 16/57] 127.0.0.1 () {36 vars in 559 bytes} [Fri Jul 24 05:49:29 2026] GET / => generated 1515 bytes in 1 msecs (HTTP/1.1 300) 3 headers in 106 bytes (1 switches on core 0)
Jul 24 05:49:29.700601 np0000005807 devstack@g-api.service[99686]: DEBUG glance.api.middleware.version_negotiation [None req-03a5ebff-dc17-4f23-abe7-1649522e4f2b tempest-TaggedAttachmentsTest-1811916974 tempest-TaggedAttachmentsTest-1811916974-project-member] Determining version of request: GET /v2/images/a2d4a32a-0d1a-416d-8bd0-b78450109787 Accept: */* {{(pid=99686) process_request /opt/stack/glance/glance/api/middleware/version_negotiation.py:44}}
Jul 24 05:49:29.700958 np0000005807 devstack@g-api.service[99686]: DEBUG glance.api.middleware.version_negotiation [None req-03a5ebff-dc17-4f23-abe7-1649522e4f2b tempest-TaggedAttachmentsTest-1811916974 tempest-TaggedAttachmentsTest-1811916974-project-member] Using url versioning {{(pid=99686) process_request /opt/stack/glance/glance/api/middleware/version_negotiation.py:57}}
Jul 24 05:49:29.700958 np0000005807 devstack@g-api.service[99686]: DEBUG glance.api.middleware.version_negotiation [None req-03a5ebff-dc17-4f23-abe7-1649522e4f2b tempest-TaggedAttachmentsTest-1811916974 tempest-TaggedAttachmentsTest-1811916974-project-member] Matched version: v2 {{(pid=99686) process_request /opt/stack/glance/glance/api/middleware/version_negotiation.py:69}}
Jul 24 05:49:29.701078 np0000005807 devstack@g-api.service[99686]: DEBUG glance.api.middleware.version_negotiation [None req-03a5ebff-dc17-4f23-abe7-1649522e4f2b tempest-TaggedAttachmentsTest-1811916974 tempest-TaggedAttachmentsTest-1811916974-project-member] new path /v2/images/a2d4a32a-0d1a-416d-8bd0-b78450109787 {{(pid=99686) process_request /opt/stack/glance/glance/api/middleware/version_negotiation.py:70}}
Jul 24 05:49:29.711736 np0000005807 devstack@g-api.service[99686]: [pid: 99686|app: 0|req: 21/58] 127.0.0.1 () {44 vars in 1115 bytes} [Fri Jul 24 05:49:29 2026] GET /v2/images/a2d4a32a-0d1a-416d-8bd0-b78450109787 => generated 1044 bytes in 11 msecs (HTTP/1.1 200) 4 headers in 158 bytes (1 switches on core 0)
Jul 24 05:49:29.737260 np0000005807 devstack@g-api.service[99688]: DEBUG glance.api.middleware.version_negotiation [None req-03a5ebff-dc17-4f23-abe7-1649522e4f2b tempest-TaggedAttachmentsTest-1811916974 tempest-TaggedAttachmentsTest-1811916974-project-member] Determining version of request: GET /v2/schemas/image Accept: */* {{(pid=99688) process_request /opt/stack/glance/glance/api/middleware/version_negotiation.py:44}}
Jul 24 05:49:29.737795 np0000005807 devstack@g-api.service[99688]: DEBUG glance.api.middleware.version_negotiation [None req-03a5ebff-dc17-4f23-abe7-1649522e4f2b tempest-TaggedAttachmentsTest-1811916974 tempest-TaggedAttachmentsTest-1811916974-project-member] Using url versioning {{(pid=99688) process_request /opt/stack/glance/glance/api/middleware/version_negotiation.py:57}}
Jul 24 05:49:29.737795 np0000005807 devstack@g-api.service[99688]: DEBUG glance.api.middleware.version_negotiation [None req-03a5ebff-dc17-4f23-abe7-1649522e4f2b tempest-TaggedAttachmentsTest-1811916974 tempest-TaggedAttachmentsTest-1811916974-project-member] Matched version: v2 {{(pid=99688) process_request /opt/stack/glance/glance/api/middleware/version_negotiation.py:69}}
Jul 24 05:49:29.737795 np0000005807 devstack@g-api.service[99688]: DEBUG glance.api.middleware.version_negotiation [None req-03a5ebff-dc17-4f23-abe7-1649522e4f2b tempest-TaggedAttachmentsTest-1811916974 tempest-TaggedAttachmentsTest-1811916974-project-member] new path /v2/schemas/image {{(pid=99688) process_request /opt/stack/glance/glance/api/middleware/version_negotiation.py:70}}
Jul 24 05:49:29.739720 np0000005807 devstack@g-api.service[99688]: [pid: 99688|app: 0|req: 22/59] 127.0.0.1 () {44 vars in 1055 bytes} [Fri Jul 24 05:49:29 2026] GET /v2/schemas/image => generated 6083 bytes in 2 msecs (HTTP/1.1 200) 4 headers in 158 bytes (1 switches on core 0)
Jul 24 05:49:29.944162 np0000005807 devstack@g-api.service[99687]: DEBUG glance.api.middleware.version_negotiation [None req-294a1476-f0e1-46aa-9999-62109b1e9840 tempest-AttachSCSIVolumeTestJSON-208860938 tempest-AttachSCSIVolumeTestJSON-208860938-project-admin] Determining version of request: GET /v2/images/60d93426-6315-4800-891f-8749fadf31ea Accept: */* {{(pid=99687) process_request /opt/stack/glance/glance/api/middleware/version_negotiation.py:44}}
Jul 24 05:49:29.944358 np0000005807 devstack@g-api.service[99687]: DEBUG glance.api.middleware.version_negotiation [None req-294a1476-f0e1-46aa-9999-62109b1e9840 tempest-AttachSCSIVolumeTestJSON-208860938 tempest-AttachSCSIVolumeTestJSON-208860938-project-admin] Using url versioning {{(pid=99687) process_request /opt/stack/glance/glance/api/middleware/version_negotiation.py:57}}
Jul 24 05:49:29.944471 np0000005807 devstack@g-api.service[99687]: DEBUG glance.api.middleware.version_negotiation [None req-294a1476-f0e1-46aa-9999-62109b1e9840 tempest-AttachSCSIVolumeTestJSON-208860938 tempest-AttachSCSIVolumeTestJSON-208860938-project-admin] Matched version: v2 {{(pid=99687) process_request /opt/stack/glance/glance/api/middleware/version_negotiation.py:69}}
Jul 24 05:49:29.944576 np0000005807 devstack@g-api.service[99687]: DEBUG glance.api.middleware.version_negotiation [None req-294a1476-f0e1-46aa-9999-62109b1e9840 tempest-AttachSCSIVolumeTestJSON-208860938 tempest-AttachSCSIVolumeTestJSON-208860938-project-admin] new path /v2/images/60d93426-6315-4800-891f-8749fadf31ea {{(pid=99687) process_request /opt/stack/glance/glance/api/middleware/version_negotiation.py:70}}
Jul 24 05:49:29.962818 np0000005807 devstack@g-api.service[99687]: [pid: 99687|app: 0|req: 17/60] 127.0.0.1 () {44 vars in 1115 bytes} [Fri Jul 24 05:49:29 2026] GET /v2/images/60d93426-6315-4800-891f-8749fadf31ea => generated 859 bytes in 19 msecs (HTTP/1.1 200) 4 headers in 157 bytes (1 switches on core 0)
Jul 24 05:49:29.972934 np0000005807 devstack@g-api.service[99688]: DEBUG dbcounter [-] [99688] Writing DB stats glance:SELECT=12 {{(pid=99688) stat_writer /opt/stack/data/venv/lib/python3.12/site-packages/dbcounter.py:115}}
Jul 24 05:49:30.003839 np0000005807 devstack@g-api.service[99686]: DEBUG glance.api.middleware.version_negotiation [None req-93d62091-1985-4f15-88d2-e5d065738871 tempest-VolumesAdminNegativeTest-1650475691 tempest-VolumesAdminNegativeTest-1650475691-project-member] Determining version of request: GET /v2/schemas/image Accept: */* {{(pid=99686) process_request /opt/stack/glance/glance/api/middleware/version_negotiation.py:44}}
Jul 24 05:49:30.003977 np0000005807 devstack@g-api.service[99686]: DEBUG glance.api.middleware.version_negotiation [None req-93d62091-1985-4f15-88d2-e5d065738871 tempest-VolumesAdminNegativeTest-1650475691 tempest-VolumesAdminNegativeTest-1650475691-project-member] Using url versioning {{(pid=99686) process_request /opt/stack/glance/glance/api/middleware/version_negotiation.py:57}}
Jul 24 05:49:30.004102 np0000005807 devstack@g-api.service[99686]: DEBUG glance.api.middleware.version_negotiation [None req-93d62091-1985-4f15-88d2-e5d065738871 tempest-VolumesAdminNegativeTest-1650475691 tempest-VolumesAdminNegativeTest-1650475691-project-member] Matched version: v2 {{(pid=99686) process_request /opt/stack/glance/glance/api/middleware/version_negotiation.py:69}}
Jul 24 05:49:30.004209 np0000005807 devstack@g-api.service[99686]: DEBUG glance.api.middleware.version_negotiation [None req-93d62091-1985-4f15-88d2-e5d065738871 tempest-VolumesAdminNegativeTest-1650475691 tempest-VolumesAdminNegativeTest-1650475691-project-member] new path /v2/schemas/image {{(pid=99686) process_request /opt/stack/glance/glance/api/middleware/version_negotiation.py:70}}
Jul 24 05:49:30.007470 np0000005807 devstack@g-api.service[99686]: [pid: 99686|app: 0|req: 22/61] 127.0.0.1 () {44 vars in 1055 bytes} [Fri Jul 24 05:49:30 2026] GET /v2/schemas/image => generated 6083 bytes in 3 msecs (HTTP/1.1 200) 4 headers in 158 bytes (1 switches on core 0)
Jul 24 05:49:33.813908 np0000005807 devstack@g-api.service[99688]: DEBUG glance.api.middleware.version_negotiation [None req-93d62091-1985-4f15-88d2-e5d065738871 tempest-VolumesAdminNegativeTest-1650475691 tempest-VolumesAdminNegativeTest-1650475691-project-member] Determining version of request: GET /v2/images/60d93426-6315-4800-891f-8749fadf31ea Accept: */* {{(pid=99688) process_request /opt/stack/glance/glance/api/middleware/version_negotiation.py:44}}
Jul 24 05:49:33.814370 np0000005807 devstack@g-api.service[99688]: DEBUG glance.api.middleware.version_negotiation [None req-93d62091-1985-4f15-88d2-e5d065738871 tempest-VolumesAdminNegativeTest-1650475691 tempest-VolumesAdminNegativeTest-1650475691-project-member] Using url versioning {{(pid=99688) process_request /opt/stack/glance/glance/api/middleware/version_negotiation.py:57}}
Jul 24 05:49:33.814370 np0000005807 devstack@g-api.service[99688]: DEBUG glance.api.middleware.version_negotiation [None req-93d62091-1985-4f15-88d2-e5d065738871 tempest-VolumesAdminNegativeTest-1650475691 tempest-VolumesAdminNegativeTest-1650475691-project-member] Matched version: v2 {{(pid=99688) process_request /opt/stack/glance/glance/api/middleware/version_negotiation.py:69}}
