Jun 26 08:33:56.971014 np0000003719 nova-scheduler[96381]: DEBUG cotyledon.oslo_config_glue [-] profiler.es_scroll_time = 2m {{(pid=96381) log_opt_values /opt/stack/data/venv/lib/python3.12/site-packages/oslo_config/cfg.py:3253}}
Jun 26 08:33:56.971249 np0000003719 nova-scheduler[96381]: DEBUG cotyledon.oslo_config_glue [-] profiler.filter_error_trace = False {{(pid=96381) log_opt_values /opt/stack/data/venv/lib/python3.12/site-packages/oslo_config/cfg.py:3253}}
Jun 26 08:33:56.971249 np0000003719 nova-scheduler[96381]: DEBUG cotyledon.oslo_config_glue [-] profiler.hmac_keys = **** {{(pid=96381) log_opt_values /opt/stack/data/venv/lib/python3.12/site-packages/oslo_config/cfg.py:3253}}
Jun 26 08:33:56.971249 np0000003719 nova-scheduler[96381]: DEBUG cotyledon.oslo_config_glue [-] profiler.sentinel_service_name = mymaster {{(pid=96381) log_opt_values /opt/stack/data/venv/lib/python3.12/site-packages/oslo_config/cfg.py:3253}}
Jun 26 08:33:56.971249 np0000003719 nova-scheduler[96381]: DEBUG cotyledon.oslo_config_glue [-] profiler.socket_timeout = 0.1 {{(pid=96381) log_opt_values /opt/stack/data/venv/lib/python3.12/site-packages/oslo_config/cfg.py:3253}}
Jun 26 08:33:56.971249 np0000003719 nova-scheduler[96381]: DEBUG cotyledon.oslo_config_glue [-] profiler.trace_requests = False {{(pid=96381) log_opt_values /opt/stack/data/venv/lib/python3.12/site-packages/oslo_config/cfg.py:3253}}
Jun 26 08:33:56.971249 np0000003719 nova-scheduler[96381]: DEBUG cotyledon.oslo_config_glue [-] profiler.trace_sqlalchemy = False {{(pid=96381) log_opt_values /opt/stack/data/venv/lib/python3.12/site-packages/oslo_config/cfg.py:3253}}
Jun 26 08:33:56.971249 np0000003719 nova-scheduler[96381]: DEBUG cotyledon.oslo_config_glue [-] profiler_jaeger.process_tags = {} {{(pid=96381) log_opt_values /opt/stack/data/venv/lib/python3.12/site-packages/oslo_config/cfg.py:3253}}
Jun 26 08:33:56.971249 np0000003719 nova-scheduler[96381]: DEBUG cotyledon.oslo_config_glue [-] profiler_jaeger.service_name_prefix = None {{(pid=96381) log_opt_values /opt/stack/data/venv/lib/python3.12/site-packages/oslo_config/cfg.py:3253}}
Jun 26 08:33:56.971249 np0000003719 nova-scheduler[96381]: DEBUG cotyledon.oslo_config_glue [-] profiler_otlp.service_name_prefix = None {{(pid=96381) log_opt_values /opt/stack/data/venv/lib/python3.12/site-packages/oslo_config/cfg.py:3253}}
Jun 26 08:33:56.971499 np0000003719 nova-scheduler[96381]: DEBUG cotyledon.oslo_config_glue [-] oslo_messaging_rabbit.amqp_auto_delete = False {{(pid=96381) log_opt_values /opt/stack/data/venv/lib/python3.12/site-packages/oslo_config/cfg.py:3253}}
Jun 26 08:33:56.971499 np0000003719 nova-scheduler[96381]: DEBUG cotyledon.oslo_config_glue [-] oslo_messaging_rabbit.amqp_durable_queues = False {{(pid=96381) log_opt_values /opt/stack/data/venv/lib/python3.12/site-packages/oslo_config/cfg.py:3253}}
Jun 26 08:33:56.971499 np0000003719 nova-scheduler[96381]: DEBUG cotyledon.oslo_config_glue [-] oslo_messaging_rabbit.conn_pool_min_size = 2 {{(pid=96381) log_opt_values /opt/stack/data/venv/lib/python3.12/site-packages/oslo_config/cfg.py:3253}}
Jun 26 08:33:56.971499 np0000003719 nova-scheduler[96381]: DEBUG cotyledon.oslo_config_glue [-] oslo_messaging_rabbit.conn_pool_ttl = 1200 {{(pid=96381) log_opt_values /opt/stack/data/venv/lib/python3.12/site-packages/oslo_config/cfg.py:3253}}
Jun 26 08:33:56.971499 np0000003719 nova-scheduler[96381]: DEBUG cotyledon.oslo_config_glue [-] oslo_messaging_rabbit.direct_mandatory_flag = True {{(pid=96381) log_opt_values /opt/stack/data/venv/lib/python3.12/site-packages/oslo_config/cfg.py:3253}}
Jun 26 08:33:56.971499 np0000003719 nova-scheduler[96381]: DEBUG cotyledon.oslo_config_glue [-] oslo_messaging_rabbit.enable_cancel_on_failover = False {{(pid=96381) log_opt_values /opt/stack/data/venv/lib/python3.12/site-packages/oslo_config/cfg.py:3253}}
Jun 26 08:33:56.971499 np0000003719 nova-scheduler[96381]: DEBUG cotyledon.oslo_config_glue [-] oslo_messaging_rabbit.heartbeat_rate = 3 {{(pid=96381) log_opt_values /opt/stack/data/venv/lib/python3.12/site-packages/oslo_config/cfg.py:3253}}
Jun 26 08:33:56.971499 np0000003719 nova-scheduler[96381]: DEBUG cotyledon.oslo_config_glue [-] oslo_messaging_rabbit.heartbeat_timeout_threshold = 60 {{(pid=96381) log_opt_values /opt/stack/data/venv/lib/python3.12/site-packages/oslo_config/cfg.py:3253}}
Jun 26 08:33:56.971499 np0000003719 nova-scheduler[96381]: DEBUG cotyledon.oslo_config_glue [-] oslo_messaging_rabbit.hostname = np0000003719 {{(pid=96381) log_opt_values /opt/stack/data/venv/lib/python3.12/site-packages/oslo_config/cfg.py:3253}}
Jun 26 08:33:56.971813 np0000003719 nova-scheduler[96381]: DEBUG cotyledon.oslo_config_glue [-] oslo_messaging_rabbit.kombu_compression = None {{(pid=96381) log_opt_values /opt/stack/data/venv/lib/python3.12/site-packages/oslo_config/cfg.py:3253}}
Jun 26 08:33:56.971813 np0000003719 nova-scheduler[96381]: DEBUG cotyledon.oslo_config_glue [-] oslo_messaging_rabbit.kombu_failover_strategy = round-robin {{(pid=96381) log_opt_values /opt/stack/data/venv/lib/python3.12/site-packages/oslo_config/cfg.py:3253}}
Jun 26 08:33:56.971813 np0000003719 nova-scheduler[96381]: DEBUG cotyledon.oslo_config_glue [-] oslo_messaging_rabbit.kombu_missing_consumer_retry_timeout = 60 {{(pid=96381) log_opt_values /opt/stack/data/venv/lib/python3.12/site-packages/oslo_config/cfg.py:3253}}
Jun 26 08:33:56.971813 np0000003719 nova-scheduler[96381]: DEBUG cotyledon.oslo_config_glue [-] oslo_messaging_rabbit.kombu_reconnect_delay = 1.0 {{(pid=96381) log_opt_values /opt/stack/data/venv/lib/python3.12/site-packages/oslo_config/cfg.py:3253}}
Jun 26 08:33:56.971813 np0000003719 nova-scheduler[96381]: DEBUG cotyledon.oslo_config_glue [-] oslo_messaging_rabbit.kombu_reconnect_splay = 0.0 {{(pid=96381) log_opt_values /opt/stack/data/venv/lib/python3.12/site-packages/oslo_config/cfg.py:3253}}
Jun 26 08:33:56.971813 np0000003719 nova-scheduler[96381]: DEBUG cotyledon.oslo_config_glue [-] oslo_messaging_rabbit.processname = nova-scheduler {{(pid=96381) log_opt_values /opt/stack/data/venv/lib/python3.12/site-packages/oslo_config/cfg.py:3253}}
Jun 26 08:33:56.971813 np0000003719 nova-scheduler[96381]: DEBUG cotyledon.oslo_config_glue [-] oslo_messaging_rabbit.rabbit_ha_queues = False {{(pid=96381) log_opt_values /opt/stack/data/venv/lib/python3.12/site-packages/oslo_config/cfg.py:3253}}
Jun 26 08:33:56.971813 np0000003719 nova-scheduler[96381]: DEBUG cotyledon.oslo_config_glue [-] oslo_messaging_rabbit.rabbit_interval_max = 30 {{(pid=96381) log_opt_values /opt/stack/data/venv/lib/python3.12/site-packages/oslo_config/cfg.py:3253}}
Jun 26 08:33:56.971813 np0000003719 nova-scheduler[96381]: DEBUG cotyledon.oslo_config_glue [-] oslo_messaging_rabbit.rabbit_login_method = AMQPLAIN {{(pid=96381) log_opt_values /opt/stack/data/venv/lib/python3.12/site-packages/oslo_config/cfg.py:3253}}
Jun 26 08:33:56.972136 np0000003719 nova-scheduler[96381]: DEBUG cotyledon.oslo_config_glue [-] oslo_messaging_rabbit.rabbit_qos_prefetch_count = 0 {{(pid=96381) log_opt_values /opt/stack/data/venv/lib/python3.12/site-packages/oslo_config/cfg.py:3253}}
Jun 26 08:33:56.972136 np0000003719 nova-scheduler[96381]: DEBUG cotyledon.oslo_config_glue [-] oslo_messaging_rabbit.rabbit_quorum_delivery_limit = 0 {{(pid=96381) log_opt_values /opt/stack/data/venv/lib/python3.12/site-packages/oslo_config/cfg.py:3253}}
Jun 26 08:33:56.972136 np0000003719 nova-scheduler[96381]: DEBUG cotyledon.oslo_config_glue [-] oslo_messaging_rabbit.rabbit_quorum_max_memory_bytes = 0 {{(pid=96381) log_opt_values /opt/stack/data/venv/lib/python3.12/site-packages/oslo_config/cfg.py:3253}}
Jun 26 08:33:56.972136 np0000003719 nova-scheduler[96381]: DEBUG cotyledon.oslo_config_glue [-] oslo_messaging_rabbit.rabbit_quorum_max_memory_length = 0 {{(pid=96381) log_opt_values /opt/stack/data/venv/lib/python3.12/site-packages/oslo_config/cfg.py:3253}}
Jun 26 08:33:56.972136 np0000003719 nova-scheduler[96381]: DEBUG cotyledon.oslo_config_glue [-] oslo_messaging_rabbit.rabbit_quorum_queue = False {{(pid=96381) log_opt_values /opt/stack/data/venv/lib/python3.12/site-packages/oslo_config/cfg.py:3253}}
Jun 26 08:33:56.972136 np0000003719 nova-scheduler[96381]: DEBUG cotyledon.oslo_config_glue [-] oslo_messaging_rabbit.rabbit_retry_backoff = 2 {{(pid=96381) log_opt_values /opt/stack/data/venv/lib/python3.12/site-packages/oslo_config/cfg.py:3253}}
Jun 26 08:33:56.972136 np0000003719 nova-scheduler[96381]: DEBUG cotyledon.oslo_config_glue [-] oslo_messaging_rabbit.rabbit_retry_interval = 1 {{(pid=96381) log_opt_values /opt/stack/data/venv/lib/python3.12/site-packages/oslo_config/cfg.py:3253}}
Jun 26 08:33:56.972136 np0000003719 nova-scheduler[96381]: DEBUG cotyledon.oslo_config_glue [-] oslo_messaging_rabbit.rabbit_stream_fanout = False {{(pid=96381) log_opt_values /opt/stack/data/venv/lib/python3.12/site-packages/oslo_config/cfg.py:3253}}
Jun 26 08:33:56.972416 np0000003719 nova-scheduler[96381]: DEBUG cotyledon.oslo_config_glue [-] oslo_messaging_rabbit.rabbit_transient_queues_ttl = 1800 {{(pid=96381) log_opt_values /opt/stack/data/venv/lib/python3.12/site-packages/oslo_config/cfg.py:3253}}
Jun 26 08:33:56.972416 np0000003719 nova-scheduler[96381]: DEBUG cotyledon.oslo_config_glue [-] oslo_messaging_rabbit.rabbit_transient_quorum_queue = False {{(pid=96381) log_opt_values /opt/stack/data/venv/lib/python3.12/site-packages/oslo_config/cfg.py:3253}}
Jun 26 08:33:56.972416 np0000003719 nova-scheduler[96381]: DEBUG cotyledon.oslo_config_glue [-] oslo_messaging_rabbit.rpc_conn_pool_size = 30 {{(pid=96381) log_opt_values /opt/stack/data/venv/lib/python3.12/site-packages/oslo_config/cfg.py:3253}}
Jun 26 08:33:56.972416 np0000003719 nova-scheduler[96381]: DEBUG cotyledon.oslo_config_glue [-] oslo_messaging_rabbit.ssl = False {{(pid=96381) log_opt_values /opt/stack/data/venv/lib/python3.12/site-packages/oslo_config/cfg.py:3253}}
Jun 26 08:33:56.972416 np0000003719 nova-scheduler[96381]: DEBUG cotyledon.oslo_config_glue [-] oslo_messaging_rabbit.ssl_ca_file = {{(pid=96381) log_opt_values /opt/stack/data/venv/lib/python3.12/site-packages/oslo_config/cfg.py:3253}}
Jun 26 08:33:56.972416 np0000003719 nova-scheduler[96381]: DEBUG cotyledon.oslo_config_glue [-] oslo_messaging_rabbit.ssl_cert_file = {{(pid=96381) log_opt_values /opt/stack/data/venv/lib/python3.12/site-packages/oslo_config/cfg.py:3253}}
Jun 26 08:33:56.972416 np0000003719 nova-scheduler[96381]: DEBUG cotyledon.oslo_config_glue [-] oslo_messaging_rabbit.ssl_enforce_fips_mode = False {{(pid=96381) log_opt_values /opt/stack/data/venv/lib/python3.12/site-packages/oslo_config/cfg.py:3253}}
Jun 26 08:33:56.972416 np0000003719 nova-scheduler[96381]: DEBUG cotyledon.oslo_config_glue [-] oslo_messaging_rabbit.ssl_enforce_hostname_verification = True {{(pid=96381) log_opt_values /opt/stack/data/venv/lib/python3.12/site-packages/oslo_config/cfg.py:3253}}
Jun 26 08:33:56.972416 np0000003719 nova-scheduler[96381]: DEBUG cotyledon.oslo_config_glue [-] oslo_messaging_rabbit.ssl_key_file = {{(pid=96381) log_opt_values /opt/stack/data/venv/lib/python3.12/site-packages/oslo_config/cfg.py:3253}}
Jun 26 08:33:56.972746 np0000003719 nova-scheduler[96381]: DEBUG cotyledon.oslo_config_glue [-] oslo_messaging_rabbit.ssl_version = {{(pid=96381) log_opt_values /opt/stack/data/venv/lib/python3.12/site-packages/oslo_config/cfg.py:3253}}
Jun 26 08:33:56.972746 np0000003719 nova-scheduler[96381]: DEBUG cotyledon.oslo_config_glue [-] oslo_messaging_rabbit.use_queue_manager = False {{(pid=96381) log_opt_values /opt/stack/data/venv/lib/python3.12/site-packages/oslo_config/cfg.py:3253}}
Jun 26 08:33:56.972746 np0000003719 nova-scheduler[96381]: DEBUG cotyledon.oslo_config_glue [-] oslo_messaging_notifications.driver = ['messagingv2'] {{(pid=96381) log_opt_values /opt/stack/data/venv/lib/python3.12/site-packages/oslo_config/cfg.py:3253}}
Jun 26 08:33:56.972746 np0000003719 nova-scheduler[96381]: DEBUG cotyledon.oslo_config_glue [-] oslo_messaging_notifications.retry = -1 {{(pid=96381) log_opt_values /opt/stack/data/venv/lib/python3.12/site-packages/oslo_config/cfg.py:3253}}
Jun 26 08:33:56.972746 np0000003719 nova-scheduler[96381]: DEBUG cotyledon.oslo_config_glue [-] oslo_messaging_notifications.topics = ['notifications'] {{(pid=96381) log_opt_values /opt/stack/data/venv/lib/python3.12/site-packages/oslo_config/cfg.py:3253}}
Jun 26 08:33:56.972746 np0000003719 nova-scheduler[96381]: DEBUG cotyledon.oslo_config_glue [-] oslo_messaging_notifications.transport_url = **** {{(pid=96381) log_opt_values /opt/stack/data/venv/lib/python3.12/site-packages/oslo_config/cfg.py:3253}}
Jun 26 08:33:56.972746 np0000003719 nova-scheduler[96381]: DEBUG cotyledon.oslo_config_glue [-] oslo_limit.auth_section = None {{(pid=96381) log_opt_values /opt/stack/data/venv/lib/python3.12/site-packages/oslo_config/cfg.py:3253}}
Jun 26 08:33:56.972746 np0000003719 nova-scheduler[96381]: DEBUG cotyledon.oslo_config_glue [-] oslo_limit.auth_type = None {{(pid=96381) log_opt_values /opt/stack/data/venv/lib/python3.12/site-packages/oslo_config/cfg.py:3253}}
Jun 26 08:33:56.972746 np0000003719 nova-scheduler[96381]: DEBUG cotyledon.oslo_config_glue [-] oslo_limit.cafile = None {{(pid=96381) log_opt_values /opt/stack/data/venv/lib/python3.12/site-packages/oslo_config/cfg.py:3253}}
Jun 26 08:33:56.973008 np0000003719 nova-scheduler[96381]: DEBUG cotyledon.oslo_config_glue [-] oslo_limit.certfile = None {{(pid=96381) log_opt_values /opt/stack/data/venv/lib/python3.12/site-packages/oslo_config/cfg.py:3253}}
Jun 26 08:33:56.973008 np0000003719 nova-scheduler[96381]: DEBUG cotyledon.oslo_config_glue [-] oslo_limit.collect_timing = False {{(pid=96381) log_opt_values /opt/stack/data/venv/lib/python3.12/site-packages/oslo_config/cfg.py:3253}}
Jun 26 08:33:56.973008 np0000003719 nova-scheduler[96381]: DEBUG cotyledon.oslo_config_glue [-] oslo_limit.connect_retries = None {{(pid=96381) log_opt_values /opt/stack/data/venv/lib/python3.12/site-packages/oslo_config/cfg.py:3253}}
Jun 26 08:33:56.973008 np0000003719 nova-scheduler[96381]: DEBUG cotyledon.oslo_config_glue [-] oslo_limit.connect_retry_delay = None {{(pid=96381) log_opt_values /opt/stack/data/venv/lib/python3.12/site-packages/oslo_config/cfg.py:3253}}
Jun 26 08:33:56.973008 np0000003719 nova-scheduler[96381]: DEBUG cotyledon.oslo_config_glue [-] oslo_limit.endpoint_id = None {{(pid=96381) log_opt_values /opt/stack/data/venv/lib/python3.12/site-packages/oslo_config/cfg.py:3253}}
Jun 26 08:33:56.973008 np0000003719 nova-scheduler[96381]: DEBUG cotyledon.oslo_config_glue [-] oslo_limit.endpoint_interface = public {{(pid=96381) log_opt_values /opt/stack/data/venv/lib/python3.12/site-packages/oslo_config/cfg.py:3253}}
Jun 26 08:33:56.973008 np0000003719 nova-scheduler[96381]: DEBUG cotyledon.oslo_config_glue [-] oslo_limit.endpoint_override = None {{(pid=96381) log_opt_values /opt/stack/data/venv/lib/python3.12/site-packages/oslo_config/cfg.py:3253}}
Jun 26 08:33:56.973008 np0000003719 nova-scheduler[96381]: DEBUG cotyledon.oslo_config_glue [-] oslo_limit.endpoint_region_name = None {{(pid=96381) log_opt_values /opt/stack/data/venv/lib/python3.12/site-packages/oslo_config/cfg.py:3253}}
Jun 26 08:33:56.973008 np0000003719 nova-scheduler[96381]: DEBUG cotyledon.oslo_config_glue [-] oslo_limit.endpoint_service_name = None {{(pid=96381) log_opt_values /opt/stack/data/venv/lib/python3.12/site-packages/oslo_config/cfg.py:3253}}
Jun 26 08:33:56.973294 np0000003719 nova-scheduler[96381]: DEBUG cotyledon.oslo_config_glue [-] oslo_limit.endpoint_service_type = None {{(pid=96381) log_opt_values /opt/stack/data/venv/lib/python3.12/site-packages/oslo_config/cfg.py:3253}}
Jun 26 08:33:56.973294 np0000003719 nova-scheduler[96381]: DEBUG cotyledon.oslo_config_glue [-] oslo_limit.insecure = False {{(pid=96381) log_opt_values /opt/stack/data/venv/lib/python3.12/site-packages/oslo_config/cfg.py:3253}}
Jun 26 08:33:56.973294 np0000003719 nova-scheduler[96381]: DEBUG cotyledon.oslo_config_glue [-] oslo_limit.keyfile = None {{(pid=96381) log_opt_values /opt/stack/data/venv/lib/python3.12/site-packages/oslo_config/cfg.py:3253}}
Jun 26 08:33:56.973294 np0000003719 nova-scheduler[96381]: DEBUG cotyledon.oslo_config_glue [-] oslo_limit.max_version = None {{(pid=96381) log_opt_values /opt/stack/data/venv/lib/python3.12/site-packages/oslo_config/cfg.py:3253}}
Jun 26 08:33:56.973294 np0000003719 nova-scheduler[96381]: DEBUG cotyledon.oslo_config_glue [-] oslo_limit.min_version = None {{(pid=96381) log_opt_values /opt/stack/data/venv/lib/python3.12/site-packages/oslo_config/cfg.py:3253}}
Jun 26 08:33:56.973294 np0000003719 nova-scheduler[96381]: DEBUG cotyledon.oslo_config_glue [-] oslo_limit.region_name = None {{(pid=96381) log_opt_values /opt/stack/data/venv/lib/python3.12/site-packages/oslo_config/cfg.py:3253}}
Jun 26 08:33:56.973294 np0000003719 nova-scheduler[96381]: DEBUG cotyledon.oslo_config_glue [-] oslo_limit.retriable_status_codes = None {{(pid=96381) log_opt_values /opt/stack/data/venv/lib/python3.12/site-packages/oslo_config/cfg.py:3253}}
Jun 26 08:33:56.973294 np0000003719 nova-scheduler[96381]: DEBUG cotyledon.oslo_config_glue [-] oslo_limit.service_name = None {{(pid=96381) log_opt_values /opt/stack/data/venv/lib/python3.12/site-packages/oslo_config/cfg.py:3253}}
Jun 26 08:33:56.973294 np0000003719 nova-scheduler[96381]: DEBUG cotyledon.oslo_config_glue [-] oslo_limit.service_type = None {{(pid=96381) log_opt_values /opt/stack/data/venv/lib/python3.12/site-packages/oslo_config/cfg.py:3253}}
Jun 26 08:33:56.973589 np0000003719 nova-scheduler[96381]: DEBUG cotyledon.oslo_config_glue [-] oslo_limit.split_loggers = False {{(pid=96381) log_opt_values /opt/stack/data/venv/lib/python3.12/site-packages/oslo_config/cfg.py:3253}}
Jun 26 08:33:56.973589 np0000003719 nova-scheduler[96381]: DEBUG cotyledon.oslo_config_glue [-] oslo_limit.status_code_retries = None {{(pid=96381) log_opt_values /opt/stack/data/venv/lib/python3.12/site-packages/oslo_config/cfg.py:3253}}
Jun 26 08:33:56.973589 np0000003719 nova-scheduler[96381]: DEBUG cotyledon.oslo_config_glue [-] oslo_limit.status_code_retry_delay = None {{(pid=96381) log_opt_values /opt/stack/data/venv/lib/python3.12/site-packages/oslo_config/cfg.py:3253}}
Jun 26 08:33:56.973589 np0000003719 nova-scheduler[96381]: DEBUG cotyledon.oslo_config_glue [-] oslo_limit.timeout = None {{(pid=96381) log_opt_values /opt/stack/data/venv/lib/python3.12/site-packages/oslo_config/cfg.py:3253}}
Jun 26 08:33:56.973589 np0000003719 nova-scheduler[96381]: DEBUG cotyledon.oslo_config_glue [-] oslo_limit.valid_interfaces = None {{(pid=96381) log_opt_values /opt/stack/data/venv/lib/python3.12/site-packages/oslo_config/cfg.py:3253}}
Jun 26 08:33:56.973589 np0000003719 nova-scheduler[96381]: DEBUG cotyledon.oslo_config_glue [-] oslo_limit.version = None {{(pid=96381) log_opt_values /opt/stack/data/venv/lib/python3.12/site-packages/oslo_config/cfg.py:3253}}
Jun 26 08:33:56.973589 np0000003719 nova-scheduler[96381]: DEBUG cotyledon.oslo_config_glue [-] oslo_reports.file_event_handler = None {{(pid=96381) log_opt_values /opt/stack/data/venv/lib/python3.12/site-packages/oslo_config/cfg.py:3253}}
Jun 26 08:33:56.973589 np0000003719 nova-scheduler[96381]: DEBUG cotyledon.oslo_config_glue [-] oslo_reports.file_event_handler_interval = 1 {{(pid=96381) log_opt_values /opt/stack/data/venv/lib/python3.12/site-packages/oslo_config/cfg.py:3253}}
Jun 26 08:33:56.973589 np0000003719 nova-scheduler[96381]: DEBUG cotyledon.oslo_config_glue [-] oslo_reports.log_dir = None {{(pid=96381) log_opt_values /opt/stack/data/venv/lib/python3.12/site-packages/oslo_config/cfg.py:3253}}
Jun 26 08:33:56.973876 np0000003719 nova-scheduler[96381]: DEBUG cotyledon.oslo_config_glue [-] ******************************************************************************** {{(pid=96381) log_opt_values /opt/stack/data/venv/lib/python3.12/site-packages/oslo_config/cfg.py:3260}}
Jun 26 08:33:56.973876 np0000003719 nova-scheduler[96381]: DEBUG cotyledon._service_worker [-] Run service ServiceWrapper(3) [96381] {{(pid=96381) wait_forever /opt/stack/data/venv/lib/python3.12/site-packages/cotyledon/_service_worker.py:218}}
Jun 26 08:33:56.973876 np0000003719 nova-scheduler[96381]: INFO nova.service [-] Starting scheduler node (version 33.1.0)
Jun 26 08:33:56.973876 np0000003719 nova-scheduler[96381]: INFO dbcounter [None req-bd61f607-15fb-4ce5-b392-adc996669e78 None None] Registered counter for database nova_cell0
Jun 26 08:33:56.974004 np0000003719 nova-scheduler[96379]: DEBUG oslo_db.sqlalchemy.engines [None req-8f89cdfc-e767-4b02-94f9-483e6b6e642b None None] MySQL server mode set to STRICT_TRANS_TABLES,STRICT_ALL_TABLES,NO_ZERO_IN_DATE,NO_ZERO_DATE,ERROR_FOR_DIVISION_BY_ZERO,TRADITIONAL,NO_ENGINE_SUBSTITUTION {{(pid=96379) _check_effective_sql_mode /opt/stack/data/venv/lib/python3.12/site-packages/oslo_db/sqlalchemy/engines.py:325}}
Jun 26 08:33:56.974062 np0000003719 nova-scheduler[96375]: DEBUG oslo_db.sqlalchemy.engines [None req-1bec82d0-1173-4402-8103-c381dd8e7040 None None] MySQL server mode set to STRICT_TRANS_TABLES,STRICT_ALL_TABLES,NO_ZERO_IN_DATE,NO_ZERO_DATE,ERROR_FOR_DIVISION_BY_ZERO,TRADITIONAL,NO_ENGINE_SUBSTITUTION {{(pid=96375) _check_effective_sql_mode /opt/stack/data/venv/lib/python3.12/site-packages/oslo_db/sqlalchemy/engines.py:325}}
Jun 26 08:33:56.974113 np0000003719 nova-scheduler[96379]: DEBUG dbcounter [-] [96379] Writer thread running {{(pid=96379) stat_writer /opt/stack/data/venv/lib/python3.12/site-packages/dbcounter.py:102}}
Jun 26 08:33:56.974167 np0000003719 nova-scheduler[96377]: DEBUG oslo_db.sqlalchemy.engines [None req-66d7c06e-53dc-4f4a-8e0c-3c80cbd67fa3 None None] MySQL server mode set to STRICT_TRANS_TABLES,STRICT_ALL_TABLES,NO_ZERO_IN_DATE,NO_ZERO_DATE,ERROR_FOR_DIVISION_BY_ZERO,TRADITIONAL,NO_ENGINE_SUBSTITUTION {{(pid=96377) _check_effective_sql_mode /opt/stack/data/venv/lib/python3.12/site-packages/oslo_db/sqlalchemy/engines.py:325}}
Jun 26 08:33:56.974214 np0000003719 nova-scheduler[96375]: DEBUG dbcounter [-] [96375] Writer thread running {{(pid=96375) stat_writer /opt/stack/data/venv/lib/python3.12/site-packages/dbcounter.py:102}}
Jun 26 08:33:56.978284 np0000003719 nova-scheduler[96377]: DEBUG dbcounter [-] [96377] Writer thread running {{(pid=96377) stat_writer /opt/stack/data/venv/lib/python3.12/site-packages/dbcounter.py:102}}
Jun 26 08:33:56.986883 np0000003719 nova-scheduler[96375]: DEBUG nova.service [None req-1bec82d0-1173-4402-8103-c381dd8e7040 None None] Creating RPC server for service: nova-scheduler on topic: scheduler {{(pid=96375) start /opt/stack/nova/nova/service.py:196}}
Jun 26 08:33:56.991900 np0000003719 nova-scheduler[96377]: DEBUG nova.service [None req-66d7c06e-53dc-4f4a-8e0c-3c80cbd67fa3 None None] Creating RPC server for service: nova-scheduler on topic: scheduler {{(pid=96377) start /opt/stack/nova/nova/service.py:196}}
Jun 26 08:33:56.992634 np0000003719 nova-scheduler[96379]: DEBUG nova.service [None req-8f89cdfc-e767-4b02-94f9-483e6b6e642b None None] Creating RPC server for service: nova-scheduler on topic: scheduler {{(pid=96379) start /opt/stack/nova/nova/service.py:196}}
Jun 26 08:33:56.992962 np0000003719 nova-scheduler[96381]: DEBUG oslo_db.sqlalchemy.engines [None req-bd61f607-15fb-4ce5-b392-adc996669e78 None None] MySQL server mode set to STRICT_TRANS_TABLES,STRICT_ALL_TABLES,NO_ZERO_IN_DATE,NO_ZERO_DATE,ERROR_FOR_DIVISION_BY_ZERO,TRADITIONAL,NO_ENGINE_SUBSTITUTION {{(pid=96381) _check_effective_sql_mode /opt/stack/data/venv/lib/python3.12/site-packages/oslo_db/sqlalchemy/engines.py:325}}
Jun 26 08:33:57.004482 np0000003719 nova-scheduler[96381]: DEBUG dbcounter [-] [96381] Writer thread running {{(pid=96381) stat_writer /opt/stack/data/venv/lib/python3.12/site-packages/dbcounter.py:102}}
Jun 26 08:33:57.008535 np0000003719 nova-scheduler[96381]: DEBUG nova.service [None req-bd61f607-15fb-4ce5-b392-adc996669e78 None None] Creating RPC server for service: nova-scheduler on topic: scheduler {{(pid=96381) start /opt/stack/nova/nova/service.py:196}}
Jun 26 08:33:57.018771 np0000003719 nova-scheduler[96375]: DEBUG nova.service [None req-1bec82d0-1173-4402-8103-c381dd8e7040 None None] Join ServiceGroup membership for this service scheduler {{(pid=96375) start /opt/stack/nova/nova/service.py:222}}
Jun 26 08:33:57.018934 np0000003719 nova-scheduler[96375]: DEBUG nova.servicegroup.drivers.db [None req-1bec82d0-1173-4402-8103-c381dd8e7040 None None] DB_Driver: join new ServiceGroup member np0000003719 to the scheduler group, service = {{(pid=96375) join /opt/stack/nova/nova/servicegroup/drivers/db.py:44}}
Jun 26 08:33:57.019399 np0000003719 nova-scheduler[96377]: DEBUG nova.service [None req-66d7c06e-53dc-4f4a-8e0c-3c80cbd67fa3 None None] Join ServiceGroup membership for this service scheduler {{(pid=96377) start /opt/stack/nova/nova/service.py:222}}
Jun 26 08:33:57.019494 np0000003719 nova-scheduler[96377]: DEBUG nova.servicegroup.drivers.db [None req-66d7c06e-53dc-4f4a-8e0c-3c80cbd67fa3 None None] DB_Driver: join new ServiceGroup member np0000003719 to the scheduler group, service = {{(pid=96377) join /opt/stack/nova/nova/servicegroup/drivers/db.py:44}}
Jun 26 08:33:57.020043 np0000003719 nova-scheduler[96379]: DEBUG nova.service [None req-8f89cdfc-e767-4b02-94f9-483e6b6e642b None None] Join ServiceGroup membership for this service scheduler {{(pid=96379) start /opt/stack/nova/nova/service.py:222}}
Jun 26 08:33:57.020872 np0000003719 nova-scheduler[96379]: DEBUG nova.servicegroup.drivers.db [None req-8f89cdfc-e767-4b02-94f9-483e6b6e642b None None] DB_Driver: join new ServiceGroup member np0000003719 to the scheduler group, service = {{(pid=96379) join /opt/stack/nova/nova/servicegroup/drivers/db.py:44}}
Jun 26 08:33:57.023575 np0000003719 nova-scheduler[96379]: DEBUG oslo.service.backend._threading.loopingcall [None req-9a85a341-e83a-451a-b4ce-bc74dae0f67e None None] Dynamic interval looping call 'nova.service.Service.periodic_tasks' sleeping for 60.00 seconds {{(pid=96379) _run_loop /opt/stack/data/venv/lib/python3.12/site-packages/oslo_service/backend/_threading/loopingcall.py:125}}
Jun 26 08:33:57.039250 np0000003719 nova-scheduler[96381]: DEBUG nova.service [None req-bd61f607-15fb-4ce5-b392-adc996669e78 None None] Join ServiceGroup membership for this service scheduler {{(pid=96381) start /opt/stack/nova/nova/service.py:222}}
Jun 26 08:33:57.039450 np0000003719 nova-scheduler[96381]: DEBUG nova.servicegroup.drivers.db [None req-bd61f607-15fb-4ce5-b392-adc996669e78 None None] DB_Driver: join new ServiceGroup member np0000003719 to the scheduler group, service = {{(pid=96381) join /opt/stack/nova/nova/servicegroup/drivers/db.py:44}}
Jun 26 08:34:02.033453 np0000003719 nova-scheduler[96375]: DEBUG oslo.service.backend._threading.loopingcall [-] Fixed interval looping call 'nova.servicegroup.drivers.db.DbDriver._report_state' sleeping for 119.99 seconds {{(pid=96375) _run_loop /opt/stack/data/venv/lib/python3.12/site-packages/oslo_service/backend/_threading/loopingcall.py:125}}
Jun 26 08:34:02.034344 np0000003719 nova-scheduler[96379]: DEBUG oslo.service.backend._threading.loopingcall [-] Fixed interval looping call 'nova.servicegroup.drivers.db.DbDriver._report_state' sleeping for 119.99 seconds {{(pid=96379) _run_loop /opt/stack/data/venv/lib/python3.12/site-packages/oslo_service/backend/_threading/loopingcall.py:125}}
Jun 26 08:34:02.035204 np0000003719 nova-scheduler[96377]: DEBUG oslo.service.backend._threading.loopingcall [-] Fixed interval looping call 'nova.servicegroup.drivers.db.DbDriver._report_state' sleeping for 119.99 seconds {{(pid=96377) _run_loop /opt/stack/data/venv/lib/python3.12/site-packages/oslo_service/backend/_threading/loopingcall.py:125}}
Jun 26 08:34:02.049435 np0000003719 nova-scheduler[96381]: DEBUG oslo.service.backend._threading.loopingcall [-] Fixed interval looping call 'nova.servicegroup.drivers.db.DbDriver._report_state' sleeping for 119.99 seconds {{(pid=96381) _run_loop /opt/stack/data/venv/lib/python3.12/site-packages/oslo_service/backend/_threading/loopingcall.py:125}}
Jun 26 08:34:04.021559 np0000003719 nova-scheduler[96377]: DEBUG oslo.service.backend._threading.loopingcall [None req-43da6ab1-8f6a-44c2-ab73-38e5f4f61791 None None] Dynamic interval looping call 'nova.service.Service.periodic_tasks' sleeping for 60.00 seconds {{(pid=96377) _run_loop /opt/stack/data/venv/lib/python3.12/site-packages/oslo_service/backend/_threading/loopingcall.py:125}}
Jun 26 08:34:05.510145 np0000003719 nova-scheduler[95183]: DEBUG dbcounter [-] [95183] Writing DB stats nova_api:SELECT=3 {{(pid=95183) stat_writer /opt/stack/data/venv/lib/python3.12/site-packages/dbcounter.py:115}}
Jun 26 08:34:05.638391 np0000003719 nova-scheduler[95183]: DEBUG dbcounter [-] [95183] Writing DB stats nova_cell1:SELECT=1 {{(pid=95183) stat_writer /opt/stack/data/venv/lib/python3.12/site-packages/dbcounter.py:115}}
Jun 26 08:34:05.643458 np0000003719 nova-scheduler[95183]: DEBUG dbcounter [-] [95183] Writing DB stats nova_cell0:SELECT=1 {{(pid=95183) stat_writer /opt/stack/data/venv/lib/python3.12/site-packages/dbcounter.py:115}}
Jun 26 08:34:12.029294 np0000003719 nova-scheduler[96379]: DEBUG dbcounter [-] [96379] Writing DB stats nova_cell0:SELECT=5,nova_cell0:INSERT=1,nova_cell0:UPDATE=1 {{(pid=96379) stat_writer /opt/stack/data/venv/lib/python3.12/site-packages/dbcounter.py:115}}
Jun 26 08:34:12.029695 np0000003719 nova-scheduler[96375]: DEBUG dbcounter [-] [96375] Writing DB stats nova_cell0:SELECT=4,nova_cell0:INSERT=1,nova_cell0:UPDATE=1 {{(pid=96375) stat_writer /opt/stack/data/venv/lib/python3.12/site-packages/dbcounter.py:115}}
Jun 26 08:34:12.029960 np0000003719 nova-scheduler[96377]: DEBUG dbcounter [-] [96377] Writing DB stats nova_cell0:SELECT=5,nova_cell0:INSERT=1,nova_cell0:UPDATE=1 {{(pid=96377) stat_writer /opt/stack/data/venv/lib/python3.12/site-packages/dbcounter.py:115}}
Jun 26 08:34:12.047251 np0000003719 nova-scheduler[96381]: DEBUG dbcounter [-] [96381] Writing DB stats nova_cell0:SELECT=3 {{(pid=96381) stat_writer /opt/stack/data/venv/lib/python3.12/site-packages/dbcounter.py:115}}
Jun 26 08:34:45.021423 np0000003719 nova-scheduler[96375]: DEBUG oslo.service.backend._threading.loopingcall [None req-7deb2a13-dea9-4b7c-9b46-280f5571cb6f None None] Dynamic interval looping call 'nova.service.Service.periodic_tasks' sleeping for 60.00 seconds {{(pid=96375) _run_loop /opt/stack/data/venv/lib/python3.12/site-packages/oslo_service/backend/_threading/loopingcall.py:125}}
Jun 26 08:34:52.041878 np0000003719 nova-scheduler[96381]: DEBUG oslo.service.backend._threading.loopingcall [None req-d43c299c-bebf-480c-8479-2b96aea0e469 None None] Dynamic interval looping call 'nova.service.Service.periodic_tasks' sleeping for 60.00 seconds {{(pid=96381) _run_loop /opt/stack/data/venv/lib/python3.12/site-packages/oslo_service/backend/_threading/loopingcall.py:125}}
Jun 26 08:34:57.024415 np0000003719 nova-scheduler[96379]: DEBUG oslo.service.backend._threading.loopingcall [None req-9a85a341-e83a-451a-b4ce-bc74dae0f67e None None] Dynamic interval looping call 'nova.service.Service.periodic_tasks' sleeping for 60.00 seconds {{(pid=96379) _run_loop /opt/stack/data/venv/lib/python3.12/site-packages/oslo_service/backend/_threading/loopingcall.py:125}}
Jun 26 08:35:04.022053 np0000003719 nova-scheduler[96377]: DEBUG oslo.service.backend._threading.loopingcall [None req-43da6ab1-8f6a-44c2-ab73-38e5f4f61791 None None] Dynamic interval looping call 'nova.service.Service.periodic_tasks' sleeping for 60.00 seconds {{(pid=96377) _run_loop /opt/stack/data/venv/lib/python3.12/site-packages/oslo_service/backend/_threading/loopingcall.py:125}}
Jun 26 08:35:45.021913 np0000003719 nova-scheduler[96375]: DEBUG oslo.service.backend._threading.loopingcall [None req-7deb2a13-dea9-4b7c-9b46-280f5571cb6f None None] Dynamic interval looping call 'nova.service.Service.periodic_tasks' sleeping for 60.00 seconds {{(pid=96375) _run_loop /opt/stack/data/venv/lib/python3.12/site-packages/oslo_service/backend/_threading/loopingcall.py:125}}
Jun 26 08:35:52.042276 np0000003719 nova-scheduler[96381]: DEBUG oslo.service.backend._threading.loopingcall [None req-d43c299c-bebf-480c-8479-2b96aea0e469 None None] Dynamic interval looping call 'nova.service.Service.periodic_tasks' sleeping for 60.00 seconds {{(pid=96381) _run_loop /opt/stack/data/venv/lib/python3.12/site-packages/oslo_service/backend/_threading/loopingcall.py:125}}
Jun 26 08:35:57.024884 np0000003719 nova-scheduler[96379]: DEBUG oslo.service.backend._threading.loopingcall [None req-9a85a341-e83a-451a-b4ce-bc74dae0f67e None None] Dynamic interval looping call 'nova.service.Service.periodic_tasks' sleeping for 60.00 seconds {{(pid=96379) _run_loop /opt/stack/data/venv/lib/python3.12/site-packages/oslo_service/backend/_threading/loopingcall.py:125}}
Jun 26 08:36:02.031190 np0000003719 nova-scheduler[96375]: DEBUG oslo.service.backend._threading.loopingcall [-] Fixed interval looping call 'nova.servicegroup.drivers.db.DbDriver._report_state' sleeping for 119.99 seconds {{(pid=96375) _run_loop /opt/stack/data/venv/lib/python3.12/site-packages/oslo_service/backend/_threading/loopingcall.py:125}}
Jun 26 08:36:02.031744 np0000003719 nova-scheduler[96379]: DEBUG oslo.service.backend._threading.loopingcall [-] Fixed interval looping call 'nova.servicegroup.drivers.db.DbDriver._report_state' sleeping for 119.99 seconds {{(pid=96379) _run_loop /opt/stack/data/venv/lib/python3.12/site-packages/oslo_service/backend/_threading/loopingcall.py:125}}
Jun 26 08:36:02.032439 np0000003719 nova-scheduler[96377]: DEBUG oslo.service.backend._threading.loopingcall [-] Fixed interval looping call 'nova.servicegroup.drivers.db.DbDriver._report_state' sleeping for 119.99 seconds {{(pid=96377) _run_loop /opt/stack/data/venv/lib/python3.12/site-packages/oslo_service/backend/_threading/loopingcall.py:125}}
Jun 26 08:36:02.043517 np0000003719 nova-scheduler[96381]: DEBUG oslo.service.backend._threading.loopingcall [-] Fixed interval looping call 'nova.servicegroup.drivers.db.DbDriver._report_state' sleeping for 120.00 seconds {{(pid=96381) _run_loop /opt/stack/data/venv/lib/python3.12/site-packages/oslo_service/backend/_threading/loopingcall.py:125}}
Jun 26 08:36:04.022644 np0000003719 nova-scheduler[96377]: DEBUG oslo.service.backend._threading.loopingcall [None req-43da6ab1-8f6a-44c2-ab73-38e5f4f61791 None None] Dynamic interval looping call 'nova.service.Service.periodic_tasks' sleeping for 60.00 seconds {{(pid=96377) _run_loop /opt/stack/data/venv/lib/python3.12/site-packages/oslo_service/backend/_threading/loopingcall.py:125}}
Jun 26 08:36:12.027129 np0000003719 nova-scheduler[96375]: DEBUG dbcounter [-] [96375] Writing DB stats nova_cell0:SELECT=1,nova_cell0:UPDATE=1 {{(pid=96375) stat_writer /opt/stack/data/venv/lib/python3.12/site-packages/dbcounter.py:115}}
Jun 26 08:36:12.028702 np0000003719 nova-scheduler[96379]: DEBUG dbcounter [-] [96379] Writing DB stats nova_cell0:SELECT=1,nova_cell0:UPDATE=1 {{(pid=96379) stat_writer /opt/stack/data/venv/lib/python3.12/site-packages/dbcounter.py:115}}
Jun 26 08:36:12.029447 np0000003719 nova-scheduler[96377]: DEBUG dbcounter [-] [96377] Writing DB stats nova_cell0:SELECT=1,nova_cell0:UPDATE=1 {{(pid=96377) stat_writer /opt/stack/data/venv/lib/python3.12/site-packages/dbcounter.py:115}}
Jun 26 08:36:12.041578 np0000003719 nova-scheduler[96381]: DEBUG dbcounter [-] [96381] Writing DB stats nova_cell0:SELECT=1 {{(pid=96381) stat_writer /opt/stack/data/venv/lib/python3.12/site-packages/dbcounter.py:115}}
Jun 26 08:36:33.871052 np0000003719 nova-scheduler[96375]: DEBUG nova.scheduler.manager [None req-6dc8a32b-be9b-4e87-814b-8e88178efaac tempest-DeleteServersTestJSON-2016074792 tempest-DeleteServersTestJSON-2016074792-project-member] Starting to schedule for instances: ['d2be2f67-d104-40fc-9bbf-bf3a5609ec39'] {{(pid=96375) select_destinations /opt/stack/nova/nova/scheduler/manager.py:210}}
Jun 26 08:36:33.871778 np0000003719 nova-scheduler[96375]: DEBUG nova.scheduler.request_filter [None req-6dc8a32b-be9b-4e87-814b-8e88178efaac tempest-DeleteServersTestJSON-2016074792 tempest-DeleteServersTestJSON-2016074792-project-member] compute_status_filter request filter added forbidden trait COMPUTE_STATUS_DISABLED {{(pid=96375) compute_status_filter /opt/stack/nova/nova/scheduler/request_filter.py:253}}
Jun 26 08:36:33.871936 np0000003719 nova-scheduler[96375]: DEBUG nova.scheduler.request_filter [None req-6dc8a32b-be9b-4e87-814b-8e88178efaac tempest-DeleteServersTestJSON-2016074792 tempest-DeleteServersTestJSON-2016074792-project-member] Request filter 'compute_status_filter' took 0.0 seconds {{(pid=96375) wrapper /opt/stack/nova/nova/scheduler/request_filter.py:46}}
Jun 26 08:36:33.872214 np0000003719 nova-scheduler[96375]: DEBUG nova.scheduler.request_filter [None req-6dc8a32b-be9b-4e87-814b-8e88178efaac tempest-DeleteServersTestJSON-2016074792 tempest-DeleteServersTestJSON-2016074792-project-member] Request filter 'accelerators_filter' took 0.0 seconds {{(pid=96375) wrapper /opt/stack/nova/nova/scheduler/request_filter.py:46}}
Jun 26 08:36:33.872442 np0000003719 nova-scheduler[96375]: DEBUG nova.scheduler.request_filter [None req-6dc8a32b-be9b-4e87-814b-8e88178efaac tempest-DeleteServersTestJSON-2016074792 tempest-DeleteServersTestJSON-2016074792-project-member] Request filter 'packed_virtqueue_filter' took 0.0 seconds {{(pid=96375) wrapper /opt/stack/nova/nova/scheduler/request_filter.py:46}}
Jun 26 08:36:33.872766 np0000003719 nova-scheduler[96375]: DEBUG nova.scheduler.request_filter [None req-6dc8a32b-be9b-4e87-814b-8e88178efaac tempest-DeleteServersTestJSON-2016074792 tempest-DeleteServersTestJSON-2016074792-project-member] Request filter 'remote_managed_ports_filter' took 0.0 seconds {{(pid=96375) wrapper /opt/stack/nova/nova/scheduler/request_filter.py:46}}
Jun 26 08:36:33.872950 np0000003719 nova-scheduler[96375]: DEBUG nova.scheduler.request_filter [None req-6dc8a32b-be9b-4e87-814b-8e88178efaac tempest-DeleteServersTestJSON-2016074792 tempest-DeleteServersTestJSON-2016074792-project-member] ephemeral_encryption_filter skipped {{(pid=96375) ephemeral_encryption_filter /opt/stack/nova/nova/scheduler/request_filter.py:426}}
Jun 26 08:36:33.873116 np0000003719 nova-scheduler[96375]: DEBUG nova.scheduler.request_filter [None req-6dc8a32b-be9b-4e87-814b-8e88178efaac tempest-DeleteServersTestJSON-2016074792 tempest-DeleteServersTestJSON-2016074792-project-member] virtio_sound_filter skipped {{(pid=96375) virtio_sound_filter /opt/stack/nova/nova/scheduler/request_filter.py:460}}
Jun 26 08:36:33.873328 np0000003719 nova-scheduler[96375]: DEBUG nova.scheduler.request_filter [None req-6dc8a32b-be9b-4e87-814b-8e88178efaac tempest-DeleteServersTestJSON-2016074792 tempest-DeleteServersTestJSON-2016074792-project-member] tpm_secret_security_filter skipped {{(pid=96375) tpm_secret_security_filter /opt/stack/nova/nova/scheduler/request_filter.py:477}}
Jun 26 08:36:34.400658 np0000003719 nova-scheduler[96375]: INFO nova.utils [None req-6dc8a32b-be9b-4e87-814b-8e88178efaac tempest-DeleteServersTestJSON-2016074792 tempest-DeleteServersTestJSON-2016074792-project-member] The cell worker thread pool ForkProcess-1.cell_worker is initialized
Jun 26 08:36:34.402975 np0000003719 nova-scheduler[96375]: DEBUG oslo_concurrency.lockutils [None req-6dc8a32b-be9b-4e87-814b-8e88178efaac tempest-DeleteServersTestJSON-2016074792 tempest-DeleteServersTestJSON-2016074792-project-member] Acquiring lock "064c906a-200c-46f9-afd5-f65269e31376" by "nova.context.set_target_cell..get_or_set_cached_cell_and_set_connections" {{(pid=96375) inner /opt/stack/data/venv/lib/python3.12/site-packages/oslo_concurrency/lockutils.py:511}}
Jun 26 08:36:34.403187 np0000003719 nova-scheduler[96375]: DEBUG oslo_concurrency.lockutils [None req-6dc8a32b-be9b-4e87-814b-8e88178efaac tempest-DeleteServersTestJSON-2016074792 tempest-DeleteServersTestJSON-2016074792-project-member] Lock "064c906a-200c-46f9-afd5-f65269e31376" acquired by "nova.context.set_target_cell..get_or_set_cached_cell_and_set_connections" :: waited 0.002s {{(pid=96375) inner /opt/stack/data/venv/lib/python3.12/site-packages/oslo_concurrency/lockutils.py:524}}
Jun 26 08:36:34.404636 np0000003719 nova-scheduler[96375]: DEBUG oslo_concurrency.lockutils [None req-6dc8a32b-be9b-4e87-814b-8e88178efaac tempest-DeleteServersTestJSON-2016074792 tempest-DeleteServersTestJSON-2016074792-project-member] Lock "064c906a-200c-46f9-afd5-f65269e31376" "released" by "nova.context.set_target_cell..get_or_set_cached_cell_and_set_connections" :: held 0.001s {{(pid=96375) inner /opt/stack/data/venv/lib/python3.12/site-packages/oslo_concurrency/lockutils.py:543}}
Jun 26 08:36:34.407723 np0000003719 nova-scheduler[96375]: INFO dbcounter [None req-6dc8a32b-be9b-4e87-814b-8e88178efaac tempest-DeleteServersTestJSON-2016074792 tempest-DeleteServersTestJSON-2016074792-project-member] Registered counter for database nova_cell1
Jun 26 08:36:34.465487 np0000003719 nova-scheduler[96375]: DEBUG oslo_db.sqlalchemy.engines [None req-6dc8a32b-be9b-4e87-814b-8e88178efaac tempest-DeleteServersTestJSON-2016074792 tempest-DeleteServersTestJSON-2016074792-project-member] MySQL server mode set to STRICT_TRANS_TABLES,STRICT_ALL_TABLES,NO_ZERO_IN_DATE,NO_ZERO_DATE,ERROR_FOR_DIVISION_BY_ZERO,TRADITIONAL,NO_ENGINE_SUBSTITUTION {{(pid=96375) _check_effective_sql_mode /opt/stack/data/venv/lib/python3.12/site-packages/oslo_db/sqlalchemy/engines.py:325}}
Jun 26 08:36:34.472910 np0000003719 nova-scheduler[96375]: DEBUG dbcounter [-] [96375] Writer thread running {{(pid=96375) stat_writer /opt/stack/data/venv/lib/python3.12/site-packages/dbcounter.py:102}}
Jun 26 08:36:34.489947 np0000003719 nova-scheduler[96375]: DEBUG oslo_db.sqlalchemy.engines [None req-6dc8a32b-be9b-4e87-814b-8e88178efaac tempest-DeleteServersTestJSON-2016074792 tempest-DeleteServersTestJSON-2016074792-project-member] Parent process 95183 forked (96375) with an open database connection, which is being discarded and recreated. {{(pid=96375) checkout /opt/stack/data/venv/lib/python3.12/site-packages/oslo_db/sqlalchemy/engines.py:402}}
Jun 26 08:36:34.542585 np0000003719 nova-scheduler[96375]: DEBUG dbcounter [-] [96375] Writer thread running {{(pid=96375) stat_writer /opt/stack/data/venv/lib/python3.12/site-packages/dbcounter.py:102}}
Jun 26 08:36:34.548077 np0000003719 nova-scheduler[96375]: DEBUG oslo_concurrency.lockutils [None req-6dc8a32b-be9b-4e87-814b-8e88178efaac tempest-DeleteServersTestJSON-2016074792 tempest-DeleteServersTestJSON-2016074792-project-member] Acquiring lock "064c906a-200c-46f9-afd5-f65269e31376" by "nova.context.set_target_cell..get_or_set_cached_cell_and_set_connections" {{(pid=96375) inner /opt/stack/data/venv/lib/python3.12/site-packages/oslo_concurrency/lockutils.py:511}}
Jun 26 08:36:34.548077 np0000003719 nova-scheduler[96375]: DEBUG oslo_concurrency.lockutils [None req-6dc8a32b-be9b-4e87-814b-8e88178efaac tempest-DeleteServersTestJSON-2016074792 tempest-DeleteServersTestJSON-2016074792-project-member] Lock "064c906a-200c-46f9-afd5-f65269e31376" acquired by "nova.context.set_target_cell..get_or_set_cached_cell_and_set_connections" :: waited 0.000s {{(pid=96375) inner /opt/stack/data/venv/lib/python3.12/site-packages/oslo_concurrency/lockutils.py:524}}
Jun 26 08:36:34.550421 np0000003719 nova-scheduler[96375]: DEBUG oslo_concurrency.lockutils [None req-6dc8a32b-be9b-4e87-814b-8e88178efaac tempest-DeleteServersTestJSON-2016074792 tempest-DeleteServersTestJSON-2016074792-project-member] Lock "064c906a-200c-46f9-afd5-f65269e31376" "released" by "nova.context.set_target_cell..get_or_set_cached_cell_and_set_connections" :: held 0.000s {{(pid=96375) inner /opt/stack/data/venv/lib/python3.12/site-packages/oslo_concurrency/lockutils.py:543}}
Jun 26 08:36:34.556042 np0000003719 nova-scheduler[96375]: DEBUG oslo_concurrency.lockutils [None req-6dc8a32b-be9b-4e87-814b-8e88178efaac tempest-DeleteServersTestJSON-2016074792 tempest-DeleteServersTestJSON-2016074792-project-member] Acquiring lock "('np0000003719', 'np0000003719')" by "nova.scheduler.host_manager.HostState.update.._locked_update" {{(pid=96375) inner /opt/stack/data/venv/lib/python3.12/site-packages/oslo_concurrency/lockutils.py:511}}
Jun 26 08:36:34.556042 np0000003719 nova-scheduler[96375]: DEBUG oslo_concurrency.lockutils [None req-6dc8a32b-be9b-4e87-814b-8e88178efaac tempest-DeleteServersTestJSON-2016074792 tempest-DeleteServersTestJSON-2016074792-project-member] Lock "('np0000003719', 'np0000003719')" acquired by "nova.scheduler.host_manager.HostState.update.._locked_update" :: waited 0.000s {{(pid=96375) inner /opt/stack/data/venv/lib/python3.12/site-packages/oslo_concurrency/lockutils.py:524}}
Jun 26 08:36:34.556734 np0000003719 nova-scheduler[96375]: DEBUG nova.scheduler.host_manager [None req-6dc8a32b-be9b-4e87-814b-8e88178efaac tempest-DeleteServersTestJSON-2016074792 tempest-DeleteServersTestJSON-2016074792-project-member] Update host state from compute node: ComputeNode(cpu_allocation_ratio=4.0,cpu_info='{"arch": "x86_64", "model": "EPYC-Milan", "vendor": "AMD", "topology": {"cells": 1, "sockets": 16, "cores": 1, "threads": 1}, "maxphysaddr": {"mode": "emulate", "bits": 40}, "features": ["perfctr_core", "msr", "pschange-mc-no", "fsrm", "adx", "abm", "mca", "bmi2", "fxsr_opt", "arat", "pat", "pse", "nrip-save", "rdpid", "pdpe1gb", "sha-ni", "xgetbv1", "xsaveopt", "lahf_lm", "syscall", "vmcb-clean", "cmp_legacy", "apic", "misalignsse", "svm", "clflushopt", "f16c", "tsc-scale", "bmi1", "mmxext", "fma", "lm", "mtrr", "vpclmulqdq", "flushbyasid", "sse4a", "aes", "spec-ctrl", "pae", "hypervisor", "pku", "vaes", "topoext", "stibp-always-on", "fxsr", "pause-filter", "sep", "de", "stibp", "nx", "lbrv", "npt", "virt-ssbd", "amd-psfd", "x2apic", "tsc_adjust", "pge", "v-vmsave-vmload", "vme", "sse4.1", "pse36", "ibpb", "fsgsbase", "tsc", "ssse3", "clwb", "tsc-deadline", "erms", "rdrand", "ibrs", "vgif", "clflush", "fpu", "mds-no", "sse2", "clzero", "cx8", "xsavec", "rdseed", "rdtscp", "avx2", "popcnt", "ssbd", "pfthreshold", "3dnowprefetch", "amd-stibp", "movbe", "null-sel-clr-base", "sse", "avx", "osvw", "umip", "no-nested-data-bp", "sse4.2", "pni", "mmx", "smap", "skip-l1dfl-vmentry", "amd-ssbd", "lfence-always-serializing", "rdctl-no", "cr8legacy", "xsaveerptr", "svme-addr-chk", "pclmuldq", "cmov", "gds-no", "arch-capabilities", "wbnoinvd", "xsaves", "cx16", "pcid", "xsave", "smep", "invpcid", "mce"]}',created_at=2026-06-26T08:34:22Z,current_workload=0,deleted=False,deleted_at=None,disk_allocation_ratio=1.0,disk_available_least=74,free_disk_gb=95,free_ram_mb=63789,host='np0000003719',host_ip=10.4.3.203,hypervisor_hostname='np0000003719',hypervisor_type='QEMU',hypervisor_version=8002002,id=1,local_gb=95,local_gb_used=0,mapped=1,memory_mb=64301,memory_mb_used=512,metrics='[]',numa_topology='{"nova_object.name": "NUMATopology", "nova_object.namespace": "nova", "nova_object.version": "1.2", "nova_object.data": {"cells": [{"nova_object.name": "NUMACell", "nova_object.namespace": "nova", "nova_object.version": "1.5", "nova_object.data": {"id": 0, "cpuset": [0, 1, 2, 3, 4, 5, 6, 7, 8, 9, 10, 11, 12, 13, 14, 15], "pcpuset": [0, 1, 2, 3, 4, 5, 6, 7, 8, 9, 10, 11, 12, 13, 14, 15], "memory": 64301, "cpu_usage": 0, "memory_usage": 0, "pinned_cpus": [], "siblings": [[6], [12], [2], [15], [5], [11], [8], [14], [4], [1], [7], [10], [0], [13], [3], [9]], "mempages": [{"nova_object.name": "NUMAPagesTopology", "nova_object.namespace": "nova", "nova_object.version": "1.1", "nova_object.data": {"size_kb": 4, "total": 16461068, "used": 0, "reserved": 0}, "nova_object.changes": ["size_kb", "used", "total", "reserved"]}, {"nova_object.name": "NUMAPagesTopology", "nova_object.namespace": "nova", "nova_object.version": "1.1", "nova_object.data": {"size_kb": 2048, "total": 0, "used": 0, "reserved": 0}, "nova_object.changes": ["size_kb", "used", "total", "reserved"]}, {"nova_object.name": "NUMAPagesTopology", "nova_object.namespace": "nova", "nova_object.version": "1.1", "nova_object.data": {"size_kb": 1048576, "total": 0, "used": 0, "reserved": 0}, "nova_object.changes": ["size_kb", "used", "total", "reserved"]}], "network_metadata": {"nova_object.name": "NetworkMetadata", "nova_object.namespace": "nova", "nova_object.version": "1.0", "nova_object.data": {"physnets": [], "tunneled": false}, "nova_object.changes": ["tunneled", "physnets"]}, "socket": null}, "nova_object.changes": ["siblings", "memory_usage", "cpuset", "memory", "pcpuset", "socket", "id", "mempages", "pinned_cpus", "cpu_usage", "network_metadata"]}]}, "nova_object.changes": ["cells"]}',pci_device_pools=PciDevicePoolList,ram_allocation_ratio=1.0,running_vms=0,service_id=3,stats={failed_builds='0',uptime=' 08:36:08 up 25 min, 2 users, load average: 1.76, 1.91, 1.06
Jun 26 08:36:34.556734 np0000003719 nova-scheduler[96375]: '},supported_hv_specs=[HVSpec,HVSpec,HVSpec,HVSpec,HVSpec,HVSpec,HVSpec,HVSpec,HVSpec,HVSpec,HVSpec,HVSpec,HVSpec,HVSpec,HVSpec,HVSpec,HVSpec,HVSpec,HVSpec,HVSpec,HVSpec,HVSpec,HVSpec,HVSpec,HVSpec],updated_at=2026-06-26T08:36:10Z,uuid=784ea4b2-955d-44ac-8d9b-f9450659ffab,vcpus=16,vcpus_used=0) {{(pid=96375) _locked_update /opt/stack/nova/nova/scheduler/host_manager.py:168}}
Jun 26 08:36:34.556734 np0000003719 nova-scheduler[96375]: DEBUG nova.scheduler.host_manager [None req-6dc8a32b-be9b-4e87-814b-8e88178efaac tempest-DeleteServersTestJSON-2016074792 tempest-DeleteServersTestJSON-2016074792-project-member] Update host state with aggregates: [] {{(pid=96375) _locked_update /opt/stack/nova/nova/scheduler/host_manager.py:171}}
