Jun 26 08:33:30.889497 np0000003719 devstack@neutron-api.service[90510]: DEBUG neutron_lib.callbacks.manager [None req-1f10c1a8-61ce-45b2-a2cb-dc776ad3be2f None None] Subscribe: > router before_create 55550100, False {{(pid=90510) subscribe /opt/stack/data/venv/lib/python3.12/site-packages/neutron_lib/callbacks/manager.py:52}}
Jun 26 08:33:30.889834 np0000003719 devstack@neutron-api.service[90511]: INFO neutron.api.extensions [None req-9b4fc452-7c8c-4588-8e75-ae2f8e5780ed None None] Loaded extension: sorting
Jun 26 08:33:30.889953 np0000003719 devstack@neutron-api.service[90510]: DEBUG neutron_lib.callbacks.manager [None req-1f10c1a8-61ce-45b2-a2cb-dc776ad3be2f None None] Subscribe: > router precommit_delete 55550100, False {{(pid=90510) subscribe /opt/stack/data/venv/lib/python3.12/site-packages/neutron_lib/callbacks/manager.py:52}}
Jun 26 08:33:30.890060 np0000003719 devstack@neutron-api.service[90511]: DEBUG neutron.api.extensions [None req-9b4fc452-7c8c-4588-8e75-ae2f8e5780ed None None] Loading extension file: standard_attr_segment.py {{(pid=90511) _load_all_extensions_from_path /opt/stack/neutron/neutron/api/extensions.py:449}}
Jun 26 08:33:30.890365 np0000003719 devstack@neutron-api.service[90510]: DEBUG neutron_lib.callbacks.manager [None req-1f10c1a8-61ce-45b2-a2cb-dc776ad3be2f None None] Subscribe: > router precommit_create 55550100, False {{(pid=90510) subscribe /opt/stack/data/venv/lib/python3.12/site-packages/neutron_lib/callbacks/manager.py:52}}
Jun 26 08:33:30.890365 np0000003719 devstack@neutron-api.service[90510]: DEBUG neutron_lib.callbacks.manager [None req-1f10c1a8-61ce-45b2-a2cb-dc776ad3be2f None None] Subscribe: > router precommit_update 55550100, False {{(pid=90510) subscribe /opt/stack/data/venv/lib/python3.12/site-packages/neutron_lib/callbacks/manager.py:52}}
Jun 26 08:33:30.890527 np0000003719 devstack@neutron-api.service[90511]: DEBUG neutron.api.extensions [None req-9b4fc452-7c8c-4588-8e75-ae2f8e5780ed None None] Ext name="Standard Attribute Segment Extension" alias="standard-attr-segment" description="Add standard attributes to Segment resource" updated="2018-04-09T10:00:00-00:00" {{(pid=90511) _check_extension /opt/stack/neutron/neutron/api/extensions.py:415}}
Jun 26 08:33:30.890651 np0000003719 devstack@neutron-api.service[90513]: DEBUG neutron.api.extensions [None req-9d37f603-885a-43d4-ba8c-23066a2f6413 None None] Ext name="Tag support for resources with standard attribute: port, subnet, subnetpool, network, security_group, router, floatingip, policy, trunk, network_segment_range" alias="standard-attr-tag" description="Enables to set tag on resources with standard attribute." updated="2017-01-01T00:00:00-00:00" {{(pid=90513) _check_extension /opt/stack/neutron/neutron/api/extensions.py:415}}
Jun 26 08:33:30.890813 np0000003719 devstack@neutron-api.service[90511]: INFO neutron.api.extensions [None req-9b4fc452-7c8c-4588-8e75-ae2f8e5780ed None None] Extension standard-attr-segment not supported by any of loaded plugins
Jun 26 08:33:30.890813 np0000003719 devstack@neutron-api.service[90511]: DEBUG neutron.api.extensions [None req-9b4fc452-7c8c-4588-8e75-ae2f8e5780ed None None] Loading extension file: standardattrdescription.py {{(pid=90511) _load_all_extensions_from_path /opt/stack/neutron/neutron/api/extensions.py:449}}
Jun 26 08:33:30.890967 np0000003719 devstack@neutron-api.service[90513]: INFO neutron.api.extensions [None req-9d37f603-885a-43d4-ba8c-23066a2f6413 None None] Loaded extension: standard-attr-tag
Jun 26 08:33:30.890967 np0000003719 devstack@neutron-api.service[90513]: DEBUG neutron.api.extensions [None req-9d37f603-885a-43d4-ba8c-23066a2f6413 None None] Loading extension file: timestamp.py {{(pid=90513) _load_all_extensions_from_path /opt/stack/neutron/neutron/api/extensions.py:449}}
Jun 26 08:33:30.891184 np0000003719 devstack@neutron-api.service[90511]: DEBUG neutron.api.extensions [None req-9b4fc452-7c8c-4588-8e75-ae2f8e5780ed None None] Ext name="standard-attr-description" alias="standard-attr-description" description="Extension to add descriptions to standard attributes" updated="2016-02-10T10:00:00-00:00" {{(pid=90511) _check_extension /opt/stack/neutron/neutron/api/extensions.py:415}}
Jun 26 08:33:30.891302 np0000003719 devstack@neutron-api.service[90513]: DEBUG neutron.api.extensions [None req-9d37f603-885a-43d4-ba8c-23066a2f6413 None None] Ext name="Resource timestamps" alias="standard-attr-timestamp" description="Adds created_at and updated_at fields to all Neutron resources that have Neutron standard attributes." updated="2016-09-12T10:00:00-00:00" {{(pid=90513) _check_extension /opt/stack/neutron/neutron/api/extensions.py:415}}
Jun 26 08:33:30.891409 np0000003719 devstack@neutron-api.service[90511]: INFO neutron.api.extensions [None req-9b4fc452-7c8c-4588-8e75-ae2f8e5780ed None None] Loaded extension: standard-attr-description
Jun 26 08:33:30.891527 np0000003719 devstack@neutron-api.service[90513]: INFO neutron.api.extensions [None req-9d37f603-885a-43d4-ba8c-23066a2f6413 None None] Loaded extension: standard-attr-timestamp
Jun 26 08:33:30.891527 np0000003719 devstack@neutron-api.service[90513]: DEBUG neutron.api.extensions [None req-9d37f603-885a-43d4-ba8c-23066a2f6413 None None] Loading extension file: trunk.py {{(pid=90513) _load_all_extensions_from_path /opt/stack/neutron/neutron/api/extensions.py:449}}
Jun 26 08:33:30.891692 np0000003719 devstack@neutron-api.service[90511]: DEBUG neutron.api.extensions [None req-9b4fc452-7c8c-4588-8e75-ae2f8e5780ed None None] Loading extension file: stateful_security_group.py {{(pid=90511) _load_all_extensions_from_path /opt/stack/neutron/neutron/api/extensions.py:449}}
Jun 26 08:33:30.891979 np0000003719 devstack@neutron-api.service[90513]: DEBUG neutron.api.extensions [None req-9d37f603-885a-43d4-ba8c-23066a2f6413 None None] Ext name="Trunk Extension" alias="trunk" description="Provides support for trunk ports" updated="2016-01-01T10:00:00-00:00" {{(pid=90513) _check_extension /opt/stack/neutron/neutron/api/extensions.py:415}}
Jun 26 08:33:30.892106 np0000003719 devstack@neutron-api.service[90511]: DEBUG neutron.api.extensions [None req-9b4fc452-7c8c-4588-8e75-ae2f8e5780ed None None] Ext name="Stateful security group" alias="stateful-security-group" description="Indicates if the security group is stateful or not" updated="2019-11-26T09:00:00-00:00" {{(pid=90511) _check_extension /opt/stack/neutron/neutron/api/extensions.py:415}}
Jun 26 08:33:30.892213 np0000003719 devstack@neutron-api.service[90513]: INFO neutron.api.extensions [None req-9d37f603-885a-43d4-ba8c-23066a2f6413 None None] Extension trunk not supported by any of loaded plugins
Jun 26 08:33:30.892317 np0000003719 devstack@neutron-api.service[90511]: INFO neutron.api.extensions [None req-9b4fc452-7c8c-4588-8e75-ae2f8e5780ed None None] Loaded extension: stateful-security-group
Jun 26 08:33:30.892414 np0000003719 devstack@neutron-api.service[90513]: DEBUG neutron.api.extensions [None req-9d37f603-885a-43d4-ba8c-23066a2f6413 None None] Loading extension file: trunk_details.py {{(pid=90513) _load_all_extensions_from_path /opt/stack/neutron/neutron/api/extensions.py:449}}
Jun 26 08:33:30.892532 np0000003719 devstack@neutron-api.service[90511]: DEBUG neutron.api.extensions [None req-9b4fc452-7c8c-4588-8e75-ae2f8e5780ed None None] Loading extension file: stdattrs_common.py {{(pid=90511) _load_all_extensions_from_path /opt/stack/neutron/neutron/api/extensions.py:449}}
Jun 26 08:33:30.892657 np0000003719 devstack@neutron-api.service[90513]: DEBUG neutron.api.extensions [None req-9d37f603-885a-43d4-ba8c-23066a2f6413 None None] Ext name="Trunk port details" alias="trunk-details" description="Expose trunk port details" updated="2016-01-01T10:00:00-00:00" {{(pid=90513) _check_extension /opt/stack/neutron/neutron/api/extensions.py:415}}
Jun 26 08:33:30.892768 np0000003719 devstack@neutron-api.service[90511]: WARNING neutron.api.extensions [None req-9b4fc452-7c8c-4588-8e75-ae2f8e5780ed None None] Did not find expected name "Stdattrs_common" in /opt/stack/neutron/neutron/extensions/stdattrs_common.py
Jun 26 08:33:30.892929 np0000003719 devstack@neutron-api.service[90513]: INFO neutron.api.extensions [None req-9d37f603-885a-43d4-ba8c-23066a2f6413 None None] Extension trunk-details not supported by any of loaded plugins
Jun 26 08:33:30.893025 np0000003719 devstack@neutron-api.service[90511]: DEBUG neutron.api.extensions [None req-9b4fc452-7c8c-4588-8e75-ae2f8e5780ed None None] Loading extension file: subnet_dns_publish_fixed_ip.py {{(pid=90511) _load_all_extensions_from_path /opt/stack/neutron/neutron/api/extensions.py:449}}
Jun 26 08:33:30.893225 np0000003719 devstack@neutron-api.service[90513]: DEBUG neutron.api.extensions [None req-9d37f603-885a-43d4-ba8c-23066a2f6413 None None] Loading extension file: uplink_status_propagation.py {{(pid=90513) _load_all_extensions_from_path /opt/stack/neutron/neutron/api/extensions.py:449}}
Jun 26 08:33:30.893225 np0000003719 devstack@neutron-api.service[90513]: DEBUG neutron.api.extensions [None req-9d37f603-885a-43d4-ba8c-23066a2f6413 None None] Ext name="Uplink status propagation extension" alias="uplink-status-propagation" description="Provides ability to propagate port uplink status." updated="2018-05-31T18:00:00-00:00" {{(pid=90513) _check_extension /opt/stack/neutron/neutron/api/extensions.py:415}}
Jun 26 08:33:30.893353 np0000003719 devstack@neutron-api.service[90511]: DEBUG neutron.api.extensions [None req-9b4fc452-7c8c-4588-8e75-ae2f8e5780ed None None] Ext name="Subnet DNS publish fixed IP" alias="subnet-dns-publish-fixed-ip" description="Support choosing to publish DNS records for IPs from a subnet" updated="2019-05-24T10:00:00-00:00" {{(pid=90511) _check_extension /opt/stack/neutron/neutron/api/extensions.py:415}}
Jun 26 08:33:30.893439 np0000003719 devstack@neutron-api.service[90513]: INFO neutron.api.extensions [None req-9d37f603-885a-43d4-ba8c-23066a2f6413 None None] Extension uplink-status-propagation not supported by any of loaded plugins
Jun 26 08:33:30.893541 np0000003719 devstack@neutron-api.service[90511]: INFO neutron.api.extensions [None req-9b4fc452-7c8c-4588-8e75-ae2f8e5780ed None None] Loaded extension: subnet-dns-publish-fixed-ip
Jun 26 08:33:30.893652 np0000003719 devstack@neutron-api.service[90513]: DEBUG neutron.api.extensions [None req-9d37f603-885a-43d4-ba8c-23066a2f6413 None None] Loading extension file: uplink_status_propagation_updatable.py {{(pid=90513) _load_all_extensions_from_path /opt/stack/neutron/neutron/api/extensions.py:449}}
Jun 26 08:33:30.893734 np0000003719 devstack@neutron-api.service[90511]: DEBUG neutron.api.extensions [None req-9b4fc452-7c8c-4588-8e75-ae2f8e5780ed None None] Loading extension file: subnet_external_network.py {{(pid=90511) _load_all_extensions_from_path /opt/stack/neutron/neutron/api/extensions.py:449}}
Jun 26 08:33:30.893829 np0000003719 devstack@neutron-api.service[90513]: DEBUG neutron.api.extensions [None req-9d37f603-885a-43d4-ba8c-23066a2f6413 None None] Ext name="Uplink status propagation updatable extension" alias="uplink-status-propagation-updatable" description="Provides ability to update the port uplink status." updated="2024-09-03T18:00:00-00:00" {{(pid=90513) _check_extension /opt/stack/neutron/neutron/api/extensions.py:415}}
Jun 26 08:33:30.893959 np0000003719 devstack@neutron-api.service[90511]: DEBUG neutron.api.extensions [None req-9b4fc452-7c8c-4588-8e75-ae2f8e5780ed None None] Ext name="Subnet belongs to an external network" alias="subnet-external-network" description="Informs if the subnet belongs to an external network" updated="2024-02-05T18:00:00-00:00" {{(pid=90511) _check_extension /opt/stack/neutron/neutron/api/extensions.py:415}}
Jun 26 08:33:30.893959 np0000003719 devstack@neutron-api.service[90511]: INFO neutron.api.extensions [None req-9b4fc452-7c8c-4588-8e75-ae2f8e5780ed None None] Loaded extension: subnet-external-network
Jun 26 08:33:30.893959 np0000003719 devstack@neutron-api.service[90511]: DEBUG neutron.api.extensions [None req-9b4fc452-7c8c-4588-8e75-ae2f8e5780ed None None] Loading extension file: subnet_onboard.py {{(pid=90511) _load_all_extensions_from_path /opt/stack/neutron/neutron/api/extensions.py:449}}
Jun 26 08:33:30.893959 np0000003719 devstack@neutron-api.service[90511]: DEBUG neutron.api.extensions [None req-9b4fc452-7c8c-4588-8e75-ae2f8e5780ed None None] Ext name="Subnet Onboard" alias="subnet_onboard" description="Provides support for onboarding subnets into subnet pools" updated="2018-12-18T09:00:00-00:00" {{(pid=90511) _check_extension /opt/stack/neutron/neutron/api/extensions.py:415}}
Jun 26 08:33:30.893959 np0000003719 devstack@neutron-api.service[90511]: INFO neutron.api.extensions [None req-9b4fc452-7c8c-4588-8e75-ae2f8e5780ed None None] Loaded extension: subnet_onboard
Jun 26 08:33:30.893959 np0000003719 devstack@neutron-api.service[90511]: DEBUG neutron.api.extensions [None req-9b4fc452-7c8c-4588-8e75-ae2f8e5780ed None None] Loading extension file: subnet_segmentid_writable.py {{(pid=90511) _load_all_extensions_from_path /opt/stack/neutron/neutron/api/extensions.py:449}}
Jun 26 08:33:30.894245 np0000003719 devstack@neutron-api.service[90510]: DEBUG neutron.services.provider_configuration [None req-1f10c1a8-61ce-45b2-a2cb-dc776ad3be2f None None] Service providers = [] {{(pid=90510) parse_service_provider_opt /opt/stack/neutron/neutron/services/provider_configuration.py:170}}
Jun 26 08:33:30.894342 np0000003719 devstack@neutron-api.service[90511]: DEBUG neutron.api.extensions [None req-9b4fc452-7c8c-4588-8e75-ae2f8e5780ed None None] Ext name="Subnet SegmentID (writable)" alias="subnet-segmentid-writable" description="Provides a writable segment_id attribute for a subnet resource." updated="2018-03-12T00:00:00-00:00" {{(pid=90511) _check_extension /opt/stack/neutron/neutron/api/extensions.py:415}}
Jun 26 08:33:30.894423 np0000003719 devstack@neutron-api.service[90510]: DEBUG neutron.db.servicetype_db [None req-1f10c1a8-61ce-45b2-a2cb-dc776ad3be2f None None] Adding provider configuration for service L3_ROUTER_NAT {{(pid=90510) add_provider_configuration /opt/stack/neutron/neutron/db/servicetype_db.py:45}}
Jun 26 08:33:30.894518 np0000003719 devstack@neutron-api.service[90511]: INFO neutron.api.extensions [None req-9b4fc452-7c8c-4588-8e75-ae2f8e5780ed None None] Extension subnet-segmentid-writable not supported by any of loaded plugins
Jun 26 08:33:30.894518 np0000003719 devstack@neutron-api.service[90511]: DEBUG neutron.api.extensions [None req-9b4fc452-7c8c-4588-8e75-ae2f8e5780ed None None] Loading extension file: subnet_service_types.py {{(pid=90511) _load_all_extensions_from_path /opt/stack/neutron/neutron/api/extensions.py:449}}
Jun 26 08:33:30.894653 np0000003719 devstack@neutron-api.service[90513]: INFO neutron.api.extensions [None req-9d37f603-885a-43d4-ba8c-23066a2f6413 None None] Extension uplink-status-propagation-updatable not supported by any of loaded plugins
Jun 26 08:33:30.894653 np0000003719 devstack@neutron-api.service[90513]: DEBUG neutron.api.extensions [None req-9d37f603-885a-43d4-ba8c-23066a2f6413 None None] Loading extension file: vlantransparent.py {{(pid=90513) _load_all_extensions_from_path /opt/stack/neutron/neutron/api/extensions.py:449}}
Jun 26 08:33:30.894764 np0000003719 devstack@neutron-api.service[90511]: DEBUG neutron.api.extensions [None req-9b4fc452-7c8c-4588-8e75-ae2f8e5780ed None None] Ext name="Subnet service types" alias="subnet-service-types" description="Provides ability to set the subnet service_types field" updated="2016-03-15T18:00:00-00:00" {{(pid=90511) _check_extension /opt/stack/neutron/neutron/api/extensions.py:415}}
Jun 26 08:33:30.894850 np0000003719 devstack@neutron-api.service[90513]: DEBUG neutron.api.extensions [None req-9d37f603-885a-43d4-ba8c-23066a2f6413 None None] Ext name="Vlantransparent" alias="vlan-transparent" description="Provides Vlan Transparent Networks" updated="2015-03-23T09:00:00-00:00" {{(pid=90513) _check_extension /opt/stack/neutron/neutron/api/extensions.py:415}}
Jun 26 08:33:30.895009 np0000003719 devstack@neutron-api.service[90511]: INFO neutron.api.extensions [None req-9b4fc452-7c8c-4588-8e75-ae2f8e5780ed None None] Loaded extension: subnet-service-types
Jun 26 08:33:30.895009 np0000003719 devstack@neutron-api.service[90511]: DEBUG neutron.api.extensions [None req-9b4fc452-7c8c-4588-8e75-ae2f8e5780ed None None] Loading extension file: subnetallocation.py {{(pid=90511) _load_all_extensions_from_path /opt/stack/neutron/neutron/api/extensions.py:449}}
Jun 26 08:33:30.895119 np0000003719 devstack@neutron-api.service[90513]: INFO neutron.api.extensions [None req-9d37f603-885a-43d4-ba8c-23066a2f6413 None None] Loaded extension: vlan-transparent
Jun 26 08:33:30.895201 np0000003719 devstack@neutron-api.service[90511]: DEBUG neutron.api.extensions [None req-9b4fc452-7c8c-4588-8e75-ae2f8e5780ed None None] Ext name="Subnet Allocation" alias="subnet_allocation" description="Enables allocation of subnets from a subnet pool" updated="2015-03-30T10:00:00-00:00" {{(pid=90511) _check_extension /opt/stack/neutron/neutron/api/extensions.py:415}}
Jun 26 08:33:30.895201 np0000003719 devstack@neutron-api.service[90511]: INFO neutron.api.extensions [None req-9b4fc452-7c8c-4588-8e75-ae2f8e5780ed None None] Loaded extension: subnet_allocation
Jun 26 08:33:30.895201 np0000003719 devstack@neutron-api.service[90511]: DEBUG neutron.api.extensions [None req-9b4fc452-7c8c-4588-8e75-ae2f8e5780ed None None] Loading extension file: subnetpool_prefix_ops.py {{(pid=90511) _load_all_extensions_from_path /opt/stack/neutron/neutron/api/extensions.py:449}}
Jun 26 08:33:30.895201 np0000003719 devstack@neutron-api.service[90511]: DEBUG neutron.api.extensions [None req-9b4fc452-7c8c-4588-8e75-ae2f8e5780ed None None] Ext name="Subnet Pool Prefix Operations" alias="subnetpool-prefix-ops" description="Provides support for adjusting the prefix list of subnet pools" updated="2019-02-08T10:00:00-00:00" {{(pid=90511) _check_extension /opt/stack/neutron/neutron/api/extensions.py:415}}
Jun 26 08:33:30.895787 np0000003719 devstack@neutron-api.service[90510]: DEBUG neutron_lib.callbacks.manager [None req-1f10c1a8-61ce-45b2-a2cb-dc776ad3be2f None None] Subscribe: > router precommit_create 55549900, False {{(pid=90510) subscribe /opt/stack/data/venv/lib/python3.12/site-packages/neutron_lib/callbacks/manager.py:52}}
Jun 26 08:33:30.896031 np0000003719 devstack@neutron-api.service[90511]: INFO neutron.api.extensions [None req-9b4fc452-7c8c-4588-8e75-ae2f8e5780ed None None] Loaded extension: subnetpool-prefix-ops
Jun 26 08:33:30.896463 np0000003719 devstack@neutron-api.service[90510]: DEBUG neutron_lib.callbacks.manager [None req-1f10c1a8-61ce-45b2-a2cb-dc776ad3be2f None None] Subscribe: > router_interface after_create 55550000, False {{(pid=90510) subscribe /opt/stack/data/venv/lib/python3.12/site-packages/neutron_lib/callbacks/manager.py:52}}
Jun 26 08:33:30.896984 np0000003719 devstack@neutron-api.service[90511]: DEBUG neutron.api.extensions [None req-9b4fc452-7c8c-4588-8e75-ae2f8e5780ed None None] Loading extension file: tag_creation.py {{(pid=90511) _load_all_extensions_from_path /opt/stack/neutron/neutron/api/extensions.py:449}}
Jun 26 08:33:30.897268 np0000003719 devstack@neutron-api.service[90510]: DEBUG neutron_lib.callbacks.manager [None req-1f10c1a8-61ce-45b2-a2cb-dc776ad3be2f None None] Subscribe: > floatingip after_create 55550000, False {{(pid=90510) subscribe /opt/stack/data/venv/lib/python3.12/site-packages/neutron_lib/callbacks/manager.py:52}}
Jun 26 08:33:30.897268 np0000003719 devstack@neutron-api.service[90510]: DEBUG neutron_lib.callbacks.manager [None req-1f10c1a8-61ce-45b2-a2cb-dc776ad3be2f None None] Subscribe: > floatingip precommit_create 55550000, False {{(pid=90510) subscribe /opt/stack/data/venv/lib/python3.12/site-packages/neutron_lib/callbacks/manager.py:52}}
Jun 26 08:33:30.897412 np0000003719 devstack@neutron-api.service[90511]: DEBUG neutron.api.extensions [None req-9b4fc452-7c8c-4588-8e75-ae2f8e5780ed None None] Ext name="Tag creation extension" alias="tag-creation" description="Allow to create multiple tags for a resource" updated="2024-23-07T10:00:00-00:00" {{(pid=90511) _check_extension /opt/stack/neutron/neutron/api/extensions.py:415}}
Jun 26 08:33:30.897557 np0000003719 devstack@neutron-api.service[90510]: DEBUG neutron_lib.callbacks.manager [None req-1f10c1a8-61ce-45b2-a2cb-dc776ad3be2f None None] Subscribe: > floatingip precommit_update 55550000, False {{(pid=90510) subscribe /opt/stack/data/venv/lib/python3.12/site-packages/neutron_lib/callbacks/manager.py:52}}
Jun 26 08:33:30.897557 np0000003719 devstack@neutron-api.service[90510]: DEBUG neutron_lib.callbacks.manager [None req-1f10c1a8-61ce-45b2-a2cb-dc776ad3be2f None None] Subscribe: > floatingip after_delete 55550000, False {{(pid=90510) subscribe /opt/stack/data/venv/lib/python3.12/site-packages/neutron_lib/callbacks/manager.py:52}}
Jun 26 08:33:30.897743 np0000003719 devstack@neutron-api.service[90513]: INFO neutron.quota.resource_registry [None req-9d37f603-885a-43d4-ba8c-23066a2f6413 None None] Creating instance of TrackedResource for resource:network
Jun 26 08:33:30.897850 np0000003719 devstack@neutron-api.service[90511]: INFO neutron.api.extensions [None req-9b4fc452-7c8c-4588-8e75-ae2f8e5780ed None None] Loaded extension: tag-creation
Jun 26 08:33:30.897954 np0000003719 devstack@neutron-api.service[90510]: DEBUG neutron_lib.callbacks.manager [None req-1f10c1a8-61ce-45b2-a2cb-dc776ad3be2f None None] Subscribe: > floatingip after_status_update 55550000, False {{(pid=90510) subscribe /opt/stack/data/venv/lib/python3.12/site-packages/neutron_lib/callbacks/manager.py:52}}
Jun 26 08:33:30.898066 np0000003719 devstack@neutron-api.service[90511]: DEBUG neutron.api.extensions [None req-9b4fc452-7c8c-4588-8e75-ae2f8e5780ed None None] Loading extension file: tag_ports_during_bulk_creation.py {{(pid=90511) _load_all_extensions_from_path /opt/stack/neutron/neutron/api/extensions.py:449}}
Jun 26 08:33:30.898170 np0000003719 devstack@neutron-api.service[90510]: DEBUG neutron_lib.callbacks.manager [None req-1f10c1a8-61ce-45b2-a2cb-dc776ad3be2f None None] Subscribe: > floatingip after_update 55550000, False {{(pid=90510) subscribe /opt/stack/data/venv/lib/python3.12/site-packages/neutron_lib/callbacks/manager.py:52}}
Jun 26 08:33:30.898402 np0000003719 devstack@neutron-api.service[90513]: INFO neutron.quota.resource_registry [None req-9d37f603-885a-43d4-ba8c-23066a2f6413 None None] Creating instance of TrackedResource for resource:subnet
Jun 26 08:33:30.898605 np0000003719 devstack@neutron-api.service[90510]: DEBUG neutron_lib.callbacks.manager [None req-1f10c1a8-61ce-45b2-a2cb-dc776ad3be2f None None] Subscribe: > port_forwarding after_create 55550000, False {{(pid=90510) subscribe /opt/stack/data/venv/lib/python3.12/site-packages/neutron_lib/callbacks/manager.py:52}}
Jun 26 08:33:30.898728 np0000003719 devstack@neutron-api.service[90513]: INFO neutron.quota.resource_registry [None req-9d37f603-885a-43d4-ba8c-23066a2f6413 None None] Creating instance of TrackedResource for resource:subnetpool
Jun 26 08:33:30.898833 np0000003719 devstack@neutron-api.service[90511]: DEBUG neutron.api.extensions [None req-9b4fc452-7c8c-4588-8e75-ae2f8e5780ed None None] Ext name="Tag Ports During Bulk Creation" alias="tag-ports-during-bulk-creation" description="Allow to tag ports during bulk creation" updated="2019-12-29T19:00:00-00:00" {{(pid=90511) _check_extension /opt/stack/neutron/neutron/api/extensions.py:415}}
Jun 26 08:33:30.899034 np0000003719 devstack@neutron-api.service[90510]: DEBUG neutron_lib.callbacks.manager [None req-1f10c1a8-61ce-45b2-a2cb-dc776ad3be2f None None] Subscribe: > router_interface after_delete 55550000, False {{(pid=90510) subscribe /opt/stack/data/venv/lib/python3.12/site-packages/neutron_lib/callbacks/manager.py:52}}
Jun 26 08:33:30.899132 np0000003719 devstack@neutron-api.service[90513]: INFO neutron.quota.resource_registry [None req-9d37f603-885a-43d4-ba8c-23066a2f6413 None None] Creating instance of TrackedResource for resource:port
Jun 26 08:33:30.899251 np0000003719 devstack@neutron-api.service[90511]: INFO neutron.api.extensions [None req-9b4fc452-7c8c-4588-8e75-ae2f8e5780ed None None] Extension tag-ports-during-bulk-creation not supported by any of loaded plugins
Jun 26 08:33:30.899367 np0000003719 devstack@neutron-api.service[90510]: DEBUG neutron_lib.callbacks.manager [None req-1f10c1a8-61ce-45b2-a2cb-dc776ad3be2f None None] Subscribe: > router after_create 55550000, False {{(pid=90510) subscribe /opt/stack/data/venv/lib/python3.12/site-packages/neutron_lib/callbacks/manager.py:52}}
Jun 26 08:33:30.899510 np0000003719 devstack@neutron-api.service[90511]: DEBUG neutron.api.extensions [None req-9b4fc452-7c8c-4588-8e75-ae2f8e5780ed None None] Loading extension file: tagging.py {{(pid=90511) _load_all_extensions_from_path /opt/stack/neutron/neutron/api/extensions.py:449}}
Jun 26 08:33:30.899635 np0000003719 devstack@neutron-api.service[90510]: DEBUG neutron_lib.callbacks.manager [None req-1f10c1a8-61ce-45b2-a2cb-dc776ad3be2f None None] Subscribe: > router precommit_create 55550000, False {{(pid=90510) subscribe /opt/stack/data/venv/lib/python3.12/site-packages/neutron_lib/callbacks/manager.py:52}}
Jun 26 08:33:30.899635 np0000003719 devstack@neutron-api.service[90510]: DEBUG neutron_lib.callbacks.manager [None req-1f10c1a8-61ce-45b2-a2cb-dc776ad3be2f None None] Subscribe: > router after_delete 55550000, False {{(pid=90510) subscribe /opt/stack/data/venv/lib/python3.12/site-packages/neutron_lib/callbacks/manager.py:52}}
Jun 26 08:33:30.899635 np0000003719 devstack@neutron-api.service[90510]: DEBUG neutron_lib.callbacks.manager [None req-1f10c1a8-61ce-45b2-a2cb-dc776ad3be2f None None] Subscribe: > router after_update 55550000, False {{(pid=90510) subscribe /opt/stack/data/venv/lib/python3.12/site-packages/neutron_lib/callbacks/manager.py:52}}
Jun 26 08:33:30.899635 np0000003719 devstack@neutron-api.service[90510]: DEBUG neutron.services.service_base [None req-1f10c1a8-61ce-45b2-a2cb-dc776ad3be2f None None] Loaded 'neutron.services.ovn_l3.service_providers.ovn.OvnDriver' provider for service L3_ROUTER_NAT {{(pid=90510) load_drivers /opt/stack/neutron/neutron/services/service_base.py:49}}
Jun 26 08:33:30.899635 np0000003719 devstack@neutron-api.service[90510]: DEBUG neutron_lib.callbacks.manager [None req-1f10c1a8-61ce-45b2-a2cb-dc776ad3be2f None None] Subscribe: > process after_init 55550001, True {{(pid=90510) subscribe /opt/stack/data/venv/lib/python3.12/site-packages/neutron_lib/callbacks/manager.py:52}}
Jun 26 08:33:30.899900 np0000003719 devstack@neutron-api.service[90510]: DEBUG neutron.manager [None req-1f10c1a8-61ce-45b2-a2cb-dc776ad3be2f None None] Successfully loaded L3_ROUTER_NAT plugin. Description: L3 Router Service Plugin for basic L3 forwarding using OVN {{(pid=90510) _create_and_add_service_plugin /opt/stack/neutron/neutron/manager.py:236}}
Jun 26 08:33:30.899900 np0000003719 devstack@neutron-api.service[90510]: INFO neutron.manager [None req-1f10c1a8-61ce-45b2-a2cb-dc776ad3be2f None None] Loading Plugin: auto_allocate
Jun 26 08:33:30.900090 np0000003719 devstack@neutron-api.service[90511]: DEBUG neutron.api.extensions [None req-9b4fc452-7c8c-4588-8e75-ae2f8e5780ed None None] Ext name="Tag support for resources with standard attribute: port, subnet, subnetpool, network, security_group, router, floatingip, policy, trunk, network_segment_range" alias="standard-attr-tag" description="Enables to set tag on resources with standard attribute." updated="2017-01-01T00:00:00-00:00" {{(pid=90511) _check_extension /opt/stack/neutron/neutron/api/extensions.py:415}}
Jun 26 08:33:30.900259 np0000003719 devstack@neutron-api.service[90513]: INFO neutron.quota.resource_registry [None req-9d37f603-885a-43d4-ba8c-23066a2f6413 None None] Creating instance of CountableResource for resource:router_route
Jun 26 08:33:30.900507 np0000003719 devstack@neutron-api.service[90511]: INFO neutron.api.extensions [None req-9b4fc452-7c8c-4588-8e75-ae2f8e5780ed None None] Loaded extension: standard-attr-tag
Jun 26 08:33:30.900613 np0000003719 devstack@neutron-api.service[90513]: DEBUG neutron.api.v2.resource_helper [None req-9d37f603-885a-43d4-ba8c-23066a2f6413 None None] Service L3_ROUTER_NAT assigned prefix: {{(pid=90513) build_resource_info /opt/stack/neutron/neutron/api/v2/resource_helper.py:77}}
Jun 26 08:33:30.900702 np0000003719 devstack@neutron-api.service[90511]: DEBUG neutron.api.extensions [None req-9b4fc452-7c8c-4588-8e75-ae2f8e5780ed None None] Loading extension file: timestamp.py {{(pid=90511) _load_all_extensions_from_path /opt/stack/neutron/neutron/api/extensions.py:449}}
Jun 26 08:33:30.900702 np0000003719 devstack@neutron-api.service[90511]: DEBUG neutron.api.extensions [None req-9b4fc452-7c8c-4588-8e75-ae2f8e5780ed None None] Ext name="Resource timestamps" alias="standard-attr-timestamp" description="Adds created_at and updated_at fields to all Neutron resources that have Neutron standard attributes." updated="2016-09-12T10:00:00-00:00" {{(pid=90511) _check_extension /opt/stack/neutron/neutron/api/extensions.py:415}}
Jun 26 08:33:30.900855 np0000003719 devstack@neutron-api.service[90513]: DEBUG neutron.api.v2.resource_helper [None req-9d37f603-885a-43d4-ba8c-23066a2f6413 None None] Service FLAVORS assigned prefix: {{(pid=90513) build_resource_info /opt/stack/neutron/neutron/api/v2/resource_helper.py:77}}
Jun 26 08:33:30.900955 np0000003719 devstack@neutron-api.service[90511]: INFO neutron.api.extensions [None req-9b4fc452-7c8c-4588-8e75-ae2f8e5780ed None None] Loaded extension: standard-attr-timestamp
Jun 26 08:33:30.900955 np0000003719 devstack@neutron-api.service[90511]: DEBUG neutron.api.extensions [None req-9b4fc452-7c8c-4588-8e75-ae2f8e5780ed None None] Loading extension file: trunk.py {{(pid=90511) _load_all_extensions_from_path /opt/stack/neutron/neutron/api/extensions.py:449}}
Jun 26 08:33:30.900955 np0000003719 devstack@neutron-api.service[90511]: DEBUG neutron.api.extensions [None req-9b4fc452-7c8c-4588-8e75-ae2f8e5780ed None None] Ext name="Trunk Extension" alias="trunk" description="Provides support for trunk ports" updated="2016-01-01T10:00:00-00:00" {{(pid=90511) _check_extension /opt/stack/neutron/neutron/api/extensions.py:415}}
Jun 26 08:33:30.901121 np0000003719 devstack@neutron-api.service[90510]: DEBUG neutron_lib.callbacks.manager [None req-1f10c1a8-61ce-45b2-a2cb-dc776ad3be2f None None] Subscribe: network precommit_update 55550000, False {{(pid=90510) subscribe /opt/stack/data/venv/lib/python3.12/site-packages/neutron_lib/callbacks/manager.py:52}}
Jun 26 08:33:30.901121 np0000003719 devstack@neutron-api.service[90510]: DEBUG neutron_lib.callbacks.manager [None req-1f10c1a8-61ce-45b2-a2cb-dc776ad3be2f None None] Subscribe: network precommit_create 55550000, False {{(pid=90510) subscribe /opt/stack/data/venv/lib/python3.12/site-packages/neutron_lib/callbacks/manager.py:52}}
Jun 26 08:33:30.901287 np0000003719 devstack@neutron-api.service[90511]: INFO neutron.api.extensions [None req-9b4fc452-7c8c-4588-8e75-ae2f8e5780ed None None] Extension trunk not supported by any of loaded plugins
Jun 26 08:33:30.901394 np0000003719 devstack@neutron-api.service[90513]: DEBUG neutron.api.v2.resource_helper [None req-9d37f603-885a-43d4-ba8c-23066a2f6413 None None] Service L3_ROUTER_NAT assigned prefix: {{(pid=90513) build_resource_info /opt/stack/neutron/neutron/api/v2/resource_helper.py:77}}
Jun 26 08:33:30.901603 np0000003719 devstack@neutron-api.service[90511]: DEBUG neutron.api.extensions [None req-9b4fc452-7c8c-4588-8e75-ae2f8e5780ed None None] Loading extension file: trunk_details.py {{(pid=90511) _load_all_extensions_from_path /opt/stack/neutron/neutron/api/extensions.py:449}}
Jun 26 08:33:30.901733 np0000003719 devstack@neutron-api.service[90510]: DEBUG neutron.manager [None req-1f10c1a8-61ce-45b2-a2cb-dc776ad3be2f None None] Successfully loaded auto-allocated-topology plugin. Description: Auto Allocated Topology - aka get me a network. {{(pid=90510) _create_and_add_service_plugin /opt/stack/neutron/neutron/manager.py:236}}
Jun 26 08:33:30.901733 np0000003719 devstack@neutron-api.service[90510]: INFO neutron.manager [None req-1f10c1a8-61ce-45b2-a2cb-dc776ad3be2f None None] Loading Plugin: tag
Jun 26 08:33:30.901877 np0000003719 devstack@neutron-api.service[90511]: DEBUG neutron.api.extensions [None req-9b4fc452-7c8c-4588-8e75-ae2f8e5780ed None None] Ext name="Trunk port details" alias="trunk-details" description="Expose trunk port details" updated="2016-01-01T10:00:00-00:00" {{(pid=90511) _check_extension /opt/stack/neutron/neutron/api/extensions.py:415}}
Jun 26 08:33:30.901877 np0000003719 devstack@neutron-api.service[90511]: INFO neutron.api.extensions [None req-9b4fc452-7c8c-4588-8e75-ae2f8e5780ed None None] Extension trunk-details not supported by any of loaded plugins
Jun 26 08:33:30.902020 np0000003719 devstack@neutron-api.service[90513]: DEBUG neutron.api.v2.resource_helper [None req-9d37f603-885a-43d4-ba8c-23066a2f6413 None None] Service L3_ROUTER_NAT assigned prefix: {{(pid=90513) build_resource_info /opt/stack/neutron/neutron/api/v2/resource_helper.py:77}}
Jun 26 08:33:30.902126 np0000003719 devstack@neutron-api.service[90511]: DEBUG neutron.api.extensions [None req-9b4fc452-7c8c-4588-8e75-ae2f8e5780ed None None] Loading extension file: uplink_status_propagation.py {{(pid=90511) _load_all_extensions_from_path /opt/stack/neutron/neutron/api/extensions.py:449}}
Jun 26 08:33:30.902217 np0000003719 devstack@neutron-api.service[90513]: INFO neutron.quota.resource_registry [None req-9d37f603-885a-43d4-ba8c-23066a2f6413 None None] Creating instance of TrackedResource for resource:router
Jun 26 08:33:30.902291 np0000003719 devstack@neutron-api.service[90511]: DEBUG neutron.api.extensions [None req-9b4fc452-7c8c-4588-8e75-ae2f8e5780ed None None] Ext name="Uplink status propagation extension" alias="uplink-status-propagation" description="Provides ability to propagate port uplink status." updated="2018-05-31T18:00:00-00:00" {{(pid=90511) _check_extension /opt/stack/neutron/neutron/api/extensions.py:415}}
Jun 26 08:33:30.902372 np0000003719 devstack@neutron-api.service[90513]: INFO neutron.quota.resource_registry [None req-9d37f603-885a-43d4-ba8c-23066a2f6413 None None] Creating instance of TrackedResource for resource:floatingip
Jun 26 08:33:30.902510 np0000003719 devstack@neutron-api.service[90511]: INFO neutron.api.extensions [None req-9b4fc452-7c8c-4588-8e75-ae2f8e5780ed None None] Extension uplink-status-propagation not supported by any of loaded plugins
Jun 26 08:33:30.902510 np0000003719 devstack@neutron-api.service[90511]: DEBUG neutron.api.extensions [None req-9b4fc452-7c8c-4588-8e75-ae2f8e5780ed None None] Loading extension file: uplink_status_propagation_updatable.py {{(pid=90511) _load_all_extensions_from_path /opt/stack/neutron/neutron/api/extensions.py:449}}
Jun 26 08:33:30.902510 np0000003719 devstack@neutron-api.service[90511]: DEBUG neutron.api.extensions [None req-9b4fc452-7c8c-4588-8e75-ae2f8e5780ed None None] Ext name="Uplink status propagation updatable extension" alias="uplink-status-propagation-updatable" description="Provides ability to update the port uplink status." updated="2024-09-03T18:00:00-00:00" {{(pid=90511) _check_extension /opt/stack/neutron/neutron/api/extensions.py:415}}
Jun 26 08:33:30.902510 np0000003719 devstack@neutron-api.service[90511]: INFO neutron.api.extensions [None req-9b4fc452-7c8c-4588-8e75-ae2f8e5780ed None None] Extension uplink-status-propagation-updatable not supported by any of loaded plugins
Jun 26 08:33:30.902510 np0000003719 devstack@neutron-api.service[90511]: DEBUG neutron.api.extensions [None req-9b4fc452-7c8c-4588-8e75-ae2f8e5780ed None None] Loading extension file: vlantransparent.py {{(pid=90511) _load_all_extensions_from_path /opt/stack/neutron/neutron/api/extensions.py:449}}
Jun 26 08:33:30.902804 np0000003719 devstack@neutron-api.service[90513]: INFO neutron.quota.resource_registry [None req-9d37f603-885a-43d4-ba8c-23066a2f6413 None None] Creating instance of CountableResource for resource:rbac_policy
Jun 26 08:33:30.902897 np0000003719 devstack@neutron-api.service[90511]: DEBUG neutron.api.extensions [None req-9b4fc452-7c8c-4588-8e75-ae2f8e5780ed None None] Ext name="Vlantransparent" alias="vlan-transparent" description="Provides Vlan Transparent Networks" updated="2015-03-23T09:00:00-00:00" {{(pid=90511) _check_extension /opt/stack/neutron/neutron/api/extensions.py:415}}
Jun 26 08:33:30.902897 np0000003719 devstack@neutron-api.service[90511]: INFO neutron.api.extensions [None req-9b4fc452-7c8c-4588-8e75-ae2f8e5780ed None None] Loaded extension: vlan-transparent
Jun 26 08:33:30.903041 np0000003719 devstack@neutron-api.service[90513]: INFO neutron.quota.resource_registry [None req-9d37f603-885a-43d4-ba8c-23066a2f6413 None None] Creating instance of TrackedResource for resource:security_group
Jun 26 08:33:30.903041 np0000003719 devstack@neutron-api.service[90513]: INFO neutron.quota.resource_registry [None req-9d37f603-885a-43d4-ba8c-23066a2f6413 None None] Creating instance of TrackedResource for resource:security_group_rule
Jun 26 08:33:30.903041 np0000003719 devstack@neutron-api.service[90513]: DEBUG neutron.api.v2.resource_helper [None req-9d37f603-885a-43d4-ba8c-23066a2f6413 None None] Service CORE assigned prefix: {{(pid=90513) build_resource_info /opt/stack/neutron/neutron/api/v2/resource_helper.py:77}}
Jun 26 08:33:30.903041 np0000003719 devstack@neutron-api.service[90513]: INFO neutron.quota.resource_registry [None req-9d37f603-885a-43d4-ba8c-23066a2f6413 None None] Creating instance of TrackedResource for resource:subnetpool
Jun 26 08:33:30.903224 np0000003719 devstack@neutron-api.service[90510]: DEBUG neutron.manager [None req-1f10c1a8-61ce-45b2-a2cb-dc776ad3be2f None None] Successfully loaded TAG plugin. Description: Tag support {{(pid=90510) _create_and_add_service_plugin /opt/stack/neutron/neutron/manager.py:236}}
Jun 26 08:33:30.903312 np0000003719 devstack@neutron-api.service[90513]: WARNING neutron.quota.resource_registry [None req-9d37f603-885a-43d4-ba8c-23066a2f6413 None None] subnetpool is already registered
Jun 26 08:33:30.903401 np0000003719 devstack@neutron-api.service[90510]: INFO neutron.manager [None req-1f10c1a8-61ce-45b2-a2cb-dc776ad3be2f None None] Loading Plugin: timestamp
Jun 26 08:33:30.903507 np0000003719 devstack@neutron-api.service[90513]: DEBUG neutron.api.v2.resource_helper [None req-9d37f603-885a-43d4-ba8c-23066a2f6413 None None] Service CORE assigned prefix: {{(pid=90513) build_resource_info /opt/stack/neutron/neutron/api/v2/resource_helper.py:77}}
Jun 26 08:33:30.903623 np0000003719 devstack@neutron-api.service[90511]: INFO neutron.quota.resource_registry [None req-9b4fc452-7c8c-4588-8e75-ae2f8e5780ed None None] Creating instance of TrackedResource for resource:network
Jun 26 08:33:30.903720 np0000003719 devstack@neutron-api.service[90513]: INFO neutron.quota.resource_registry [None req-9d37f603-885a-43d4-ba8c-23066a2f6413 None None] Creating instance of TrackedResource for resource:subnetpool
Jun 26 08:33:30.903720 np0000003719 devstack@neutron-api.service[90513]: WARNING neutron.quota.resource_registry [None req-9d37f603-885a-43d4-ba8c-23066a2f6413 None None] subnetpool is already registered
Jun 26 08:33:30.903844 np0000003719 devstack@neutron-api.service[90511]: INFO neutron.quota.resource_registry [None req-9b4fc452-7c8c-4588-8e75-ae2f8e5780ed None None] Creating instance of TrackedResource for resource:subnet
Jun 26 08:33:30.903844 np0000003719 devstack@neutron-api.service[90511]: INFO neutron.quota.resource_registry [None req-9b4fc452-7c8c-4588-8e75-ae2f8e5780ed None None] Creating instance of TrackedResource for resource:subnetpool
Jun 26 08:33:30.903844 np0000003719 devstack@neutron-api.service[90511]: INFO neutron.quota.resource_registry [None req-9b4fc452-7c8c-4588-8e75-ae2f8e5780ed None None] Creating instance of TrackedResource for resource:port
Jun 26 08:33:30.904014 np0000003719 devstack@neutron-api.service[90510]: DEBUG neutron.manager [None req-1f10c1a8-61ce-45b2-a2cb-dc776ad3be2f None None] Successfully loaded timestamp plugin. Description: Adds timestamps to Neutron resources with standard attributes {{(pid=90510) _create_and_add_service_plugin /opt/stack/neutron/neutron/manager.py:236}}
Jun 26 08:33:30.904014 np0000003719 devstack@neutron-api.service[90510]: INFO neutron.manager [None req-1f10c1a8-61ce-45b2-a2cb-dc776ad3be2f None None] Loading Plugin: network_ip_availability
Jun 26 08:33:30.904151 np0000003719 devstack@neutron-api.service[90511]: INFO neutron.quota.resource_registry [None req-9b4fc452-7c8c-4588-8e75-ae2f8e5780ed None None] Creating instance of CountableResource for resource:router_route
Jun 26 08:33:30.904151 np0000003719 devstack@neutron-api.service[90511]: DEBUG neutron.api.v2.resource_helper [None req-9b4fc452-7c8c-4588-8e75-ae2f8e5780ed None None] Service L3_ROUTER_NAT assigned prefix: {{(pid=90511) build_resource_info /opt/stack/neutron/neutron/api/v2/resource_helper.py:77}}
Jun 26 08:33:30.904278 np0000003719 devstack@neutron-api.service[90513]: INFO neutron.quota.resource_registry [None req-9d37f603-885a-43d4-ba8c-23066a2f6413 None None] Creating instance of CountableResource for resource:router_route
Jun 26 08:33:30.904278 np0000003719 devstack@neutron-api.service[90513]: WARNING neutron.quota.resource_registry [None req-9d37f603-885a-43d4-ba8c-23066a2f6413 None None] router_route is already registered
Jun 26 08:33:30.904278 np0000003719 devstack@neutron-api.service[90513]: DEBUG neutron.api.v2.resource_helper [None req-9d37f603-885a-43d4-ba8c-23066a2f6413 None None] Service L3_ROUTER_NAT assigned prefix: {{(pid=90513) build_resource_info /opt/stack/neutron/neutron/api/v2/resource_helper.py:77}}
Jun 26 08:33:30.904420 np0000003719 devstack@neutron-api.service[90511]: DEBUG neutron.api.v2.resource_helper [None req-9b4fc452-7c8c-4588-8e75-ae2f8e5780ed None None] Service FLAVORS assigned prefix: {{(pid=90511) build_resource_info /opt/stack/neutron/neutron/api/v2/resource_helper.py:77}}
Jun 26 08:33:30.904521 np0000003719 devstack@neutron-api.service[90513]: DEBUG neutron.api.v2.resource_helper [None req-9d37f603-885a-43d4-ba8c-23066a2f6413 None None] Service FLAVORS assigned prefix: {{(pid=90513) build_resource_info /opt/stack/neutron/neutron/api/v2/resource_helper.py:77}}
Jun 26 08:33:30.904627 np0000003719 devstack@neutron-api.service[90510]: DEBUG neutron.manager [None req-1f10c1a8-61ce-45b2-a2cb-dc776ad3be2f None None] Successfully loaded network-ip-availability plugin. Description: Provides IP availability data for each network and subnet. {{(pid=90510) _create_and_add_service_plugin /opt/stack/neutron/neutron/manager.py:236}}
Jun 26 08:33:30.904627 np0000003719 devstack@neutron-api.service[90510]: INFO neutron.manager [None req-1f10c1a8-61ce-45b2-a2cb-dc776ad3be2f None None] Loading Plugin: flavors
Jun 26 08:33:30.904774 np0000003719 devstack@neutron-api.service[90513]: DEBUG neutron.api.v2.resource_helper [None req-9d37f603-885a-43d4-ba8c-23066a2f6413 None None] Service L3_ROUTER_NAT assigned prefix: {{(pid=90513) build_resource_info /opt/stack/neutron/neutron/api/v2/resource_helper.py:77}}
Jun 26 08:33:30.904871 np0000003719 devstack@neutron-api.service[90511]: DEBUG neutron.api.v2.resource_helper [None req-9b4fc452-7c8c-4588-8e75-ae2f8e5780ed None None] Service L3_ROUTER_NAT assigned prefix: {{(pid=90511) build_resource_info /opt/stack/neutron/neutron/api/v2/resource_helper.py:77}}
Jun 26 08:33:30.904993 np0000003719 devstack@neutron-api.service[90510]: DEBUG neutron.manager [None req-1f10c1a8-61ce-45b2-a2cb-dc776ad3be2f None None] Successfully loaded FLAVORS plugin. Description: Neutron Flavors and Service Profiles manager plugin {{(pid=90510) _create_and_add_service_plugin /opt/stack/neutron/neutron/manager.py:236}}
Jun 26 08:33:30.904993 np0000003719 devstack@neutron-api.service[90510]: INFO neutron.manager [None req-1f10c1a8-61ce-45b2-a2cb-dc776ad3be2f None None] Loading Plugin: revisions
Jun 26 08:33:30.905138 np0000003719 devstack@neutron-api.service[90513]: DEBUG neutron.api.v2.resource_helper [None req-9d37f603-885a-43d4-ba8c-23066a2f6413 None None] Service L3_ROUTER_NAT assigned prefix: {{(pid=90513) build_resource_info /opt/stack/neutron/neutron/api/v2/resource_helper.py:77}}
Jun 26 08:33:30.905138 np0000003719 devstack@neutron-api.service[90513]: INFO neutron.quota.resource_registry [None req-9d37f603-885a-43d4-ba8c-23066a2f6413 None None] Creating instance of TrackedResource for resource:router
Jun 26 08:33:30.905138 np0000003719 devstack@neutron-api.service[90513]: WARNING neutron.quota.resource_registry [None req-9d37f603-885a-43d4-ba8c-23066a2f6413 None None] router is already registered
Jun 26 08:33:30.905138 np0000003719 devstack@neutron-api.service[90513]: INFO neutron.quota.resource_registry [None req-9d37f603-885a-43d4-ba8c-23066a2f6413 None None] Creating instance of TrackedResource for resource:floatingip
Jun 26 08:33:30.905138 np0000003719 devstack@neutron-api.service[90513]: WARNING neutron.quota.resource_registry [None req-9d37f603-885a-43d4-ba8c-23066a2f6413 None None] floatingip is already registered
Jun 26 08:33:30.905382 np0000003719 devstack@neutron-api.service[90510]: DEBUG neutron.manager [None req-1f10c1a8-61ce-45b2-a2cb-dc776ad3be2f None None] Successfully loaded revision_plugin plugin. Description: Adds revision numbers to resources. {{(pid=90510) _create_and_add_service_plugin /opt/stack/neutron/neutron/manager.py:236}}
Jun 26 08:33:30.905382 np0000003719 devstack@neutron-api.service[90510]: DEBUG oslo_concurrency.lockutils [None req-1f10c1a8-61ce-45b2-a2cb-dc776ad3be2f None None] Lock "manager" "released" by "neutron.manager.NeutronManager._create_instance" :: held 4.310s {{(pid=90510) inner /opt/stack/data/venv/lib/python3.12/site-packages/oslo_concurrency/lockutils.py:543}}
Jun 26 08:33:30.905382 np0000003719 devstack@neutron-api.service[90510]: DEBUG neutron.api.extensions [None req-1f10c1a8-61ce-45b2-a2cb-dc776ad3be2f None None] get_extension_paths = OrderedDict({'/opt/stack/neutron/neutron/extensions': 1}) {{(pid=90510) get_extensions_path /opt/stack/neutron/neutron/api/extensions.py:640}}
Jun 26 08:33:30.905382 np0000003719 devstack@neutron-api.service[90510]: INFO neutron.api.extensions [None req-1f10c1a8-61ce-45b2-a2cb-dc776ad3be2f None None] Initializing extension manager.
Jun 26 08:33:30.905382 np0000003719 devstack@neutron-api.service[90510]: DEBUG neutron.api.extensions [None req-1f10c1a8-61ce-45b2-a2cb-dc776ad3be2f None None] Loading extension file: __init__.py {{(pid=90510) _load_all_extensions_from_path /opt/stack/neutron/neutron/api/extensions.py:449}}
Jun 26 08:33:30.905382 np0000003719 devstack@neutron-api.service[90510]: DEBUG neutron.api.extensions [None req-1f10c1a8-61ce-45b2-a2cb-dc776ad3be2f None None] Loading extension file: __pycache__ {{(pid=90510) _load_all_extensions_from_path /opt/stack/neutron/neutron/api/extensions.py:449}}
Jun 26 08:33:30.905382 np0000003719 devstack@neutron-api.service[90510]: DEBUG neutron.api.extensions [None req-1f10c1a8-61ce-45b2-a2cb-dc776ad3be2f None None] Loading extension file: aap_reject_multicast.py {{(pid=90510) _load_all_extensions_from_path /opt/stack/neutron/neutron/api/extensions.py:449}}
Jun 26 08:33:30.905752 np0000003719 devstack@neutron-api.service[90513]: INFO neutron.quota.resource_registry [None req-9d37f603-885a-43d4-ba8c-23066a2f6413 None None] Creating instance of CountableResource for resource:rbac_policy
Jun 26 08:33:30.905854 np0000003719 devstack@neutron-api.service[90510]: DEBUG neutron.api.extensions [None req-1f10c1a8-61ce-45b2-a2cb-dc776ad3be2f None None] Ext name="Allowed address pairs reject multicast extension" alias="aap-reject-multicast" description="Reject multicast addresses in Allowed Address Pairs" updated="2026-04-01T00:00:00-00:00" {{(pid=90510) _check_extension /opt/stack/neutron/neutron/api/extensions.py:415}}
Jun 26 08:33:30.905964 np0000003719 devstack@neutron-api.service[90511]: DEBUG neutron.api.v2.resource_helper [None req-9b4fc452-7c8c-4588-8e75-ae2f8e5780ed None None] Service L3_ROUTER_NAT assigned prefix: {{(pid=90511) build_resource_info /opt/stack/neutron/neutron/api/v2/resource_helper.py:77}}
Jun 26 08:33:30.906080 np0000003719 devstack@neutron-api.service[90513]: WARNING neutron.quota.resource_registry [None req-9d37f603-885a-43d4-ba8c-23066a2f6413 None None] rbac_policy is already registered
Jun 26 08:33:30.906186 np0000003719 devstack@neutron-api.service[90511]: INFO neutron.quota.resource_registry [None req-9b4fc452-7c8c-4588-8e75-ae2f8e5780ed None None] Creating instance of TrackedResource for resource:router
Jun 26 08:33:30.906300 np0000003719 devstack@neutron-api.service[90510]: INFO neutron.api.extensions [None req-1f10c1a8-61ce-45b2-a2cb-dc776ad3be2f None None] Extension aap-reject-multicast not supported by any of loaded plugins
Jun 26 08:33:30.906300 np0000003719 devstack@neutron-api.service[90510]: DEBUG neutron.api.extensions [None req-1f10c1a8-61ce-45b2-a2cb-dc776ad3be2f None None] Loading extension file: address_group.py {{(pid=90510) _load_all_extensions_from_path /opt/stack/neutron/neutron/api/extensions.py:449}}
Jun 26 08:33:30.906300 np0000003719 devstack@neutron-api.service[90510]: DEBUG neutron.api.extensions [None req-1f10c1a8-61ce-45b2-a2cb-dc776ad3be2f None None] Ext name="Address group" alias="address-group" description="Support address group" updated="2020-07-15T10:00:00-00:00" {{(pid=90510) _check_extension /opt/stack/neutron/neutron/api/extensions.py:415}}
Jun 26 08:33:30.906504 np0000003719 devstack@neutron-api.service[90511]: INFO neutron.quota.resource_registry [None req-9b4fc452-7c8c-4588-8e75-ae2f8e5780ed None None] Creating instance of TrackedResource for resource:floatingip
