Jun 26 08:33:30.795285 np0000003719 devstack@neutron-api.service[90511]: INFO neutron.api.extensions [None req-9b4fc452-7c8c-4588-8e75-ae2f8e5780ed None None] Extension qos-bw-limit-direction not supported by any of loaded plugins
Jun 26 08:33:30.795285 np0000003719 devstack@neutron-api.service[90511]: DEBUG neutron.api.extensions [None req-9b4fc452-7c8c-4588-8e75-ae2f8e5780ed None None] Loading extension file: qos_bw_minimum_ingress.py {{(pid=90511) _load_all_extensions_from_path /opt/stack/neutron/neutron/api/extensions.py:449}}
Jun 26 08:33:30.795651 np0000003719 devstack@neutron-api.service[90513]: INFO neutron.api.extensions [None req-9d37f603-885a-43d4-ba8c-23066a2f6413 None None] Extension qos-gateway-ip not supported by any of loaded plugins
Jun 26 08:33:30.795651 np0000003719 devstack@neutron-api.service[90513]: DEBUG neutron.api.extensions [None req-9d37f603-885a-43d4-ba8c-23066a2f6413 None None] Loading extension file: qos_port_network_policy.py {{(pid=90513) _load_all_extensions_from_path /opt/stack/neutron/neutron/api/extensions.py:449}}
Jun 26 08:33:30.796096 np0000003719 devstack@neutron-api.service[90511]: DEBUG neutron.api.extensions [None req-9b4fc452-7c8c-4588-8e75-ae2f8e5780ed None None] Ext name="Ingress direction for QoS minimum bandwidth rule" alias="qos-bw-minimum-ingress" description="Allow to configure QoS minumum bandwidth rule with ingress direction." updated="2018-07-09T10:00:00-00:00" {{(pid=90511) _check_extension /opt/stack/neutron/neutron/api/extensions.py:415}}
Jun 26 08:33:30.796253 np0000003719 devstack@neutron-api.service[90513]: DEBUG neutron.api.extensions [None req-9d37f603-885a-43d4-ba8c-23066a2f6413 None None] Ext name="QoS port network policy ID" alias="qos-port-network-policy" description="Adds a the QoS network ID to the port definition" updated="2019-11-01T10:00:00-00:00" {{(pid=90513) _check_extension /opt/stack/neutron/neutron/api/extensions.py:415}}
Jun 26 08:33:30.796392 np0000003719 devstack@neutron-api.service[90511]: INFO neutron.api.extensions [None req-9b4fc452-7c8c-4588-8e75-ae2f8e5780ed None None] Extension qos-bw-minimum-ingress not supported by any of loaded plugins
Jun 26 08:33:30.796505 np0000003719 devstack@neutron-api.service[90513]: INFO neutron.api.extensions [None req-9d37f603-885a-43d4-ba8c-23066a2f6413 None None] Extension qos-port-network-policy not supported by any of loaded plugins
Jun 26 08:33:30.796505 np0000003719 devstack@neutron-api.service[90513]: DEBUG neutron.api.extensions [None req-9d37f603-885a-43d4-ba8c-23066a2f6413 None None] Loading extension file: qos_pps_minimum_rule.py {{(pid=90513) _load_all_extensions_from_path /opt/stack/neutron/neutron/api/extensions.py:449}}
Jun 26 08:33:30.796673 np0000003719 devstack@neutron-api.service[90511]: DEBUG neutron.api.extensions [None req-9b4fc452-7c8c-4588-8e75-ae2f8e5780ed None None] Loading extension file: qos_default.py {{(pid=90511) _load_all_extensions_from_path /opt/stack/neutron/neutron/api/extensions.py:449}}
Jun 26 08:33:30.796810 np0000003719 devstack@neutron-api.service[90510]: DEBUG neutron_lib.callbacks.manager [None req-1f10c1a8-61ce-45b2-a2cb-dc776ad3be2f None None] Subscribe: > process before_spawn 55550000, False {{(pid=90510) subscribe /opt/stack/data/venv/lib/python3.12/site-packages/neutron_lib/callbacks/manager.py:52}}
Jun 26 08:33:30.796810 np0000003719 devstack@neutron-api.service[90510]: DEBUG neutron_lib.callbacks.manager [None req-1f10c1a8-61ce-45b2-a2cb-dc776ad3be2f None None] Subscribe: > process after_init 55550000, True {{(pid=90510) subscribe /opt/stack/data/venv/lib/python3.12/site-packages/neutron_lib/callbacks/manager.py:52}}
Jun 26 08:33:30.796971 np0000003719 devstack@neutron-api.service[90513]: DEBUG neutron.api.extensions [None req-9d37f603-885a-43d4-ba8c-23066a2f6413 None None] Ext name="QoS minimum packet rate rule" alias="qos-pps-minimum" description="Allow to configure QoS minimum packet rate rule." updated="2021-07-14T10:00:00-00:00" {{(pid=90513) _check_extension /opt/stack/neutron/neutron/api/extensions.py:415}}
Jun 26 08:33:30.797085 np0000003719 devstack@neutron-api.service[90511]: DEBUG neutron.api.extensions [None req-9b4fc452-7c8c-4588-8e75-ae2f8e5780ed None None] Ext name="QoS default policy" alias="qos-default" description="Expose the QoS default policy per project" updated="2017-041-06T10:00:00-00:00" {{(pid=90511) _check_extension /opt/stack/neutron/neutron/api/extensions.py:415}}
Jun 26 08:33:30.797200 np0000003719 devstack@neutron-api.service[90510]: DEBUG neutron_lib.callbacks.manager [None req-1f10c1a8-61ce-45b2-a2cb-dc776ad3be2f None None] Subscribe: > segment after_create 55550000, False {{(pid=90510) subscribe /opt/stack/data/venv/lib/python3.12/site-packages/neutron_lib/callbacks/manager.py:52}}
Jun 26 08:33:30.797329 np0000003719 devstack@neutron-api.service[90513]: INFO neutron.api.extensions [None req-9d37f603-885a-43d4-ba8c-23066a2f6413 None None] Extension qos-pps-minimum not supported by any of loaded plugins
Jun 26 08:33:30.797438 np0000003719 devstack@neutron-api.service[90510]: DEBUG neutron_lib.callbacks.manager [None req-1f10c1a8-61ce-45b2-a2cb-dc776ad3be2f None None] Subscribe: > segment after_create 55550000, False {{(pid=90510) subscribe /opt/stack/data/venv/lib/python3.12/site-packages/neutron_lib/callbacks/manager.py:52}}
Jun 26 08:33:30.797556 np0000003719 devstack@neutron-api.service[90511]: INFO neutron.api.extensions [None req-9b4fc452-7c8c-4588-8e75-ae2f8e5780ed None None] Extension qos-default not supported by any of loaded plugins
Jun 26 08:33:30.797738 np0000003719 devstack@neutron-api.service[90513]: DEBUG neutron.api.extensions [None req-9d37f603-885a-43d4-ba8c-23066a2f6413 None None] Loading extension file: qos_pps_minimum_rule_alias.py {{(pid=90513) _load_all_extensions_from_path /opt/stack/neutron/neutron/api/extensions.py:449}}
Jun 26 08:33:30.798028 np0000003719 devstack@neutron-api.service[90510]: DEBUG neutron_lib.callbacks.manager [None req-1f10c1a8-61ce-45b2-a2cb-dc776ad3be2f None None] Subscribe: > segment after_delete 55550000, False {{(pid=90510) subscribe /opt/stack/data/venv/lib/python3.12/site-packages/neutron_lib/callbacks/manager.py:52}}
Jun 26 08:33:30.798156 np0000003719 devstack@neutron-api.service[90511]: DEBUG neutron.api.extensions [None req-9b4fc452-7c8c-4588-8e75-ae2f8e5780ed None None] Loading extension file: qos_fip.py {{(pid=90511) _load_all_extensions_from_path /opt/stack/neutron/neutron/api/extensions.py:449}}
Jun 26 08:33:30.798269 np0000003719 devstack@neutron-api.service[90510]: DEBUG neutron_lib.callbacks.manager [None req-1f10c1a8-61ce-45b2-a2cb-dc776ad3be2f None None] Subscribe: > allowed_address_pair before_create 55550000, False {{(pid=90510) subscribe /opt/stack/data/venv/lib/python3.12/site-packages/neutron_lib/callbacks/manager.py:52}}
Jun 26 08:33:30.798384 np0000003719 devstack@neutron-api.service[90513]: DEBUG neutron.api.extensions [None req-9d37f603-885a-43d4-ba8c-23066a2f6413 None None] Ext name="QoS minimum packet rate rule alias" alias="qos-pps-minimum-rule-alias" description="API to enable GET, PUT and DELETE operations on QoS minimum packet rate rule without specifying policy ID" updated="2021-10-22T10:00:00-00:00" {{(pid=90513) _check_extension /opt/stack/neutron/neutron/api/extensions.py:415}}
Jun 26 08:33:30.798607 np0000003719 devstack@neutron-api.service[90510]: DEBUG neutron_lib.callbacks.manager [None req-1f10c1a8-61ce-45b2-a2cb-dc776ad3be2f None None] Subscribe: > security_group precommit_create 55550000, False {{(pid=90510) subscribe /opt/stack/data/venv/lib/python3.12/site-packages/neutron_lib/callbacks/manager.py:52}}
Jun 26 08:33:30.798990 np0000003719 devstack@neutron-api.service[90511]: DEBUG neutron.api.extensions [None req-9b4fc452-7c8c-4588-8e75-ae2f8e5780ed None None] Ext name="Floating IP QoS" alias="qos-fip" description="The floating IP Quality of Service extension" updated="2017-07-20T00:00:00-00:00" {{(pid=90511) _check_extension /opt/stack/neutron/neutron/api/extensions.py:415}}
Jun 26 08:33:30.799128 np0000003719 devstack@neutron-api.service[90513]: INFO neutron.api.extensions [None req-9d37f603-885a-43d4-ba8c-23066a2f6413 None None] Extension qos-pps-minimum-rule-alias not supported by any of loaded plugins
Jun 26 08:33:30.799265 np0000003719 devstack@neutron-api.service[90510]: DEBUG neutron_lib.callbacks.manager [None req-1f10c1a8-61ce-45b2-a2cb-dc776ad3be2f None None] Subscribe: > security_group after_update 55550000, False {{(pid=90510) subscribe /opt/stack/data/venv/lib/python3.12/site-packages/neutron_lib/callbacks/manager.py:52}}
Jun 26 08:33:30.799387 np0000003719 devstack@neutron-api.service[90513]: DEBUG neutron.api.extensions [None req-9d37f603-885a-43d4-ba8c-23066a2f6413 None None] Loading extension file: qos_pps_rule.py {{(pid=90513) _load_all_extensions_from_path /opt/stack/neutron/neutron/api/extensions.py:449}}
Jun 26 08:33:30.799678 np0000003719 devstack@neutron-api.service[90510]: DEBUG neutron_lib.callbacks.manager [None req-1f10c1a8-61ce-45b2-a2cb-dc776ad3be2f None None] Subscribe: > security_group after_create 55550000, False {{(pid=90510) subscribe /opt/stack/data/venv/lib/python3.12/site-packages/neutron_lib/callbacks/manager.py:52}}
Jun 26 08:33:30.799885 np0000003719 devstack@neutron-api.service[90511]: INFO neutron.api.extensions [None req-9b4fc452-7c8c-4588-8e75-ae2f8e5780ed None None] Extension qos-fip not supported by any of loaded plugins
Jun 26 08:33:30.800034 np0000003719 devstack@neutron-api.service[90510]: DEBUG neutron_lib.callbacks.manager [None req-1f10c1a8-61ce-45b2-a2cb-dc776ad3be2f None None] Subscribe: > security_group precommit_delete 55550000, False {{(pid=90510) subscribe /opt/stack/data/venv/lib/python3.12/site-packages/neutron_lib/callbacks/manager.py:52}}
Jun 26 08:33:30.800405 np0000003719 devstack@neutron-api.service[90511]: DEBUG neutron.api.extensions [None req-9b4fc452-7c8c-4588-8e75-ae2f8e5780ed None None] Loading extension file: qos_fip_network_policy.py {{(pid=90511) _load_all_extensions_from_path /opt/stack/neutron/neutron/api/extensions.py:449}}
Jun 26 08:33:30.800516 np0000003719 devstack@neutron-api.service[90510]: DEBUG neutron_lib.callbacks.manager [None req-1f10c1a8-61ce-45b2-a2cb-dc776ad3be2f None None] Subscribe: > security_group after_delete 55550000, False {{(pid=90510) subscribe /opt/stack/data/venv/lib/python3.12/site-packages/neutron_lib/callbacks/manager.py:52}}
Jun 26 08:33:30.800633 np0000003719 devstack@neutron-api.service[90513]: DEBUG neutron.api.extensions [None req-9d37f603-885a-43d4-ba8c-23066a2f6413 None None] Ext name="QoS Rule Type Packet per Second Extension" alias="qos-pps" description="Add QoS Rule Type Packet per Second" updated="2021-05-12T10:00:00-00:00" {{(pid=90513) _check_extension /opt/stack/neutron/neutron/api/extensions.py:415}}
Jun 26 08:33:30.800966 np0000003719 devstack@neutron-api.service[90510]: DEBUG neutron_lib.callbacks.manager [None req-1f10c1a8-61ce-45b2-a2cb-dc776ad3be2f None None] Subscribe: > security_group_rule precommit_create 55550000, False {{(pid=90510) subscribe /opt/stack/data/venv/lib/python3.12/site-packages/neutron_lib/callbacks/manager.py:52}}
Jun 26 08:33:30.801052 np0000003719 devstack@neutron-api.service[90513]: INFO neutron.api.extensions [None req-9d37f603-885a-43d4-ba8c-23066a2f6413 None None] Extension qos-pps not supported by any of loaded plugins
Jun 26 08:33:30.801133 np0000003719 devstack@neutron-api.service[90511]: DEBUG neutron.api.extensions [None req-9b4fc452-7c8c-4588-8e75-ae2f8e5780ed None None] Ext name="QoS floating IP network policy ID" alias="qos-fip-network-policy" description="Adds a the QoS network ID to the floating IP definition" updated="2021-11-15T10:00:00-00:00" {{(pid=90511) _check_extension /opt/stack/neutron/neutron/api/extensions.py:415}}
Jun 26 08:33:30.801238 np0000003719 devstack@neutron-api.service[90513]: DEBUG neutron.api.extensions [None req-9d37f603-885a-43d4-ba8c-23066a2f6413 None None] Loading extension file: qos_rule_type_details.py {{(pid=90513) _load_all_extensions_from_path /opt/stack/neutron/neutron/api/extensions.py:449}}
Jun 26 08:33:30.801353 np0000003719 devstack@neutron-api.service[90510]: DEBUG neutron_lib.callbacks.manager [None req-1f10c1a8-61ce-45b2-a2cb-dc776ad3be2f None None] Subscribe: > security_group_rule after_create 55550000, False {{(pid=90510) subscribe /opt/stack/data/venv/lib/python3.12/site-packages/neutron_lib/callbacks/manager.py:52}}
Jun 26 08:33:30.801441 np0000003719 devstack@neutron-api.service[90511]: INFO neutron.api.extensions [None req-9b4fc452-7c8c-4588-8e75-ae2f8e5780ed None None] Extension qos-fip-network-policy not supported by any of loaded plugins
Jun 26 08:33:30.801750 np0000003719 devstack@neutron-api.service[90510]: DEBUG neutron_lib.callbacks.manager [None req-1f10c1a8-61ce-45b2-a2cb-dc776ad3be2f None None] Subscribe: > security_group_rule before_delete 55550000, False {{(pid=90510) subscribe /opt/stack/data/venv/lib/python3.12/site-packages/neutron_lib/callbacks/manager.py:52}}
Jun 26 08:33:30.801862 np0000003719 devstack@neutron-api.service[90511]: DEBUG neutron.api.extensions [None req-9b4fc452-7c8c-4588-8e75-ae2f8e5780ed None None] Loading extension file: qos_gateway_ip.py {{(pid=90511) _load_all_extensions_from_path /opt/stack/neutron/neutron/api/extensions.py:449}}
Jun 26 08:33:30.801943 np0000003719 devstack@neutron-api.service[90513]: DEBUG neutron.api.extensions [None req-9d37f603-885a-43d4-ba8c-23066a2f6413 None None] Ext name="Details of QoS rule types" alias="qos-rule-type-details" description="Expose details about QoS rule types supported by loaded backend drivers" updated="2017-06-22T10:00:00-00:00" {{(pid=90513) _check_extension /opt/stack/neutron/neutron/api/extensions.py:415}}
Jun 26 08:33:30.802023 np0000003719 devstack@neutron-api.service[90510]: DEBUG neutron_lib.callbacks.manager [None req-1f10c1a8-61ce-45b2-a2cb-dc776ad3be2f None None] Subscribe: > address_group after_create 55550000, False {{(pid=90510) subscribe /opt/stack/data/venv/lib/python3.12/site-packages/neutron_lib/callbacks/manager.py:52}}
Jun 26 08:33:30.802314 np0000003719 devstack@neutron-api.service[90513]: INFO neutron.api.extensions [None req-9d37f603-885a-43d4-ba8c-23066a2f6413 None None] Extension qos-rule-type-details not supported by any of loaded plugins
Jun 26 08:33:30.802409 np0000003719 devstack@neutron-api.service[90510]: DEBUG neutron_lib.callbacks.manager [None req-1f10c1a8-61ce-45b2-a2cb-dc776ad3be2f None None] Subscribe: > address_group after_update 55550000, False {{(pid=90510) subscribe /opt/stack/data/venv/lib/python3.12/site-packages/neutron_lib/callbacks/manager.py:52}}
Jun 26 08:33:30.802505 np0000003719 devstack@neutron-api.service[90513]: DEBUG neutron.api.extensions [None req-9d37f603-885a-43d4-ba8c-23066a2f6413 None None] Loading extension file: qos_rule_type_filter.py {{(pid=90513) _load_all_extensions_from_path /opt/stack/neutron/neutron/api/extensions.py:449}}
Jun 26 08:33:30.802637 np0000003719 devstack@neutron-api.service[90511]: DEBUG neutron.api.extensions [None req-9b4fc452-7c8c-4588-8e75-ae2f8e5780ed None None] Ext name="Router gateway IP QoS" alias="qos-gateway-ip" description="The Router gateway IP Quality of Service extension" updated="2018-02-24T00:00:00-00:00" {{(pid=90511) _check_extension /opt/stack/neutron/neutron/api/extensions.py:415}}
Jun 26 08:33:30.802910 np0000003719 devstack@neutron-api.service[90510]: DEBUG neutron_lib.callbacks.manager [None req-1f10c1a8-61ce-45b2-a2cb-dc776ad3be2f None None] Subscribe: > address_group after_delete 55550000, False {{(pid=90510) subscribe /opt/stack/data/venv/lib/python3.12/site-packages/neutron_lib/callbacks/manager.py:52}}
Jun 26 08:33:30.802994 np0000003719 devstack@neutron-api.service[90511]: INFO neutron.api.extensions [None req-9b4fc452-7c8c-4588-8e75-ae2f8e5780ed None None] Extension qos-gateway-ip not supported by any of loaded plugins
Jun 26 08:33:30.803086 np0000003719 devstack@neutron-api.service[90513]: DEBUG neutron.api.extensions [None req-9d37f603-885a-43d4-ba8c-23066a2f6413 None None] Ext name="Allow to filter the list of QoS rule types" alias="qos-rule-type-filter" description="Allows to filter the QoS rule type list adding two new flags. "all_rules" prints all implemented QoS rule types."all_supported" prints all supported QoS rule types by the loaded mechanism drivers" updated="2022-02-02T10:00:00-00:00" {{(pid=90513) _check_extension /opt/stack/neutron/neutron/api/extensions.py:415}}
Jun 26 08:33:30.803204 np0000003719 devstack@neutron-api.service[90510]: DEBUG neutron_lib.callbacks.manager [None req-1f10c1a8-61ce-45b2-a2cb-dc776ad3be2f None None] Subscribe: > qos_plugin after_init 55550000, False {{(pid=90510) subscribe /opt/stack/data/venv/lib/python3.12/site-packages/neutron_lib/callbacks/manager.py:52}}
Jun 26 08:33:30.803356 np0000003719 devstack@neutron-api.service[90511]: DEBUG neutron.api.extensions [None req-9b4fc452-7c8c-4588-8e75-ae2f8e5780ed None None] Loading extension file: qos_port_network_policy.py {{(pid=90511) _load_all_extensions_from_path /opt/stack/neutron/neutron/api/extensions.py:449}}
Jun 26 08:33:30.803678 np0000003719 devstack@neutron-api.service[90513]: INFO neutron.api.extensions [None req-9d37f603-885a-43d4-ba8c-23066a2f6413 None None] Extension qos-rule-type-filter not supported by any of loaded plugins
Jun 26 08:33:30.803765 np0000003719 devstack@neutron-api.service[90510]: DEBUG neutron_lib.callbacks.manager [None req-1f10c1a8-61ce-45b2-a2cb-dc776ad3be2f None None] Subscribe: > trunk_plugin after_init 55550000, False {{(pid=90510) subscribe /opt/stack/data/venv/lib/python3.12/site-packages/neutron_lib/callbacks/manager.py:52}}
Jun 26 08:33:30.804128 np0000003719 devstack@neutron-api.service[90513]: DEBUG neutron.api.extensions [None req-9d37f603-885a-43d4-ba8c-23066a2f6413 None None] Loading extension file: qos_rules_alias.py {{(pid=90513) _load_all_extensions_from_path /opt/stack/neutron/neutron/api/extensions.py:449}}
Jun 26 08:33:30.804334 np0000003719 devstack@neutron-api.service[90511]: DEBUG neutron.api.extensions [None req-9b4fc452-7c8c-4588-8e75-ae2f8e5780ed None None] Ext name="QoS port network policy ID" alias="qos-port-network-policy" description="Adds a the QoS network ID to the port definition" updated="2019-11-01T10:00:00-00:00" {{(pid=90511) _check_extension /opt/stack/neutron/neutron/api/extensions.py:415}}
Jun 26 08:33:30.804722 np0000003719 devstack@neutron-api.service[90510]: DEBUG neutron_lib.callbacks.manager [None req-1f10c1a8-61ce-45b2-a2cb-dc776ad3be2f None None] Subscribe: > logging-plugin after_init 55550000, False {{(pid=90510) subscribe /opt/stack/data/venv/lib/python3.12/site-packages/neutron_lib/callbacks/manager.py:52}}
Jun 26 08:33:30.804995 np0000003719 devstack@neutron-api.service[90513]: DEBUG neutron.api.extensions [None req-9d37f603-885a-43d4-ba8c-23066a2f6413 None None] Ext name="Quality of Service rules alias API" alias="qos-rules-alias" description="API to enable GET, PUT and DELETE operations on QoS policy rules without specifying policy ID" updated="2018-10-07T10:00:00-00:00" {{(pid=90513) _check_extension /opt/stack/neutron/neutron/api/extensions.py:415}}
Jun 26 08:33:30.805139 np0000003719 devstack@neutron-api.service[90511]: INFO neutron.api.extensions [None req-9b4fc452-7c8c-4588-8e75-ae2f8e5780ed None None] Extension qos-port-network-policy not supported by any of loaded plugins
Jun 26 08:33:30.805139 np0000003719 devstack@neutron-api.service[90511]: DEBUG neutron.api.extensions [None req-9b4fc452-7c8c-4588-8e75-ae2f8e5780ed None None] Loading extension file: qos_pps_minimum_rule.py {{(pid=90511) _load_all_extensions_from_path /opt/stack/neutron/neutron/api/extensions.py:449}}
Jun 26 08:33:30.805491 np0000003719 devstack@neutron-api.service[90513]: INFO neutron.api.extensions [None req-9d37f603-885a-43d4-ba8c-23066a2f6413 None None] Extension qos-rules-alias not supported by any of loaded plugins
Jun 26 08:33:30.805491 np0000003719 devstack@neutron-api.service[90513]: DEBUG neutron.api.extensions [None req-9d37f603-885a-43d4-ba8c-23066a2f6413 None None] Loading extension file: quota_check_limit.py {{(pid=90513) _load_all_extensions_from_path /opt/stack/neutron/neutron/api/extensions.py:449}}
Jun 26 08:33:30.805762 np0000003719 devstack@neutron-api.service[90510]: INFO neutron.services.logapi.drivers.ovn.driver [None req-1f10c1a8-61ce-45b2-a2cb-dc776ad3be2f None None] OVN logging driver registered
Jun 26 08:33:30.806033 np0000003719 devstack@neutron-api.service[90511]: DEBUG neutron.api.extensions [None req-9b4fc452-7c8c-4588-8e75-ae2f8e5780ed None None] Ext name="QoS minimum packet rate rule" alias="qos-pps-minimum" description="Allow to configure QoS minimum packet rate rule." updated="2021-07-14T10:00:00-00:00" {{(pid=90511) _check_extension /opt/stack/neutron/neutron/api/extensions.py:415}}
Jun 26 08:33:30.806399 np0000003719 devstack@neutron-api.service[90513]: DEBUG neutron.api.extensions [None req-9d37f603-885a-43d4-ba8c-23066a2f6413 None None] Ext name="Quota engine limit check" alias="quota-check-limit" description="Support for checking the resource usage before applying a new quota limit" updated="2021-09-08T16:00:00-00:00" {{(pid=90513) _check_extension /opt/stack/neutron/neutron/api/extensions.py:415}}
Jun 26 08:33:30.806682 np0000003719 devstack@neutron-api.service[90510]: DEBUG neutron_lib.callbacks.manager [None req-1f10c1a8-61ce-45b2-a2cb-dc776ad3be2f None None] Subscribe: ._register_pvlan_driver at 0x7794d59c9260> pvlan_plugin before_spawn 55550000, False {{(pid=90510) subscribe /opt/stack/data/venv/lib/python3.12/site-packages/neutron_lib/callbacks/manager.py:52}}
Jun 26 08:33:30.806682 np0000003719 devstack@neutron-api.service[90510]: DEBUG neutron_lib.callbacks.manager [None req-1f10c1a8-61ce-45b2-a2cb-dc776ad3be2f None None] Subscribe: process after_init 55550000, False {{(pid=90510) subscribe /opt/stack/data/venv/lib/python3.12/site-packages/neutron_lib/callbacks/manager.py:52}}
Jun 26 08:33:30.806860 np0000003719 devstack@neutron-api.service[90513]: INFO neutron.api.extensions [None req-9d37f603-885a-43d4-ba8c-23066a2f6413 None None] Loaded extension: quota-check-limit
Jun 26 08:33:30.806984 np0000003719 devstack@neutron-api.service[90511]: INFO neutron.api.extensions [None req-9b4fc452-7c8c-4588-8e75-ae2f8e5780ed None None] Extension qos-pps-minimum not supported by any of loaded plugins
Jun 26 08:33:30.807181 np0000003719 devstack@neutron-api.service[90513]: DEBUG neutron.api.extensions [None req-9d37f603-885a-43d4-ba8c-23066a2f6413 None None] Loading extension file: quota_check_limit_default.py {{(pid=90513) _load_all_extensions_from_path /opt/stack/neutron/neutron/api/extensions.py:449}}
Jun 26 08:33:30.807501 np0000003719 devstack@neutron-api.service[90511]: DEBUG neutron.api.extensions [None req-9b4fc452-7c8c-4588-8e75-ae2f8e5780ed None None] Loading extension file: qos_pps_minimum_rule_alias.py {{(pid=90511) _load_all_extensions_from_path /opt/stack/neutron/neutron/api/extensions.py:449}}
Jun 26 08:33:30.807702 np0000003719 devstack@neutron-api.service[90513]: DEBUG neutron.api.extensions [None req-9d37f603-885a-43d4-ba8c-23066a2f6413 None None] Ext name="Quota engine limit check by default" alias="quota-check-limit-default" description="By default, the Neutron quota engine checks the resource usage before applying a new quota limit" updated="2024-08-21T16:00:00-00:00" {{(pid=90513) _check_extension /opt/stack/neutron/neutron/api/extensions.py:415}}
Jun 26 08:33:30.807854 np0000003719 devstack@neutron-api.service[90511]: DEBUG neutron.api.extensions [None req-9b4fc452-7c8c-4588-8e75-ae2f8e5780ed None None] Ext name="QoS minimum packet rate rule alias" alias="qos-pps-minimum-rule-alias" description="API to enable GET, PUT and DELETE operations on QoS minimum packet rate rule without specifying policy ID" updated="2021-10-22T10:00:00-00:00" {{(pid=90511) _check_extension /opt/stack/neutron/neutron/api/extensions.py:415}}
Jun 26 08:33:30.807985 np0000003719 devstack@neutron-api.service[90513]: INFO neutron.api.extensions [None req-9d37f603-885a-43d4-ba8c-23066a2f6413 None None] Loaded extension: quota-check-limit-default
Jun 26 08:33:30.807985 np0000003719 devstack@neutron-api.service[90513]: DEBUG neutron.api.extensions [None req-9d37f603-885a-43d4-ba8c-23066a2f6413 None None] Loading extension file: quotasv2.py {{(pid=90513) _load_all_extensions_from_path /opt/stack/neutron/neutron/api/extensions.py:449}}
Jun 26 08:33:30.808093 np0000003719 devstack@neutron-api.service[90511]: INFO neutron.api.extensions [None req-9b4fc452-7c8c-4588-8e75-ae2f8e5780ed None None] Extension qos-pps-minimum-rule-alias not supported by any of loaded plugins
Jun 26 08:33:30.808093 np0000003719 devstack@neutron-api.service[90511]: DEBUG neutron.api.extensions [None req-9b4fc452-7c8c-4588-8e75-ae2f8e5780ed None None] Loading extension file: qos_pps_rule.py {{(pid=90511) _load_all_extensions_from_path /opt/stack/neutron/neutron/api/extensions.py:449}}
Jun 26 08:33:30.808093 np0000003719 devstack@neutron-api.service[90511]: DEBUG neutron.api.extensions [None req-9b4fc452-7c8c-4588-8e75-ae2f8e5780ed None None] Ext name="QoS Rule Type Packet per Second Extension" alias="qos-pps" description="Add QoS Rule Type Packet per Second" updated="2021-05-12T10:00:00-00:00" {{(pid=90511) _check_extension /opt/stack/neutron/neutron/api/extensions.py:415}}
Jun 26 08:33:30.808271 np0000003719 devstack@neutron-api.service[90513]: DEBUG neutron.api.extensions [None req-9d37f603-885a-43d4-ba8c-23066a2f6413 None None] Ext name="Quota management support" alias="quotas" description="Expose functions for quotas management per project" updated="2012-07-29T10:00:00-00:00" {{(pid=90513) _check_extension /opt/stack/neutron/neutron/api/extensions.py:415}}
Jun 26 08:33:30.808271 np0000003719 devstack@neutron-api.service[90513]: INFO neutron.api.extensions [None req-9d37f603-885a-43d4-ba8c-23066a2f6413 None None] Loaded extension: quotas
Jun 26 08:33:30.808471 np0000003719 devstack@neutron-api.service[90511]: INFO neutron.api.extensions [None req-9b4fc452-7c8c-4588-8e75-ae2f8e5780ed None None] Extension qos-pps not supported by any of loaded plugins
Jun 26 08:33:30.808848 np0000003719 devstack@neutron-api.service[90513]: DEBUG neutron.api.extensions [None req-9d37f603-885a-43d4-ba8c-23066a2f6413 None None] Loading extension file: quotasv2_detail.py {{(pid=90513) _load_all_extensions_from_path /opt/stack/neutron/neutron/api/extensions.py:449}}
Jun 26 08:33:30.809005 np0000003719 devstack@neutron-api.service[90511]: DEBUG neutron.api.extensions [None req-9b4fc452-7c8c-4588-8e75-ae2f8e5780ed None None] Loading extension file: qos_rule_type_details.py {{(pid=90511) _load_all_extensions_from_path /opt/stack/neutron/neutron/api/extensions.py:449}}
Jun 26 08:33:30.809005 np0000003719 devstack@neutron-api.service[90511]: DEBUG neutron.api.extensions [None req-9b4fc452-7c8c-4588-8e75-ae2f8e5780ed None None] Ext name="Details of QoS rule types" alias="qos-rule-type-details" description="Expose details about QoS rule types supported by loaded backend drivers" updated="2017-06-22T10:00:00-00:00" {{(pid=90511) _check_extension /opt/stack/neutron/neutron/api/extensions.py:415}}
Jun 26 08:33:30.809153 np0000003719 devstack@neutron-api.service[90513]: DEBUG neutron.api.extensions [None req-9d37f603-885a-43d4-ba8c-23066a2f6413 None None] Ext name="Quota details management support" alias="quota_details" description="Expose functions for quotas usage statistics per project" updated="2017-02-10T10:00:00-00:00" {{(pid=90513) _check_extension /opt/stack/neutron/neutron/api/extensions.py:415}}
Jun 26 08:33:30.809153 np0000003719 devstack@neutron-api.service[90513]: INFO neutron.api.extensions [None req-9d37f603-885a-43d4-ba8c-23066a2f6413 None None] Loaded extension: quota_details
Jun 26 08:33:30.809318 np0000003719 devstack@neutron-api.service[90511]: INFO neutron.api.extensions [None req-9b4fc452-7c8c-4588-8e75-ae2f8e5780ed None None] Extension qos-rule-type-details not supported by any of loaded plugins
Jun 26 08:33:30.809621 np0000003719 devstack@neutron-api.service[90513]: DEBUG neutron.api.extensions [None req-9d37f603-885a-43d4-ba8c-23066a2f6413 None None] Loading extension file: rbac.py {{(pid=90513) _load_all_extensions_from_path /opt/stack/neutron/neutron/api/extensions.py:449}}
Jun 26 08:33:30.809910 np0000003719 devstack@neutron-api.service[90511]: DEBUG neutron.api.extensions [None req-9b4fc452-7c8c-4588-8e75-ae2f8e5780ed None None] Loading extension file: qos_rule_type_filter.py {{(pid=90511) _load_all_extensions_from_path /opt/stack/neutron/neutron/api/extensions.py:449}}
Jun 26 08:33:30.810180 np0000003719 devstack@neutron-api.service[90510]: DEBUG neutron.plugins.ml2.plugin [None req-1f10c1a8-61ce-45b2-a2cb-dc776ad3be2f None None] neutron.plugins.ml2.plugin.Ml2Plugin method _start_rpc_notifiers called with arguments () {} {{(pid=90510) wrapper /opt/stack/data/venv/lib/python3.12/site-packages/oslo_log/helpers.py:77}}
Jun 26 08:33:30.810350 np0000003719 devstack@neutron-api.service[90511]: DEBUG neutron.api.extensions [None req-9b4fc452-7c8c-4588-8e75-ae2f8e5780ed None None] Ext name="Allow to filter the list of QoS rule types" alias="qos-rule-type-filter" description="Allows to filter the QoS rule type list adding two new flags. "all_rules" prints all implemented QoS rule types."all_supported" prints all supported QoS rule types by the loaded mechanism drivers" updated="2022-02-02T10:00:00-00:00" {{(pid=90511) _check_extension /opt/stack/neutron/neutron/api/extensions.py:415}}
Jun 26 08:33:30.810512 np0000003719 devstack@neutron-api.service[90513]: DEBUG neutron.api.extensions [None req-9d37f603-885a-43d4-ba8c-23066a2f6413 None None] Ext name="RBAC Policies" alias="rbac-policies" description="Allows creation and modification of policies that control project access to resources." updated="2015-06-17T12:15:12-00:00" {{(pid=90513) _check_extension /opt/stack/neutron/neutron/api/extensions.py:415}}
Jun 26 08:33:30.810757 np0000003719 devstack@neutron-api.service[90511]: INFO neutron.api.extensions [None req-9b4fc452-7c8c-4588-8e75-ae2f8e5780ed None None] Extension qos-rule-type-filter not supported by any of loaded plugins
Jun 26 08:33:30.811068 np0000003719 devstack@neutron-api.service[90510]: DEBUG neutron_lib.callbacks.manager [None req-1f10c1a8-61ce-45b2-a2cb-dc776ad3be2f None None] Subscribe: > port after_create 55550000, False {{(pid=90510) subscribe /opt/stack/data/venv/lib/python3.12/site-packages/neutron_lib/callbacks/manager.py:52}}
Jun 26 08:33:30.811210 np0000003719 devstack@neutron-api.service[90511]: DEBUG neutron.api.extensions [None req-9b4fc452-7c8c-4588-8e75-ae2f8e5780ed None None] Loading extension file: qos_rules_alias.py {{(pid=90511) _load_all_extensions_from_path /opt/stack/neutron/neutron/api/extensions.py:449}}
Jun 26 08:33:30.811814 np0000003719 devstack@neutron-api.service[90513]: INFO neutron.api.extensions [None req-9d37f603-885a-43d4-ba8c-23066a2f6413 None None] Loaded extension: rbac-policies
Jun 26 08:33:30.812123 np0000003719 devstack@neutron-api.service[90510]: DEBUG neutron_lib.callbacks.manager [None req-1f10c1a8-61ce-45b2-a2cb-dc776ad3be2f None None] Subscribe: > port after_update 55550000, False {{(pid=90510) subscribe /opt/stack/data/venv/lib/python3.12/site-packages/neutron_lib/callbacks/manager.py:52}}
Jun 26 08:33:30.812271 np0000003719 devstack@neutron-api.service[90513]: DEBUG neutron.api.extensions [None req-9d37f603-885a-43d4-ba8c-23066a2f6413 None None] Loading extension file: rbac_address_group.py {{(pid=90513) _load_all_extensions_from_path /opt/stack/neutron/neutron/api/extensions.py:449}}
Jun 26 08:33:30.812467 np0000003719 devstack@neutron-api.service[90510]: DEBUG neutron_lib.callbacks.manager [None req-1f10c1a8-61ce-45b2-a2cb-dc776ad3be2f None None] Subscribe: > port after_delete 55550000, False {{(pid=90510) subscribe /opt/stack/data/venv/lib/python3.12/site-packages/neutron_lib/callbacks/manager.py:52}}
Jun 26 08:33:30.812629 np0000003719 devstack@neutron-api.service[90511]: DEBUG neutron.api.extensions [None req-9b4fc452-7c8c-4588-8e75-ae2f8e5780ed None None] Ext name="Quality of Service rules alias API" alias="qos-rules-alias" description="API to enable GET, PUT and DELETE operations on QoS policy rules without specifying policy ID" updated="2018-10-07T10:00:00-00:00" {{(pid=90511) _check_extension /opt/stack/neutron/neutron/api/extensions.py:415}}
Jun 26 08:33:30.812930 np0000003719 devstack@neutron-api.service[90510]: DEBUG neutron_lib.callbacks.manager [None req-1f10c1a8-61ce-45b2-a2cb-dc776ad3be2f None None] Subscribe: > subnet after_create 55550000, False {{(pid=90510) subscribe /opt/stack/data/venv/lib/python3.12/site-packages/neutron_lib/callbacks/manager.py:52}}
Jun 26 08:33:30.813248 np0000003719 devstack@neutron-api.service[90513]: DEBUG neutron.api.extensions [None req-9d37f603-885a-43d4-ba8c-23066a2f6413 None None] Ext name="Add address_group type to RBAC" alias="rbac-address-group" description="Add address_group type to network RBAC" updated="2021-01-20T00:00:00-00:00" {{(pid=90513) _check_extension /opt/stack/neutron/neutron/api/extensions.py:415}}
Jun 26 08:33:30.813630 np0000003719 devstack@neutron-api.service[90510]: DEBUG neutron_lib.callbacks.manager [None req-1f10c1a8-61ce-45b2-a2cb-dc776ad3be2f None None] Subscribe: > subnet after_update 55550000, False {{(pid=90510) subscribe /opt/stack/data/venv/lib/python3.12/site-packages/neutron_lib/callbacks/manager.py:52}}
Jun 26 08:33:30.814039 np0000003719 devstack@neutron-api.service[90511]: INFO neutron.api.extensions [None req-9b4fc452-7c8c-4588-8e75-ae2f8e5780ed None None] Extension qos-rules-alias not supported by any of loaded plugins
Jun 26 08:33:30.814257 np0000003719 devstack@neutron-api.service[90513]: INFO neutron.api.extensions [None req-9d37f603-885a-43d4-ba8c-23066a2f6413 None None] Extension rbac-address-group not supported by any of loaded plugins
Jun 26 08:33:30.814426 np0000003719 devstack@neutron-api.service[90510]: DEBUG neutron_lib.callbacks.manager [None req-1f10c1a8-61ce-45b2-a2cb-dc776ad3be2f None None] Subscribe: > subnet after_delete 55550000, False {{(pid=90510) subscribe /opt/stack/data/venv/lib/python3.12/site-packages/neutron_lib/callbacks/manager.py:52}}
Jun 26 08:33:30.814764 np0000003719 devstack@neutron-api.service[90511]: DEBUG neutron.api.extensions [None req-9b4fc452-7c8c-4588-8e75-ae2f8e5780ed None None] Loading extension file: quota_check_limit.py {{(pid=90511) _load_all_extensions_from_path /opt/stack/neutron/neutron/api/extensions.py:449}}
Jun 26 08:33:30.815082 np0000003719 devstack@neutron-api.service[90513]: DEBUG neutron.api.extensions [None req-9d37f603-885a-43d4-ba8c-23066a2f6413 None None] Loading extension file: rbac_address_scope.py {{(pid=90513) _load_all_extensions_from_path /opt/stack/neutron/neutron/api/extensions.py:449}}
Jun 26 08:33:30.815363 np0000003719 devstack@neutron-api.service[90510]: DEBUG neutron_lib.callbacks.manager [None req-1f10c1a8-61ce-45b2-a2cb-dc776ad3be2f None None] Subscribe: > network after_create 55550000, False {{(pid=90510) subscribe /opt/stack/data/venv/lib/python3.12/site-packages/neutron_lib/callbacks/manager.py:52}}
Jun 26 08:33:30.815363 np0000003719 devstack@neutron-api.service[90510]: DEBUG neutron_lib.callbacks.manager [None req-1f10c1a8-61ce-45b2-a2cb-dc776ad3be2f None None] Subscribe: > network after_update 55550000, False {{(pid=90510) subscribe /opt/stack/data/venv/lib/python3.12/site-packages/neutron_lib/callbacks/manager.py:52}}
Jun 26 08:33:30.815706 np0000003719 devstack@neutron-api.service[90511]: DEBUG neutron.api.extensions [None req-9b4fc452-7c8c-4588-8e75-ae2f8e5780ed None None] Ext name="Quota engine limit check" alias="quota-check-limit" description="Support for checking the resource usage before applying a new quota limit" updated="2021-09-08T16:00:00-00:00" {{(pid=90511) _check_extension /opt/stack/neutron/neutron/api/extensions.py:415}}
Jun 26 08:33:30.816207 np0000003719 devstack@neutron-api.service[90513]: DEBUG neutron.api.extensions [None req-9d37f603-885a-43d4-ba8c-23066a2f6413 None None] Ext name="Add address_scope type to RBAC" alias="rbac-address-scope" description="Add address_scope type to RBAC" updated="2020-02-12T00:00:00-00:00" {{(pid=90513) _check_extension /opt/stack/neutron/neutron/api/extensions.py:415}}
Jun 26 08:33:30.816724 np0000003719 devstack@neutron-api.service[90510]: DEBUG neutron_lib.callbacks.manager [None req-1f10c1a8-61ce-45b2-a2cb-dc776ad3be2f None None] Subscribe: > network after_delete 55550000, False {{(pid=90510) subscribe /opt/stack/data/venv/lib/python3.12/site-packages/neutron_lib/callbacks/manager.py:52}}
Jun 26 08:33:30.817210 np0000003719 devstack@neutron-api.service[90513]: INFO neutron.api.extensions [None req-9d37f603-885a-43d4-ba8c-23066a2f6413 None None] Loaded extension: rbac-address-scope
Jun 26 08:33:30.817770 np0000003719 devstack@neutron-api.service[90510]: DEBUG neutron_lib.callbacks.manager [None req-1f10c1a8-61ce-45b2-a2cb-dc776ad3be2f None None] Subscribe: > security_group after_create 55550000, False {{(pid=90510) subscribe /opt/stack/data/venv/lib/python3.12/site-packages/neutron_lib/callbacks/manager.py:52}}
Jun 26 08:33:30.818341 np0000003719 devstack@neutron-api.service[90511]: INFO neutron.api.extensions [None req-9b4fc452-7c8c-4588-8e75-ae2f8e5780ed None None] Loaded extension: quota-check-limit
Jun 26 08:33:30.818906 np0000003719 devstack@neutron-api.service[90513]: DEBUG neutron.api.extensions [None req-9d37f603-885a-43d4-ba8c-23066a2f6413 None None] Loading extension file: rbac_security_groups.py {{(pid=90513) _load_all_extensions_from_path /opt/stack/neutron/neutron/api/extensions.py:449}}
Jun 26 08:33:30.819406 np0000003719 devstack@neutron-api.service[90510]: DEBUG neutron_lib.callbacks.manager [None req-1f10c1a8-61ce-45b2-a2cb-dc776ad3be2f None None] Subscribe: > security_group after_update 55550000, False {{(pid=90510) subscribe /opt/stack/data/venv/lib/python3.12/site-packages/neutron_lib/callbacks/manager.py:52}}
Jun 26 08:33:30.820197 np0000003719 devstack@neutron-api.service[90511]: DEBUG neutron.api.extensions [None req-9b4fc452-7c8c-4588-8e75-ae2f8e5780ed None None] Loading extension file: quota_check_limit_default.py {{(pid=90511) _load_all_extensions_from_path /opt/stack/neutron/neutron/api/extensions.py:449}}
Jun 26 08:33:30.820898 np0000003719 devstack@neutron-api.service[90510]: DEBUG neutron_lib.callbacks.manager [None req-1f10c1a8-61ce-45b2-a2cb-dc776ad3be2f None None] Subscribe: > security_group after_delete 55550000, False {{(pid=90510) subscribe /opt/stack/data/venv/lib/python3.12/site-packages/neutron_lib/callbacks/manager.py:52}}
Jun 26 08:33:30.821638 np0000003719 devstack@neutron-api.service[90513]: DEBUG neutron.api.extensions [None req-9d37f603-885a-43d4-ba8c-23066a2f6413 None None] Ext name="Add security_group type to network RBAC" alias="rbac-security-groups" description="Add security_group type to network RBAC" updated="2019-02-14T00:00:00-00:00" {{(pid=90513) _check_extension /opt/stack/neutron/neutron/api/extensions.py:415}}
Jun 26 08:33:30.822313 np0000003719 devstack@neutron-api.service[90510]: DEBUG neutron_lib.callbacks.manager [None req-1f10c1a8-61ce-45b2-a2cb-dc776ad3be2f None None] Subscribe: > security_group_rule after_create 55550000, False {{(pid=90510) subscribe /opt/stack/data/venv/lib/python3.12/site-packages/neutron_lib/callbacks/manager.py:52}}
Jun 26 08:33:30.822964 np0000003719 devstack@neutron-api.service[90511]: DEBUG neutron.api.extensions [None req-9b4fc452-7c8c-4588-8e75-ae2f8e5780ed None None] Ext name="Quota engine limit check by default" alias="quota-check-limit-default" description="By default, the Neutron quota engine checks the resource usage before applying a new quota limit" updated="2024-08-21T16:00:00-00:00" {{(pid=90511) _check_extension /opt/stack/neutron/neutron/api/extensions.py:415}}
Jun 26 08:33:30.823706 np0000003719 devstack@neutron-api.service[90510]: DEBUG neutron_lib.callbacks.manager [None req-1f10c1a8-61ce-45b2-a2cb-dc776ad3be2f None None] Subscribe: > security_group_rule after_update 55550000, False {{(pid=90510) subscribe /opt/stack/data/venv/lib/python3.12/site-packages/neutron_lib/callbacks/manager.py:52}}
Jun 26 08:33:30.824293 np0000003719 devstack@neutron-api.service[90513]: INFO neutron.api.extensions [None req-9d37f603-885a-43d4-ba8c-23066a2f6413 None None] Loaded extension: rbac-security-groups
Jun 26 08:33:30.824293 np0000003719 devstack@neutron-api.service[90513]: DEBUG neutron.api.extensions [None req-9d37f603-885a-43d4-ba8c-23066a2f6413 None None] Loading extension file: rbac_subnetpool.py {{(pid=90513) _load_all_extensions_from_path /opt/stack/neutron/neutron/api/extensions.py:449}}
Jun 26 08:33:30.824982 np0000003719 devstack@neutron-api.service[90511]: INFO neutron.api.extensions [None req-9b4fc452-7c8c-4588-8e75-ae2f8e5780ed None None] Loaded extension: quota-check-limit-default
Jun 26 08:33:30.825703 np0000003719 devstack@neutron-api.service[90510]: DEBUG neutron_lib.callbacks.manager [None req-1f10c1a8-61ce-45b2-a2cb-dc776ad3be2f None None] Subscribe: > security_group_rule after_delete 55550000, False {{(pid=90510) subscribe /opt/stack/data/venv/lib/python3.12/site-packages/neutron_lib/callbacks/manager.py:52}}
Jun 26 08:33:30.826548 np0000003719 devstack@neutron-api.service[90511]: DEBUG neutron.api.extensions [None req-9b4fc452-7c8c-4588-8e75-ae2f8e5780ed None None] Loading extension file: quotasv2.py {{(pid=90511) _load_all_extensions_from_path /opt/stack/neutron/neutron/api/extensions.py:449}}
Jun 26 08:33:30.827188 np0000003719 devstack@neutron-api.service[90510]: DEBUG neutron_lib.callbacks.manager [None req-1f10c1a8-61ce-45b2-a2cb-dc776ad3be2f None None] Subscribe: > address_group after_create 55550000, False {{(pid=90510) subscribe /opt/stack/data/venv/lib/python3.12/site-packages/neutron_lib/callbacks/manager.py:52}}
Jun 26 08:33:30.827850 np0000003719 devstack@neutron-api.service[90513]: DEBUG neutron.api.extensions [None req-9d37f603-885a-43d4-ba8c-23066a2f6413 None None] Ext name="Add subnetpool type to RBAC" alias="rbac-subnetpool" description="Add subnetpool type to RBAC" updated="2020-02-05T00:00:00-00:00" {{(pid=90513) _check_extension /opt/stack/neutron/neutron/api/extensions.py:415}}
Jun 26 08:33:30.828611 np0000003719 devstack@neutron-api.service[90510]: DEBUG neutron_lib.callbacks.manager [None req-1f10c1a8-61ce-45b2-a2cb-dc776ad3be2f None None] Subscribe: > address_group after_update 55550000, False {{(pid=90510) subscribe /opt/stack/data/venv/lib/python3.12/site-packages/neutron_lib/callbacks/manager.py:52}}
Jun 26 08:33:30.829182 np0000003719 devstack@neutron-api.service[90513]: INFO neutron.api.extensions [None req-9d37f603-885a-43d4-ba8c-23066a2f6413 None None] Extension rbac-subnetpool not supported by any of loaded plugins
Jun 26 08:33:30.829797 np0000003719 devstack@neutron-api.service[90510]: DEBUG neutron_lib.callbacks.manager [None req-1f10c1a8-61ce-45b2-a2cb-dc776ad3be2f None None] Subscribe: > address_group after_delete 55550000, False {{(pid=90510) subscribe /opt/stack/data/venv/lib/python3.12/site-packages/neutron_lib/callbacks/manager.py:52}}
Jun 26 08:33:30.830280 np0000003719 devstack@neutron-api.service[90513]: DEBUG neutron.api.extensions [None req-9d37f603-885a-43d4-ba8c-23066a2f6413 None None] Loading extension file: revisionifmatch.py {{(pid=90513) _load_all_extensions_from_path /opt/stack/neutron/neutron/api/extensions.py:449}}
Jun 26 08:33:30.830817 np0000003719 devstack@neutron-api.service[90510]: DEBUG neutron.plugins.ml2.ovo_rpc [None req-1f10c1a8-61ce-45b2-a2cb-dc776ad3be2f None None] ML2 OVO RPC backend initialized. {{(pid=90510) __init__ /opt/stack/neutron/neutron/plugins/ml2/ovo_rpc.py:117}}
Jun 26 08:33:30.831237 np0000003719 devstack@neutron-api.service[90513]: DEBUG neutron.api.extensions [None req-9d37f603-885a-43d4-ba8c-23066a2f6413 None None] Ext name="If-Match constraints based on revision_number" alias="revision-if-match" description="Extension indicating that If-Match based on revision_number is supported." updated="2016-12-11T00:00:00-00:00" {{(pid=90513) _check_extension /opt/stack/neutron/neutron/api/extensions.py:415}}
Jun 26 08:33:30.831631 np0000003719 devstack@neutron-api.service[90511]: DEBUG neutron.api.extensions [None req-9b4fc452-7c8c-4588-8e75-ae2f8e5780ed None None] Ext name="Quota management support" alias="quotas" description="Expose functions for quotas management per project" updated="2012-07-29T10:00:00-00:00" {{(pid=90511) _check_extension /opt/stack/neutron/neutron/api/extensions.py:415}}
Jun 26 08:33:30.831968 np0000003719 devstack@neutron-api.service[90513]: INFO neutron.api.extensions [None req-9d37f603-885a-43d4-ba8c-23066a2f6413 None None] Loaded extension: revision-if-match
Jun 26 08:33:30.832459 np0000003719 devstack@neutron-api.service[90511]: INFO neutron.api.extensions [None req-9b4fc452-7c8c-4588-8e75-ae2f8e5780ed None None] Loaded extension: quotas
Jun 26 08:33:30.832841 np0000003719 devstack@neutron-api.service[90513]: DEBUG neutron.api.extensions [None req-9d37f603-885a-43d4-ba8c-23066a2f6413 None None] Loading extension file: revisions.py {{(pid=90513) _load_all_extensions_from_path /opt/stack/neutron/neutron/api/extensions.py:449}}
Jun 26 08:33:30.833116 np0000003719 devstack@neutron-api.service[90511]: DEBUG neutron.api.extensions [None req-9b4fc452-7c8c-4588-8e75-ae2f8e5780ed None None] Loading extension file: quotasv2_detail.py {{(pid=90511) _load_all_extensions_from_path /opt/stack/neutron/neutron/api/extensions.py:449}}
Jun 26 08:33:30.833739 np0000003719 devstack@neutron-api.service[90513]: DEBUG neutron.api.extensions [None req-9d37f603-885a-43d4-ba8c-23066a2f6413 None None] Ext name="Resource revision numbers" alias="standard-attr-revisions" description="This extension will display the revision number of neutron resources." updated="2016-04-11T10:00:00-00:00" {{(pid=90513) _check_extension /opt/stack/neutron/neutron/api/extensions.py:415}}
Jun 26 08:33:30.833739 np0000003719 devstack@neutron-api.service[90513]: INFO neutron.api.extensions [None req-9d37f603-885a-43d4-ba8c-23066a2f6413 None None] Loaded extension: standard-attr-revisions
Jun 26 08:33:30.834404 np0000003719 devstack@neutron-api.service[90511]: DEBUG neutron.api.extensions [None req-9b4fc452-7c8c-4588-8e75-ae2f8e5780ed None None] Ext name="Quota details management support" alias="quota_details" description="Expose functions for quotas usage statistics per project" updated="2017-02-10T10:00:00-00:00" {{(pid=90511) _check_extension /opt/stack/neutron/neutron/api/extensions.py:415}}
Jun 26 08:33:30.835198 np0000003719 devstack@neutron-api.service[90513]: DEBUG neutron.api.extensions [None req-9d37f603-885a-43d4-ba8c-23066a2f6413 None None] Loading extension file: router_availability_zone.py {{(pid=90513) _load_all_extensions_from_path /opt/stack/neutron/neutron/api/extensions.py:449}}
Jun 26 08:33:30.836018 np0000003719 devstack@neutron-api.service[90511]: INFO neutron.api.extensions [None req-9b4fc452-7c8c-4588-8e75-ae2f8e5780ed None None] Loaded extension: quota_details
Jun 26 08:33:30.836018 np0000003719 devstack@neutron-api.service[90511]: DEBUG neutron.api.extensions [None req-9b4fc452-7c8c-4588-8e75-ae2f8e5780ed None None] Loading extension file: rbac.py {{(pid=90511) _load_all_extensions_from_path /opt/stack/neutron/neutron/api/extensions.py:449}}
Jun 26 08:33:30.837049 np0000003719 devstack@neutron-api.service[90510]: INFO neutron.quota [None req-1f10c1a8-61ce-45b2-a2cb-dc776ad3be2f None None] Loaded quota_driver: .
Jun 26 08:33:30.837804 np0000003719 devstack@neutron-api.service[90513]: DEBUG neutron.api.extensions [None req-9d37f603-885a-43d4-ba8c-23066a2f6413 None None] Ext name="Router Availability Zone" alias="router_availability_zone" description="Availability zone support for router." updated="2015-01-01T10:00:00-00:00" {{(pid=90513) _check_extension /opt/stack/neutron/neutron/api/extensions.py:415}}
Jun 26 08:33:30.838454 np0000003719 devstack@neutron-api.service[90510]: INFO neutron.plugins.ml2.plugin [None req-1f10c1a8-61ce-45b2-a2cb-dc776ad3be2f None None] Modular L2 Plugin initialization complete
Jun 26 08:33:30.839306 np0000003719 devstack@neutron-api.service[90513]: INFO neutron.api.extensions [None req-9d37f603-885a-43d4-ba8c-23066a2f6413 None None] Loaded extension: router_availability_zone
Jun 26 08:33:30.839306 np0000003719 devstack@neutron-api.service[90513]: DEBUG neutron.api.extensions [None req-9d37f603-885a-43d4-ba8c-23066a2f6413 None None] Loading extension file: router_enable_snat.py {{(pid=90513) _load_all_extensions_from_path /opt/stack/neutron/neutron/api/extensions.py:449}}
Jun 26 08:33:30.840131 np0000003719 devstack@neutron-api.service[90510]: DEBUG neutron.manager [None req-1f10c1a8-61ce-45b2-a2cb-dc776ad3be2f None None] Loading services supported by the core plugin {{(pid=90510) _load_services_from_core_plugin /opt/stack/neutron/neutron/manager.py:167}}
Jun 26 08:33:30.840604 np0000003719 devstack@neutron-api.service[90513]: DEBUG neutron.api.extensions [None req-9d37f603-885a-43d4-ba8c-23066a2f6413 None None] Ext name="Exposes the router "enable_snat" read-only configuration flag" alias="router-enable-snat" description="Exposes the router "enable_snat" read-only configuration flag" updated="2025-09-18T18:00:00-00:00" {{(pid=90513) _check_extension /opt/stack/neutron/neutron/api/extensions.py:415}}
Jun 26 08:33:30.841107 np0000003719 devstack@neutron-api.service[90510]: INFO neutron.plugins.ml2.managers [None req-1f10c1a8-61ce-45b2-a2cb-dc776ad3be2f None None] Got port-security extension from driver 'port_security'
