Aug 18 18:38:49.727439 np0000007685 devstack@c-api.service[97196]: INFO cinder.api.openstack.wsgi [None req-54f1c1f5-99f9-4333-b8b9-0bbeec4acd9f tempest-VolumeSnapshotQuotasNegativeTestJSON-1043197559 tempest-VolumeSnapshotQuotasNegativeTestJSON-1043197559-project-member] https://10.4.3.185/volume/v3/volumes returned with HTTP 202
Aug 18 18:38:49.727805 np0000007685 devstack@c-api.service[97196]: [pid: 97196|app: 0|req: 73/220] 10.4.3.185 () {68 vars in 1258 bytes} [Tue Aug 18 18:38:49 2026] POST /volume/v3/volumes => generated 767 bytes in 351 msecs (HTTP/1.1 202) 7 headers in 291 bytes (1 switches on core 0)
Aug 18 18:38:49.743895 np0000007685 devstack@c-api.service[97198]: DEBUG cinder.api.middleware.request_id [None req-42444999-28a2-4586-9636-73c84022815c None None] RequestId filter calling following filter/app {{(pid=97198) _context_setter /opt/stack/cinder/cinder/api/middleware/request_id.py:62}}
Aug 18 18:38:49.745720 np0000007685 devstack@c-api.service[97198]: INFO cinder.api.openstack.wsgi [None req-42444999-28a2-4586-9636-73c84022815c tempest-VolumeSnapshotQuotasNegativeTestJSON-1043197559 tempest-VolumeSnapshotQuotasNegativeTestJSON-1043197559-project-member] GET https://10.4.3.185/volume/v3/volumes/7b3a5290-aa5c-489e-b744-78247d40d229
Aug 18 18:38:49.745939 np0000007685 devstack@c-api.service[97198]: DEBUG cinder.api.openstack.wsgi [None req-42444999-28a2-4586-9636-73c84022815c tempest-VolumeSnapshotQuotasNegativeTestJSON-1043197559 tempest-VolumeSnapshotQuotasNegativeTestJSON-1043197559-project-member] Empty body provided in request {{(pid=97198) get_body /opt/stack/cinder/cinder/api/openstack/wsgi.py:725}}
Aug 18 18:38:49.746143 np0000007685 devstack@c-api.service[97198]: DEBUG cinder.api.openstack.wsgi [None req-42444999-28a2-4586-9636-73c84022815c tempest-VolumeSnapshotQuotasNegativeTestJSON-1043197559 tempest-VolumeSnapshotQuotasNegativeTestJSON-1043197559-project-member] Calling method 'show' {{(pid=97198) _process_stack /opt/stack/cinder/cinder/api/openstack/wsgi.py:878}}
Aug 18 18:38:49.753641 np0000007685 devstack@c-api.service[97198]: /opt/stack/data/venv/lib/python3.12/site-packages/oslo_context/context.py:102: DeprecationWarning: Policy enforcement is depending on the value of is_admin. This key is deprecated. Please update your policy file to use the standard policy values.
Aug 18 18:38:49.753641 np0000007685 devstack@c-api.service[97198]: warnings.warn(
Aug 18 18:38:49.758579 np0000007685 devstack@c-api.service[97198]: INFO cinder.volume.api [None req-42444999-28a2-4586-9636-73c84022815c tempest-VolumeSnapshotQuotasNegativeTestJSON-1043197559 tempest-VolumeSnapshotQuotasNegativeTestJSON-1043197559-project-member] Volume info retrieved successfully.
Aug 18 18:38:49.763460 np0000007685 devstack@c-api.service[97198]: INFO cinder.api.openstack.wsgi [None req-42444999-28a2-4586-9636-73c84022815c tempest-VolumeSnapshotQuotasNegativeTestJSON-1043197559 tempest-VolumeSnapshotQuotasNegativeTestJSON-1043197559-project-member] https://10.4.3.185/volume/v3/volumes/7b3a5290-aa5c-489e-b744-78247d40d229 returned with HTTP 200
Aug 18 18:38:49.763855 np0000007685 devstack@c-api.service[97198]: [pid: 97198|app: 0|req: 69/221] 10.4.3.185 () {66 vars in 1348 bytes} [Tue Aug 18 18:38:49 2026] GET /volume/v3/volumes/7b3a5290-aa5c-489e-b744-78247d40d229 => generated 835 bytes in 20 msecs (HTTP/1.1 200) 7 headers in 285 bytes (1 switches on core 0)
Aug 18 18:38:50.290117 np0000007685 devstack@c-api.service[97197]: DEBUG cinder.api.middleware.request_id [None req-01d0dbce-8bbe-4d2c-a250-0a38592d7e17 None None] RequestId filter calling following filter/app {{(pid=97197) _context_setter /opt/stack/cinder/cinder/api/middleware/request_id.py:62}}
Aug 18 18:38:50.472062 np0000007685 devstack@c-api.service[97197]: INFO cinder.api.openstack.wsgi [None req-01d0dbce-8bbe-4d2c-a250-0a38592d7e17 tempest-QosSpecsTestJSON-483342268 tempest-QosSpecsTestJSON-483342268-project-admin] POST https://10.4.3.185/volume/v3/qos-specs
Aug 18 18:38:50.472420 np0000007685 devstack@c-api.service[97197]: DEBUG cinder.api.openstack.wsgi [None req-01d0dbce-8bbe-4d2c-a250-0a38592d7e17 tempest-QosSpecsTestJSON-483342268 tempest-QosSpecsTestJSON-483342268-project-admin] Action: 'create', calling method: create, body: {"qos_specs": {"name": "tempest-QosSpecsTestJSON-QoS-1765035331", "consumer": "front-end", "read_iops_sec": "2000"}} {{(pid=97197) _process_stack /opt/stack/cinder/cinder/api/openstack/wsgi.py:876}}
Aug 18 18:38:50.474274 np0000007685 devstack@c-api.service[97197]: DEBUG cinder.volume.qos_specs [None req-01d0dbce-8bbe-4d2c-a250-0a38592d7e17 tempest-QosSpecsTestJSON-483342268 tempest-QosSpecsTestJSON-483342268-project-admin] Dict for qos_specs: {'name': 'tempest-QosSpecsTestJSON-QoS-1765035331', 'consumer': 'front-end', 'specs': {'read_iops_sec': '2000'}} {{(pid=97197) create /opt/stack/cinder/cinder/volume/qos_specs.py:64}}
Aug 18 18:38:50.480135 np0000007685 devstack@c-api.service[97197]: DEBUG cinder.db.api [None req-01d0dbce-8bbe-4d2c-a250-0a38592d7e17 tempest-QosSpecsTestJSON-483342268 tempest-QosSpecsTestJSON-483342268-project-admin] DB qos_specs_create(): root {'id': 'e2f49b94-2086-4f5f-b929-fab347116e8c', 'key': 'QoS_Specs_Name', 'value': 'tempest-QosSpecsTestJSON-QoS-1765035331'} {{(pid=97197) qos_specs_create /opt/stack/cinder/cinder/db/api.py:5654}}
Aug 18 18:38:50.486543 np0000007685 devstack@c-api.service[97197]: INFO cinder.api.openstack.wsgi [None req-01d0dbce-8bbe-4d2c-a250-0a38592d7e17 tempest-QosSpecsTestJSON-483342268 tempest-QosSpecsTestJSON-483342268-project-admin] https://10.4.3.185/volume/v3/qos-specs returned with HTTP 200
Aug 18 18:38:50.486892 np0000007685 devstack@c-api.service[97197]: [pid: 97197|app: 0|req: 80/222] 10.4.3.185 () {68 vars in 1265 bytes} [Tue Aug 18 18:38:50 2026] POST /volume/v3/qos-specs => generated 393 bytes in 197 msecs (HTTP/1.1 200) 7 headers in 285 bytes (1 switches on core 0)
Aug 18 18:38:50.496439 np0000007685 devstack@c-api.service[97196]: DEBUG cinder.api.middleware.request_id [None req-6e425f7c-1f44-44c0-94ff-6babbef1cb4b None None] RequestId filter calling following filter/app {{(pid=97196) _context_setter /opt/stack/cinder/cinder/api/middleware/request_id.py:62}}
Aug 18 18:38:50.498161 np0000007685 devstack@c-api.service[97196]: INFO cinder.api.openstack.wsgi [None req-6e425f7c-1f44-44c0-94ff-6babbef1cb4b tempest-QosSpecsTestJSON-483342268 tempest-QosSpecsTestJSON-483342268-project-admin] POST https://10.4.3.185/volume/v3/types
Aug 18 18:38:50.498514 np0000007685 devstack@c-api.service[97196]: DEBUG cinder.api.openstack.wsgi [None req-6e425f7c-1f44-44c0-94ff-6babbef1cb4b tempest-QosSpecsTestJSON-483342268 tempest-QosSpecsTestJSON-483342268-project-admin] Action: 'create', calling method: _create, body: {"volume_type": {"name": "tempest-QosSpecsTestJSON-volume-type-2014202460"}} {{(pid=97196) _process_stack /opt/stack/cinder/cinder/api/openstack/wsgi.py:876}}
Aug 18 18:38:50.499862 np0000007685 devstack@c-api.service[97196]: /opt/stack/data/venv/lib/python3.12/site-packages/oslo_context/context.py:102: DeprecationWarning: Policy enforcement is depending on the value of is_admin. This key is deprecated. Please update your policy file to use the standard policy values.
Aug 18 18:38:50.499862 np0000007685 devstack@c-api.service[97196]: warnings.warn(
Aug 18 18:38:50.511017 np0000007685 devstack@c-api.service[97196]: INFO cinder.api.openstack.wsgi [None req-6e425f7c-1f44-44c0-94ff-6babbef1cb4b tempest-QosSpecsTestJSON-483342268 tempest-QosSpecsTestJSON-483342268-project-admin] https://10.4.3.185/volume/v3/types returned with HTTP 200
Aug 18 18:38:50.511391 np0000007685 devstack@c-api.service[97196]: [pid: 97196|app: 0|req: 74/223] 10.4.3.185 () {68 vars in 1252 bytes} [Tue Aug 18 18:38:50 2026] POST /volume/v3/types => generated 222 bytes in 15 msecs (HTTP/1.1 200) 7 headers in 285 bytes (1 switches on core 0)
Aug 18 18:38:50.518870 np0000007685 devstack@c-api.service[97198]: DEBUG cinder.api.middleware.request_id [None req-df4e6459-e437-4cf5-9953-b034ad08b720 None None] RequestId filter calling following filter/app {{(pid=97198) _context_setter /opt/stack/cinder/cinder/api/middleware/request_id.py:62}}
Aug 18 18:38:50.520456 np0000007685 devstack@c-api.service[97198]: INFO cinder.api.openstack.wsgi [None req-df4e6459-e437-4cf5-9953-b034ad08b720 tempest-QosSpecsTestJSON-483342268 tempest-QosSpecsTestJSON-483342268-project-admin] POST https://10.4.3.185/volume/v3/types
Aug 18 18:38:50.520766 np0000007685 devstack@c-api.service[97198]: DEBUG cinder.api.openstack.wsgi [None req-df4e6459-e437-4cf5-9953-b034ad08b720 tempest-QosSpecsTestJSON-483342268 tempest-QosSpecsTestJSON-483342268-project-admin] Action: 'create', calling method: _create, body: {"volume_type": {"name": "tempest-QosSpecsTestJSON-volume-type-980784072"}} {{(pid=97198) _process_stack /opt/stack/cinder/cinder/api/openstack/wsgi.py:876}}
Aug 18 18:38:50.534813 np0000007685 devstack@c-api.service[97198]: INFO cinder.api.openstack.wsgi [None req-df4e6459-e437-4cf5-9953-b034ad08b720 tempest-QosSpecsTestJSON-483342268 tempest-QosSpecsTestJSON-483342268-project-admin] https://10.4.3.185/volume/v3/types returned with HTTP 200
Aug 18 18:38:50.535255 np0000007685 devstack@c-api.service[97198]: [pid: 97198|app: 0|req: 70/224] 10.4.3.185 () {68 vars in 1252 bytes} [Tue Aug 18 18:38:50 2026] POST /volume/v3/types => generated 221 bytes in 16 msecs (HTTP/1.1 200) 7 headers in 285 bytes (1 switches on core 0)
Aug 18 18:38:50.545577 np0000007685 devstack@c-api.service[97197]: DEBUG cinder.api.middleware.request_id [None req-1c37b0be-5b26-4ee3-84b9-9c8d92d74e01 None None] RequestId filter calling following filter/app {{(pid=97197) _context_setter /opt/stack/cinder/cinder/api/middleware/request_id.py:62}}
Aug 18 18:38:50.552843 np0000007685 devstack@c-api.service[97197]: INFO cinder.api.openstack.wsgi [None req-1c37b0be-5b26-4ee3-84b9-9c8d92d74e01 tempest-QosSpecsTestJSON-483342268 tempest-QosSpecsTestJSON-483342268-project-admin] POST https://10.4.3.185/volume/v3/types
Aug 18 18:38:50.553332 np0000007685 devstack@c-api.service[97197]: DEBUG cinder.api.openstack.wsgi [None req-1c37b0be-5b26-4ee3-84b9-9c8d92d74e01 tempest-QosSpecsTestJSON-483342268 tempest-QosSpecsTestJSON-483342268-project-admin] Action: 'create', calling method: _create, body: {"volume_type": {"name": "tempest-QosSpecsTestJSON-volume-type-1801203385"}} {{(pid=97197) _process_stack /opt/stack/cinder/cinder/api/openstack/wsgi.py:876}}
Aug 18 18:38:50.559146 np0000007685 devstack@c-api.service[97197]: /opt/stack/data/venv/lib/python3.12/site-packages/oslo_context/context.py:102: DeprecationWarning: Policy enforcement is depending on the value of is_admin. This key is deprecated. Please update your policy file to use the standard policy values.
Aug 18 18:38:50.559146 np0000007685 devstack@c-api.service[97197]: warnings.warn(
Aug 18 18:38:50.576825 np0000007685 devstack@c-api.service[97197]: INFO cinder.api.openstack.wsgi [None req-1c37b0be-5b26-4ee3-84b9-9c8d92d74e01 tempest-QosSpecsTestJSON-483342268 tempest-QosSpecsTestJSON-483342268-project-admin] https://10.4.3.185/volume/v3/types returned with HTTP 200
Aug 18 18:38:50.578869 np0000007685 devstack@c-api.service[97197]: [pid: 97197|app: 0|req: 81/225] 10.4.3.185 () {68 vars in 1252 bytes} [Tue Aug 18 18:38:50 2026] POST /volume/v3/types => generated 222 bytes in 34 msecs (HTTP/1.1 200) 7 headers in 285 bytes (1 switches on core 0)
Aug 18 18:38:50.592836 np0000007685 devstack@c-api.service[97196]: DEBUG cinder.api.middleware.request_id [None req-064ddcc1-48b9-4595-ac53-228b665fabe0 None None] RequestId filter calling following filter/app {{(pid=97196) _context_setter /opt/stack/cinder/cinder/api/middleware/request_id.py:62}}
Aug 18 18:38:50.595032 np0000007685 devstack@c-api.service[97196]: INFO cinder.api.openstack.wsgi [None req-064ddcc1-48b9-4595-ac53-228b665fabe0 tempest-QosSpecsTestJSON-483342268 tempest-QosSpecsTestJSON-483342268-project-admin] GET https://10.4.3.185/volume/v3/qos-specs/e2f49b94-2086-4f5f-b929-fab347116e8c/associate?vol_type_id=8ba72705-876b-4149-a6bb-c3e32771f168
Aug 18 18:38:50.595276 np0000007685 devstack@c-api.service[97196]: DEBUG cinder.api.openstack.wsgi [None req-064ddcc1-48b9-4595-ac53-228b665fabe0 tempest-QosSpecsTestJSON-483342268 tempest-QosSpecsTestJSON-483342268-project-admin] Empty body provided in request {{(pid=97196) get_body /opt/stack/cinder/cinder/api/openstack/wsgi.py:725}}
Aug 18 18:38:50.595530 np0000007685 devstack@c-api.service[97196]: DEBUG cinder.api.openstack.wsgi [None req-064ddcc1-48b9-4595-ac53-228b665fabe0 tempest-QosSpecsTestJSON-483342268 tempest-QosSpecsTestJSON-483342268-project-admin] Calling method 'associate' {{(pid=97196) _process_stack /opt/stack/cinder/cinder/api/openstack/wsgi.py:878}}
Aug 18 18:38:50.596204 np0000007685 devstack@c-api.service[97196]: DEBUG cinder.api.contrib.qos_specs_manage [None req-064ddcc1-48b9-4595-ac53-228b665fabe0 tempest-QosSpecsTestJSON-483342268 tempest-QosSpecsTestJSON-483342268-project-admin] Associate qos_spec: e2f49b94-2086-4f5f-b929-fab347116e8c with type: 8ba72705-876b-4149-a6bb-c3e32771f168 {{(pid=97196) associate /opt/stack/cinder/cinder/api/contrib/qos_specs_manage.py:276}}
Aug 18 18:38:50.618237 np0000007685 devstack@c-api.service[97196]: INFO cinder.api.openstack.wsgi [None req-064ddcc1-48b9-4595-ac53-228b665fabe0 tempest-QosSpecsTestJSON-483342268 tempest-QosSpecsTestJSON-483342268-project-admin] https://10.4.3.185/volume/v3/qos-specs/e2f49b94-2086-4f5f-b929-fab347116e8c/associate?vol_type_id=8ba72705-876b-4149-a6bb-c3e32771f168 returned with HTTP 202
Aug 18 18:38:50.618775 np0000007685 devstack@c-api.service[97196]: [pid: 97196|app: 0|req: 75/226] 10.4.3.185 () {66 vars in 1481 bytes} [Tue Aug 18 18:38:50 2026] GET /volume/v3/qos-specs/e2f49b94-2086-4f5f-b929-fab347116e8c/associate?vol_type_id=8ba72705-876b-4149-a6bb-c3e32771f168 => generated 0 bytes in 26 msecs (HTTP/1.1 202) 6 headers in 233 bytes (1 switches on core 0)
Aug 18 18:38:50.629235 np0000007685 devstack@c-api.service[97198]: DEBUG cinder.api.middleware.request_id [None req-42c89dc4-3a44-4e65-b719-79d7a7830902 None None] RequestId filter calling following filter/app {{(pid=97198) _context_setter /opt/stack/cinder/cinder/api/middleware/request_id.py:62}}
Aug 18 18:38:50.629235 np0000007685 devstack@c-api.service[97198]: INFO cinder.api.openstack.wsgi [None req-42c89dc4-3a44-4e65-b719-79d7a7830902 tempest-QosSpecsTestJSON-483342268 tempest-QosSpecsTestJSON-483342268-project-admin] GET https://10.4.3.185/volume/v3/qos-specs/e2f49b94-2086-4f5f-b929-fab347116e8c/associate?vol_type_id=70b3d374-d1c6-441f-a2c1-689f70c34320
Aug 18 18:38:50.629394 np0000007685 devstack@c-api.service[97198]: DEBUG cinder.api.openstack.wsgi [None req-42c89dc4-3a44-4e65-b719-79d7a7830902 tempest-QosSpecsTestJSON-483342268 tempest-QosSpecsTestJSON-483342268-project-admin] Empty body provided in request {{(pid=97198) get_body /opt/stack/cinder/cinder/api/openstack/wsgi.py:725}}
Aug 18 18:38:50.630515 np0000007685 devstack@c-api.service[97198]: DEBUG cinder.api.openstack.wsgi [None req-42c89dc4-3a44-4e65-b719-79d7a7830902 tempest-QosSpecsTestJSON-483342268 tempest-QosSpecsTestJSON-483342268-project-admin] Calling method 'associate' {{(pid=97198) _process_stack /opt/stack/cinder/cinder/api/openstack/wsgi.py:878}}
Aug 18 18:38:50.630515 np0000007685 devstack@c-api.service[97198]: DEBUG cinder.api.contrib.qos_specs_manage [None req-42c89dc4-3a44-4e65-b719-79d7a7830902 tempest-QosSpecsTestJSON-483342268 tempest-QosSpecsTestJSON-483342268-project-admin] Associate qos_spec: e2f49b94-2086-4f5f-b929-fab347116e8c with type: 70b3d374-d1c6-441f-a2c1-689f70c34320 {{(pid=97198) associate /opt/stack/cinder/cinder/api/contrib/qos_specs_manage.py:276}}
Aug 18 18:38:50.651631 np0000007685 devstack@c-api.service[97198]: INFO cinder.api.openstack.wsgi [None req-42c89dc4-3a44-4e65-b719-79d7a7830902 tempest-QosSpecsTestJSON-483342268 tempest-QosSpecsTestJSON-483342268-project-admin] https://10.4.3.185/volume/v3/qos-specs/e2f49b94-2086-4f5f-b929-fab347116e8c/associate?vol_type_id=70b3d374-d1c6-441f-a2c1-689f70c34320 returned with HTTP 202
Aug 18 18:38:50.651631 np0000007685 devstack@c-api.service[97198]: [pid: 97198|app: 0|req: 71/227] 10.4.3.185 () {66 vars in 1481 bytes} [Tue Aug 18 18:38:50 2026] GET /volume/v3/qos-specs/e2f49b94-2086-4f5f-b929-fab347116e8c/associate?vol_type_id=70b3d374-d1c6-441f-a2c1-689f70c34320 => generated 0 bytes in 24 msecs (HTTP/1.1 202) 6 headers in 233 bytes (1 switches on core 0)
Aug 18 18:38:50.660214 np0000007685 devstack@c-api.service[97197]: DEBUG cinder.api.middleware.request_id [None req-bfcc0aad-5fec-4bbc-bbde-1b0b1b70d189 None None] RequestId filter calling following filter/app {{(pid=97197) _context_setter /opt/stack/cinder/cinder/api/middleware/request_id.py:62}}
Aug 18 18:38:50.663491 np0000007685 devstack@c-api.service[97197]: INFO cinder.api.openstack.wsgi [None req-bfcc0aad-5fec-4bbc-bbde-1b0b1b70d189 tempest-QosSpecsTestJSON-483342268 tempest-QosSpecsTestJSON-483342268-project-admin] GET https://10.4.3.185/volume/v3/qos-specs/e2f49b94-2086-4f5f-b929-fab347116e8c/associate?vol_type_id=8583b715-c0eb-4199-a1b2-315ed04119b0
Aug 18 18:38:50.665811 np0000007685 devstack@c-api.service[97197]: DEBUG cinder.api.openstack.wsgi [None req-bfcc0aad-5fec-4bbc-bbde-1b0b1b70d189 tempest-QosSpecsTestJSON-483342268 tempest-QosSpecsTestJSON-483342268-project-admin] Empty body provided in request {{(pid=97197) get_body /opt/stack/cinder/cinder/api/openstack/wsgi.py:725}}
Aug 18 18:38:50.665811 np0000007685 devstack@c-api.service[97197]: DEBUG cinder.api.openstack.wsgi [None req-bfcc0aad-5fec-4bbc-bbde-1b0b1b70d189 tempest-QosSpecsTestJSON-483342268 tempest-QosSpecsTestJSON-483342268-project-admin] Calling method 'associate' {{(pid=97197) _process_stack /opt/stack/cinder/cinder/api/openstack/wsgi.py:878}}
Aug 18 18:38:50.665811 np0000007685 devstack@c-api.service[97197]: DEBUG cinder.api.contrib.qos_specs_manage [None req-bfcc0aad-5fec-4bbc-bbde-1b0b1b70d189 tempest-QosSpecsTestJSON-483342268 tempest-QosSpecsTestJSON-483342268-project-admin] Associate qos_spec: e2f49b94-2086-4f5f-b929-fab347116e8c with type: 8583b715-c0eb-4199-a1b2-315ed04119b0 {{(pid=97197) associate /opt/stack/cinder/cinder/api/contrib/qos_specs_manage.py:276}}
Aug 18 18:38:50.690064 np0000007685 devstack@c-api.service[97197]: INFO cinder.api.openstack.wsgi [None req-bfcc0aad-5fec-4bbc-bbde-1b0b1b70d189 tempest-QosSpecsTestJSON-483342268 tempest-QosSpecsTestJSON-483342268-project-admin] https://10.4.3.185/volume/v3/qos-specs/e2f49b94-2086-4f5f-b929-fab347116e8c/associate?vol_type_id=8583b715-c0eb-4199-a1b2-315ed04119b0 returned with HTTP 202
Aug 18 18:38:50.690966 np0000007685 devstack@c-api.service[97197]: [pid: 97197|app: 0|req: 82/228] 10.4.3.185 () {66 vars in 1481 bytes} [Tue Aug 18 18:38:50 2026] GET /volume/v3/qos-specs/e2f49b94-2086-4f5f-b929-fab347116e8c/associate?vol_type_id=8583b715-c0eb-4199-a1b2-315ed04119b0 => generated 0 bytes in 31 msecs (HTTP/1.1 202) 6 headers in 233 bytes (1 switches on core 0)
Aug 18 18:38:50.697456 np0000007685 devstack@c-api.service[97196]: DEBUG cinder.api.middleware.request_id [None req-fd8e15c2-657c-417e-8b64-1f141073c53b None None] RequestId filter calling following filter/app {{(pid=97196) _context_setter /opt/stack/cinder/cinder/api/middleware/request_id.py:62}}
Aug 18 18:38:50.699667 np0000007685 devstack@c-api.service[97196]: INFO cinder.api.openstack.wsgi [None req-fd8e15c2-657c-417e-8b64-1f141073c53b tempest-QosSpecsTestJSON-483342268 tempest-QosSpecsTestJSON-483342268-project-admin] GET https://10.4.3.185/volume/v3/qos-specs/e2f49b94-2086-4f5f-b929-fab347116e8c/associations
Aug 18 18:38:50.699667 np0000007685 devstack@c-api.service[97196]: DEBUG cinder.api.openstack.wsgi [None req-fd8e15c2-657c-417e-8b64-1f141073c53b tempest-QosSpecsTestJSON-483342268 tempest-QosSpecsTestJSON-483342268-project-admin] Empty body provided in request {{(pid=97196) get_body /opt/stack/cinder/cinder/api/openstack/wsgi.py:725}}
Aug 18 18:38:50.699667 np0000007685 devstack@c-api.service[97196]: DEBUG cinder.api.openstack.wsgi [None req-fd8e15c2-657c-417e-8b64-1f141073c53b tempest-QosSpecsTestJSON-483342268 tempest-QosSpecsTestJSON-483342268-project-admin] Calling method 'associations' {{(pid=97196) _process_stack /opt/stack/cinder/cinder/api/openstack/wsgi.py:878}}
Aug 18 18:38:50.699804 np0000007685 devstack@c-api.service[97196]: /opt/stack/data/venv/lib/python3.12/site-packages/oslo_context/context.py:102: DeprecationWarning: Policy enforcement is depending on the value of is_admin. This key is deprecated. Please update your policy file to use the standard policy values.
Aug 18 18:38:50.699804 np0000007685 devstack@c-api.service[97196]: warnings.warn(
Aug 18 18:38:50.700062 np0000007685 devstack@c-api.service[97196]: DEBUG cinder.api.contrib.qos_specs_manage [None req-fd8e15c2-657c-417e-8b64-1f141073c53b tempest-QosSpecsTestJSON-483342268 tempest-QosSpecsTestJSON-483342268-project-admin] Get associations for qos_spec id: e2f49b94-2086-4f5f-b929-fab347116e8c {{(pid=97196) associations /opt/stack/cinder/cinder/api/contrib/qos_specs_manage.py:234}}
Aug 18 18:38:50.713160 np0000007685 devstack@c-api.service[97196]: INFO cinder.api.openstack.wsgi [None req-fd8e15c2-657c-417e-8b64-1f141073c53b tempest-QosSpecsTestJSON-483342268 tempest-QosSpecsTestJSON-483342268-project-admin] https://10.4.3.185/volume/v3/qos-specs/e2f49b94-2086-4f5f-b929-fab347116e8c/associations returned with HTTP 200
Aug 18 18:38:50.714187 np0000007685 devstack@c-api.service[97196]: [pid: 97196|app: 0|req: 76/229] 10.4.3.185 () {66 vars in 1393 bytes} [Tue Aug 18 18:38:50 2026] GET /volume/v3/qos-specs/e2f49b94-2086-4f5f-b929-fab347116e8c/associations => generated 447 bytes in 16 msecs (HTTP/1.1 200) 7 headers in 285 bytes (1 switches on core 0)
Aug 18 18:38:50.723003 np0000007685 devstack@c-api.service[97198]: DEBUG cinder.api.middleware.request_id [None req-c7eb7ed2-053f-42e2-89ec-c67f53186430 None None] RequestId filter calling following filter/app {{(pid=97198) _context_setter /opt/stack/cinder/cinder/api/middleware/request_id.py:62}}
Aug 18 18:38:50.725497 np0000007685 devstack@c-api.service[97198]: INFO cinder.api.openstack.wsgi [None req-c7eb7ed2-053f-42e2-89ec-c67f53186430 tempest-QosSpecsTestJSON-483342268 tempest-QosSpecsTestJSON-483342268-project-admin] GET https://10.4.3.185/volume/v3/qos-specs/e2f49b94-2086-4f5f-b929-fab347116e8c/disassociate?vol_type_id=8ba72705-876b-4149-a6bb-c3e32771f168
Aug 18 18:38:50.725784 np0000007685 devstack@c-api.service[97198]: DEBUG cinder.api.openstack.wsgi [None req-c7eb7ed2-053f-42e2-89ec-c67f53186430 tempest-QosSpecsTestJSON-483342268 tempest-QosSpecsTestJSON-483342268-project-admin] Empty body provided in request {{(pid=97198) get_body /opt/stack/cinder/cinder/api/openstack/wsgi.py:725}}
Aug 18 18:38:50.726063 np0000007685 devstack@c-api.service[97198]: DEBUG cinder.api.openstack.wsgi [None req-c7eb7ed2-053f-42e2-89ec-c67f53186430 tempest-QosSpecsTestJSON-483342268 tempest-QosSpecsTestJSON-483342268-project-admin] Calling method 'disassociate' {{(pid=97198) _process_stack /opt/stack/cinder/cinder/api/openstack/wsgi.py:878}}
Aug 18 18:38:50.726487 np0000007685 devstack@c-api.service[97198]: /opt/stack/data/venv/lib/python3.12/site-packages/oslo_context/context.py:102: DeprecationWarning: Policy enforcement is depending on the value of is_admin. This key is deprecated. Please update your policy file to use the standard policy values.
Aug 18 18:38:50.726487 np0000007685 devstack@c-api.service[97198]: warnings.warn(
Aug 18 18:38:50.726914 np0000007685 devstack@c-api.service[97198]: DEBUG cinder.api.contrib.qos_specs_manage [None req-c7eb7ed2-053f-42e2-89ec-c67f53186430 tempest-QosSpecsTestJSON-483342268 tempest-QosSpecsTestJSON-483342268-project-admin] Disassociate qos_spec: e2f49b94-2086-4f5f-b929-fab347116e8c from type: 8ba72705-876b-4149-a6bb-c3e32771f168 {{(pid=97198) disassociate /opt/stack/cinder/cinder/api/contrib/qos_specs_manage.py:328}}
Aug 18 18:38:50.742878 np0000007685 devstack@c-api.service[97198]: INFO cinder.api.openstack.wsgi [None req-c7eb7ed2-053f-42e2-89ec-c67f53186430 tempest-QosSpecsTestJSON-483342268 tempest-QosSpecsTestJSON-483342268-project-admin] https://10.4.3.185/volume/v3/qos-specs/e2f49b94-2086-4f5f-b929-fab347116e8c/disassociate?vol_type_id=8ba72705-876b-4149-a6bb-c3e32771f168 returned with HTTP 202
Aug 18 18:38:50.742878 np0000007685 devstack@c-api.service[97198]: [pid: 97198|app: 0|req: 72/230] 10.4.3.185 () {66 vars in 1490 bytes} [Tue Aug 18 18:38:50 2026] GET /volume/v3/qos-specs/e2f49b94-2086-4f5f-b929-fab347116e8c/disassociate?vol_type_id=8ba72705-876b-4149-a6bb-c3e32771f168 => generated 0 bytes in 20 msecs (HTTP/1.1 202) 6 headers in 233 bytes (1 switches on core 0)
Aug 18 18:38:50.750214 np0000007685 devstack@c-api.service[97197]: DEBUG cinder.api.middleware.request_id [None req-f62fb579-0444-48b0-8b2d-aa4720580153 None None] RequestId filter calling following filter/app {{(pid=97197) _context_setter /opt/stack/cinder/cinder/api/middleware/request_id.py:62}}
Aug 18 18:38:50.753106 np0000007685 devstack@c-api.service[97197]: INFO cinder.api.openstack.wsgi [None req-f62fb579-0444-48b0-8b2d-aa4720580153 tempest-QosSpecsTestJSON-483342268 tempest-QosSpecsTestJSON-483342268-project-admin] GET https://10.4.3.185/volume/v3/qos-specs/e2f49b94-2086-4f5f-b929-fab347116e8c/associations
Aug 18 18:38:50.754874 np0000007685 devstack@c-api.service[97197]: DEBUG cinder.api.openstack.wsgi [None req-f62fb579-0444-48b0-8b2d-aa4720580153 tempest-QosSpecsTestJSON-483342268 tempest-QosSpecsTestJSON-483342268-project-admin] Empty body provided in request {{(pid=97197) get_body /opt/stack/cinder/cinder/api/openstack/wsgi.py:725}}
Aug 18 18:38:50.755223 np0000007685 devstack@c-api.service[97197]: DEBUG cinder.api.openstack.wsgi [None req-f62fb579-0444-48b0-8b2d-aa4720580153 tempest-QosSpecsTestJSON-483342268 tempest-QosSpecsTestJSON-483342268-project-admin] Calling method 'associations' {{(pid=97197) _process_stack /opt/stack/cinder/cinder/api/openstack/wsgi.py:878}}
Aug 18 18:38:50.755609 np0000007685 devstack@c-api.service[97197]: /opt/stack/data/venv/lib/python3.12/site-packages/oslo_context/context.py:102: DeprecationWarning: Policy enforcement is depending on the value of is_admin. This key is deprecated. Please update your policy file to use the standard policy values.
Aug 18 18:38:50.755609 np0000007685 devstack@c-api.service[97197]: warnings.warn(
Aug 18 18:38:50.756019 np0000007685 devstack@c-api.service[97197]: DEBUG cinder.api.contrib.qos_specs_manage [None req-f62fb579-0444-48b0-8b2d-aa4720580153 tempest-QosSpecsTestJSON-483342268 tempest-QosSpecsTestJSON-483342268-project-admin] Get associations for qos_spec id: e2f49b94-2086-4f5f-b929-fab347116e8c {{(pid=97197) associations /opt/stack/cinder/cinder/api/contrib/qos_specs_manage.py:234}}
Aug 18 18:38:50.773213 np0000007685 devstack@c-api.service[97197]: INFO cinder.api.openstack.wsgi [None req-f62fb579-0444-48b0-8b2d-aa4720580153 tempest-QosSpecsTestJSON-483342268 tempest-QosSpecsTestJSON-483342268-project-admin] https://10.4.3.185/volume/v3/qos-specs/e2f49b94-2086-4f5f-b929-fab347116e8c/associations returned with HTTP 200
Aug 18 18:38:50.773647 np0000007685 devstack@c-api.service[97197]: [pid: 97197|app: 0|req: 83/231] 10.4.3.185 () {66 vars in 1393 bytes} [Tue Aug 18 18:38:50 2026] GET /volume/v3/qos-specs/e2f49b94-2086-4f5f-b929-fab347116e8c/associations => generated 305 bytes in 24 msecs (HTTP/1.1 200) 7 headers in 285 bytes (1 switches on core 0)
Aug 18 18:38:50.784272 np0000007685 devstack@c-api.service[97196]: DEBUG cinder.api.middleware.request_id [None req-0df26f42-7494-4e30-9ad1-9ac3d0041888 None None] RequestId filter calling following filter/app {{(pid=97196) _context_setter /opt/stack/cinder/cinder/api/middleware/request_id.py:62}}
Aug 18 18:38:50.784545 np0000007685 devstack@c-api.service[97198]: DEBUG cinder.api.middleware.request_id [None req-4faae15c-dd4a-4bb8-bad9-b91eb5709239 None None] RequestId filter calling following filter/app {{(pid=97198) _context_setter /opt/stack/cinder/cinder/api/middleware/request_id.py:62}}
Aug 18 18:38:50.787374 np0000007685 devstack@c-api.service[97196]: INFO cinder.api.openstack.wsgi [None req-0df26f42-7494-4e30-9ad1-9ac3d0041888 tempest-VolumeSnapshotQuotasNegativeTestJSON-1043197559 tempest-VolumeSnapshotQuotasNegativeTestJSON-1043197559-project-member] GET https://10.4.3.185/volume/v3/volumes/7b3a5290-aa5c-489e-b744-78247d40d229
Aug 18 18:38:50.787554 np0000007685 devstack@c-api.service[97196]: DEBUG cinder.api.openstack.wsgi [None req-0df26f42-7494-4e30-9ad1-9ac3d0041888 tempest-VolumeSnapshotQuotasNegativeTestJSON-1043197559 tempest-VolumeSnapshotQuotasNegativeTestJSON-1043197559-project-member] Empty body provided in request {{(pid=97196) get_body /opt/stack/cinder/cinder/api/openstack/wsgi.py:725}}
Aug 18 18:38:50.787725 np0000007685 devstack@c-api.service[97196]: DEBUG cinder.api.openstack.wsgi [None req-0df26f42-7494-4e30-9ad1-9ac3d0041888 tempest-VolumeSnapshotQuotasNegativeTestJSON-1043197559 tempest-VolumeSnapshotQuotasNegativeTestJSON-1043197559-project-member] Calling method 'show' {{(pid=97196) _process_stack /opt/stack/cinder/cinder/api/openstack/wsgi.py:878}}
Aug 18 18:38:50.788263 np0000007685 devstack@c-api.service[97198]: INFO cinder.api.openstack.wsgi [None req-4faae15c-dd4a-4bb8-bad9-b91eb5709239 tempest-QosSpecsTestJSON-483342268 tempest-QosSpecsTestJSON-483342268-project-admin] GET https://10.4.3.185/volume/v3/qos-specs/e2f49b94-2086-4f5f-b929-fab347116e8c/disassociate_all
Aug 18 18:38:50.788766 np0000007685 devstack@c-api.service[97198]: DEBUG cinder.api.openstack.wsgi [None req-4faae15c-dd4a-4bb8-bad9-b91eb5709239 tempest-QosSpecsTestJSON-483342268 tempest-QosSpecsTestJSON-483342268-project-admin] Empty body provided in request {{(pid=97198) get_body /opt/stack/cinder/cinder/api/openstack/wsgi.py:725}}
Aug 18 18:38:50.789041 np0000007685 devstack@c-api.service[97198]: DEBUG cinder.api.openstack.wsgi [None req-4faae15c-dd4a-4bb8-bad9-b91eb5709239 tempest-QosSpecsTestJSON-483342268 tempest-QosSpecsTestJSON-483342268-project-admin] Calling method 'disassociate_all' {{(pid=97198) _process_stack /opt/stack/cinder/cinder/api/openstack/wsgi.py:878}}
Aug 18 18:38:50.789670 np0000007685 devstack@c-api.service[97198]: /opt/stack/data/venv/lib/python3.12/site-packages/oslo_context/context.py:102: DeprecationWarning: Policy enforcement is depending on the value of is_admin. This key is deprecated. Please update your policy file to use the standard policy values.
Aug 18 18:38:50.789670 np0000007685 devstack@c-api.service[97198]: warnings.warn(
Aug 18 18:38:50.789995 np0000007685 devstack@c-api.service[97198]: DEBUG cinder.api.contrib.qos_specs_manage [None req-4faae15c-dd4a-4bb8-bad9-b91eb5709239 tempest-QosSpecsTestJSON-483342268 tempest-QosSpecsTestJSON-483342268-project-admin] Disassociate qos_spec: e2f49b94-2086-4f5f-b929-fab347116e8c from all. {{(pid=97198) disassociate_all /opt/stack/cinder/cinder/api/contrib/qos_specs_manage.py:362}}
Aug 18 18:38:50.796723 np0000007685 devstack@c-api.service[97196]: /opt/stack/data/venv/lib/python3.12/site-packages/oslo_context/context.py:102: DeprecationWarning: Policy enforcement is depending on the value of is_admin. This key is deprecated. Please update your policy file to use the standard policy values.
Aug 18 18:38:50.796723 np0000007685 devstack@c-api.service[97196]: warnings.warn(
Aug 18 18:38:50.802121 np0000007685 devstack@c-api.service[97196]: INFO cinder.volume.api [None req-0df26f42-7494-4e30-9ad1-9ac3d0041888 tempest-VolumeSnapshotQuotasNegativeTestJSON-1043197559 tempest-VolumeSnapshotQuotasNegativeTestJSON-1043197559-project-member] Volume info retrieved successfully.
Aug 18 18:38:50.807812 np0000007685 devstack@c-api.service[97198]: INFO cinder.api.openstack.wsgi [None req-4faae15c-dd4a-4bb8-bad9-b91eb5709239 tempest-QosSpecsTestJSON-483342268 tempest-QosSpecsTestJSON-483342268-project-admin] https://10.4.3.185/volume/v3/qos-specs/e2f49b94-2086-4f5f-b929-fab347116e8c/disassociate_all returned with HTTP 202
Aug 18 18:38:50.808136 np0000007685 devstack@c-api.service[97196]: INFO cinder.api.openstack.wsgi [None req-0df26f42-7494-4e30-9ad1-9ac3d0041888 tempest-VolumeSnapshotQuotasNegativeTestJSON-1043197559 tempest-VolumeSnapshotQuotasNegativeTestJSON-1043197559-project-member] https://10.4.3.185/volume/v3/volumes/7b3a5290-aa5c-489e-b744-78247d40d229 returned with HTTP 200
Aug 18 18:38:50.808299 np0000007685 devstack@c-api.service[97198]: [pid: 97198|app: 0|req: 73/232] 10.4.3.185 () {66 vars in 1405 bytes} [Tue Aug 18 18:38:50 2026] GET /volume/v3/qos-specs/e2f49b94-2086-4f5f-b929-fab347116e8c/disassociate_all => generated 0 bytes in 24 msecs (HTTP/1.1 202) 6 headers in 233 bytes (1 switches on core 0)
Aug 18 18:38:50.808537 np0000007685 devstack@c-api.service[97196]: [pid: 97196|app: 0|req: 77/233] 10.4.3.185 () {66 vars in 1348 bytes} [Tue Aug 18 18:38:50 2026] GET /volume/v3/volumes/7b3a5290-aa5c-489e-b744-78247d40d229 => generated 860 bytes in 25 msecs (HTTP/1.1 200) 7 headers in 285 bytes (1 switches on core 0)
Aug 18 18:38:50.815642 np0000007685 devstack@c-api.service[97197]: DEBUG cinder.api.middleware.request_id [None req-da157817-f3ad-404d-8087-959014955e4c None None] RequestId filter calling following filter/app {{(pid=97197) _context_setter /opt/stack/cinder/cinder/api/middleware/request_id.py:62}}
Aug 18 18:38:50.817477 np0000007685 devstack@c-api.service[97197]: INFO cinder.api.openstack.wsgi [None req-da157817-f3ad-404d-8087-959014955e4c tempest-QosSpecsTestJSON-483342268 tempest-QosSpecsTestJSON-483342268-project-admin] GET https://10.4.3.185/volume/v3/qos-specs/e2f49b94-2086-4f5f-b929-fab347116e8c/associations
Aug 18 18:38:50.820648 np0000007685 devstack@c-api.service[97197]: DEBUG cinder.api.openstack.wsgi [None req-da157817-f3ad-404d-8087-959014955e4c tempest-QosSpecsTestJSON-483342268 tempest-QosSpecsTestJSON-483342268-project-admin] Empty body provided in request {{(pid=97197) get_body /opt/stack/cinder/cinder/api/openstack/wsgi.py:725}}
Aug 18 18:38:50.820858 np0000007685 devstack@c-api.service[97197]: DEBUG cinder.api.openstack.wsgi [None req-da157817-f3ad-404d-8087-959014955e4c tempest-QosSpecsTestJSON-483342268 tempest-QosSpecsTestJSON-483342268-project-admin] Calling method 'associations' {{(pid=97197) _process_stack /opt/stack/cinder/cinder/api/openstack/wsgi.py:878}}
Aug 18 18:38:50.821182 np0000007685 devstack@c-api.service[97197]: /opt/stack/data/venv/lib/python3.12/site-packages/oslo_context/context.py:102: DeprecationWarning: Policy enforcement is depending on the value of is_admin. This key is deprecated. Please update your policy file to use the standard policy values.
Aug 18 18:38:50.821182 np0000007685 devstack@c-api.service[97197]: warnings.warn(
Aug 18 18:38:50.821742 np0000007685 devstack@c-api.service[97197]: DEBUG cinder.api.contrib.qos_specs_manage [None req-da157817-f3ad-404d-8087-959014955e4c tempest-QosSpecsTestJSON-483342268 tempest-QosSpecsTestJSON-483342268-project-admin] Get associations for qos_spec id: e2f49b94-2086-4f5f-b929-fab347116e8c {{(pid=97197) associations /opt/stack/cinder/cinder/api/contrib/qos_specs_manage.py:234}}
Aug 18 18:38:50.826547 np0000007685 devstack@c-api.service[97198]: DEBUG cinder.api.middleware.request_id [None req-63189382-5c35-47ed-8d7c-3ccfae0d982b None None] RequestId filter calling following filter/app {{(pid=97198) _context_setter /opt/stack/cinder/cinder/api/middleware/request_id.py:62}}
Aug 18 18:38:50.829506 np0000007685 devstack@c-api.service[97198]: INFO cinder.api.openstack.wsgi [None req-63189382-5c35-47ed-8d7c-3ccfae0d982b tempest-VolumeSnapshotQuotasNegativeTestJSON-1043197559 tempest-VolumeSnapshotQuotasNegativeTestJSON-1043197559-project-member] POST https://10.4.3.185/volume/v3/snapshots
Aug 18 18:38:50.829996 np0000007685 devstack@c-api.service[97198]: DEBUG cinder.api.openstack.wsgi [None req-63189382-5c35-47ed-8d7c-3ccfae0d982b tempest-VolumeSnapshotQuotasNegativeTestJSON-1043197559 tempest-VolumeSnapshotQuotasNegativeTestJSON-1043197559-project-member] Action: 'create', calling method: create, body: {"snapshot": {"volume_id": "7b3a5290-aa5c-489e-b744-78247d40d229", "name": "tempest-VolumeSnapshotQuotasNegativeTestJSON-Snapshot-1925473729"}} {{(pid=97198) _process_stack /opt/stack/cinder/cinder/api/openstack/wsgi.py:876}}
Aug 18 18:38:50.837168 np0000007685 devstack@c-api.service[97197]: INFO cinder.api.openstack.wsgi [None req-da157817-f3ad-404d-8087-959014955e4c tempest-QosSpecsTestJSON-483342268 tempest-QosSpecsTestJSON-483342268-project-admin] https://10.4.3.185/volume/v3/qos-specs/e2f49b94-2086-4f5f-b929-fab347116e8c/associations returned with HTTP 200
Aug 18 18:38:50.837899 np0000007685 devstack@c-api.service[97197]: [pid: 97197|app: 0|req: 84/234] 10.4.3.185 () {66 vars in 1393 bytes} [Tue Aug 18 18:38:50 2026] GET /volume/v3/qos-specs/e2f49b94-2086-4f5f-b929-fab347116e8c/associations => generated 24 bytes in 23 msecs (HTTP/1.1 200) 7 headers in 284 bytes (1 switches on core 0)
Aug 18 18:38:50.845602 np0000007685 devstack@c-api.service[97198]: /opt/stack/data/venv/lib/python3.12/site-packages/oslo_context/context.py:102: DeprecationWarning: Policy enforcement is depending on the value of is_admin. This key is deprecated. Please update your policy file to use the standard policy values.
Aug 18 18:38:50.845602 np0000007685 devstack@c-api.service[97198]: warnings.warn(
Aug 18 18:38:50.846570 np0000007685 devstack@c-api.service[97198]: INFO cinder.volume.api [None req-63189382-5c35-47ed-8d7c-3ccfae0d982b tempest-VolumeSnapshotQuotasNegativeTestJSON-1043197559 tempest-VolumeSnapshotQuotasNegativeTestJSON-1043197559-project-member] Volume info retrieved successfully.
Aug 18 18:38:50.846570 np0000007685 devstack@c-api.service[97198]: INFO cinder.api.v3.snapshots [None req-63189382-5c35-47ed-8d7c-3ccfae0d982b tempest-VolumeSnapshotQuotasNegativeTestJSON-1043197559 tempest-VolumeSnapshotQuotasNegativeTestJSON-1043197559-project-member] Create snapshot from volume 7b3a5290-aa5c-489e-b744-78247d40d229
Aug 18 18:38:50.850246 np0000007685 devstack@c-api.service[97196]: DEBUG cinder.api.middleware.request_id [None req-b7ef7232-f1f9-4a8e-bc0f-2a9d55579c13 None None] RequestId filter calling following filter/app {{(pid=97196) _context_setter /opt/stack/cinder/cinder/api/middleware/request_id.py:62}}
Aug 18 18:38:50.853624 np0000007685 devstack@c-api.service[97196]: INFO cinder.api.openstack.wsgi [None req-b7ef7232-f1f9-4a8e-bc0f-2a9d55579c13 tempest-QosSpecsTestJSON-483342268 tempest-QosSpecsTestJSON-483342268-project-admin] DELETE https://10.4.3.185/volume/v3/types/8583b715-c0eb-4199-a1b2-315ed04119b0
Aug 18 18:38:50.853784 np0000007685 devstack@c-api.service[97196]: DEBUG cinder.api.openstack.wsgi [None req-b7ef7232-f1f9-4a8e-bc0f-2a9d55579c13 tempest-QosSpecsTestJSON-483342268 tempest-QosSpecsTestJSON-483342268-project-admin] Empty body provided in request {{(pid=97196) get_body /opt/stack/cinder/cinder/api/openstack/wsgi.py:725}}
Aug 18 18:38:50.853988 np0000007685 devstack@c-api.service[97196]: DEBUG cinder.api.openstack.wsgi [None req-b7ef7232-f1f9-4a8e-bc0f-2a9d55579c13 tempest-QosSpecsTestJSON-483342268 tempest-QosSpecsTestJSON-483342268-project-admin] Calling method '_delete' {{(pid=97196) _process_stack /opt/stack/cinder/cinder/api/openstack/wsgi.py:878}}
Aug 18 18:38:50.898559 np0000007685 devstack@c-api.service[97196]: INFO cinder.api.openstack.wsgi [None req-b7ef7232-f1f9-4a8e-bc0f-2a9d55579c13 tempest-QosSpecsTestJSON-483342268 tempest-QosSpecsTestJSON-483342268-project-admin] https://10.4.3.185/volume/v3/types/8583b715-c0eb-4199-a1b2-315ed04119b0 returned with HTTP 202
Aug 18 18:38:50.898641 np0000007685 devstack@c-api.service[97198]: DEBUG cinder.quota [None req-63189382-5c35-47ed-8d7c-3ccfae0d982b tempest-VolumeSnapshotQuotasNegativeTestJSON-1043197559 tempest-VolumeSnapshotQuotasNegativeTestJSON-1043197559-project-member] Created reservations ['fc611197-0698-4b64-82c8-d228e9fc5fe0', '5882bd72-fac5-4ea8-b7ff-3d34e129e5b4', '0547ceac-7e4b-46c9-a72c-087ce02f52f8', '1c1becf2-6203-4cdc-a20b-6e5a8db5e43d'] {{(pid=97198) reserve /opt/stack/cinder/cinder/quota.py:752}}
Aug 18 18:38:50.899028 np0000007685 devstack@c-api.service[97196]: [pid: 97196|app: 0|req: 78/235] 10.4.3.185 () {66 vars in 1345 bytes} [Tue Aug 18 18:38:50 2026] DELETE /volume/v3/types/8583b715-c0eb-4199-a1b2-315ed04119b0 => generated 0 bytes in 49 msecs (HTTP/1.1 202) 6 headers in 233 bytes (1 switches on core 0)
Aug 18 18:38:50.907562 np0000007685 devstack@c-api.service[97197]: DEBUG cinder.api.middleware.request_id [None req-b3b74bec-038e-4a9f-9ac1-ac2395a29c9c None None] RequestId filter calling following filter/app {{(pid=97197) _context_setter /opt/stack/cinder/cinder/api/middleware/request_id.py:62}}
Aug 18 18:38:50.911695 np0000007685 devstack@c-api.service[97197]: INFO cinder.api.openstack.wsgi [None req-b3b74bec-038e-4a9f-9ac1-ac2395a29c9c tempest-QosSpecsTestJSON-483342268 tempest-QosSpecsTestJSON-483342268-project-admin] GET https://10.4.3.185/volume/v3/types/8583b715-c0eb-4199-a1b2-315ed04119b0
Aug 18 18:38:50.911695 np0000007685 devstack@c-api.service[97197]: DEBUG cinder.api.openstack.wsgi [None req-b3b74bec-038e-4a9f-9ac1-ac2395a29c9c tempest-QosSpecsTestJSON-483342268 tempest-QosSpecsTestJSON-483342268-project-admin] Empty body provided in request {{(pid=97197) get_body /opt/stack/cinder/cinder/api/openstack/wsgi.py:725}}
Aug 18 18:38:50.911695 np0000007685 devstack@c-api.service[97197]: DEBUG cinder.api.openstack.wsgi [None req-b3b74bec-038e-4a9f-9ac1-ac2395a29c9c tempest-QosSpecsTestJSON-483342268 tempest-QosSpecsTestJSON-483342268-project-admin] Calling method 'show' {{(pid=97197) _process_stack /opt/stack/cinder/cinder/api/openstack/wsgi.py:878}}
Aug 18 18:38:50.915617 np0000007685 devstack@c-api.service[97197]: INFO cinder.api.openstack.wsgi [None req-b3b74bec-038e-4a9f-9ac1-ac2395a29c9c tempest-QosSpecsTestJSON-483342268 tempest-QosSpecsTestJSON-483342268-project-admin] https://10.4.3.185/volume/v3/types/8583b715-c0eb-4199-a1b2-315ed04119b0 returned with HTTP 404
Aug 18 18:38:50.916723 np0000007685 devstack@c-api.service[97197]: [pid: 97197|app: 0|req: 85/236] 10.4.3.185 () {66 vars in 1342 bytes} [Tue Aug 18 18:38:50 2026] GET /volume/v3/types/8583b715-c0eb-4199-a1b2-315ed04119b0 => generated 114 bytes in 10 msecs (HTTP/1.1 404) 7 headers in 292 bytes (1 switches on core 0)
Aug 18 18:38:50.924725 np0000007685 devstack@c-api.service[97196]: DEBUG cinder.api.middleware.request_id [None req-0e9f905e-e22b-446e-bc05-5e54142210d2 None None] RequestId filter calling following filter/app {{(pid=97196) _context_setter /opt/stack/cinder/cinder/api/middleware/request_id.py:62}}
Aug 18 18:38:50.926342 np0000007685 devstack@c-api.service[97196]: INFO cinder.api.openstack.wsgi [None req-0e9f905e-e22b-446e-bc05-5e54142210d2 tempest-QosSpecsTestJSON-483342268 tempest-QosSpecsTestJSON-483342268-project-admin] DELETE https://10.4.3.185/volume/v3/types/70b3d374-d1c6-441f-a2c1-689f70c34320
Aug 18 18:38:50.926566 np0000007685 devstack@c-api.service[97196]: DEBUG cinder.api.openstack.wsgi [None req-0e9f905e-e22b-446e-bc05-5e54142210d2 tempest-QosSpecsTestJSON-483342268 tempest-QosSpecsTestJSON-483342268-project-admin] Empty body provided in request {{(pid=97196) get_body /opt/stack/cinder/cinder/api/openstack/wsgi.py:725}}
Aug 18 18:38:50.926798 np0000007685 devstack@c-api.service[97196]: DEBUG cinder.api.openstack.wsgi [None req-0e9f905e-e22b-446e-bc05-5e54142210d2 tempest-QosSpecsTestJSON-483342268 tempest-QosSpecsTestJSON-483342268-project-admin] Calling method '_delete' {{(pid=97196) _process_stack /opt/stack/cinder/cinder/api/openstack/wsgi.py:878}}
Aug 18 18:38:50.936086 np0000007685 devstack@c-api.service[97198]: INFO cinder.volume.api [None req-63189382-5c35-47ed-8d7c-3ccfae0d982b tempest-VolumeSnapshotQuotasNegativeTestJSON-1043197559 tempest-VolumeSnapshotQuotasNegativeTestJSON-1043197559-project-member] Snapshot create request issued successfully.
Aug 18 18:38:50.936513 np0000007685 devstack@c-api.service[97198]: INFO cinder.api.openstack.wsgi [None req-63189382-5c35-47ed-8d7c-3ccfae0d982b tempest-VolumeSnapshotQuotasNegativeTestJSON-1043197559 tempest-VolumeSnapshotQuotasNegativeTestJSON-1043197559-project-member] https://10.4.3.185/volume/v3/snapshots returned with HTTP 202
Aug 18 18:38:50.937206 np0000007685 devstack@c-api.service[97198]: [pid: 97198|app: 0|req: 74/237] 10.4.3.185 () {68 vars in 1265 bytes} [Tue Aug 18 18:38:50 2026] POST /volume/v3/snapshots => generated 323 bytes in 111 msecs (HTTP/1.1 202) 7 headers in 291 bytes (1 switches on core 0)
Aug 18 18:38:50.950034 np0000007685 devstack@c-api.service[97197]: DEBUG cinder.api.middleware.request_id [None req-936c6ffd-d90b-49fd-a1a6-af1185eef8b3 None None] RequestId filter calling following filter/app {{(pid=97197) _context_setter /opt/stack/cinder/cinder/api/middleware/request_id.py:62}}
Aug 18 18:38:50.953511 np0000007685 devstack@c-api.service[97197]: INFO cinder.api.openstack.wsgi [None req-936c6ffd-d90b-49fd-a1a6-af1185eef8b3 tempest-VolumeSnapshotQuotasNegativeTestJSON-1043197559 tempest-VolumeSnapshotQuotasNegativeTestJSON-1043197559-project-member] GET https://10.4.3.185/volume/v3/snapshots/722bc6ef-812b-421d-84ca-0b2c92a93231
Aug 18 18:38:50.953892 np0000007685 devstack@c-api.service[97197]: DEBUG cinder.api.openstack.wsgi [None req-936c6ffd-d90b-49fd-a1a6-af1185eef8b3 tempest-VolumeSnapshotQuotasNegativeTestJSON-1043197559 tempest-VolumeSnapshotQuotasNegativeTestJSON-1043197559-project-member] Empty body provided in request {{(pid=97197) get_body /opt/stack/cinder/cinder/api/openstack/wsgi.py:725}}
Aug 18 18:38:50.954466 np0000007685 devstack@c-api.service[97197]: DEBUG cinder.api.openstack.wsgi [None req-936c6ffd-d90b-49fd-a1a6-af1185eef8b3 tempest-VolumeSnapshotQuotasNegativeTestJSON-1043197559 tempest-VolumeSnapshotQuotasNegativeTestJSON-1043197559-project-member] Calling method 'show' {{(pid=97197) _process_stack /opt/stack/cinder/cinder/api/openstack/wsgi.py:878}}
Aug 18 18:38:50.960717 np0000007685 devstack@c-api.service[97196]: INFO cinder.api.openstack.wsgi [None req-0e9f905e-e22b-446e-bc05-5e54142210d2 tempest-QosSpecsTestJSON-483342268 tempest-QosSpecsTestJSON-483342268-project-admin] https://10.4.3.185/volume/v3/types/70b3d374-d1c6-441f-a2c1-689f70c34320 returned with HTTP 202
Aug 18 18:38:50.961178 np0000007685 devstack@c-api.service[97196]: [pid: 97196|app: 0|req: 79/238] 10.4.3.185 () {66 vars in 1345 bytes} [Tue Aug 18 18:38:50 2026] DELETE /volume/v3/types/70b3d374-d1c6-441f-a2c1-689f70c34320 => generated 0 bytes in 37 msecs (HTTP/1.1 202) 6 headers in 233 bytes (1 switches on core 0)
Aug 18 18:38:50.968093 np0000007685 devstack@c-api.service[97197]: /opt/stack/data/venv/lib/python3.12/site-packages/oslo_context/context.py:102: DeprecationWarning: Policy enforcement is depending on the value of is_admin. This key is deprecated. Please update your policy file to use the standard policy values.
Aug 18 18:38:50.968093 np0000007685 devstack@c-api.service[97197]: warnings.warn(
Aug 18 18:38:50.968842 np0000007685 devstack@c-api.service[97197]: INFO cinder.volume.api [None req-936c6ffd-d90b-49fd-a1a6-af1185eef8b3 tempest-VolumeSnapshotQuotasNegativeTestJSON-1043197559 tempest-VolumeSnapshotQuotasNegativeTestJSON-1043197559-project-member] Snapshot retrieved successfully.
Aug 18 18:38:50.969815 np0000007685 devstack@c-api.service[97197]: INFO cinder.api.openstack.wsgi [None req-936c6ffd-d90b-49fd-a1a6-af1185eef8b3 tempest-VolumeSnapshotQuotasNegativeTestJSON-1043197559 tempest-VolumeSnapshotQuotasNegativeTestJSON-1043197559-project-member] https://10.4.3.185/volume/v3/snapshots/722bc6ef-812b-421d-84ca-0b2c92a93231 returned with HTTP 200
Aug 18 18:38:50.970684 np0000007685 devstack@c-api.service[97198]: DEBUG cinder.api.middleware.request_id [None req-5f9f015f-721f-4dec-8b9e-813236e2e033 None None] RequestId filter calling following filter/app {{(pid=97198) _context_setter /opt/stack/cinder/cinder/api/middleware/request_id.py:62}}
Aug 18 18:38:50.970843 np0000007685 devstack@c-api.service[97197]: [pid: 97197|app: 0|req: 86/239] 10.4.3.185 () {66 vars in 1354 bytes} [Tue Aug 18 18:38:50 2026] GET /volume/v3/snapshots/722bc6ef-812b-421d-84ca-0b2c92a93231 => generated 455 bytes in 21 msecs (HTTP/1.1 200) 7 headers in 285 bytes (1 switches on core 0)
Aug 18 18:38:50.976711 np0000007685 devstack@c-api.service[97198]: INFO cinder.api.openstack.wsgi [None req-5f9f015f-721f-4dec-8b9e-813236e2e033 tempest-QosSpecsTestJSON-483342268 tempest-QosSpecsTestJSON-483342268-project-admin] GET https://10.4.3.185/volume/v3/types/70b3d374-d1c6-441f-a2c1-689f70c34320
Aug 18 18:38:50.976711 np0000007685 devstack@c-api.service[97198]: DEBUG cinder.api.openstack.wsgi [None req-5f9f015f-721f-4dec-8b9e-813236e2e033 tempest-QosSpecsTestJSON-483342268 tempest-QosSpecsTestJSON-483342268-project-admin] Empty body provided in request {{(pid=97198) get_body /opt/stack/cinder/cinder/api/openstack/wsgi.py:725}}
Aug 18 18:38:50.976711 np0000007685 devstack@c-api.service[97198]: DEBUG cinder.api.openstack.wsgi [None req-5f9f015f-721f-4dec-8b9e-813236e2e033 tempest-QosSpecsTestJSON-483342268 tempest-QosSpecsTestJSON-483342268-project-admin] Calling method 'show' {{(pid=97198) _process_stack /opt/stack/cinder/cinder/api/openstack/wsgi.py:878}}
Aug 18 18:38:50.979863 np0000007685 devstack@c-api.service[97198]: INFO cinder.api.openstack.wsgi [None req-5f9f015f-721f-4dec-8b9e-813236e2e033 tempest-QosSpecsTestJSON-483342268 tempest-QosSpecsTestJSON-483342268-project-admin] https://10.4.3.185/volume/v3/types/70b3d374-d1c6-441f-a2c1-689f70c34320 returned with HTTP 404
