Jul 24 08:46:26.549298 np0000005828 nova-conductor[99214]: DEBUG cotyledon.oslo_config_glue [-] workarounds.disable_group_policy_check_upcall = False {{(pid=99214) log_opt_values /opt/stack/data/venv/lib/python3.12/site-packages/oslo_config/cfg.py:3253}}
Jul 24 08:46:26.549298 np0000005828 nova-conductor[99214]: DEBUG cotyledon.oslo_config_glue [-] workarounds.disable_libvirt_livesnapshot = False {{(pid=99214) log_opt_values /opt/stack/data/venv/lib/python3.12/site-packages/oslo_config/cfg.py:3253}}
Jul 24 08:46:26.549298 np0000005828 nova-conductor[99214]: DEBUG cotyledon.oslo_config_glue [-] workarounds.disable_rootwrap = False {{(pid=99214) log_opt_values /opt/stack/data/venv/lib/python3.12/site-packages/oslo_config/cfg.py:3253}}
Jul 24 08:46:26.549781 np0000005828 nova-conductor[99214]: DEBUG cotyledon.oslo_config_glue [-] workarounds.enable_numa_live_migration = False {{(pid=99214) log_opt_values /opt/stack/data/venv/lib/python3.12/site-packages/oslo_config/cfg.py:3253}}
Jul 24 08:46:26.549781 np0000005828 nova-conductor[99214]: DEBUG cotyledon.oslo_config_glue [-] workarounds.enable_qemu_monitor_announce_self = False {{(pid=99214) log_opt_values /opt/stack/data/venv/lib/python3.12/site-packages/oslo_config/cfg.py:3253}}
Jul 24 08:46:26.549781 np0000005828 nova-conductor[99214]: DEBUG cotyledon.oslo_config_glue [-] workarounds.ensure_libvirt_rbd_instance_dir_cleanup = False {{(pid=99214) log_opt_values /opt/stack/data/venv/lib/python3.12/site-packages/oslo_config/cfg.py:3253}}
Jul 24 08:46:26.549781 np0000005828 nova-conductor[99214]: DEBUG cotyledon.oslo_config_glue [-] workarounds.handle_virt_lifecycle_events = True {{(pid=99214) log_opt_values /opt/stack/data/venv/lib/python3.12/site-packages/oslo_config/cfg.py:3253}}
Jul 24 08:46:26.549781 np0000005828 nova-conductor[99214]: DEBUG cotyledon.oslo_config_glue [-] workarounds.libvirt_disable_apic = False {{(pid=99214) log_opt_values /opt/stack/data/venv/lib/python3.12/site-packages/oslo_config/cfg.py:3253}}
Jul 24 08:46:26.549781 np0000005828 nova-conductor[99214]: DEBUG cotyledon.oslo_config_glue [-] workarounds.never_download_image_if_on_rbd = False {{(pid=99214) log_opt_values /opt/stack/data/venv/lib/python3.12/site-packages/oslo_config/cfg.py:3253}}
Jul 24 08:46:26.549781 np0000005828 nova-conductor[99214]: DEBUG cotyledon.oslo_config_glue [-] workarounds.qemu_monitor_announce_self_count = 3 {{(pid=99214) log_opt_values /opt/stack/data/venv/lib/python3.12/site-packages/oslo_config/cfg.py:3253}}
Jul 24 08:46:26.549781 np0000005828 nova-conductor[99214]: DEBUG cotyledon.oslo_config_glue [-] workarounds.qemu_monitor_announce_self_interval = 1 {{(pid=99214) log_opt_values /opt/stack/data/venv/lib/python3.12/site-packages/oslo_config/cfg.py:3253}}
Jul 24 08:46:26.549781 np0000005828 nova-conductor[99214]: DEBUG cotyledon.oslo_config_glue [-] workarounds.reserve_disk_resource_for_image_cache = False {{(pid=99214) log_opt_values /opt/stack/data/venv/lib/python3.12/site-packages/oslo_config/cfg.py:3253}}
Jul 24 08:46:26.549965 np0000005828 nova-conductor[99214]: DEBUG cotyledon.oslo_config_glue [-] workarounds.skip_cpu_compare_at_startup = False {{(pid=99214) log_opt_values /opt/stack/data/venv/lib/python3.12/site-packages/oslo_config/cfg.py:3253}}
Jul 24 08:46:26.549965 np0000005828 nova-conductor[99214]: DEBUG cotyledon.oslo_config_glue [-] workarounds.skip_cpu_compare_on_dest = False {{(pid=99214) log_opt_values /opt/stack/data/venv/lib/python3.12/site-packages/oslo_config/cfg.py:3253}}
Jul 24 08:46:26.549965 np0000005828 nova-conductor[99214]: DEBUG cotyledon.oslo_config_glue [-] workarounds.skip_hypervisor_version_check_on_lm = False {{(pid=99214) log_opt_values /opt/stack/data/venv/lib/python3.12/site-packages/oslo_config/cfg.py:3253}}
Jul 24 08:46:26.549965 np0000005828 nova-conductor[99214]: DEBUG cotyledon.oslo_config_glue [-] workarounds.skip_reserve_in_use_ironic_nodes = False {{(pid=99214) log_opt_values /opt/stack/data/venv/lib/python3.12/site-packages/oslo_config/cfg.py:3253}}
Jul 24 08:46:26.549965 np0000005828 nova-conductor[99214]: DEBUG cotyledon.oslo_config_glue [-] workarounds.unified_limits_count_pcpu_as_vcpu = False {{(pid=99214) log_opt_values /opt/stack/data/venv/lib/python3.12/site-packages/oslo_config/cfg.py:3253}}
Jul 24 08:46:26.549965 np0000005828 nova-conductor[99214]: DEBUG cotyledon.oslo_config_glue [-] workarounds.wait_for_vif_plugged_event_during_hard_reboot = [] {{(pid=99214) log_opt_values /opt/stack/data/venv/lib/python3.12/site-packages/oslo_config/cfg.py:3253}}
Jul 24 08:46:26.549965 np0000005828 nova-conductor[99214]: DEBUG cotyledon.oslo_config_glue [-] wsgi.api_paste_config = /etc/nova/api-paste.ini {{(pid=99214) log_opt_values /opt/stack/data/venv/lib/python3.12/site-packages/oslo_config/cfg.py:3253}}
Jul 24 08:46:26.549965 np0000005828 nova-conductor[99214]: DEBUG cotyledon.oslo_config_glue [-] wsgi.secure_proxy_ssl_header = None {{(pid=99214) log_opt_values /opt/stack/data/venv/lib/python3.12/site-packages/oslo_config/cfg.py:3253}}
Jul 24 08:46:26.549965 np0000005828 nova-conductor[99214]: DEBUG cotyledon.oslo_config_glue [-] zvm.ca_file = None {{(pid=99214) log_opt_values /opt/stack/data/venv/lib/python3.12/site-packages/oslo_config/cfg.py:3253}}
Jul 24 08:46:26.550133 np0000005828 nova-conductor[99214]: DEBUG cotyledon.oslo_config_glue [-] zvm.cloud_connector_url = None {{(pid=99214) log_opt_values /opt/stack/data/venv/lib/python3.12/site-packages/oslo_config/cfg.py:3253}}
Jul 24 08:46:26.550133 np0000005828 nova-conductor[99214]: DEBUG cotyledon.oslo_config_glue [-] zvm.image_tmp_path = /opt/stack/data/nova/images {{(pid=99214) log_opt_values /opt/stack/data/venv/lib/python3.12/site-packages/oslo_config/cfg.py:3253}}
Jul 24 08:46:26.550133 np0000005828 nova-conductor[99214]: DEBUG cotyledon.oslo_config_glue [-] zvm.reachable_timeout = 300 {{(pid=99214) log_opt_values /opt/stack/data/venv/lib/python3.12/site-packages/oslo_config/cfg.py:3253}}
Jul 24 08:46:26.550133 np0000005828 nova-conductor[99214]: DEBUG cotyledon.oslo_config_glue [-] oslo_versionedobjects.fatal_exception_format_errors = False {{(pid=99214) log_opt_values /opt/stack/data/venv/lib/python3.12/site-packages/oslo_config/cfg.py:3253}}
Jul 24 08:46:26.550133 np0000005828 nova-conductor[99214]: DEBUG cotyledon.oslo_config_glue [-] oslo_middleware.http_basic_auth_user_file = /etc/htpasswd {{(pid=99214) log_opt_values /opt/stack/data/venv/lib/python3.12/site-packages/oslo_config/cfg.py:3253}}
Jul 24 08:46:26.550133 np0000005828 nova-conductor[99214]: DEBUG cotyledon.oslo_config_glue [-] profiler.connection_string = messaging:// {{(pid=99214) log_opt_values /opt/stack/data/venv/lib/python3.12/site-packages/oslo_config/cfg.py:3253}}
Jul 24 08:46:26.550133 np0000005828 nova-conductor[99214]: DEBUG cotyledon.oslo_config_glue [-] profiler.enabled = False {{(pid=99214) log_opt_values /opt/stack/data/venv/lib/python3.12/site-packages/oslo_config/cfg.py:3253}}
Jul 24 08:46:26.550133 np0000005828 nova-conductor[99214]: DEBUG cotyledon.oslo_config_glue [-] profiler.es_doc_type = notification {{(pid=99214) log_opt_values /opt/stack/data/venv/lib/python3.12/site-packages/oslo_config/cfg.py:3253}}
Jul 24 08:46:26.550133 np0000005828 nova-conductor[99214]: DEBUG cotyledon.oslo_config_glue [-] profiler.es_scroll_size = 10000 {{(pid=99214) log_opt_values /opt/stack/data/venv/lib/python3.12/site-packages/oslo_config/cfg.py:3253}}
Jul 24 08:46:26.550302 np0000005828 nova-conductor[99214]: DEBUG cotyledon.oslo_config_glue [-] profiler.es_scroll_time = 2m {{(pid=99214) log_opt_values /opt/stack/data/venv/lib/python3.12/site-packages/oslo_config/cfg.py:3253}}
Jul 24 08:46:26.550302 np0000005828 nova-conductor[99214]: DEBUG cotyledon.oslo_config_glue [-] profiler.filter_error_trace = False {{(pid=99214) log_opt_values /opt/stack/data/venv/lib/python3.12/site-packages/oslo_config/cfg.py:3253}}
Jul 24 08:46:26.550302 np0000005828 nova-conductor[99214]: DEBUG cotyledon.oslo_config_glue [-] profiler.hmac_keys = **** {{(pid=99214) log_opt_values /opt/stack/data/venv/lib/python3.12/site-packages/oslo_config/cfg.py:3253}}
Jul 24 08:46:26.550302 np0000005828 nova-conductor[99214]: DEBUG cotyledon.oslo_config_glue [-] profiler.sentinel_service_name = mymaster {{(pid=99214) log_opt_values /opt/stack/data/venv/lib/python3.12/site-packages/oslo_config/cfg.py:3253}}
Jul 24 08:46:26.550302 np0000005828 nova-conductor[99214]: DEBUG cotyledon.oslo_config_glue [-] profiler.socket_timeout = 0.1 {{(pid=99214) log_opt_values /opt/stack/data/venv/lib/python3.12/site-packages/oslo_config/cfg.py:3253}}
Jul 24 08:46:26.550302 np0000005828 nova-conductor[99214]: DEBUG cotyledon.oslo_config_glue [-] profiler.trace_requests = False {{(pid=99214) log_opt_values /opt/stack/data/venv/lib/python3.12/site-packages/oslo_config/cfg.py:3253}}
Jul 24 08:46:26.550302 np0000005828 nova-conductor[99214]: DEBUG cotyledon.oslo_config_glue [-] profiler.trace_sqlalchemy = False {{(pid=99214) log_opt_values /opt/stack/data/venv/lib/python3.12/site-packages/oslo_config/cfg.py:3253}}
Jul 24 08:46:26.550302 np0000005828 nova-conductor[99214]: DEBUG cotyledon.oslo_config_glue [-] profiler_jaeger.process_tags = {} {{(pid=99214) log_opt_values /opt/stack/data/venv/lib/python3.12/site-packages/oslo_config/cfg.py:3253}}
Jul 24 08:46:26.550302 np0000005828 nova-conductor[99214]: DEBUG cotyledon.oslo_config_glue [-] profiler_jaeger.service_name_prefix = None {{(pid=99214) log_opt_values /opt/stack/data/venv/lib/python3.12/site-packages/oslo_config/cfg.py:3253}}
Jul 24 08:46:26.550499 np0000005828 nova-conductor[99214]: DEBUG cotyledon.oslo_config_glue [-] profiler_otlp.service_name_prefix = None {{(pid=99214) log_opt_values /opt/stack/data/venv/lib/python3.12/site-packages/oslo_config/cfg.py:3253}}
Jul 24 08:46:26.550499 np0000005828 nova-conductor[99214]: DEBUG cotyledon.oslo_config_glue [-] oslo_messaging_rabbit.amqp_auto_delete = False {{(pid=99214) log_opt_values /opt/stack/data/venv/lib/python3.12/site-packages/oslo_config/cfg.py:3253}}
Jul 24 08:46:26.550499 np0000005828 nova-conductor[99214]: DEBUG cotyledon.oslo_config_glue [-] oslo_messaging_rabbit.amqp_durable_queues = False {{(pid=99214) log_opt_values /opt/stack/data/venv/lib/python3.12/site-packages/oslo_config/cfg.py:3253}}
Jul 24 08:46:26.550499 np0000005828 nova-conductor[99214]: DEBUG cotyledon.oslo_config_glue [-] oslo_messaging_rabbit.conn_pool_min_size = 2 {{(pid=99214) log_opt_values /opt/stack/data/venv/lib/python3.12/site-packages/oslo_config/cfg.py:3253}}
Jul 24 08:46:26.550499 np0000005828 nova-conductor[99214]: DEBUG cotyledon.oslo_config_glue [-] oslo_messaging_rabbit.conn_pool_ttl = 1200 {{(pid=99214) log_opt_values /opt/stack/data/venv/lib/python3.12/site-packages/oslo_config/cfg.py:3253}}
Jul 24 08:46:26.550499 np0000005828 nova-conductor[99214]: DEBUG cotyledon.oslo_config_glue [-] oslo_messaging_rabbit.direct_mandatory_flag = True {{(pid=99214) log_opt_values /opt/stack/data/venv/lib/python3.12/site-packages/oslo_config/cfg.py:3253}}
Jul 24 08:46:26.550499 np0000005828 nova-conductor[99214]: DEBUG cotyledon.oslo_config_glue [-] oslo_messaging_rabbit.enable_cancel_on_failover = False {{(pid=99214) log_opt_values /opt/stack/data/venv/lib/python3.12/site-packages/oslo_config/cfg.py:3253}}
Jul 24 08:46:26.550499 np0000005828 nova-conductor[99214]: DEBUG cotyledon.oslo_config_glue [-] oslo_messaging_rabbit.heartbeat_rate = 3 {{(pid=99214) log_opt_values /opt/stack/data/venv/lib/python3.12/site-packages/oslo_config/cfg.py:3253}}
Jul 24 08:46:26.550499 np0000005828 nova-conductor[99214]: DEBUG cotyledon.oslo_config_glue [-] oslo_messaging_rabbit.heartbeat_timeout_threshold = 60 {{(pid=99214) log_opt_values /opt/stack/data/venv/lib/python3.12/site-packages/oslo_config/cfg.py:3253}}
Jul 24 08:46:26.550709 np0000005828 nova-conductor[99214]: DEBUG cotyledon.oslo_config_glue [-] oslo_messaging_rabbit.hostname = np0000005828 {{(pid=99214) log_opt_values /opt/stack/data/venv/lib/python3.12/site-packages/oslo_config/cfg.py:3253}}
Jul 24 08:46:26.550709 np0000005828 nova-conductor[99214]: DEBUG cotyledon.oslo_config_glue [-] oslo_messaging_rabbit.kombu_compression = None {{(pid=99214) log_opt_values /opt/stack/data/venv/lib/python3.12/site-packages/oslo_config/cfg.py:3253}}
Jul 24 08:46:26.550709 np0000005828 nova-conductor[99214]: DEBUG cotyledon.oslo_config_glue [-] oslo_messaging_rabbit.kombu_failover_strategy = round-robin {{(pid=99214) log_opt_values /opt/stack/data/venv/lib/python3.12/site-packages/oslo_config/cfg.py:3253}}
Jul 24 08:46:26.550709 np0000005828 nova-conductor[99214]: DEBUG cotyledon.oslo_config_glue [-] oslo_messaging_rabbit.kombu_missing_consumer_retry_timeout = 60 {{(pid=99214) log_opt_values /opt/stack/data/venv/lib/python3.12/site-packages/oslo_config/cfg.py:3253}}
Jul 24 08:46:26.550709 np0000005828 nova-conductor[99214]: DEBUG cotyledon.oslo_config_glue [-] oslo_messaging_rabbit.kombu_reconnect_delay = 1.0 {{(pid=99214) log_opt_values /opt/stack/data/venv/lib/python3.12/site-packages/oslo_config/cfg.py:3253}}
Jul 24 08:46:26.550709 np0000005828 nova-conductor[99214]: DEBUG cotyledon.oslo_config_glue [-] oslo_messaging_rabbit.kombu_reconnect_splay = 0.0 {{(pid=99214) log_opt_values /opt/stack/data/venv/lib/python3.12/site-packages/oslo_config/cfg.py:3253}}
Jul 24 08:46:26.550709 np0000005828 nova-conductor[99214]: DEBUG cotyledon.oslo_config_glue [-] oslo_messaging_rabbit.processname = nova-conductor {{(pid=99214) log_opt_values /opt/stack/data/venv/lib/python3.12/site-packages/oslo_config/cfg.py:3253}}
Jul 24 08:46:26.550709 np0000005828 nova-conductor[99214]: DEBUG cotyledon.oslo_config_glue [-] oslo_messaging_rabbit.rabbit_ha_queues = False {{(pid=99214) log_opt_values /opt/stack/data/venv/lib/python3.12/site-packages/oslo_config/cfg.py:3253}}
Jul 24 08:46:26.550709 np0000005828 nova-conductor[99214]: DEBUG cotyledon.oslo_config_glue [-] oslo_messaging_rabbit.rabbit_interval_max = 30 {{(pid=99214) log_opt_values /opt/stack/data/venv/lib/python3.12/site-packages/oslo_config/cfg.py:3253}}
Jul 24 08:46:26.550895 np0000005828 nova-conductor[99214]: DEBUG cotyledon.oslo_config_glue [-] oslo_messaging_rabbit.rabbit_login_method = AMQPLAIN {{(pid=99214) log_opt_values /opt/stack/data/venv/lib/python3.12/site-packages/oslo_config/cfg.py:3253}}
Jul 24 08:46:26.550895 np0000005828 nova-conductor[99214]: DEBUG cotyledon.oslo_config_glue [-] oslo_messaging_rabbit.rabbit_qos_prefetch_count = 0 {{(pid=99214) log_opt_values /opt/stack/data/venv/lib/python3.12/site-packages/oslo_config/cfg.py:3253}}
Jul 24 08:46:26.550895 np0000005828 nova-conductor[99214]: DEBUG cotyledon.oslo_config_glue [-] oslo_messaging_rabbit.rabbit_quorum_delivery_limit = 0 {{(pid=99214) log_opt_values /opt/stack/data/venv/lib/python3.12/site-packages/oslo_config/cfg.py:3253}}
Jul 24 08:46:26.550895 np0000005828 nova-conductor[99214]: DEBUG cotyledon.oslo_config_glue [-] oslo_messaging_rabbit.rabbit_quorum_max_memory_bytes = 0 {{(pid=99214) log_opt_values /opt/stack/data/venv/lib/python3.12/site-packages/oslo_config/cfg.py:3253}}
Jul 24 08:46:26.550895 np0000005828 nova-conductor[99214]: DEBUG cotyledon.oslo_config_glue [-] oslo_messaging_rabbit.rabbit_quorum_max_memory_length = 0 {{(pid=99214) log_opt_values /opt/stack/data/venv/lib/python3.12/site-packages/oslo_config/cfg.py:3253}}
Jul 24 08:46:26.550895 np0000005828 nova-conductor[99214]: DEBUG cotyledon.oslo_config_glue [-] oslo_messaging_rabbit.rabbit_quorum_queue = False {{(pid=99214) log_opt_values /opt/stack/data/venv/lib/python3.12/site-packages/oslo_config/cfg.py:3253}}
Jul 24 08:46:26.550895 np0000005828 nova-conductor[99214]: DEBUG cotyledon.oslo_config_glue [-] oslo_messaging_rabbit.rabbit_retry_backoff = 2 {{(pid=99214) log_opt_values /opt/stack/data/venv/lib/python3.12/site-packages/oslo_config/cfg.py:3253}}
Jul 24 08:46:26.550895 np0000005828 nova-conductor[99214]: DEBUG cotyledon.oslo_config_glue [-] oslo_messaging_rabbit.rabbit_retry_interval = 1 {{(pid=99214) log_opt_values /opt/stack/data/venv/lib/python3.12/site-packages/oslo_config/cfg.py:3253}}
Jul 24 08:46:26.550895 np0000005828 nova-conductor[99214]: DEBUG cotyledon.oslo_config_glue [-] oslo_messaging_rabbit.rabbit_stream_fanout = False {{(pid=99214) log_opt_values /opt/stack/data/venv/lib/python3.12/site-packages/oslo_config/cfg.py:3253}}
Jul 24 08:46:26.551074 np0000005828 nova-conductor[99214]: DEBUG cotyledon.oslo_config_glue [-] oslo_messaging_rabbit.rabbit_transient_queues_ttl = 1800 {{(pid=99214) log_opt_values /opt/stack/data/venv/lib/python3.12/site-packages/oslo_config/cfg.py:3253}}
Jul 24 08:46:26.551074 np0000005828 nova-conductor[99214]: DEBUG cotyledon.oslo_config_glue [-] oslo_messaging_rabbit.rabbit_transient_quorum_queue = False {{(pid=99214) log_opt_values /opt/stack/data/venv/lib/python3.12/site-packages/oslo_config/cfg.py:3253}}
Jul 24 08:46:26.551074 np0000005828 nova-conductor[99214]: DEBUG cotyledon.oslo_config_glue [-] oslo_messaging_rabbit.rpc_conn_pool_size = 30 {{(pid=99214) log_opt_values /opt/stack/data/venv/lib/python3.12/site-packages/oslo_config/cfg.py:3253}}
Jul 24 08:46:26.551074 np0000005828 nova-conductor[99214]: DEBUG cotyledon.oslo_config_glue [-] oslo_messaging_rabbit.ssl = False {{(pid=99214) log_opt_values /opt/stack/data/venv/lib/python3.12/site-packages/oslo_config/cfg.py:3253}}
Jul 24 08:46:26.551074 np0000005828 nova-conductor[99214]: DEBUG cotyledon.oslo_config_glue [-] oslo_messaging_rabbit.ssl_ca_file = {{(pid=99214) log_opt_values /opt/stack/data/venv/lib/python3.12/site-packages/oslo_config/cfg.py:3253}}
Jul 24 08:46:26.551074 np0000005828 nova-conductor[99214]: DEBUG cotyledon.oslo_config_glue [-] oslo_messaging_rabbit.ssl_cert_file = {{(pid=99214) log_opt_values /opt/stack/data/venv/lib/python3.12/site-packages/oslo_config/cfg.py:3253}}
Jul 24 08:46:26.551074 np0000005828 nova-conductor[99214]: DEBUG cotyledon.oslo_config_glue [-] oslo_messaging_rabbit.ssl_enforce_fips_mode = False {{(pid=99214) log_opt_values /opt/stack/data/venv/lib/python3.12/site-packages/oslo_config/cfg.py:3253}}
Jul 24 08:46:26.551074 np0000005828 nova-conductor[99214]: DEBUG cotyledon.oslo_config_glue [-] oslo_messaging_rabbit.ssl_enforce_hostname_verification = True {{(pid=99214) log_opt_values /opt/stack/data/venv/lib/python3.12/site-packages/oslo_config/cfg.py:3253}}
Jul 24 08:46:26.551074 np0000005828 nova-conductor[99214]: DEBUG cotyledon.oslo_config_glue [-] oslo_messaging_rabbit.ssl_key_file = {{(pid=99214) log_opt_values /opt/stack/data/venv/lib/python3.12/site-packages/oslo_config/cfg.py:3253}}
Jul 24 08:46:26.551245 np0000005828 nova-conductor[99214]: DEBUG cotyledon.oslo_config_glue [-] oslo_messaging_rabbit.ssl_version = {{(pid=99214) log_opt_values /opt/stack/data/venv/lib/python3.12/site-packages/oslo_config/cfg.py:3253}}
Jul 24 08:46:26.551245 np0000005828 nova-conductor[99214]: DEBUG cotyledon.oslo_config_glue [-] oslo_messaging_rabbit.use_queue_manager = False {{(pid=99214) log_opt_values /opt/stack/data/venv/lib/python3.12/site-packages/oslo_config/cfg.py:3253}}
Jul 24 08:46:26.551245 np0000005828 nova-conductor[99214]: DEBUG cotyledon.oslo_config_glue [-] oslo_messaging_notifications.driver = ['messagingv2'] {{(pid=99214) log_opt_values /opt/stack/data/venv/lib/python3.12/site-packages/oslo_config/cfg.py:3253}}
Jul 24 08:46:26.551245 np0000005828 nova-conductor[99214]: DEBUG cotyledon.oslo_config_glue [-] oslo_messaging_notifications.retry = -1 {{(pid=99214) log_opt_values /opt/stack/data/venv/lib/python3.12/site-packages/oslo_config/cfg.py:3253}}
Jul 24 08:46:26.551245 np0000005828 nova-conductor[99214]: DEBUG cotyledon.oslo_config_glue [-] oslo_messaging_notifications.topics = ['notifications'] {{(pid=99214) log_opt_values /opt/stack/data/venv/lib/python3.12/site-packages/oslo_config/cfg.py:3253}}
Jul 24 08:46:26.551245 np0000005828 nova-conductor[99214]: DEBUG cotyledon.oslo_config_glue [-] oslo_messaging_notifications.transport_url = **** {{(pid=99214) log_opt_values /opt/stack/data/venv/lib/python3.12/site-packages/oslo_config/cfg.py:3253}}
Jul 24 08:46:26.551245 np0000005828 nova-conductor[99214]: DEBUG cotyledon.oslo_config_glue [-] oslo_limit.auth_section = None {{(pid=99214) log_opt_values /opt/stack/data/venv/lib/python3.12/site-packages/oslo_config/cfg.py:3253}}
Jul 24 08:46:26.551245 np0000005828 nova-conductor[99214]: DEBUG cotyledon.oslo_config_glue [-] oslo_limit.auth_type = None {{(pid=99214) log_opt_values /opt/stack/data/venv/lib/python3.12/site-packages/oslo_config/cfg.py:3253}}
Jul 24 08:46:26.551245 np0000005828 nova-conductor[99214]: DEBUG cotyledon.oslo_config_glue [-] oslo_limit.cafile = None {{(pid=99214) log_opt_values /opt/stack/data/venv/lib/python3.12/site-packages/oslo_config/cfg.py:3253}}
Jul 24 08:46:26.551441 np0000005828 nova-conductor[99214]: DEBUG cotyledon.oslo_config_glue [-] oslo_limit.certfile = None {{(pid=99214) log_opt_values /opt/stack/data/venv/lib/python3.12/site-packages/oslo_config/cfg.py:3253}}
Jul 24 08:46:26.551441 np0000005828 nova-conductor[99214]: DEBUG cotyledon.oslo_config_glue [-] oslo_limit.collect_timing = False {{(pid=99214) log_opt_values /opt/stack/data/venv/lib/python3.12/site-packages/oslo_config/cfg.py:3253}}
Jul 24 08:46:26.551441 np0000005828 nova-conductor[99214]: DEBUG cotyledon.oslo_config_glue [-] oslo_limit.connect_retries = None {{(pid=99214) log_opt_values /opt/stack/data/venv/lib/python3.12/site-packages/oslo_config/cfg.py:3253}}
Jul 24 08:46:26.551441 np0000005828 nova-conductor[99214]: DEBUG cotyledon.oslo_config_glue [-] oslo_limit.connect_retry_delay = None {{(pid=99214) log_opt_values /opt/stack/data/venv/lib/python3.12/site-packages/oslo_config/cfg.py:3253}}
Jul 24 08:46:26.551441 np0000005828 nova-conductor[99214]: DEBUG cotyledon.oslo_config_glue [-] oslo_limit.endpoint_id = None {{(pid=99214) log_opt_values /opt/stack/data/venv/lib/python3.12/site-packages/oslo_config/cfg.py:3253}}
Jul 24 08:46:26.551441 np0000005828 nova-conductor[99214]: DEBUG cotyledon.oslo_config_glue [-] oslo_limit.endpoint_interface = public {{(pid=99214) log_opt_values /opt/stack/data/venv/lib/python3.12/site-packages/oslo_config/cfg.py:3253}}
Jul 24 08:46:26.551441 np0000005828 nova-conductor[99214]: DEBUG cotyledon.oslo_config_glue [-] oslo_limit.endpoint_override = None {{(pid=99214) log_opt_values /opt/stack/data/venv/lib/python3.12/site-packages/oslo_config/cfg.py:3253}}
Jul 24 08:46:26.551441 np0000005828 nova-conductor[99214]: DEBUG cotyledon.oslo_config_glue [-] oslo_limit.endpoint_region_name = None {{(pid=99214) log_opt_values /opt/stack/data/venv/lib/python3.12/site-packages/oslo_config/cfg.py:3253}}
Jul 24 08:46:26.551441 np0000005828 nova-conductor[99214]: DEBUG cotyledon.oslo_config_glue [-] oslo_limit.endpoint_service_name = None {{(pid=99214) log_opt_values /opt/stack/data/venv/lib/python3.12/site-packages/oslo_config/cfg.py:3253}}
Jul 24 08:46:26.551712 np0000005828 nova-conductor[99214]: DEBUG cotyledon.oslo_config_glue [-] oslo_limit.endpoint_service_type = None {{(pid=99214) log_opt_values /opt/stack/data/venv/lib/python3.12/site-packages/oslo_config/cfg.py:3253}}
Jul 24 08:46:26.551712 np0000005828 nova-conductor[99214]: DEBUG cotyledon.oslo_config_glue [-] oslo_limit.insecure = False {{(pid=99214) log_opt_values /opt/stack/data/venv/lib/python3.12/site-packages/oslo_config/cfg.py:3253}}
Jul 24 08:46:26.551712 np0000005828 nova-conductor[99214]: DEBUG cotyledon.oslo_config_glue [-] oslo_limit.keyfile = None {{(pid=99214) log_opt_values /opt/stack/data/venv/lib/python3.12/site-packages/oslo_config/cfg.py:3253}}
Jul 24 08:46:26.551712 np0000005828 nova-conductor[99214]: DEBUG cotyledon.oslo_config_glue [-] oslo_limit.max_version = None {{(pid=99214) log_opt_values /opt/stack/data/venv/lib/python3.12/site-packages/oslo_config/cfg.py:3253}}
Jul 24 08:46:26.551712 np0000005828 nova-conductor[99214]: DEBUG cotyledon.oslo_config_glue [-] oslo_limit.min_version = None {{(pid=99214) log_opt_values /opt/stack/data/venv/lib/python3.12/site-packages/oslo_config/cfg.py:3253}}
Jul 24 08:46:26.551712 np0000005828 nova-conductor[99214]: DEBUG cotyledon.oslo_config_glue [-] oslo_limit.region_name = None {{(pid=99214) log_opt_values /opt/stack/data/venv/lib/python3.12/site-packages/oslo_config/cfg.py:3253}}
Jul 24 08:46:26.551712 np0000005828 nova-conductor[99214]: DEBUG cotyledon.oslo_config_glue [-] oslo_limit.retriable_status_codes = None {{(pid=99214) log_opt_values /opt/stack/data/venv/lib/python3.12/site-packages/oslo_config/cfg.py:3253}}
Jul 24 08:46:26.551712 np0000005828 nova-conductor[99214]: DEBUG cotyledon.oslo_config_glue [-] oslo_limit.service_name = None {{(pid=99214) log_opt_values /opt/stack/data/venv/lib/python3.12/site-packages/oslo_config/cfg.py:3253}}
Jul 24 08:46:26.551712 np0000005828 nova-conductor[99214]: DEBUG cotyledon.oslo_config_glue [-] oslo_limit.service_type = None {{(pid=99214) log_opt_values /opt/stack/data/venv/lib/python3.12/site-packages/oslo_config/cfg.py:3253}}
Jul 24 08:46:26.552059 np0000005828 nova-conductor[99214]: DEBUG cotyledon.oslo_config_glue [-] oslo_limit.split_loggers = False {{(pid=99214) log_opt_values /opt/stack/data/venv/lib/python3.12/site-packages/oslo_config/cfg.py:3253}}
Jul 24 08:46:26.552059 np0000005828 nova-conductor[99214]: DEBUG cotyledon.oslo_config_glue [-] oslo_limit.status_code_retries = None {{(pid=99214) log_opt_values /opt/stack/data/venv/lib/python3.12/site-packages/oslo_config/cfg.py:3253}}
Jul 24 08:46:26.552059 np0000005828 nova-conductor[99214]: DEBUG cotyledon.oslo_config_glue [-] oslo_limit.status_code_retry_delay = None {{(pid=99214) log_opt_values /opt/stack/data/venv/lib/python3.12/site-packages/oslo_config/cfg.py:3253}}
Jul 24 08:46:26.552059 np0000005828 nova-conductor[99214]: DEBUG cotyledon.oslo_config_glue [-] oslo_limit.timeout = None {{(pid=99214) log_opt_values /opt/stack/data/venv/lib/python3.12/site-packages/oslo_config/cfg.py:3253}}
Jul 24 08:46:26.552059 np0000005828 nova-conductor[99214]: DEBUG cotyledon.oslo_config_glue [-] oslo_limit.valid_interfaces = None {{(pid=99214) log_opt_values /opt/stack/data/venv/lib/python3.12/site-packages/oslo_config/cfg.py:3253}}
Jul 24 08:46:26.552059 np0000005828 nova-conductor[99214]: DEBUG cotyledon.oslo_config_glue [-] oslo_limit.version = None {{(pid=99214) log_opt_values /opt/stack/data/venv/lib/python3.12/site-packages/oslo_config/cfg.py:3253}}
Jul 24 08:46:26.552059 np0000005828 nova-conductor[99214]: DEBUG cotyledon.oslo_config_glue [-] oslo_reports.file_event_handler = None {{(pid=99214) log_opt_values /opt/stack/data/venv/lib/python3.12/site-packages/oslo_config/cfg.py:3253}}
Jul 24 08:46:26.552059 np0000005828 nova-conductor[99214]: DEBUG cotyledon.oslo_config_glue [-] oslo_reports.file_event_handler_interval = 1 {{(pid=99214) log_opt_values /opt/stack/data/venv/lib/python3.12/site-packages/oslo_config/cfg.py:3253}}
Jul 24 08:46:26.552059 np0000005828 nova-conductor[99214]: DEBUG cotyledon.oslo_config_glue [-] oslo_reports.log_dir = None {{(pid=99214) log_opt_values /opt/stack/data/venv/lib/python3.12/site-packages/oslo_config/cfg.py:3253}}
Jul 24 08:46:26.552284 np0000005828 nova-conductor[99214]: DEBUG cotyledon.oslo_config_glue [-] ******************************************************************************** {{(pid=99214) log_opt_values /opt/stack/data/venv/lib/python3.12/site-packages/oslo_config/cfg.py:3260}}
Jul 24 08:46:26.552284 np0000005828 nova-conductor[99214]: DEBUG cotyledon._service_worker [-] Run service ServiceWrapper(3) [99214] {{(pid=99214) wait_forever /opt/stack/data/venv/lib/python3.12/site-packages/cotyledon/_service_worker.py:218}}
Jul 24 08:46:26.552284 np0000005828 nova-conductor[99214]: INFO nova.service [-] Starting conductor node (version 33.1.0)
Jul 24 08:46:26.552344 np0000005828 nova-conductor[99195]: DEBUG oslo_db.sqlalchemy.engines [None req-92188834-ab1e-4d1e-8081-5b18db561cb0 None None] MySQL server mode set to STRICT_TRANS_TABLES,STRICT_ALL_TABLES,NO_ZERO_IN_DATE,NO_ZERO_DATE,ERROR_FOR_DIVISION_BY_ZERO,TRADITIONAL,NO_ENGINE_SUBSTITUTION {{(pid=99195) _check_effective_sql_mode /opt/stack/data/venv/lib/python3.12/site-packages/oslo_db/sqlalchemy/engines.py:325}}
Jul 24 08:46:26.552370 np0000005828 nova-conductor[99214]: INFO dbcounter [None req-72aec812-017c-4ac4-83bf-f05dba778f7d None None] Registered counter for database nova_cell0
Jul 24 08:46:26.552395 np0000005828 nova-conductor[99195]: DEBUG dbcounter [-] [99195] Writer thread running {{(pid=99195) stat_writer /opt/stack/data/venv/lib/python3.12/site-packages/dbcounter.py:102}}
Jul 24 08:46:26.552432 np0000005828 nova-conductor[99203]: DEBUG oslo_db.sqlalchemy.engines [None req-2f11d3dc-1dab-45b4-a424-415f7cb150fe None None] MySQL server mode set to STRICT_TRANS_TABLES,STRICT_ALL_TABLES,NO_ZERO_IN_DATE,NO_ZERO_DATE,ERROR_FOR_DIVISION_BY_ZERO,TRADITIONAL,NO_ENGINE_SUBSTITUTION {{(pid=99203) _check_effective_sql_mode /opt/stack/data/venv/lib/python3.12/site-packages/oslo_db/sqlalchemy/engines.py:325}}
Jul 24 08:46:26.552432 np0000005828 nova-conductor[99203]: DEBUG dbcounter [-] [99203] Writer thread running {{(pid=99203) stat_writer /opt/stack/data/venv/lib/python3.12/site-packages/dbcounter.py:102}}
Jul 24 08:46:26.552476 np0000005828 nova-conductor[99210]: DEBUG oslo_db.sqlalchemy.engines [None req-05435b8b-d85c-4b63-befc-139ac7a6c92d None None] MySQL server mode set to STRICT_TRANS_TABLES,STRICT_ALL_TABLES,NO_ZERO_IN_DATE,NO_ZERO_DATE,ERROR_FOR_DIVISION_BY_ZERO,TRADITIONAL,NO_ENGINE_SUBSTITUTION {{(pid=99210) _check_effective_sql_mode /opt/stack/data/venv/lib/python3.12/site-packages/oslo_db/sqlalchemy/engines.py:325}}
Jul 24 08:46:26.552504 np0000005828 nova-conductor[99195]: DEBUG nova.service [None req-92188834-ab1e-4d1e-8081-5b18db561cb0 None None] Creating RPC server for service: nova-conductor on topic: conductor {{(pid=99195) start /opt/stack/nova/nova/service.py:196}}
Jul 24 08:46:26.552526 np0000005828 nova-conductor[99210]: DEBUG dbcounter [-] [99210] Writer thread running {{(pid=99210) stat_writer /opt/stack/data/venv/lib/python3.12/site-packages/dbcounter.py:102}}
Jul 24 08:46:26.555190 np0000005828 nova-conductor[99210]: DEBUG nova.service [None req-05435b8b-d85c-4b63-befc-139ac7a6c92d None None] Creating RPC server for service: nova-conductor on topic: conductor {{(pid=99210) start /opt/stack/nova/nova/service.py:196}}
Jul 24 08:46:26.559136 np0000005828 nova-conductor[99203]: DEBUG nova.service [None req-2f11d3dc-1dab-45b4-a424-415f7cb150fe None None] Creating RPC server for service: nova-conductor on topic: conductor {{(pid=99203) start /opt/stack/nova/nova/service.py:196}}
Jul 24 08:46:26.568594 np0000005828 nova-conductor[99214]: DEBUG oslo_db.sqlalchemy.engines [None req-72aec812-017c-4ac4-83bf-f05dba778f7d None None] MySQL server mode set to STRICT_TRANS_TABLES,STRICT_ALL_TABLES,NO_ZERO_IN_DATE,NO_ZERO_DATE,ERROR_FOR_DIVISION_BY_ZERO,TRADITIONAL,NO_ENGINE_SUBSTITUTION {{(pid=99214) _check_effective_sql_mode /opt/stack/data/venv/lib/python3.12/site-packages/oslo_db/sqlalchemy/engines.py:325}}
Jul 24 08:46:26.570041 np0000005828 nova-conductor[99195]: DEBUG nova.service [None req-92188834-ab1e-4d1e-8081-5b18db561cb0 None None] Join ServiceGroup membership for this service conductor {{(pid=99195) start /opt/stack/nova/nova/service.py:222}}
Jul 24 08:46:26.570371 np0000005828 nova-conductor[99195]: DEBUG nova.servicegroup.drivers.db [None req-92188834-ab1e-4d1e-8081-5b18db561cb0 None None] DB_Driver: join new ServiceGroup member np0000005828 to the conductor group, service = {{(pid=99195) join /opt/stack/nova/nova/servicegroup/drivers/db.py:44}}
Jul 24 08:46:26.573934 np0000005828 nova-conductor[99210]: DEBUG nova.service [None req-05435b8b-d85c-4b63-befc-139ac7a6c92d None None] Join ServiceGroup membership for this service conductor {{(pid=99210) start /opt/stack/nova/nova/service.py:222}}
Jul 24 08:46:26.574155 np0000005828 nova-conductor[99210]: DEBUG nova.servicegroup.drivers.db [None req-05435b8b-d85c-4b63-befc-139ac7a6c92d None None] DB_Driver: join new ServiceGroup member np0000005828 to the conductor group, service = {{(pid=99210) join /opt/stack/nova/nova/servicegroup/drivers/db.py:44}}
Jul 24 08:46:26.575959 np0000005828 nova-conductor[99203]: DEBUG nova.service [None req-2f11d3dc-1dab-45b4-a424-415f7cb150fe None None] Join ServiceGroup membership for this service conductor {{(pid=99203) start /opt/stack/nova/nova/service.py:222}}
Jul 24 08:46:26.576185 np0000005828 nova-conductor[99203]: DEBUG nova.servicegroup.drivers.db [None req-2f11d3dc-1dab-45b4-a424-415f7cb150fe None None] DB_Driver: join new ServiceGroup member np0000005828 to the conductor group, service = {{(pid=99203) join /opt/stack/nova/nova/servicegroup/drivers/db.py:44}}
Jul 24 08:46:26.578065 np0000005828 nova-conductor[99214]: DEBUG dbcounter [-] [99214] Writer thread running {{(pid=99214) stat_writer /opt/stack/data/venv/lib/python3.12/site-packages/dbcounter.py:102}}
Jul 24 08:46:26.580987 np0000005828 nova-conductor[99214]: DEBUG nova.service [None req-72aec812-017c-4ac4-83bf-f05dba778f7d None None] Creating RPC server for service: nova-conductor on topic: conductor {{(pid=99214) start /opt/stack/nova/nova/service.py:196}}
Jul 24 08:46:26.597625 np0000005828 nova-conductor[99214]: DEBUG nova.service [None req-72aec812-017c-4ac4-83bf-f05dba778f7d None None] Join ServiceGroup membership for this service conductor {{(pid=99214) start /opt/stack/nova/nova/service.py:222}}
Jul 24 08:46:26.597825 np0000005828 nova-conductor[99214]: DEBUG nova.servicegroup.drivers.db [None req-72aec812-017c-4ac4-83bf-f05dba778f7d None None] DB_Driver: join new ServiceGroup member np0000005828 to the conductor group, service = {{(pid=99214) join /opt/stack/nova/nova/servicegroup/drivers/db.py:44}}
Jul 24 08:46:31.573329 np0000005828 nova-conductor[99195]: DEBUG oslo.service.backend._threading.loopingcall [None req-805450a8-e62e-410b-8549-d841c77170fa None None] Dynamic interval looping call 'nova.service.Service.periodic_tasks' sleeping for 60.00 seconds {{(pid=99195) _run_loop /opt/stack/data/venv/lib/python3.12/site-packages/oslo_service/backend/_threading/loopingcall.py:125}}
Jul 24 08:46:31.582497 np0000005828 nova-conductor[99195]: DEBUG oslo.service.backend._threading.loopingcall [-] Fixed interval looping call 'nova.servicegroup.drivers.db.DbDriver._report_state' sleeping for 119.99 seconds {{(pid=99195) _run_loop /opt/stack/data/venv/lib/python3.12/site-packages/oslo_service/backend/_threading/loopingcall.py:125}}
Jul 24 08:46:31.585666 np0000005828 nova-conductor[99203]: DEBUG oslo.service.backend._threading.loopingcall [-] Fixed interval looping call 'nova.servicegroup.drivers.db.DbDriver._report_state' sleeping for 119.99 seconds {{(pid=99203) _run_loop /opt/stack/data/venv/lib/python3.12/site-packages/oslo_service/backend/_threading/loopingcall.py:125}}
Jul 24 08:46:31.586029 np0000005828 nova-conductor[99210]: DEBUG oslo.service.backend._threading.loopingcall [-] Fixed interval looping call 'nova.servicegroup.drivers.db.DbDriver._report_state' sleeping for 119.99 seconds {{(pid=99210) _run_loop /opt/stack/data/venv/lib/python3.12/site-packages/oslo_service/backend/_threading/loopingcall.py:125}}
Jul 24 08:46:31.601519 np0000005828 nova-conductor[99214]: DEBUG oslo.service.backend._threading.loopingcall [None req-7c614a76-1002-4da1-9dc9-5ad570413a37 None None] Dynamic interval looping call 'nova.service.Service.periodic_tasks' sleeping for 60.00 seconds {{(pid=99214) _run_loop /opt/stack/data/venv/lib/python3.12/site-packages/oslo_service/backend/_threading/loopingcall.py:125}}
Jul 24 08:46:31.608449 np0000005828 nova-conductor[99214]: DEBUG oslo.service.backend._threading.loopingcall [-] Fixed interval looping call 'nova.servicegroup.drivers.db.DbDriver._report_state' sleeping for 119.99 seconds {{(pid=99214) _run_loop /opt/stack/data/venv/lib/python3.12/site-packages/oslo_service/backend/_threading/loopingcall.py:125}}
Jul 24 08:46:33.578279 np0000005828 nova-conductor[99203]: DEBUG oslo.service.backend._threading.loopingcall [None req-e18c3344-3701-4985-8209-de0fb3c2d984 None None] Dynamic interval looping call 'nova.service.Service.periodic_tasks' sleeping for 60.00 seconds {{(pid=99203) _run_loop /opt/stack/data/venv/lib/python3.12/site-packages/oslo_service/backend/_threading/loopingcall.py:125}}
Jul 24 08:46:35.163899 np0000005828 nova-conductor[97790]: DEBUG dbcounter [-] [97790] Writing DB stats nova_api:SELECT=1 {{(pid=97790) stat_writer /opt/stack/data/venv/lib/python3.12/site-packages/dbcounter.py:115}}
Jul 24 08:46:35.298716 np0000005828 nova-conductor[97790]: DEBUG dbcounter [-] [97790] Writing DB stats nova_cell0:SELECT=1 {{(pid=97790) stat_writer /opt/stack/data/venv/lib/python3.12/site-packages/dbcounter.py:115}}
Jul 24 08:46:35.303740 np0000005828 nova-conductor[97790]: DEBUG dbcounter [-] [97790] Writing DB stats nova_cell1:SELECT=1 {{(pid=97790) stat_writer /opt/stack/data/venv/lib/python3.12/site-packages/dbcounter.py:115}}
Jul 24 08:46:40.575843 np0000005828 nova-conductor[99210]: DEBUG oslo.service.backend._threading.loopingcall [None req-b70d0741-f7de-4346-ac23-bb2c03db1284 None None] Dynamic interval looping call 'nova.service.Service.periodic_tasks' sleeping for 60.00 seconds {{(pid=99210) _run_loop /opt/stack/data/venv/lib/python3.12/site-packages/oslo_service/backend/_threading/loopingcall.py:125}}
Jul 24 08:46:41.579366 np0000005828 nova-conductor[99195]: DEBUG dbcounter [-] [99195] Writing DB stats nova_cell0:SELECT=4,nova_cell0:INSERT=1,nova_cell0:UPDATE=1 {{(pid=99195) stat_writer /opt/stack/data/venv/lib/python3.12/site-packages/dbcounter.py:115}}
Jul 24 08:46:41.584041 np0000005828 nova-conductor[99203]: DEBUG dbcounter [-] [99203] Writing DB stats nova_cell0:SELECT=4,nova_cell0:INSERT=1,nova_cell0:UPDATE=1 {{(pid=99203) stat_writer /opt/stack/data/venv/lib/python3.12/site-packages/dbcounter.py:115}}
Jul 24 08:46:41.584784 np0000005828 nova-conductor[99210]: DEBUG dbcounter [-] [99210] Writing DB stats nova_cell0:SELECT=3,nova_cell0:UPDATE=1 {{(pid=99210) stat_writer /opt/stack/data/venv/lib/python3.12/site-packages/dbcounter.py:115}}
Jul 24 08:46:41.606021 np0000005828 nova-conductor[99214]: DEBUG dbcounter [-] [99214] Writing DB stats nova_cell0:SELECT=3 {{(pid=99214) stat_writer /opt/stack/data/venv/lib/python3.12/site-packages/dbcounter.py:115}}
Jul 24 08:47:31.574386 np0000005828 nova-conductor[99195]: DEBUG oslo.service.backend._threading.loopingcall [None req-805450a8-e62e-410b-8549-d841c77170fa None None] Dynamic interval looping call 'nova.service.Service.periodic_tasks' sleeping for 60.00 seconds {{(pid=99195) _run_loop /opt/stack/data/venv/lib/python3.12/site-packages/oslo_service/backend/_threading/loopingcall.py:125}}
Jul 24 08:47:31.601966 np0000005828 nova-conductor[99214]: DEBUG oslo.service.backend._threading.loopingcall [None req-7c614a76-1002-4da1-9dc9-5ad570413a37 None None] Dynamic interval looping call 'nova.service.Service.periodic_tasks' sleeping for 60.00 seconds {{(pid=99214) _run_loop /opt/stack/data/venv/lib/python3.12/site-packages/oslo_service/backend/_threading/loopingcall.py:125}}
Jul 24 08:47:33.578851 np0000005828 nova-conductor[99203]: DEBUG oslo.service.backend._threading.loopingcall [None req-e18c3344-3701-4985-8209-de0fb3c2d984 None None] Dynamic interval looping call 'nova.service.Service.periodic_tasks' sleeping for 60.00 seconds {{(pid=99203) _run_loop /opt/stack/data/venv/lib/python3.12/site-packages/oslo_service/backend/_threading/loopingcall.py:125}}
Jul 24 08:47:40.576297 np0000005828 nova-conductor[99210]: DEBUG oslo.service.backend._threading.loopingcall [None req-b70d0741-f7de-4346-ac23-bb2c03db1284 None None] Dynamic interval looping call 'nova.service.Service.periodic_tasks' sleeping for 60.00 seconds {{(pid=99210) _run_loop /opt/stack/data/venv/lib/python3.12/site-packages/oslo_service/backend/_threading/loopingcall.py:125}}
Jul 24 08:48:31.574835 np0000005828 nova-conductor[99195]: DEBUG oslo.service.backend._threading.loopingcall [None req-805450a8-e62e-410b-8549-d841c77170fa None None] Dynamic interval looping call 'nova.service.Service.periodic_tasks' sleeping for 60.00 seconds {{(pid=99195) _run_loop /opt/stack/data/venv/lib/python3.12/site-packages/oslo_service/backend/_threading/loopingcall.py:125}}
Jul 24 08:48:31.585548 np0000005828 nova-conductor[99210]: DEBUG oslo.service.backend._threading.loopingcall [-] Fixed interval looping call 'nova.servicegroup.drivers.db.DbDriver._report_state' sleeping for 119.99 seconds {{(pid=99210) _run_loop /opt/stack/data/venv/lib/python3.12/site-packages/oslo_service/backend/_threading/loopingcall.py:125}}
Jul 24 08:48:31.586466 np0000005828 nova-conductor[99195]: DEBUG oslo.service.backend._threading.loopingcall [-] Fixed interval looping call 'nova.servicegroup.drivers.db.DbDriver._report_state' sleeping for 119.99 seconds {{(pid=99195) _run_loop /opt/stack/data/venv/lib/python3.12/site-packages/oslo_service/backend/_threading/loopingcall.py:125}}
Jul 24 08:48:31.587281 np0000005828 nova-conductor[99203]: DEBUG oslo.service.backend._threading.loopingcall [-] Fixed interval looping call 'nova.servicegroup.drivers.db.DbDriver._report_state' sleeping for 119.99 seconds {{(pid=99203) _run_loop /opt/stack/data/venv/lib/python3.12/site-packages/oslo_service/backend/_threading/loopingcall.py:125}}
Jul 24 08:48:31.602372 np0000005828 nova-conductor[99214]: DEBUG oslo.service.backend._threading.loopingcall [-] Fixed interval looping call 'nova.servicegroup.drivers.db.DbDriver._report_state' sleeping for 120.00 seconds {{(pid=99214) _run_loop /opt/stack/data/venv/lib/python3.12/site-packages/oslo_service/backend/_threading/loopingcall.py:125}}
Jul 24 08:48:31.603037 np0000005828 nova-conductor[99214]: DEBUG oslo.service.backend._threading.loopingcall [None req-7c614a76-1002-4da1-9dc9-5ad570413a37 None None] Dynamic interval looping call 'nova.service.Service.periodic_tasks' sleeping for 60.00 seconds {{(pid=99214) _run_loop /opt/stack/data/venv/lib/python3.12/site-packages/oslo_service/backend/_threading/loopingcall.py:125}}
Jul 24 08:48:33.579320 np0000005828 nova-conductor[99203]: DEBUG oslo.service.backend._threading.loopingcall [None req-e18c3344-3701-4985-8209-de0fb3c2d984 None None] Dynamic interval looping call 'nova.service.Service.periodic_tasks' sleeping for 60.00 seconds {{(pid=99203) _run_loop /opt/stack/data/venv/lib/python3.12/site-packages/oslo_service/backend/_threading/loopingcall.py:125}}
Jul 24 08:48:40.577061 np0000005828 nova-conductor[99210]: DEBUG oslo.service.backend._threading.loopingcall [None req-b70d0741-f7de-4346-ac23-bb2c03db1284 None None] Dynamic interval looping call 'nova.service.Service.periodic_tasks' sleeping for 60.00 seconds {{(pid=99210) _run_loop /opt/stack/data/venv/lib/python3.12/site-packages/oslo_service/backend/_threading/loopingcall.py:125}}
Jul 24 08:48:41.578277 np0000005828 nova-conductor[99195]: DEBUG dbcounter [-] [99195] Writing DB stats nova_cell0:SELECT=1,nova_cell0:UPDATE=1 {{(pid=99195) stat_writer /opt/stack/data/venv/lib/python3.12/site-packages/dbcounter.py:115}}
Jul 24 08:48:41.581628 np0000005828 nova-conductor[99210]: DEBUG dbcounter [-] [99210] Writing DB stats nova_cell0:SELECT=1,nova_cell0:UPDATE=1 {{(pid=99210) stat_writer /opt/stack/data/venv/lib/python3.12/site-packages/dbcounter.py:115}}
Jul 24 08:48:41.583307 np0000005828 nova-conductor[99203]: DEBUG dbcounter [-] [99203] Writing DB stats nova_cell0:SELECT=1,nova_cell0:UPDATE=1 {{(pid=99203) stat_writer /opt/stack/data/venv/lib/python3.12/site-packages/dbcounter.py:115}}
Jul 24 08:48:41.600601 np0000005828 nova-conductor[99214]: DEBUG dbcounter [-] [99214] Writing DB stats nova_cell0:SELECT=1 {{(pid=99214) stat_writer /opt/stack/data/venv/lib/python3.12/site-packages/dbcounter.py:115}}
Jul 24 08:48:50.614107 np0000005828 nova-conductor[99195]: DEBUG oslo_db.sqlalchemy.engines [None req-06cabc01-9fb7-4cc0-b311-ba81598dcff2 tempest-DeleteServersTestJSON-2121021938 tempest-DeleteServersTestJSON-2121021938-project-member] Parent process 97790 forked (99195) with an open database connection, which is being discarded and recreated. {{(pid=99195) checkout /opt/stack/data/venv/lib/python3.12/site-packages/oslo_db/sqlalchemy/engines.py:402}}
Jul 24 08:48:50.677930 np0000005828 nova-conductor[99195]: DEBUG dbcounter [-] [99195] Writer thread running {{(pid=99195) stat_writer /opt/stack/data/venv/lib/python3.12/site-packages/dbcounter.py:102}}
Jul 24 08:48:51.901242 np0000005828 nova-conductor[99195]: DEBUG nova.conductor.manager [None req-06cabc01-9fb7-4cc0-b311-ba81598dcff2 tempest-DeleteServersTestJSON-2121021938 tempest-DeleteServersTestJSON-2121021938-project-member] Took 1.22 seconds to select destinations for 1 instance(s). {{(pid=99195) _schedule_instances /opt/stack/nova/nova/conductor/manager.py:968}}
Jul 24 08:48:51.935574 np0000005828 nova-conductor[99195]: DEBUG oslo_concurrency.lockutils [None req-06cabc01-9fb7-4cc0-b311-ba81598dcff2 tempest-DeleteServersTestJSON-2121021938 tempest-DeleteServersTestJSON-2121021938-project-member] Acquiring lock "db3ade94-5a1f-4b50-8112-27a7e004a8b1" by "nova.context.set_target_cell..get_or_set_cached_cell_and_set_connections" {{(pid=99195) inner /opt/stack/data/venv/lib/python3.12/site-packages/oslo_concurrency/lockutils.py:512}}
Jul 24 08:48:51.936553 np0000005828 nova-conductor[99195]: DEBUG oslo_concurrency.lockutils [None req-06cabc01-9fb7-4cc0-b311-ba81598dcff2 tempest-DeleteServersTestJSON-2121021938 tempest-DeleteServersTestJSON-2121021938-project-member] Lock "db3ade94-5a1f-4b50-8112-27a7e004a8b1" acquired by "nova.context.set_target_cell..get_or_set_cached_cell_and_set_connections" :: waited 0.001s {{(pid=99195) inner /opt/stack/data/venv/lib/python3.12/site-packages/oslo_concurrency/lockutils.py:525}}
Jul 24 08:48:51.937949 np0000005828 nova-conductor[99195]: DEBUG oslo_concurrency.lockutils [None req-06cabc01-9fb7-4cc0-b311-ba81598dcff2 tempest-DeleteServersTestJSON-2121021938 tempest-DeleteServersTestJSON-2121021938-project-member] Lock "db3ade94-5a1f-4b50-8112-27a7e004a8b1" "released" by "nova.context.set_target_cell..get_or_set_cached_cell_and_set_connections" :: held 0.002s {{(pid=99195) inner /opt/stack/data/venv/lib/python3.12/site-packages/oslo_concurrency/lockutils.py:544}}
Jul 24 08:48:51.940009 np0000005828 nova-conductor[99195]: INFO dbcounter [None req-06cabc01-9fb7-4cc0-b311-ba81598dcff2 tempest-DeleteServersTestJSON-2121021938 tempest-DeleteServersTestJSON-2121021938-project-member] Registered counter for database nova_cell1
Jul 24 08:48:51.992327 np0000005828 nova-conductor[99195]: DEBUG oslo_db.sqlalchemy.engines [None req-06cabc01-9fb7-4cc0-b311-ba81598dcff2 tempest-DeleteServersTestJSON-2121021938 tempest-DeleteServersTestJSON-2121021938-project-member] MySQL server mode set to STRICT_TRANS_TABLES,STRICT_ALL_TABLES,NO_ZERO_IN_DATE,NO_ZERO_DATE,ERROR_FOR_DIVISION_BY_ZERO,TRADITIONAL,NO_ENGINE_SUBSTITUTION {{(pid=99195) _check_effective_sql_mode /opt/stack/data/venv/lib/python3.12/site-packages/oslo_db/sqlalchemy/engines.py:325}}
Jul 24 08:48:51.999788 np0000005828 nova-conductor[99195]: DEBUG dbcounter [-] [99195] Writer thread running {{(pid=99195) stat_writer /opt/stack/data/venv/lib/python3.12/site-packages/dbcounter.py:102}}
Jul 24 08:48:52.082532 np0000005828 nova-conductor[99195]: INFO nova.utils [None req-06cabc01-9fb7-4cc0-b311-ba81598dcff2 tempest-DeleteServersTestJSON-2121021938 tempest-DeleteServersTestJSON-2121021938-project-member] The cell worker thread pool ForkProcess-1.cell_worker is initialized
Jul 24 08:48:52.083404 np0000005828 nova-conductor[99195]: DEBUG oslo_concurrency.lockutils [None req-06cabc01-9fb7-4cc0-b311-ba81598dcff2 tempest-DeleteServersTestJSON-2121021938 tempest-DeleteServersTestJSON-2121021938-project-member] Acquiring lock "00000000-0000-0000-0000-000000000000" by "nova.context.set_target_cell..get_or_set_cached_cell_and_set_connections" {{(pid=99195) inner /opt/stack/data/venv/lib/python3.12/site-packages/oslo_concurrency/lockutils.py:512}}
Jul 24 08:48:52.083404 np0000005828 nova-conductor[99195]: DEBUG oslo_concurrency.lockutils [None req-06cabc01-9fb7-4cc0-b311-ba81598dcff2 tempest-DeleteServersTestJSON-2121021938 tempest-DeleteServersTestJSON-2121021938-project-member] Lock "00000000-0000-0000-0000-000000000000" acquired by "nova.context.set_target_cell..get_or_set_cached_cell_and_set_connections" :: waited 0.000s {{(pid=99195) inner /opt/stack/data/venv/lib/python3.12/site-packages/oslo_concurrency/lockutils.py:525}}
Jul 24 08:48:52.083640 np0000005828 nova-conductor[99195]: DEBUG oslo_concurrency.lockutils [None req-06cabc01-9fb7-4cc0-b311-ba81598dcff2 tempest-DeleteServersTestJSON-2121021938 tempest-DeleteServersTestJSON-2121021938-project-member] Lock "00000000-0000-0000-0000-000000000000" "released" by "nova.context.set_target_cell..get_or_set_cached_cell_and_set_connections" :: held 0.000s {{(pid=99195) inner /opt/stack/data/venv/lib/python3.12/site-packages/oslo_concurrency/lockutils.py:544}}
Jul 24 08:48:52.084631 np0000005828 nova-conductor[99195]: DEBUG oslo_concurrency.lockutils [None req-06cabc01-9fb7-4cc0-b311-ba81598dcff2 tempest-DeleteServersTestJSON-2121021938 tempest-DeleteServersTestJSON-2121021938-project-member] Acquiring lock "db3ade94-5a1f-4b50-8112-27a7e004a8b1" by "nova.context.set_target_cell..get_or_set_cached_cell_and_set_connections" {{(pid=99195) inner /opt/stack/data/venv/lib/python3.12/site-packages/oslo_concurrency/lockutils.py:512}}
Jul 24 08:48:52.084775 np0000005828 nova-conductor[99195]: DEBUG oslo_concurrency.lockutils [None req-06cabc01-9fb7-4cc0-b311-ba81598dcff2 tempest-DeleteServersTestJSON-2121021938 tempest-DeleteServersTestJSON-2121021938-project-member] Lock "db3ade94-5a1f-4b50-8112-27a7e004a8b1" acquired by "nova.context.set_target_cell..get_or_set_cached_cell_and_set_connections" :: waited 0.000s {{(pid=99195) inner /opt/stack/data/venv/lib/python3.12/site-packages/oslo_concurrency/lockutils.py:525}}
