Jul 19 15:12:33.987660 np0000005435 devstack@g-api.service[99706]: DEBUG glance_store.backend [-] Registering store swift with schemes ('swift+https', 'swift', 'swift+http', 'swift+config') {{(pid=99706) create_stores /opt/stack/data/venv/lib/python3.12/site-packages/glance_store/backend.py:261}}
Jul 19 15:12:33.987719 np0000005435 devstack@g-api.service[99706]: DEBUG glance_store.driver [-] Late loading location class glance_store._drivers.swift.store.StoreLocation {{(pid=99706) get_store_location_class /opt/stack/data/venv/lib/python3.12/site-packages/glance_store/driver.py:134}}
Jul 19 15:12:33.987800 np0000005435 devstack@g-api.service[99706]: DEBUG glance_store.location [-] Registering scheme swift+https with {'store': , 'location_class': , 'store_entry': 'swift'} {{(pid=99706) register_scheme_map /opt/stack/data/venv/lib/python3.12/site-packages/glance_store/location.py:146}}
Jul 19 15:12:33.987882 np0000005435 devstack@g-api.service[99706]: DEBUG glance_store.location [-] Registering scheme swift with {'store': , 'location_class': , 'store_entry': 'swift'} {{(pid=99706) register_scheme_map /opt/stack/data/venv/lib/python3.12/site-packages/glance_store/location.py:146}}
Jul 19 15:12:33.987946 np0000005435 devstack@g-api.service[99706]: DEBUG glance_store.location [-] Registering scheme swift+http with {'store': , 'location_class': , 'store_entry': 'swift'} {{(pid=99706) register_scheme_map /opt/stack/data/venv/lib/python3.12/site-packages/glance_store/location.py:146}}
Jul 19 15:12:33.988000 np0000005435 devstack@g-api.service[99706]: DEBUG glance_store.location [-] Registering scheme swift+config with {'store': , 'location_class': , 'store_entry': 'swift'} {{(pid=99706) register_scheme_map /opt/stack/data/venv/lib/python3.12/site-packages/glance_store/location.py:146}}
Jul 19 15:12:33.988055 np0000005435 devstack@g-api.service[99706]: DEBUG glance_store.backend [-] Attempting to import store file {{(pid=99706) _load_store /opt/stack/data/venv/lib/python3.12/site-packages/glance_store/backend.py:215}}
Jul 19 15:12:33.988518 np0000005435 devstack@g-api.service[99706]: DEBUG glance_store.capabilities [-] Store glance_store._drivers.filesystem.Store doesn't support updating dynamic storage capabilities. Please overwrite 'update_capabilities' method of the store to implement updating logics if needed. {{(pid=99706) update_capabilities /opt/stack/data/venv/lib/python3.12/site-packages/glance_store/capabilities.py:91}}
Jul 19 15:12:33.988579 np0000005435 devstack@g-api.service[99706]: DEBUG glance_store.backend [-] Registering store file with schemes ('file', 'filesystem') {{(pid=99706) create_stores /opt/stack/data/venv/lib/python3.12/site-packages/glance_store/backend.py:261}}
Jul 19 15:12:33.988636 np0000005435 devstack@g-api.service[99706]: DEBUG glance_store.driver [-] Late loading location class glance_store._drivers.filesystem.StoreLocation {{(pid=99706) get_store_location_class /opt/stack/data/venv/lib/python3.12/site-packages/glance_store/driver.py:134}}
Jul 19 15:12:33.988699 np0000005435 devstack@g-api.service[99706]: DEBUG glance_store.location [-] Registering scheme file with {'store': , 'location_class': , 'store_entry': 'file'} {{(pid=99706) register_scheme_map /opt/stack/data/venv/lib/python3.12/site-packages/glance_store/location.py:146}}
Jul 19 15:12:33.988746 np0000005435 devstack@g-api.service[99706]: DEBUG glance_store.location [-] Registering scheme filesystem with {'store': , 'location_class': , 'store_entry': 'file'} {{(pid=99706) register_scheme_map /opt/stack/data/venv/lib/python3.12/site-packages/glance_store/location.py:146}}
Jul 19 15:12:33.988844 np0000005435 devstack@g-api.service[99706]: DEBUG glance_store.backend [-] Attempting to import store swift {{(pid=99706) _load_store /opt/stack/data/venv/lib/python3.12/site-packages/glance_store/backend.py:215}}
Jul 19 15:12:33.989836 np0000005435 devstack@g-api.service[99706]: DEBUG glance_store.capabilities [-] Store glance_store._drivers.swift.store.SingleTenantStore doesn't support updating dynamic storage capabilities. Please overwrite 'update_capabilities' method of the store to implement updating logics if needed. {{(pid=99706) update_capabilities /opt/stack/data/venv/lib/python3.12/site-packages/glance_store/capabilities.py:91}}
Jul 19 15:12:33.989889 np0000005435 devstack@g-api.service[99706]: DEBUG glance_store.driver [-] Late loading location class glance_store._drivers.swift.store.StoreLocation {{(pid=99706) get_store_location_class /opt/stack/data/venv/lib/python3.12/site-packages/glance_store/driver.py:134}}
Jul 19 15:12:33.989949 np0000005435 devstack@g-api.service[99706]: DEBUG glance_store.location [-] Registering scheme swift+https with {'store': , 'location_class': , 'store_entry': 'swift'} {{(pid=99706) register_scheme_map /opt/stack/data/venv/lib/python3.12/site-packages/glance_store/location.py:146}}
Jul 19 15:12:33.990006 np0000005435 devstack@g-api.service[99706]: DEBUG glance_store.location [-] Registering scheme swift+https with {'store': , 'location_class': , 'store_entry': 'swift'} {{(pid=99706) register_scheme_map /opt/stack/data/venv/lib/python3.12/site-packages/glance_store/location.py:146}}
Jul 19 15:12:33.990061 np0000005435 devstack@g-api.service[99706]: DEBUG glance_store.location [-] Registering scheme swift with {'store': , 'location_class': , 'store_entry': 'swift'} {{(pid=99706) register_scheme_map /opt/stack/data/venv/lib/python3.12/site-packages/glance_store/location.py:146}}
Jul 19 15:12:33.990107 np0000005435 devstack@g-api.service[99706]: DEBUG glance_store.location [-] Registering scheme swift+https with {'store': , 'location_class': , 'store_entry': 'swift'} {{(pid=99706) register_scheme_map /opt/stack/data/venv/lib/python3.12/site-packages/glance_store/location.py:146}}
Jul 19 15:12:33.990137 np0000005435 devstack@g-api.service[99706]: DEBUG glance_store.location [-] Registering scheme swift with {'store': , 'location_class': , 'store_entry': 'swift'} {{(pid=99706) register_scheme_map /opt/stack/data/venv/lib/python3.12/site-packages/glance_store/location.py:146}}
Jul 19 15:12:33.990183 np0000005435 devstack@g-api.service[99706]: DEBUG glance_store.location [-] Registering scheme swift+http with {'store': , 'location_class': , 'store_entry': 'swift'} {{(pid=99706) register_scheme_map /opt/stack/data/venv/lib/python3.12/site-packages/glance_store/location.py:146}}
Jul 19 15:12:33.990231 np0000005435 devstack@g-api.service[99706]: DEBUG glance_store.location [-] Registering scheme swift+https with {'store': , 'location_class': , 'store_entry': 'swift'} {{(pid=99706) register_scheme_map /opt/stack/data/venv/lib/python3.12/site-packages/glance_store/location.py:146}}
Jul 19 15:12:33.990307 np0000005435 devstack@g-api.service[99706]: DEBUG glance_store.location [-] Registering scheme swift with {'store': , 'location_class': , 'store_entry': 'swift'} {{(pid=99706) register_scheme_map /opt/stack/data/venv/lib/python3.12/site-packages/glance_store/location.py:146}}
Jul 19 15:12:33.990355 np0000005435 devstack@g-api.service[99706]: DEBUG glance_store.location [-] Registering scheme swift+http with {'store': , 'location_class': , 'store_entry': 'swift'} {{(pid=99706) register_scheme_map /opt/stack/data/venv/lib/python3.12/site-packages/glance_store/location.py:146}}
Jul 19 15:12:33.990406 np0000005435 devstack@g-api.service[99706]: DEBUG glance_store.location [-] Registering scheme swift+config with {'store': , 'location_class': , 'store_entry': 'swift'} {{(pid=99706) register_scheme_map /opt/stack/data/venv/lib/python3.12/site-packages/glance_store/location.py:146}}
Jul 19 15:12:33.990652 np0000005435 devstack@g-api.service[99706]: DEBUG glance.sqlite_migration [-] SQLite caching database not located, skipping migration {{(pid=99706) get_db_path /opt/stack/glance/glance/sqlite_migration.py:68}}
Jul 19 15:12:33.990819 np0000005435 devstack@g-api.service[99706]: WARNING glance.common.wsgi_app [-] Import methods are enabled but staging directory /tmp/staging/ does not exist; Imports will fail!
Jul 19 15:12:34.070482 np0000005435 devstack@g-api.service[99704]: DEBUG glance.common.config [None req-1d724fb3-be33-4037-903a-e67be4284402 None None] Loading glance-api-keystone+cachemanagement from /etc/glance/glance-api-paste.ini {{(pid=99704) load_paste_app /opt/stack/glance/glance/common/config.py:765}}
Jul 19 15:12:34.116191 np0000005435 devstack@g-api.service[99705]: DEBUG glance.common.config [None req-87c6768e-feac-49b4-817a-6ec518384357 None None] Loading glance-api-keystone+cachemanagement from /etc/glance/glance-api-paste.ini {{(pid=99705) load_paste_app /opt/stack/glance/glance/common/config.py:765}}
Jul 19 15:12:34.122415 np0000005435 devstack@g-api.service[99706]: DEBUG glance.common.config [None req-5547bd7e-88a4-4469-8dae-0a988c5c54eb None None] Loading glance-api-keystone+cachemanagement from /etc/glance/glance-api-paste.ini {{(pid=99706) load_paste_app /opt/stack/glance/glance/common/config.py:765}}
Jul 19 15:12:34.658095 np0000005435 devstack@g-api.service[99704]: INFO glance.image_cache [None req-1d724fb3-be33-4037-903a-e67be4284402 None None] Image cache loaded driver 'centralized_db'.
Jul 19 15:12:34.661859 np0000005435 devstack@g-api.service[99705]: INFO glance.image_cache [None req-87c6768e-feac-49b4-817a-6ec518384357 None None] Image cache loaded driver 'centralized_db'.
Jul 19 15:12:34.672292 np0000005435 devstack@g-api.service[99706]: INFO glance.image_cache [None req-5547bd7e-88a4-4469-8dae-0a988c5c54eb None None] Image cache loaded driver 'centralized_db'.
Jul 19 15:12:34.703688 np0000005435 devstack@g-api.service[99704]: INFO dbcounter [None req-1d724fb3-be33-4037-903a-e67be4284402 None None] Registered counter for database glance
Jul 19 15:12:34.711264 np0000005435 devstack@g-api.service[99705]: INFO dbcounter [None req-87c6768e-feac-49b4-817a-6ec518384357 None None] Registered counter for database glance
Jul 19 15:12:34.719321 np0000005435 devstack@g-api.service[99706]: INFO dbcounter [None req-5547bd7e-88a4-4469-8dae-0a988c5c54eb None None] Registered counter for database glance
Jul 19 15:12:34.742792 np0000005435 devstack@g-api.service[99704]: DEBUG oslo_db.sqlalchemy.engines [None req-1d724fb3-be33-4037-903a-e67be4284402 None None] MySQL server mode set to STRICT_TRANS_TABLES,STRICT_ALL_TABLES,NO_ZERO_IN_DATE,NO_ZERO_DATE,ERROR_FOR_DIVISION_BY_ZERO,TRADITIONAL,NO_ENGINE_SUBSTITUTION {{(pid=99704) _check_effective_sql_mode /opt/stack/data/venv/lib/python3.12/site-packages/oslo_db/sqlalchemy/engines.py:325}}
Jul 19 15:12:34.753805 np0000005435 devstack@g-api.service[99705]: DEBUG oslo_db.sqlalchemy.engines [None req-87c6768e-feac-49b4-817a-6ec518384357 None None] MySQL server mode set to STRICT_TRANS_TABLES,STRICT_ALL_TABLES,NO_ZERO_IN_DATE,NO_ZERO_DATE,ERROR_FOR_DIVISION_BY_ZERO,TRADITIONAL,NO_ENGINE_SUBSTITUTION {{(pid=99705) _check_effective_sql_mode /opt/stack/data/venv/lib/python3.12/site-packages/oslo_db/sqlalchemy/engines.py:325}}
Jul 19 15:12:34.758838 np0000005435 devstack@g-api.service[99706]: DEBUG oslo_db.sqlalchemy.engines [None req-5547bd7e-88a4-4469-8dae-0a988c5c54eb None None] MySQL server mode set to STRICT_TRANS_TABLES,STRICT_ALL_TABLES,NO_ZERO_IN_DATE,NO_ZERO_DATE,ERROR_FOR_DIVISION_BY_ZERO,TRADITIONAL,NO_ENGINE_SUBSTITUTION {{(pid=99706) _check_effective_sql_mode /opt/stack/data/venv/lib/python3.12/site-packages/oslo_db/sqlalchemy/engines.py:325}}
Jul 19 15:12:34.763234 np0000005435 devstack@g-api.service[99704]: DEBUG dbcounter [-] [99704] Writer thread running {{(pid=99704) stat_writer /opt/stack/data/venv/lib/python3.12/site-packages/dbcounter.py:102}}
Jul 19 15:12:34.777491 np0000005435 devstack@g-api.service[99705]: DEBUG dbcounter [-] [99705] Writer thread running {{(pid=99705) stat_writer /opt/stack/data/venv/lib/python3.12/site-packages/dbcounter.py:102}}
Jul 19 15:12:34.778547 np0000005435 devstack@g-api.service[99706]: DEBUG dbcounter [-] [99706] Writer thread running {{(pid=99706) stat_writer /opt/stack/data/venv/lib/python3.12/site-packages/dbcounter.py:102}}
Jul 19 15:12:34.780936 np0000005435 devstack@g-api.service[99705]: DEBUG glance.image_cache.drivers.centralized_db [None req-87c6768e-feac-49b4-817a-6ec518384357 None None] Node reference is already recorded, ignoring it {{(pid=99705) configure /opt/stack/glance/glance/image_cache/drivers/centralized_db.py:71}}
Jul 19 15:12:34.781917 np0000005435 devstack@g-api.service[99706]: DEBUG glance.image_cache.drivers.centralized_db [None req-5547bd7e-88a4-4469-8dae-0a988c5c54eb None None] Node reference is already recorded, ignoring it {{(pid=99706) configure /opt/stack/glance/glance/image_cache/drivers/centralized_db.py:71}}
Jul 19 15:12:34.788336 np0000005435 devstack@g-api.service[99706]: INFO glance.image_cache [None req-5547bd7e-88a4-4469-8dae-0a988c5c54eb None None] Image cache loaded driver 'centralized_db'.
Jul 19 15:12:34.791008 np0000005435 devstack@g-api.service[99705]: INFO glance.image_cache [None req-87c6768e-feac-49b4-817a-6ec518384357 None None] Image cache loaded driver 'centralized_db'.
Jul 19 15:12:34.863869 np0000005435 devstack@g-api.service[99704]: INFO glance.image_cache [None req-1d724fb3-be33-4037-903a-e67be4284402 None None] Image cache loaded driver 'centralized_db'.
Jul 19 15:12:34.871028 np0000005435 devstack@g-api.service[99704]: DEBUG glance.image_cache.drivers.centralized_db [None req-1d724fb3-be33-4037-903a-e67be4284402 None None] Node reference is already recorded, ignoring it {{(pid=99704) configure /opt/stack/glance/glance/image_cache/drivers/centralized_db.py:71}}
Jul 19 15:12:34.876168 np0000005435 devstack@g-api.service[99704]: DEBUG glance.api.v2.cached_images [None req-1d724fb3-be33-4037-903a-e67be4284402 None None] Started cache worker thread {{(pid=99704) __init__ /opt/stack/glance/glance/api/v2/cached_images.py:71}}
Jul 19 15:12:34.876915 np0000005435 devstack@g-api.service[99704]: INFO glance.image_cache [None req-1d724fb3-be33-4037-903a-e67be4284402 None None] Image cache loaded driver 'centralized_db'.
Jul 19 15:12:34.880287 np0000005435 devstack@g-api.service[99706]: DEBUG glance.image_cache.drivers.centralized_db [None req-5547bd7e-88a4-4469-8dae-0a988c5c54eb None None] Node reference is already recorded, ignoring it {{(pid=99706) configure /opt/stack/glance/glance/image_cache/drivers/centralized_db.py:71}}
Jul 19 15:12:34.883465 np0000005435 devstack@g-api.service[99704]: DEBUG glance.image_cache.drivers.centralized_db [None req-1d724fb3-be33-4037-903a-e67be4284402 None None] Node reference is already recorded, ignoring it {{(pid=99704) configure /opt/stack/glance/glance/image_cache/drivers/centralized_db.py:71}}
Jul 19 15:12:34.884718 np0000005435 devstack@g-api.service[99706]: DEBUG glance.api.v2.cached_images [None req-5547bd7e-88a4-4469-8dae-0a988c5c54eb None None] Started cache worker thread {{(pid=99706) __init__ /opt/stack/glance/glance/api/v2/cached_images.py:71}}
Jul 19 15:12:34.885286 np0000005435 devstack@g-api.service[99706]: INFO glance.image_cache [None req-5547bd7e-88a4-4469-8dae-0a988c5c54eb None None] Image cache loaded driver 'centralized_db'.
Jul 19 15:12:34.888091 np0000005435 devstack@g-api.service[99704]: INFO glance.api.middleware.cache_manage [None req-1d724fb3-be33-4037-903a-e67be4284402 None None] Initialized image cache management middleware
Jul 19 15:12:34.888225 np0000005435 devstack@g-api.service[99704]: INFO glance.image_cache [None req-1d724fb3-be33-4037-903a-e67be4284402 None None] Image cache loaded driver 'centralized_db'.
Jul 19 15:12:34.888403 np0000005435 devstack@g-api.service[99705]: DEBUG glance.image_cache.drivers.centralized_db [None req-87c6768e-feac-49b4-817a-6ec518384357 None None] Node reference is already recorded, ignoring it {{(pid=99705) configure /opt/stack/glance/glance/image_cache/drivers/centralized_db.py:71}}
Jul 19 15:12:34.891642 np0000005435 devstack@g-api.service[99706]: DEBUG glance.image_cache.drivers.centralized_db [None req-5547bd7e-88a4-4469-8dae-0a988c5c54eb None None] Node reference is already recorded, ignoring it {{(pid=99706) configure /opt/stack/glance/glance/image_cache/drivers/centralized_db.py:71}}
Jul 19 15:12:34.893312 np0000005435 devstack@g-api.service[99705]: DEBUG glance.api.v2.cached_images [None req-87c6768e-feac-49b4-817a-6ec518384357 None None] Started cache worker thread {{(pid=99705) __init__ /opt/stack/glance/glance/api/v2/cached_images.py:71}}
Jul 19 15:12:34.894159 np0000005435 devstack@g-api.service[99705]: INFO glance.image_cache [None req-87c6768e-feac-49b4-817a-6ec518384357 None None] Image cache loaded driver 'centralized_db'.
Jul 19 15:12:34.894670 np0000005435 devstack@g-api.service[99704]: DEBUG glance.image_cache.drivers.centralized_db [None req-1d724fb3-be33-4037-903a-e67be4284402 None None] Node reference is already recorded, ignoring it {{(pid=99704) configure /opt/stack/glance/glance/image_cache/drivers/centralized_db.py:71}}
Jul 19 15:12:34.895794 np0000005435 devstack@g-api.service[99706]: INFO glance.api.middleware.cache_manage [None req-5547bd7e-88a4-4469-8dae-0a988c5c54eb None None] Initialized image cache management middleware
Jul 19 15:12:34.895921 np0000005435 devstack@g-api.service[99706]: INFO glance.image_cache [None req-5547bd7e-88a4-4469-8dae-0a988c5c54eb None None] Image cache loaded driver 'centralized_db'.
Jul 19 15:12:34.900169 np0000005435 devstack@g-api.service[99704]: INFO glance.api.middleware.cache [None req-1d724fb3-be33-4037-903a-e67be4284402 None None] Initialized image cache middleware
Jul 19 15:12:34.901275 np0000005435 devstack@g-api.service[99705]: DEBUG glance.image_cache.drivers.centralized_db [None req-87c6768e-feac-49b4-817a-6ec518384357 None None] Node reference is already recorded, ignoring it {{(pid=99705) configure /opt/stack/glance/glance/image_cache/drivers/centralized_db.py:71}}
Jul 19 15:12:34.901638 np0000005435 devstack@g-api.service[99706]: DEBUG glance.image_cache.drivers.centralized_db [None req-5547bd7e-88a4-4469-8dae-0a988c5c54eb None None] Node reference is already recorded, ignoring it {{(pid=99706) configure /opt/stack/glance/glance/image_cache/drivers/centralized_db.py:71}}
Jul 19 15:12:34.905011 np0000005435 devstack@g-api.service[99705]: INFO glance.api.middleware.cache_manage [None req-87c6768e-feac-49b4-817a-6ec518384357 None None] Initialized image cache management middleware
Jul 19 15:12:34.905142 np0000005435 devstack@g-api.service[99705]: INFO glance.image_cache [None req-87c6768e-feac-49b4-817a-6ec518384357 None None] Image cache loaded driver 'centralized_db'.
Jul 19 15:12:34.910521 np0000005435 devstack@g-api.service[99704]: DEBUG glance.common.config [None req-1d724fb3-be33-4037-903a-e67be4284402 None None] ******************************************************************************** {{(pid=99704) log_opt_values /opt/stack/data/venv/lib/python3.12/site-packages/oslo_config/cfg.py:3226}}
Jul 19 15:12:34.910606 np0000005435 devstack@g-api.service[99704]: DEBUG glance.common.config [None req-1d724fb3-be33-4037-903a-e67be4284402 None None] Configuration options gathered from: {{(pid=99704) log_opt_values /opt/stack/data/venv/lib/python3.12/site-packages/oslo_config/cfg.py:3227}}
Jul 19 15:12:34.910835 np0000005435 devstack@g-api.service[99704]: DEBUG glance.common.config [None req-1d724fb3-be33-4037-903a-e67be4284402 None None] command line args: [] {{(pid=99704) log_opt_values /opt/stack/data/venv/lib/python3.12/site-packages/oslo_config/cfg.py:3228}}
Jul 19 15:12:34.910950 np0000005435 devstack@g-api.service[99704]: DEBUG glance.common.config [None req-1d724fb3-be33-4037-903a-e67be4284402 None None] config files: ['/etc/glance/glance-image-import.conf', '/etc/glance/glance-api.conf'] {{(pid=99704) log_opt_values /opt/stack/data/venv/lib/python3.12/site-packages/oslo_config/cfg.py:3229}}
Jul 19 15:12:34.911016 np0000005435 devstack@g-api.service[99704]: DEBUG glance.common.config [None req-1d724fb3-be33-4037-903a-e67be4284402 None None] ================================================================================ {{(pid=99704) log_opt_values /opt/stack/data/venv/lib/python3.12/site-packages/oslo_config/cfg.py:3234}}
Jul 19 15:12:34.911147 np0000005435 devstack@g-api.service[99704]: DEBUG glance.common.config [None req-1d724fb3-be33-4037-903a-e67be4284402 None None] allow_anonymous_access = False {{(pid=99704) log_opt_values /opt/stack/data/venv/lib/python3.12/site-packages/oslo_config/cfg.py:3242}}
Jul 19 15:12:34.911258 np0000005435 devstack@g-api.service[99704]: DEBUG glance.common.config [None req-1d724fb3-be33-4037-903a-e67be4284402 None None] api_limit_max = 1000 {{(pid=99704) log_opt_values /opt/stack/data/venv/lib/python3.12/site-packages/oslo_config/cfg.py:3242}}
Jul 19 15:12:34.911361 np0000005435 devstack@g-api.service[99704]: DEBUG glance.common.config [None req-1d724fb3-be33-4037-903a-e67be4284402 None None] config_dir = [] {{(pid=99704) log_opt_values /opt/stack/data/venv/lib/python3.12/site-packages/oslo_config/cfg.py:3242}}
Jul 19 15:12:34.911431 np0000005435 devstack@g-api.service[99704]: DEBUG glance.common.config [None req-1d724fb3-be33-4037-903a-e67be4284402 None None] config_file = ['/etc/glance/glance-image-import.conf', '/etc/glance/glance-api.conf'] {{(pid=99704) log_opt_values /opt/stack/data/venv/lib/python3.12/site-packages/oslo_config/cfg.py:3242}}
Jul 19 15:12:34.911524 np0000005435 devstack@g-api.service[99704]: DEBUG glance.common.config [None req-1d724fb3-be33-4037-903a-e67be4284402 None None] config_source = [] {{(pid=99704) log_opt_values /opt/stack/data/venv/lib/python3.12/site-packages/oslo_config/cfg.py:3242}}
Jul 19 15:12:34.911628 np0000005435 devstack@g-api.service[99704]: DEBUG glance.common.config [None req-1d724fb3-be33-4037-903a-e67be4284402 None None] control_exchange = glance {{(pid=99704) log_opt_values /opt/stack/data/venv/lib/python3.12/site-packages/oslo_config/cfg.py:3242}}
Jul 19 15:12:34.911695 np0000005435 devstack@g-api.service[99704]: DEBUG glance.common.config [None req-1d724fb3-be33-4037-903a-e67be4284402 None None] debug = True {{(pid=99704) log_opt_values /opt/stack/data/venv/lib/python3.12/site-packages/oslo_config/cfg.py:3242}}
Jul 19 15:12:34.911846 np0000005435 devstack@g-api.service[99704]: DEBUG glance.common.config [None req-1d724fb3-be33-4037-903a-e67be4284402 None None] default_log_levels = ['amqp=WARN', 'boto=WARN', 'sqlalchemy=WARN', 'suds=INFO', 'oslo.messaging=INFO', 'oslo_messaging=INFO', 'iso8601=WARN', 'requests.packages.urllib3.connectionpool=WARN', 'urllib3.connectionpool=WARN', 'websocket=WARN', 'requests.packages.urllib3.util.retry=WARN', 'urllib3.util.retry=WARN', 'keystonemiddleware=WARN', 'routes.middleware=WARN', 'stevedore=WARN', 'taskflow=WARN', 'keystoneauth=WARN', 'oslo.cache=INFO', 'oslo_policy=INFO', 'dogpile.core.dogpile=INFO'] {{(pid=99704) log_opt_values /opt/stack/data/venv/lib/python3.12/site-packages/oslo_config/cfg.py:3242}}
Jul 19 15:12:34.911940 np0000005435 devstack@g-api.service[99704]: DEBUG glance.common.config [None req-1d724fb3-be33-4037-903a-e67be4284402 None None] default_publisher_id = image.localhost {{(pid=99704) log_opt_values /opt/stack/data/venv/lib/python3.12/site-packages/oslo_config/cfg.py:3242}}
Jul 19 15:12:34.912026 np0000005435 devstack@g-api.service[99704]: DEBUG glance.common.config [None req-1d724fb3-be33-4037-903a-e67be4284402 None None] delayed_delete = False {{(pid=99704) log_opt_values /opt/stack/data/venv/lib/python3.12/site-packages/oslo_config/cfg.py:3242}}
Jul 19 15:12:34.912116 np0000005435 devstack@g-api.service[99704]: DEBUG glance.common.config [None req-1d724fb3-be33-4037-903a-e67be4284402 None None] digest_algorithm = sha256 {{(pid=99704) log_opt_values /opt/stack/data/venv/lib/python3.12/site-packages/oslo_config/cfg.py:3242}}
Jul 19 15:12:34.912221 np0000005435 devstack@g-api.service[99704]: DEBUG glance.common.config [None req-1d724fb3-be33-4037-903a-e67be4284402 None None] disabled_notifications = [] {{(pid=99704) log_opt_values /opt/stack/data/venv/lib/python3.12/site-packages/oslo_config/cfg.py:3242}}
Jul 19 15:12:34.912328 np0000005435 devstack@g-api.service[99704]: DEBUG glance.common.config [None req-1d724fb3-be33-4037-903a-e67be4284402 None None] do_secure_hash = True {{(pid=99704) log_opt_values /opt/stack/data/venv/lib/python3.12/site-packages/oslo_config/cfg.py:3242}}
Jul 19 15:12:34.912416 np0000005435 devstack@g-api.service[99704]: DEBUG glance.common.config [None req-1d724fb3-be33-4037-903a-e67be4284402 None None] enabled_backends = None {{(pid=99704) log_opt_values /opt/stack/data/venv/lib/python3.12/site-packages/oslo_config/cfg.py:3242}}
Jul 19 15:12:34.912525 np0000005435 devstack@g-api.service[99704]: DEBUG glance.common.config [None req-1d724fb3-be33-4037-903a-e67be4284402 None None] enabled_import_methods = ['glance-direct', 'web-download', 'copy-image'] {{(pid=99704) log_opt_values /opt/stack/data/venv/lib/python3.12/site-packages/oslo_config/cfg.py:3242}}
Jul 19 15:12:34.912625 np0000005435 devstack@g-api.service[99704]: DEBUG glance.common.config [None req-1d724fb3-be33-4037-903a-e67be4284402 None None] fatal_deprecations = False {{(pid=99704) log_opt_values /opt/stack/data/venv/lib/python3.12/site-packages/oslo_config/cfg.py:3242}}
Jul 19 15:12:34.912717 np0000005435 devstack@g-api.service[99704]: DEBUG glance.common.config [None req-1d724fb3-be33-4037-903a-e67be4284402 None None] hashing_algorithm = sha512 {{(pid=99704) log_opt_values /opt/stack/data/venv/lib/python3.12/site-packages/oslo_config/cfg.py:3242}}
Jul 19 15:12:34.912801 np0000005435 devstack@g-api.service[99704]: DEBUG glance.common.config [None req-1d724fb3-be33-4037-903a-e67be4284402 None None] http_retries = 3 {{(pid=99704) log_opt_values /opt/stack/data/venv/lib/python3.12/site-packages/oslo_config/cfg.py:3242}}
Jul 19 15:12:34.912894 np0000005435 devstack@g-api.service[99704]: DEBUG glance.common.config [None req-1d724fb3-be33-4037-903a-e67be4284402 None None] image_cache_dir = /opt/stack/data/glance/cache/ {{(pid=99704) log_opt_values /opt/stack/data/venv/lib/python3.12/site-packages/oslo_config/cfg.py:3242}}
Jul 19 15:12:34.912986 np0000005435 devstack@g-api.service[99704]: DEBUG glance.common.config [None req-1d724fb3-be33-4037-903a-e67be4284402 None None] image_cache_driver = centralized_db {{(pid=99704) log_opt_values /opt/stack/data/venv/lib/python3.12/site-packages/oslo_config/cfg.py:3242}}
Jul 19 15:12:34.913071 np0000005435 devstack@g-api.service[99704]: DEBUG glance.common.config [None req-1d724fb3-be33-4037-903a-e67be4284402 None None] image_cache_max_size = 10737418240 {{(pid=99704) log_opt_values /opt/stack/data/venv/lib/python3.12/site-packages/oslo_config/cfg.py:3242}}
Jul 19 15:12:34.913176 np0000005435 devstack@g-api.service[99704]: DEBUG glance.common.config [None req-1d724fb3-be33-4037-903a-e67be4284402 None None] image_cache_sqlite_db = cache.db {{(pid=99704) log_opt_values /opt/stack/data/venv/lib/python3.12/site-packages/oslo_config/cfg.py:3242}}
Jul 19 15:12:34.913293 np0000005435 devstack@g-api.service[99704]: DEBUG glance.common.config [None req-1d724fb3-be33-4037-903a-e67be4284402 None None] image_cache_stall_time = 86400 {{(pid=99704) log_opt_values /opt/stack/data/venv/lib/python3.12/site-packages/oslo_config/cfg.py:3242}}
Jul 19 15:12:34.913386 np0000005435 devstack@g-api.service[99704]: DEBUG glance.common.config [None req-1d724fb3-be33-4037-903a-e67be4284402 None None] image_location_quota = 10 {{(pid=99704) log_opt_values /opt/stack/data/venv/lib/python3.12/site-packages/oslo_config/cfg.py:3242}}
Jul 19 15:12:34.913509 np0000005435 devstack@g-api.service[99704]: DEBUG glance.common.config [None req-1d724fb3-be33-4037-903a-e67be4284402 None None] image_member_quota = 128 {{(pid=99704) log_opt_values /opt/stack/data/venv/lib/python3.12/site-packages/oslo_config/cfg.py:3242}}
Jul 19 15:12:34.913611 np0000005435 devstack@g-api.service[99704]: DEBUG glance.common.config [None req-1d724fb3-be33-4037-903a-e67be4284402 None None] image_property_quota = 128 {{(pid=99704) log_opt_values /opt/stack/data/venv/lib/python3.12/site-packages/oslo_config/cfg.py:3242}}
Jul 19 15:12:34.914086 np0000005435 devstack@g-api.service[99704]: DEBUG glance.common.config [None req-1d724fb3-be33-4037-903a-e67be4284402 None None] image_size_cap = 1099511627776 {{(pid=99704) log_opt_values /opt/stack/data/venv/lib/python3.12/site-packages/oslo_config/cfg.py:3242}}
Jul 19 15:12:34.914086 np0000005435 devstack@g-api.service[99704]: DEBUG glance.common.config [None req-1d724fb3-be33-4037-903a-e67be4284402 None None] image_tag_quota = 128 {{(pid=99704) log_opt_values /opt/stack/data/venv/lib/python3.12/site-packages/oslo_config/cfg.py:3242}}
Jul 19 15:12:34.914086 np0000005435 devstack@g-api.service[99704]: DEBUG glance.common.config [None req-1d724fb3-be33-4037-903a-e67be4284402 None None] instance_format = [instance: %(uuid)s] {{(pid=99704) log_opt_values /opt/stack/data/venv/lib/python3.12/site-packages/oslo_config/cfg.py:3242}}
Jul 19 15:12:34.914086 np0000005435 devstack@g-api.service[99704]: DEBUG glance.common.config [None req-1d724fb3-be33-4037-903a-e67be4284402 None None] instance_uuid_format = [instance: %(uuid)s] {{(pid=99704) log_opt_values /opt/stack/data/venv/lib/python3.12/site-packages/oslo_config/cfg.py:3242}}
Jul 19 15:12:34.914086 np0000005435 devstack@g-api.service[99704]: DEBUG glance.common.config [None req-1d724fb3-be33-4037-903a-e67be4284402 None None] limit_param_default = 25 {{(pid=99704) log_opt_values /opt/stack/data/venv/lib/python3.12/site-packages/oslo_config/cfg.py:3242}}
Jul 19 15:12:34.914531 np0000005435 devstack@g-api.service[99704]: DEBUG glance.common.config [None req-1d724fb3-be33-4037-903a-e67be4284402 None None] log_color = False {{(pid=99704) log_opt_values /opt/stack/data/venv/lib/python3.12/site-packages/oslo_config/cfg.py:3242}}
Jul 19 15:12:34.914531 np0000005435 devstack@g-api.service[99704]: DEBUG glance.common.config [None req-1d724fb3-be33-4037-903a-e67be4284402 None None] log_config_append = None {{(pid=99704) log_opt_values /opt/stack/data/venv/lib/python3.12/site-packages/oslo_config/cfg.py:3242}}
Jul 19 15:12:34.914531 np0000005435 devstack@g-api.service[99704]: DEBUG glance.common.config [None req-1d724fb3-be33-4037-903a-e67be4284402 None None] log_date_format = %Y-%m-%d %H:%M:%S {{(pid=99704) log_opt_values /opt/stack/data/venv/lib/python3.12/site-packages/oslo_config/cfg.py:3242}}
Jul 19 15:12:34.914619 np0000005435 devstack@g-api.service[99705]: DEBUG glance.image_cache.drivers.centralized_db [None req-87c6768e-feac-49b4-817a-6ec518384357 None None] Node reference is already recorded, ignoring it {{(pid=99705) configure /opt/stack/glance/glance/image_cache/drivers/centralized_db.py:71}}
Jul 19 15:12:34.914648 np0000005435 devstack@g-api.service[99704]: DEBUG glance.common.config [None req-1d724fb3-be33-4037-903a-e67be4284402 None None] log_dir = None {{(pid=99704) log_opt_values /opt/stack/data/venv/lib/python3.12/site-packages/oslo_config/cfg.py:3242}}
Jul 19 15:12:34.914648 np0000005435 devstack@g-api.service[99704]: DEBUG glance.common.config [None req-1d724fb3-be33-4037-903a-e67be4284402 None None] log_file = None {{(pid=99704) log_opt_values /opt/stack/data/venv/lib/python3.12/site-packages/oslo_config/cfg.py:3242}}
Jul 19 15:12:34.914648 np0000005435 devstack@g-api.service[99704]: DEBUG glance.common.config [None req-1d724fb3-be33-4037-903a-e67be4284402 None None] log_rotate_interval = 1 {{(pid=99704) log_opt_values /opt/stack/data/venv/lib/python3.12/site-packages/oslo_config/cfg.py:3242}}
Jul 19 15:12:34.914715 np0000005435 devstack@g-api.service[99706]: INFO glance.api.middleware.cache [None req-5547bd7e-88a4-4469-8dae-0a988c5c54eb None None] Initialized image cache middleware
Jul 19 15:12:34.914760 np0000005435 devstack@g-api.service[99704]: DEBUG glance.common.config [None req-1d724fb3-be33-4037-903a-e67be4284402 None None] log_rotate_interval_type = days {{(pid=99704) log_opt_values /opt/stack/data/venv/lib/python3.12/site-packages/oslo_config/cfg.py:3242}}
Jul 19 15:12:34.914760 np0000005435 devstack@g-api.service[99704]: DEBUG glance.common.config [None req-1d724fb3-be33-4037-903a-e67be4284402 None None] log_rotation_type = none {{(pid=99704) log_opt_values /opt/stack/data/venv/lib/python3.12/site-packages/oslo_config/cfg.py:3242}}
Jul 19 15:12:34.914819 np0000005435 devstack@g-api.service[99704]: DEBUG glance.common.config [None req-1d724fb3-be33-4037-903a-e67be4284402 None None] logging_context_format_string = %(color)s%(levelname)s %(name)s [%(global_request_id)s %(request_id)s %(project_name)s %(user_name)s%(color)s] %(instance)s%(color)s%(message)s {{(pid=99704) log_opt_values /opt/stack/data/venv/lib/python3.12/site-packages/oslo_config/cfg.py:3242}}
Jul 19 15:12:34.914884 np0000005435 devstack@g-api.service[99704]: DEBUG glance.common.config [None req-1d724fb3-be33-4037-903a-e67be4284402 None None] logging_debug_format_suffix = {{(pid=%(process)d) %(funcName)s %(pathname)s:%(lineno)d}} {{(pid=99704) log_opt_values /opt/stack/data/venv/lib/python3.12/site-packages/oslo_config/cfg.py:3242}}
Jul 19 15:12:34.914976 np0000005435 devstack@g-api.service[99704]: DEBUG glance.common.config [None req-1d724fb3-be33-4037-903a-e67be4284402 None None] logging_default_format_string = %(color)s%(levelname)s %(name)s [-%(color)s] %(instance)s%(color)s%(message)s {{(pid=99704) log_opt_values /opt/stack/data/venv/lib/python3.12/site-packages/oslo_config/cfg.py:3242}}
Jul 19 15:12:34.915065 np0000005435 devstack@g-api.service[99704]: DEBUG glance.common.config [None req-1d724fb3-be33-4037-903a-e67be4284402 None None] logging_exception_prefix = ERROR %(name)s %(instance)s {{(pid=99704) log_opt_values /opt/stack/data/venv/lib/python3.12/site-packages/oslo_config/cfg.py:3242}}
Jul 19 15:12:34.915127 np0000005435 devstack@g-api.service[99704]: DEBUG glance.common.config [None req-1d724fb3-be33-4037-903a-e67be4284402 None None] logging_user_identity_format = %(user)s %(project)s %(domain)s %(system_scope)s %(user_domain)s %(project_domain)s {{(pid=99704) log_opt_values /opt/stack/data/venv/lib/python3.12/site-packages/oslo_config/cfg.py:3242}}
Jul 19 15:12:34.915233 np0000005435 devstack@g-api.service[99704]: DEBUG glance.common.config [None req-1d724fb3-be33-4037-903a-e67be4284402 None None] max_logfile_count = 30 {{(pid=99704) log_opt_values /opt/stack/data/venv/lib/python3.12/site-packages/oslo_config/cfg.py:3242}}
Jul 19 15:12:34.915343 np0000005435 devstack@g-api.service[99704]: DEBUG glance.common.config [None req-1d724fb3-be33-4037-903a-e67be4284402 None None] max_logfile_size_mb = 200 {{(pid=99704) log_opt_values /opt/stack/data/venv/lib/python3.12/site-packages/oslo_config/cfg.py:3242}}
Jul 19 15:12:34.915428 np0000005435 devstack@g-api.service[99704]: DEBUG glance.common.config [None req-1d724fb3-be33-4037-903a-e67be4284402 None None] max_request_id_length = 64 {{(pid=99704) log_opt_values /opt/stack/data/venv/lib/python3.12/site-packages/oslo_config/cfg.py:3242}}
Jul 19 15:12:34.915510 np0000005435 devstack@g-api.service[99704]: DEBUG glance.common.config [None req-1d724fb3-be33-4037-903a-e67be4284402 None None] metadata_encryption_key = **** {{(pid=99704) log_opt_values /opt/stack/data/venv/lib/python3.12/site-packages/oslo_config/cfg.py:3242}}
Jul 19 15:12:34.915610 np0000005435 devstack@g-api.service[99704]: DEBUG glance.common.config [None req-1d724fb3-be33-4037-903a-e67be4284402 None None] node_staging_uri = file:///tmp/staging/ {{(pid=99704) log_opt_values /opt/stack/data/venv/lib/python3.12/site-packages/oslo_config/cfg.py:3242}}
Jul 19 15:12:34.915694 np0000005435 devstack@g-api.service[99704]: DEBUG glance.common.config [None req-1d724fb3-be33-4037-903a-e67be4284402 None None] property_protection_file = None {{(pid=99704) log_opt_values /opt/stack/data/venv/lib/python3.12/site-packages/oslo_config/cfg.py:3242}}
Jul 19 15:12:34.915785 np0000005435 devstack@g-api.service[99704]: DEBUG glance.common.config [None req-1d724fb3-be33-4037-903a-e67be4284402 None None] property_protection_rule_format = roles {{(pid=99704) log_opt_values /opt/stack/data/venv/lib/python3.12/site-packages/oslo_config/cfg.py:3242}}
Jul 19 15:12:34.915872 np0000005435 devstack@g-api.service[99704]: DEBUG glance.common.config [None req-1d724fb3-be33-4037-903a-e67be4284402 None None] public_endpoint = https://10.4.3.123/image {{(pid=99704) log_opt_values /opt/stack/data/venv/lib/python3.12/site-packages/oslo_config/cfg.py:3242}}
Jul 19 15:12:34.915956 np0000005435 devstack@g-api.service[99704]: DEBUG glance.common.config [None req-1d724fb3-be33-4037-903a-e67be4284402 None None] publish_errors = False {{(pid=99704) log_opt_values /opt/stack/data/venv/lib/python3.12/site-packages/oslo_config/cfg.py:3242}}
Jul 19 15:12:34.916040 np0000005435 devstack@g-api.service[99704]: DEBUG glance.common.config [None req-1d724fb3-be33-4037-903a-e67be4284402 None None] pydev_worker_debug_host = None {{(pid=99704) log_opt_values /opt/stack/data/venv/lib/python3.12/site-packages/oslo_config/cfg.py:3242}}
Jul 19 15:12:34.916130 np0000005435 devstack@g-api.service[99704]: DEBUG glance.common.config [None req-1d724fb3-be33-4037-903a-e67be4284402 None None] pydev_worker_debug_port = 5678 {{(pid=99704) log_opt_values /opt/stack/data/venv/lib/python3.12/site-packages/oslo_config/cfg.py:3242}}
Jul 19 15:12:34.916228 np0000005435 devstack@g-api.service[99704]: DEBUG glance.common.config [None req-1d724fb3-be33-4037-903a-e67be4284402 None None] rate_limit_burst = 0 {{(pid=99704) log_opt_values /opt/stack/data/venv/lib/python3.12/site-packages/oslo_config/cfg.py:3242}}
Jul 19 15:12:34.916363 np0000005435 devstack@g-api.service[99704]: DEBUG glance.common.config [None req-1d724fb3-be33-4037-903a-e67be4284402 None None] rate_limit_except_level = CRITICAL {{(pid=99704) log_opt_values /opt/stack/data/venv/lib/python3.12/site-packages/oslo_config/cfg.py:3242}}
Jul 19 15:12:34.916452 np0000005435 devstack@g-api.service[99704]: DEBUG glance.common.config [None req-1d724fb3-be33-4037-903a-e67be4284402 None None] rate_limit_interval = 0 {{(pid=99704) log_opt_values /opt/stack/data/venv/lib/python3.12/site-packages/oslo_config/cfg.py:3242}}
Jul 19 15:12:34.916538 np0000005435 devstack@g-api.service[99704]: DEBUG glance.common.config [None req-1d724fb3-be33-4037-903a-e67be4284402 None None] scrub_pool_size = 1 {{(pid=99704) log_opt_values /opt/stack/data/venv/lib/python3.12/site-packages/oslo_config/cfg.py:3242}}
Jul 19 15:12:34.916640 np0000005435 devstack@g-api.service[99704]: DEBUG glance.common.config [None req-1d724fb3-be33-4037-903a-e67be4284402 None None] scrub_time = 0 {{(pid=99704) log_opt_values /opt/stack/data/venv/lib/python3.12/site-packages/oslo_config/cfg.py:3242}}
Jul 19 15:12:34.916768 np0000005435 devstack@g-api.service[99704]: DEBUG glance.common.config [None req-1d724fb3-be33-4037-903a-e67be4284402 None None] shell_completion = None {{(pid=99704) log_opt_values /opt/stack/data/venv/lib/python3.12/site-packages/oslo_config/cfg.py:3242}}
Jul 19 15:12:34.916879 np0000005435 devstack@g-api.service[99704]: DEBUG glance.common.config [None req-1d724fb3-be33-4037-903a-e67be4284402 None None] show_image_direct_url = False {{(pid=99704) log_opt_values /opt/stack/data/venv/lib/python3.12/site-packages/oslo_config/cfg.py:3242}}
Jul 19 15:12:34.917076 np0000005435 devstack@g-api.service[99704]: WARNING oslo_config.cfg [None req-1d724fb3-be33-4037-903a-e67be4284402 None None] Deprecated: Option "show_multiple_locations" from group "DEFAULT" is deprecated for removal (Use of this option, deprecated since Newton, is a security risk and will be removed once we figure out a way to satisfy those use cases that currently require it. An earlier announcement that the same functionality can be achieved with greater granularity by using policies is incorrect. You cannot work around this option via policy configuration at the present time, though that is the direction we believe the fix will take. Please keep an eye on the Glance release notes to stay up to date on progress in addressing this issue.). Its value may be silently ignored in the future.
Jul 19 15:12:34.917176 np0000005435 devstack@g-api.service[99704]: DEBUG glance.common.config [None req-1d724fb3-be33-4037-903a-e67be4284402 None None] show_multiple_locations = False {{(pid=99704) log_opt_values /opt/stack/data/venv/lib/python3.12/site-packages/oslo_config/cfg.py:3242}}
Jul 19 15:12:34.917320 np0000005435 devstack@g-api.service[99704]: DEBUG glance.common.config [None req-1d724fb3-be33-4037-903a-e67be4284402 None None] syslog_log_facility = LOG_USER {{(pid=99704) log_opt_values /opt/stack/data/venv/lib/python3.12/site-packages/oslo_config/cfg.py:3242}}
Jul 19 15:12:34.917421 np0000005435 devstack@g-api.service[99704]: DEBUG glance.common.config [None req-1d724fb3-be33-4037-903a-e67be4284402 None None] transport_url = **** {{(pid=99704) log_opt_values /opt/stack/data/venv/lib/python3.12/site-packages/oslo_config/cfg.py:3242}}
Jul 19 15:12:34.917549 np0000005435 devstack@g-api.service[99704]: DEBUG glance.common.config [None req-1d724fb3-be33-4037-903a-e67be4284402 None None] use_journal = False {{(pid=99704) log_opt_values /opt/stack/data/venv/lib/python3.12/site-packages/oslo_config/cfg.py:3242}}
Jul 19 15:12:34.917603 np0000005435 devstack@g-api.service[99705]: INFO glance.api.middleware.cache [None req-87c6768e-feac-49b4-817a-6ec518384357 None None] Initialized image cache middleware
Jul 19 15:12:34.917650 np0000005435 devstack@g-api.service[99704]: DEBUG glance.common.config [None req-1d724fb3-be33-4037-903a-e67be4284402 None None] use_json = False {{(pid=99704) log_opt_values /opt/stack/data/venv/lib/python3.12/site-packages/oslo_config/cfg.py:3242}}
Jul 19 15:12:34.917745 np0000005435 devstack@g-api.service[99704]: DEBUG glance.common.config [None req-1d724fb3-be33-4037-903a-e67be4284402 None None] use_keystone_limits = True {{(pid=99704) log_opt_values /opt/stack/data/venv/lib/python3.12/site-packages/oslo_config/cfg.py:3242}}
Jul 19 15:12:34.917831 np0000005435 devstack@g-api.service[99704]: DEBUG glance.common.config [None req-1d724fb3-be33-4037-903a-e67be4284402 None None] use_stderr = False {{(pid=99704) log_opt_values /opt/stack/data/venv/lib/python3.12/site-packages/oslo_config/cfg.py:3242}}
Jul 19 15:12:34.917927 np0000005435 devstack@g-api.service[99704]: DEBUG glance.common.config [None req-1d724fb3-be33-4037-903a-e67be4284402 None None] use_syslog = False {{(pid=99704) log_opt_values /opt/stack/data/venv/lib/python3.12/site-packages/oslo_config/cfg.py:3242}}
Jul 19 15:12:34.918037 np0000005435 devstack@g-api.service[99704]: DEBUG glance.common.config [None req-1d724fb3-be33-4037-903a-e67be4284402 None None] user_storage_quota = 0 {{(pid=99704) log_opt_values /opt/stack/data/venv/lib/python3.12/site-packages/oslo_config/cfg.py:3242}}
Jul 19 15:12:34.918129 np0000005435 devstack@g-api.service[99704]: DEBUG glance.common.config [None req-1d724fb3-be33-4037-903a-e67be4284402 None None] worker_self_reference_url = http://127.0.0.1:60999 {{(pid=99704) log_opt_values /opt/stack/data/venv/lib/python3.12/site-packages/oslo_config/cfg.py:3242}}
Jul 19 15:12:34.918233 np0000005435 devstack@g-api.service[99704]: DEBUG glance.common.config [None req-1d724fb3-be33-4037-903a-e67be4284402 None None] oslo_concurrency.disable_process_locking = False {{(pid=99704) log_opt_values /opt/stack/data/venv/lib/python3.12/site-packages/oslo_config/cfg.py:3253}}
Jul 19 15:12:34.918366 np0000005435 devstack@g-api.service[99704]: DEBUG glance.common.config [None req-1d724fb3-be33-4037-903a-e67be4284402 None None] oslo_concurrency.lock_path = /opt/stack/data/glance/locks {{(pid=99704) log_opt_values /opt/stack/data/venv/lib/python3.12/site-packages/oslo_config/cfg.py:3253}}
Jul 19 15:12:34.918461 np0000005435 devstack@g-api.service[99704]: DEBUG glance.common.config [None req-1d724fb3-be33-4037-903a-e67be4284402 None None] oslo_middleware.enable_proxy_headers_parsing = False {{(pid=99704) log_opt_values /opt/stack/data/venv/lib/python3.12/site-packages/oslo_config/cfg.py:3253}}
Jul 19 15:12:34.918552 np0000005435 devstack@g-api.service[99704]: DEBUG glance.common.config [None req-1d724fb3-be33-4037-903a-e67be4284402 None None] oslo_middleware.http_basic_auth_user_file = /etc/htpasswd {{(pid=99704) log_opt_values /opt/stack/data/venv/lib/python3.12/site-packages/oslo_config/cfg.py:3253}}
Jul 19 15:12:34.918653 np0000005435 devstack@g-api.service[99704]: DEBUG glance.common.config [None req-1d724fb3-be33-4037-903a-e67be4284402 None None] paste_deploy.config_file = None {{(pid=99704) log_opt_values /opt/stack/data/venv/lib/python3.12/site-packages/oslo_config/cfg.py:3253}}
Jul 19 15:12:34.918743 np0000005435 devstack@g-api.service[99704]: DEBUG glance.common.config [None req-1d724fb3-be33-4037-903a-e67be4284402 None None] paste_deploy.flavor = keystone+cachemanagement {{(pid=99704) log_opt_values /opt/stack/data/venv/lib/python3.12/site-packages/oslo_config/cfg.py:3253}}
Jul 19 15:12:34.918864 np0000005435 devstack@g-api.service[99704]: DEBUG glance.common.config [None req-1d724fb3-be33-4037-903a-e67be4284402 None None] image_format.container_formats = ['ami', 'ari', 'aki', 'bare', 'ovf', 'ova', 'docker', 'compressed'] {{(pid=99704) log_opt_values /opt/stack/data/venv/lib/python3.12/site-packages/oslo_config/cfg.py:3253}}
Jul 19 15:12:34.918988 np0000005435 devstack@g-api.service[99704]: DEBUG glance.common.config [None req-1d724fb3-be33-4037-903a-e67be4284402 None None] image_format.disk_formats = ['ami', 'ari', 'aki', 'vhd', 'vhdx', 'vmdk', 'raw', 'qcow2', 'vdi', 'iso', 'ploop'] {{(pid=99704) log_opt_values /opt/stack/data/venv/lib/python3.12/site-packages/oslo_config/cfg.py:3253}}
Jul 19 15:12:34.919078 np0000005435 devstack@g-api.service[99704]: DEBUG glance.common.config [None req-1d724fb3-be33-4037-903a-e67be4284402 None None] image_format.gpt_safety_checks_nonfatal = [] {{(pid=99704) log_opt_values /opt/stack/data/venv/lib/python3.12/site-packages/oslo_config/cfg.py:3253}}
Jul 19 15:12:34.919171 np0000005435 devstack@g-api.service[99704]: DEBUG glance.common.config [None req-1d724fb3-be33-4037-903a-e67be4284402 None None] image_format.require_image_format_match = True {{(pid=99704) log_opt_values /opt/stack/data/venv/lib/python3.12/site-packages/oslo_config/cfg.py:3253}}
Jul 19 15:12:34.919303 np0000005435 devstack@g-api.service[99704]: DEBUG glance.common.config [None req-1d724fb3-be33-4037-903a-e67be4284402 None None] image_format.vmdk_allowed_types = ['streamOptimized', 'monolithicSparse'] {{(pid=99704) log_opt_values /opt/stack/data/venv/lib/python3.12/site-packages/oslo_config/cfg.py:3253}}
Jul 19 15:12:34.919410 np0000005435 devstack@g-api.service[99704]: DEBUG glance.common.config [None req-1d724fb3-be33-4037-903a-e67be4284402 None None] task.task_executor = taskflow {{(pid=99704) log_opt_values /opt/stack/data/venv/lib/python3.12/site-packages/oslo_config/cfg.py:3253}}
Jul 19 15:12:34.919501 np0000005435 devstack@g-api.service[99704]: DEBUG glance.common.config [None req-1d724fb3-be33-4037-903a-e67be4284402 None None] task.task_time_to_live = 48 {{(pid=99704) log_opt_values /opt/stack/data/venv/lib/python3.12/site-packages/oslo_config/cfg.py:3253}}
Jul 19 15:12:34.919585 np0000005435 devstack@g-api.service[99704]: DEBUG glance.common.config [None req-1d724fb3-be33-4037-903a-e67be4284402 None None] task.work_dir = None {{(pid=99704) log_opt_values /opt/stack/data/venv/lib/python3.12/site-packages/oslo_config/cfg.py:3253}}
Jul 19 15:12:34.919691 np0000005435 devstack@g-api.service[99704]: DEBUG glance.common.config [None req-1d724fb3-be33-4037-903a-e67be4284402 None None] wsgi.python_interpreter = /opt/stack/data/venv/bin/python3 {{(pid=99704) log_opt_values /opt/stack/data/venv/lib/python3.12/site-packages/oslo_config/cfg.py:3253}}
Jul 19 15:12:34.919779 np0000005435 devstack@g-api.service[99704]: DEBUG glance.common.config [None req-1d724fb3-be33-4037-903a-e67be4284402 None None] wsgi.task_pool_threads = 16 {{(pid=99704) log_opt_values /opt/stack/data/venv/lib/python3.12/site-packages/oslo_config/cfg.py:3253}}
Jul 19 15:12:34.919872 np0000005435 devstack@g-api.service[99704]: DEBUG glance.common.config [None req-1d724fb3-be33-4037-903a-e67be4284402 None None] import_filtering_opts.allowed_hosts = [] {{(pid=99704) log_opt_values /opt/stack/data/venv/lib/python3.12/site-packages/oslo_config/cfg.py:3253}}
Jul 19 15:12:34.919963 np0000005435 devstack@g-api.service[99704]: DEBUG glance.common.config [None req-1d724fb3-be33-4037-903a-e67be4284402 None None] import_filtering_opts.allowed_ports = [80, 443] {{(pid=99704) log_opt_values /opt/stack/data/venv/lib/python3.12/site-packages/oslo_config/cfg.py:3253}}
Jul 19 15:12:34.920063 np0000005435 devstack@g-api.service[99704]: DEBUG glance.common.config [None req-1d724fb3-be33-4037-903a-e67be4284402 None None] import_filtering_opts.allowed_schemes = ['http', 'https'] {{(pid=99704) log_opt_values /opt/stack/data/venv/lib/python3.12/site-packages/oslo_config/cfg.py:3253}}
Jul 19 15:12:34.920150 np0000005435 devstack@g-api.service[99704]: DEBUG glance.common.config [None req-1d724fb3-be33-4037-903a-e67be4284402 None None] import_filtering_opts.disallowed_hosts = [] {{(pid=99704) log_opt_values /opt/stack/data/venv/lib/python3.12/site-packages/oslo_config/cfg.py:3253}}
Jul 19 15:12:34.920236 np0000005435 devstack@g-api.service[99704]: DEBUG glance.common.config [None req-1d724fb3-be33-4037-903a-e67be4284402 None None] import_filtering_opts.disallowed_ports = [] {{(pid=99704) log_opt_values /opt/stack/data/venv/lib/python3.12/site-packages/oslo_config/cfg.py:3253}}
Jul 19 15:12:34.920360 np0000005435 devstack@g-api.service[99704]: DEBUG glance.common.config [None req-1d724fb3-be33-4037-903a-e67be4284402 None None] import_filtering_opts.disallowed_schemes = [] {{(pid=99704) log_opt_values /opt/stack/data/venv/lib/python3.12/site-packages/oslo_config/cfg.py:3253}}
