Aug 06 09:39:30.393259 np0000006647 devstack@g-api.service[103282]: DEBUG glance.image_cache [None req-a2df15fa-3c1c-4e65-bf0a-5c154f04965d tempest-TaggedBootDevicesTest_v242-594115001 tempest-TaggedBootDevicesTest_v242-594115001-project-member] Tee'ing image '13c130e4-8d7c-4e40-8da2-5861cb4cc62c' into cache {{(pid=103282) get_caching_iter /opt/stack/glance/glance/image_cache/__init__.py:356}}
Aug 06 09:39:30.558889 np0000006647 devstack@g-api.service[103282]: DEBUG glance.image_cache.drivers.centralized_db [None req-a2df15fa-3c1c-4e65-bf0a-5c154f04965d tempest-TaggedBootDevicesTest_v242-594115001 tempest-TaggedBootDevicesTest_v242-594115001-project-member] Fetch finished, moving '/opt/stack/data/glance/cache/incomplete/13c130e4-8d7c-4e40-8da2-5861cb4cc62c' to '/opt/stack/data/glance/cache/13c130e4-8d7c-4e40-8da2-5861cb4cc62c' {{(pid=103282) commit /opt/stack/glance/glance/image_cache/drivers/centralized_db.py:243}}
Aug 06 09:39:30.572940 np0000006647 devstack@g-api.service[103282]: DEBUG glance.image_cache.drivers.centralized_db [None req-a2df15fa-3c1c-4e65-bf0a-5c154f04965d tempest-TaggedBootDevicesTest_v242-594115001 tempest-TaggedBootDevicesTest_v242-594115001-project-member] Image cached successfully. {{(pid=103282) commit /opt/stack/glance/glance/image_cache/drivers/centralized_db.py:258}}
Aug 06 09:39:30.573187 np0000006647 devstack@g-api.service[103282]: [pid: 103282|app: 0|req: 9/37] 127.0.0.1 () {44 vars in 1121 bytes} [Thu Aug 6 09:39:29 2026] GET /v2/images/13c130e4-8d7c-4e40-8da2-5861cb4cc62c/file => generated 21692416 bytes in 595 msecs (HTTP/1.1 200) 4 headers in 191 bytes (333 switches on core 0)
Aug 06 09:39:31.606738 np0000006647 devstack@g-api.service[103284]: DEBUG glance.api.middleware.version_negotiation [None req-a2df15fa-3c1c-4e65-bf0a-5c154f04965d tempest-TaggedBootDevicesTest_v242-594115001 tempest-TaggedBootDevicesTest_v242-594115001-project-member] Determining version of request: GET /v2/images/13c130e4-8d7c-4e40-8da2-5861cb4cc62c Accept: */* {{(pid=103284) process_request /opt/stack/glance/glance/api/middleware/version_negotiation.py:44}}
Aug 06 09:39:31.607131 np0000006647 devstack@g-api.service[103284]: DEBUG glance.api.middleware.version_negotiation [None req-a2df15fa-3c1c-4e65-bf0a-5c154f04965d tempest-TaggedBootDevicesTest_v242-594115001 tempest-TaggedBootDevicesTest_v242-594115001-project-member] Using url versioning {{(pid=103284) process_request /opt/stack/glance/glance/api/middleware/version_negotiation.py:57}}
Aug 06 09:39:31.607131 np0000006647 devstack@g-api.service[103284]: DEBUG glance.api.middleware.version_negotiation [None req-a2df15fa-3c1c-4e65-bf0a-5c154f04965d tempest-TaggedBootDevicesTest_v242-594115001 tempest-TaggedBootDevicesTest_v242-594115001-project-member] Matched version: v2 {{(pid=103284) process_request /opt/stack/glance/glance/api/middleware/version_negotiation.py:69}}
Aug 06 09:39:31.607184 np0000006647 devstack@g-api.service[103284]: DEBUG glance.api.middleware.version_negotiation [None req-a2df15fa-3c1c-4e65-bf0a-5c154f04965d tempest-TaggedBootDevicesTest_v242-594115001 tempest-TaggedBootDevicesTest_v242-594115001-project-member] new path /v2/images/13c130e4-8d7c-4e40-8da2-5861cb4cc62c {{(pid=103284) process_request /opt/stack/glance/glance/api/middleware/version_negotiation.py:70}}
Aug 06 09:39:31.620165 np0000006647 devstack@g-api.service[103284]: [pid: 103284|app: 0|req: 11/38] 127.0.0.1 () {44 vars in 1111 bytes} [Thu Aug 6 09:39:31 2026] GET /v2/images/13c130e4-8d7c-4e40-8da2-5861cb4cc62c => generated 1044 bytes in 13 msecs (HTTP/1.1 200) 4 headers in 158 bytes (1 switches on core 0)
Aug 06 09:39:31.629608 np0000006647 devstack@g-api.service[103285]: DEBUG glance.api.middleware.version_negotiation [None req-a2df15fa-3c1c-4e65-bf0a-5c154f04965d tempest-TaggedBootDevicesTest_v242-594115001 tempest-TaggedBootDevicesTest_v242-594115001-project-member] Determining version of request: GET /v2/schemas/image Accept: */* {{(pid=103285) process_request /opt/stack/glance/glance/api/middleware/version_negotiation.py:44}}
Aug 06 09:39:31.629905 np0000006647 devstack@g-api.service[103285]: DEBUG glance.api.middleware.version_negotiation [None req-a2df15fa-3c1c-4e65-bf0a-5c154f04965d tempest-TaggedBootDevicesTest_v242-594115001 tempest-TaggedBootDevicesTest_v242-594115001-project-member] Using url versioning {{(pid=103285) process_request /opt/stack/glance/glance/api/middleware/version_negotiation.py:57}}
Aug 06 09:39:31.629905 np0000006647 devstack@g-api.service[103285]: DEBUG glance.api.middleware.version_negotiation [None req-a2df15fa-3c1c-4e65-bf0a-5c154f04965d tempest-TaggedBootDevicesTest_v242-594115001 tempest-TaggedBootDevicesTest_v242-594115001-project-member] Matched version: v2 {{(pid=103285) process_request /opt/stack/glance/glance/api/middleware/version_negotiation.py:69}}
Aug 06 09:39:31.629969 np0000006647 devstack@g-api.service[103285]: DEBUG glance.api.middleware.version_negotiation [None req-a2df15fa-3c1c-4e65-bf0a-5c154f04965d tempest-TaggedBootDevicesTest_v242-594115001 tempest-TaggedBootDevicesTest_v242-594115001-project-member] new path /v2/schemas/image {{(pid=103285) process_request /opt/stack/glance/glance/api/middleware/version_negotiation.py:70}}
Aug 06 09:39:31.634839 np0000006647 devstack@g-api.service[103285]: [pid: 103285|app: 0|req: 10/39] 127.0.0.1 () {44 vars in 1051 bytes} [Thu Aug 6 09:39:31 2026] GET /v2/schemas/image => generated 6083 bytes in 5 msecs (HTTP/1.1 200) 4 headers in 158 bytes (1 switches on core 0)
Aug 06 09:39:32.000566 np0000006647 devstack@g-api.service[103283]: DEBUG glance.api.middleware.version_negotiation [None req-a2df15fa-3c1c-4e65-bf0a-5c154f04965d tempest-TaggedBootDevicesTest_v242-594115001 tempest-TaggedBootDevicesTest_v242-594115001-project-member] Determining version of request: GET /v2/images/13c130e4-8d7c-4e40-8da2-5861cb4cc62c Accept: application/json {{(pid=103283) process_request /opt/stack/glance/glance/api/middleware/version_negotiation.py:44}}
Aug 06 09:39:32.000901 np0000006647 devstack@g-api.service[103283]: DEBUG glance.api.middleware.version_negotiation [None req-a2df15fa-3c1c-4e65-bf0a-5c154f04965d tempest-TaggedBootDevicesTest_v242-594115001 tempest-TaggedBootDevicesTest_v242-594115001-project-member] Using url versioning {{(pid=103283) process_request /opt/stack/glance/glance/api/middleware/version_negotiation.py:57}}
Aug 06 09:39:32.000901 np0000006647 devstack@g-api.service[103283]: DEBUG glance.api.middleware.version_negotiation [None req-a2df15fa-3c1c-4e65-bf0a-5c154f04965d tempest-TaggedBootDevicesTest_v242-594115001 tempest-TaggedBootDevicesTest_v242-594115001-project-member] Matched version: v2 {{(pid=103283) process_request /opt/stack/glance/glance/api/middleware/version_negotiation.py:69}}
Aug 06 09:39:32.000901 np0000006647 devstack@g-api.service[103283]: DEBUG glance.api.middleware.version_negotiation [None req-a2df15fa-3c1c-4e65-bf0a-5c154f04965d tempest-TaggedBootDevicesTest_v242-594115001 tempest-TaggedBootDevicesTest_v242-594115001-project-member] new path /v2/images/13c130e4-8d7c-4e40-8da2-5861cb4cc62c {{(pid=103283) process_request /opt/stack/glance/glance/api/middleware/version_negotiation.py:70}}
Aug 06 09:39:32.279204 np0000006647 devstack@g-api.service[103283]: [pid: 103283|app: 0|req: 10/40] 127.0.0.1 () {40 vars in 834 bytes} [Thu Aug 6 09:39:31 2026] GET /v2/images/13c130e4-8d7c-4e40-8da2-5861cb4cc62c => generated 1044 bytes in 279 msecs (HTTP/1.1 200) 4 headers in 158 bytes (1 switches on core 0)
Aug 06 09:39:32.287718 np0000006647 devstack@g-api.service[103282]: DEBUG glance.api.middleware.version_negotiation [None req-a2df15fa-3c1c-4e65-bf0a-5c154f04965d tempest-TaggedBootDevicesTest_v242-594115001 tempest-TaggedBootDevicesTest_v242-594115001-project-member] Determining version of request: GET /v2/images/13c130e4-8d7c-4e40-8da2-5861cb4cc62c/file Accept: application/json {{(pid=103282) process_request /opt/stack/glance/glance/api/middleware/version_negotiation.py:44}}
Aug 06 09:39:32.288063 np0000006647 devstack@g-api.service[103282]: DEBUG glance.api.middleware.version_negotiation [None req-a2df15fa-3c1c-4e65-bf0a-5c154f04965d tempest-TaggedBootDevicesTest_v242-594115001 tempest-TaggedBootDevicesTest_v242-594115001-project-member] Using url versioning {{(pid=103282) process_request /opt/stack/glance/glance/api/middleware/version_negotiation.py:57}}
Aug 06 09:39:32.288063 np0000006647 devstack@g-api.service[103282]: DEBUG glance.api.middleware.version_negotiation [None req-a2df15fa-3c1c-4e65-bf0a-5c154f04965d tempest-TaggedBootDevicesTest_v242-594115001 tempest-TaggedBootDevicesTest_v242-594115001-project-member] Matched version: v2 {{(pid=103282) process_request /opt/stack/glance/glance/api/middleware/version_negotiation.py:69}}
Aug 06 09:39:32.288143 np0000006647 devstack@g-api.service[103282]: DEBUG glance.api.middleware.version_negotiation [None req-a2df15fa-3c1c-4e65-bf0a-5c154f04965d tempest-TaggedBootDevicesTest_v242-594115001 tempest-TaggedBootDevicesTest_v242-594115001-project-member] new path /v2/images/13c130e4-8d7c-4e40-8da2-5861cb4cc62c/file {{(pid=103282) process_request /opt/stack/glance/glance/api/middleware/version_negotiation.py:70}}
Aug 06 09:39:32.562118 np0000006647 devstack@g-api.service[103284]: DEBUG glance.api.middleware.version_negotiation [None req-a2df15fa-3c1c-4e65-bf0a-5c154f04965d tempest-TaggedBootDevicesTest_v242-594115001 tempest-TaggedBootDevicesTest_v242-594115001-project-member] Determining version of request: GET /v2/images/13c130e4-8d7c-4e40-8da2-5861cb4cc62c Accept: */* {{(pid=103284) process_request /opt/stack/glance/glance/api/middleware/version_negotiation.py:44}}
Aug 06 09:39:32.562348 np0000006647 devstack@g-api.service[103284]: DEBUG glance.api.middleware.version_negotiation [None req-a2df15fa-3c1c-4e65-bf0a-5c154f04965d tempest-TaggedBootDevicesTest_v242-594115001 tempest-TaggedBootDevicesTest_v242-594115001-project-member] Using url versioning {{(pid=103284) process_request /opt/stack/glance/glance/api/middleware/version_negotiation.py:57}}
Aug 06 09:39:32.562529 np0000006647 devstack@g-api.service[103284]: DEBUG glance.api.middleware.version_negotiation [None req-a2df15fa-3c1c-4e65-bf0a-5c154f04965d tempest-TaggedBootDevicesTest_v242-594115001 tempest-TaggedBootDevicesTest_v242-594115001-project-member] Matched version: v2 {{(pid=103284) process_request /opt/stack/glance/glance/api/middleware/version_negotiation.py:69}}
Aug 06 09:39:32.562644 np0000006647 devstack@g-api.service[103284]: DEBUG glance.api.middleware.version_negotiation [None req-a2df15fa-3c1c-4e65-bf0a-5c154f04965d tempest-TaggedBootDevicesTest_v242-594115001 tempest-TaggedBootDevicesTest_v242-594115001-project-member] new path /v2/images/13c130e4-8d7c-4e40-8da2-5861cb4cc62c {{(pid=103284) process_request /opt/stack/glance/glance/api/middleware/version_negotiation.py:70}}
Aug 06 09:39:32.582836 np0000006647 devstack@g-api.service[103284]: [pid: 103284|app: 0|req: 12/41] 127.0.0.1 () {44 vars in 1111 bytes} [Thu Aug 6 09:39:32 2026] GET /v2/images/13c130e4-8d7c-4e40-8da2-5861cb4cc62c => generated 1044 bytes in 21 msecs (HTTP/1.1 200) 4 headers in 158 bytes (1 switches on core 0)
Aug 06 09:39:32.595045 np0000006647 devstack@g-api.service[103285]: DEBUG glance.api.middleware.version_negotiation [None req-a2df15fa-3c1c-4e65-bf0a-5c154f04965d tempest-TaggedBootDevicesTest_v242-594115001 tempest-TaggedBootDevicesTest_v242-594115001-project-member] Determining version of request: GET /v2/schemas/image Accept: */* {{(pid=103285) process_request /opt/stack/glance/glance/api/middleware/version_negotiation.py:44}}
Aug 06 09:39:32.595156 np0000006647 devstack@g-api.service[103285]: DEBUG glance.api.middleware.version_negotiation [None req-a2df15fa-3c1c-4e65-bf0a-5c154f04965d tempest-TaggedBootDevicesTest_v242-594115001 tempest-TaggedBootDevicesTest_v242-594115001-project-member] Using url versioning {{(pid=103285) process_request /opt/stack/glance/glance/api/middleware/version_negotiation.py:57}}
Aug 06 09:39:32.595353 np0000006647 devstack@g-api.service[103285]: DEBUG glance.api.middleware.version_negotiation [None req-a2df15fa-3c1c-4e65-bf0a-5c154f04965d tempest-TaggedBootDevicesTest_v242-594115001 tempest-TaggedBootDevicesTest_v242-594115001-project-member] Matched version: v2 {{(pid=103285) process_request /opt/stack/glance/glance/api/middleware/version_negotiation.py:69}}
Aug 06 09:39:32.595353 np0000006647 devstack@g-api.service[103285]: DEBUG glance.api.middleware.version_negotiation [None req-a2df15fa-3c1c-4e65-bf0a-5c154f04965d tempest-TaggedBootDevicesTest_v242-594115001 tempest-TaggedBootDevicesTest_v242-594115001-project-member] new path /v2/schemas/image {{(pid=103285) process_request /opt/stack/glance/glance/api/middleware/version_negotiation.py:70}}
Aug 06 09:39:32.598180 np0000006647 devstack@g-api.service[103285]: [pid: 103285|app: 0|req: 11/42] 127.0.0.1 () {44 vars in 1051 bytes} [Thu Aug 6 09:39:32 2026] GET /v2/schemas/image => generated 6083 bytes in 3 msecs (HTTP/1.1 200) 4 headers in 158 bytes (1 switches on core 0)
Aug 06 09:39:32.822883 np0000006647 devstack@g-api.service[103282]: DEBUG glance.api.middleware.cache [None req-e6ef384e-8a85-40d3-941d-34ccab77a9fe tempest-AttachSCSIVolumeTestJSON-676928283 tempest-AttachSCSIVolumeTestJSON-676928283-project-admin] Cache hit for image '13c130e4-8d7c-4e40-8da2-5861cb4cc62c' {{(pid=103282) process_request /opt/stack/glance/glance/api/middleware/cache.py:160}}
Aug 06 09:39:32.837304 np0000006647 devstack@g-api.service[103283]: DEBUG glance.api.middleware.version_negotiation [None req-e0eaef7b-64d9-4cfc-a8c0-8d5ee4551506 tempest-AttachSCSIVolumeTestJSON-806304278 tempest-AttachSCSIVolumeTestJSON-806304278-project-reader] Determining version of request: POST /v2/images Accept: application/json {{(pid=103283) process_request /opt/stack/glance/glance/api/middleware/version_negotiation.py:44}}
Aug 06 09:39:32.837304 np0000006647 devstack@g-api.service[103283]: DEBUG glance.api.middleware.version_negotiation [None req-e0eaef7b-64d9-4cfc-a8c0-8d5ee4551506 tempest-AttachSCSIVolumeTestJSON-806304278 tempest-AttachSCSIVolumeTestJSON-806304278-project-reader] Using url versioning {{(pid=103283) process_request /opt/stack/glance/glance/api/middleware/version_negotiation.py:57}}
Aug 06 09:39:32.837304 np0000006647 devstack@g-api.service[103283]: DEBUG glance.api.middleware.version_negotiation [None req-e0eaef7b-64d9-4cfc-a8c0-8d5ee4551506 tempest-AttachSCSIVolumeTestJSON-806304278 tempest-AttachSCSIVolumeTestJSON-806304278-project-reader] Matched version: v2 {{(pid=103283) process_request /opt/stack/glance/glance/api/middleware/version_negotiation.py:69}}
Aug 06 09:39:32.837304 np0000006647 devstack@g-api.service[103283]: DEBUG glance.api.middleware.version_negotiation [None req-e0eaef7b-64d9-4cfc-a8c0-8d5ee4551506 tempest-AttachSCSIVolumeTestJSON-806304278 tempest-AttachSCSIVolumeTestJSON-806304278-project-reader] new path /v2/images {{(pid=103283) process_request /opt/stack/glance/glance/api/middleware/version_negotiation.py:70}}
Aug 06 09:39:32.854016 np0000006647 devstack@g-api.service[103284]: DEBUG glance.api.middleware.version_negotiation [None req-a2df15fa-3c1c-4e65-bf0a-5c154f04965d tempest-TaggedBootDevicesTest_v242-594115001 tempest-TaggedBootDevicesTest_v242-594115001-project-member] Determining version of request: GET /v2/images/13c130e4-8d7c-4e40-8da2-5861cb4cc62c Accept: */* {{(pid=103284) process_request /opt/stack/glance/glance/api/middleware/version_negotiation.py:44}}
Aug 06 09:39:32.854421 np0000006647 devstack@g-api.service[103284]: DEBUG glance.api.middleware.version_negotiation [None req-a2df15fa-3c1c-4e65-bf0a-5c154f04965d tempest-TaggedBootDevicesTest_v242-594115001 tempest-TaggedBootDevicesTest_v242-594115001-project-member] Using url versioning {{(pid=103284) process_request /opt/stack/glance/glance/api/middleware/version_negotiation.py:57}}
Aug 06 09:39:32.854421 np0000006647 devstack@g-api.service[103284]: DEBUG glance.api.middleware.version_negotiation [None req-a2df15fa-3c1c-4e65-bf0a-5c154f04965d tempest-TaggedBootDevicesTest_v242-594115001 tempest-TaggedBootDevicesTest_v242-594115001-project-member] Matched version: v2 {{(pid=103284) process_request /opt/stack/glance/glance/api/middleware/version_negotiation.py:69}}
Aug 06 09:39:32.854635 np0000006647 devstack@g-api.service[103284]: DEBUG glance.api.middleware.version_negotiation [None req-a2df15fa-3c1c-4e65-bf0a-5c154f04965d tempest-TaggedBootDevicesTest_v242-594115001 tempest-TaggedBootDevicesTest_v242-594115001-project-member] new path /v2/images/13c130e4-8d7c-4e40-8da2-5861cb4cc62c {{(pid=103284) process_request /opt/stack/glance/glance/api/middleware/version_negotiation.py:70}}
Aug 06 09:39:33.053511 np0000006647 devstack@g-api.service[103284]: [pid: 103284|app: 0|req: 13/43] 127.0.0.1 () {44 vars in 1111 bytes} [Thu Aug 6 09:39:32 2026] GET /v2/images/13c130e4-8d7c-4e40-8da2-5861cb4cc62c => generated 1044 bytes in 199 msecs (HTTP/1.1 200) 4 headers in 158 bytes (1 switches on core 0)
Aug 06 09:39:33.123751 np0000006647 devstack@g-api.service[103285]: DEBUG glance.api.middleware.version_negotiation [None req-a2df15fa-3c1c-4e65-bf0a-5c154f04965d tempest-TaggedBootDevicesTest_v242-594115001 tempest-TaggedBootDevicesTest_v242-594115001-project-member] Determining version of request: GET /v2/images/13c130e4-8d7c-4e40-8da2-5861cb4cc62c/file Accept: */* {{(pid=103285) process_request /opt/stack/glance/glance/api/middleware/version_negotiation.py:44}}
Aug 06 09:39:33.124079 np0000006647 devstack@g-api.service[103285]: DEBUG glance.api.middleware.version_negotiation [None req-a2df15fa-3c1c-4e65-bf0a-5c154f04965d tempest-TaggedBootDevicesTest_v242-594115001 tempest-TaggedBootDevicesTest_v242-594115001-project-member] Using url versioning {{(pid=103285) process_request /opt/stack/glance/glance/api/middleware/version_negotiation.py:57}}
Aug 06 09:39:33.124194 np0000006647 devstack@g-api.service[103285]: DEBUG glance.api.middleware.version_negotiation [None req-a2df15fa-3c1c-4e65-bf0a-5c154f04965d tempest-TaggedBootDevicesTest_v242-594115001 tempest-TaggedBootDevicesTest_v242-594115001-project-member] Matched version: v2 {{(pid=103285) process_request /opt/stack/glance/glance/api/middleware/version_negotiation.py:69}}
Aug 06 09:39:33.124284 np0000006647 devstack@g-api.service[103285]: DEBUG glance.api.middleware.version_negotiation [None req-a2df15fa-3c1c-4e65-bf0a-5c154f04965d tempest-TaggedBootDevicesTest_v242-594115001 tempest-TaggedBootDevicesTest_v242-594115001-project-member] new path /v2/images/13c130e4-8d7c-4e40-8da2-5861cb4cc62c/file {{(pid=103285) process_request /opt/stack/glance/glance/api/middleware/version_negotiation.py:70}}
Aug 06 09:39:33.152970 np0000006647 devstack@g-api.service[103285]: DEBUG glance.api.middleware.cache [None req-0a7acdab-55c3-41da-b3fe-2e3af5fbc3f8 tempest-ServerActionsTestOtherA-318156659 tempest-ServerActionsTestOtherA-318156659-project-member] Cache hit for image '13c130e4-8d7c-4e40-8da2-5861cb4cc62c' {{(pid=103285) process_request /opt/stack/glance/glance/api/middleware/cache.py:160}}
Aug 06 09:39:33.242441 np0000006647 devstack@g-api.service[103285]: [pid: 103285|app: 0|req: 12/44] 127.0.0.1 () {44 vars in 1121 bytes} [Thu Aug 6 09:39:33 2026] GET /v2/images/13c130e4-8d7c-4e40-8da2-5861cb4cc62c/file => generated 21692416 bytes in 119 msecs (HTTP/1.1 200) 5 headers in 217 bytes (338 switches on core 0)
Aug 06 09:39:33.368582 np0000006647 devstack@g-api.service[103284]: DEBUG glance.api.middleware.version_negotiation [None req-0a7acdab-55c3-41da-b3fe-2e3af5fbc3f8 tempest-ServerActionsTestOtherA-318156659 tempest-ServerActionsTestOtherA-318156659-project-member] Determining version of request: GET /v2/images/13c130e4-8d7c-4e40-8da2-5861cb4cc62c Accept: */* {{(pid=103284) process_request /opt/stack/glance/glance/api/middleware/version_negotiation.py:44}}
Aug 06 09:39:33.368792 np0000006647 devstack@g-api.service[103284]: DEBUG glance.api.middleware.version_negotiation [None req-0a7acdab-55c3-41da-b3fe-2e3af5fbc3f8 tempest-ServerActionsTestOtherA-318156659 tempest-ServerActionsTestOtherA-318156659-project-member] Using url versioning {{(pid=103284) process_request /opt/stack/glance/glance/api/middleware/version_negotiation.py:57}}
Aug 06 09:39:33.369064 np0000006647 devstack@g-api.service[103284]: DEBUG glance.api.middleware.version_negotiation [None req-0a7acdab-55c3-41da-b3fe-2e3af5fbc3f8 tempest-ServerActionsTestOtherA-318156659 tempest-ServerActionsTestOtherA-318156659-project-member] Matched version: v2 {{(pid=103284) process_request /opt/stack/glance/glance/api/middleware/version_negotiation.py:69}}
Aug 06 09:39:33.369219 np0000006647 devstack@g-api.service[103284]: DEBUG glance.api.middleware.version_negotiation [None req-0a7acdab-55c3-41da-b3fe-2e3af5fbc3f8 tempest-ServerActionsTestOtherA-318156659 tempest-ServerActionsTestOtherA-318156659-project-member] new path /v2/images/13c130e4-8d7c-4e40-8da2-5861cb4cc62c {{(pid=103284) process_request /opt/stack/glance/glance/api/middleware/version_negotiation.py:70}}
Aug 06 09:39:33.382869 np0000006647 devstack@g-api.service[103284]: [pid: 103284|app: 0|req: 14/45] 127.0.0.1 () {44 vars in 1111 bytes} [Thu Aug 6 09:39:33 2026] GET /v2/images/13c130e4-8d7c-4e40-8da2-5861cb4cc62c => generated 1044 bytes in 14 msecs (HTTP/1.1 200) 4 headers in 158 bytes (1 switches on core 0)
Aug 06 09:39:33.443626 np0000006647 devstack@g-api.service[103285]: DEBUG glance.api.middleware.version_negotiation [None req-0a7acdab-55c3-41da-b3fe-2e3af5fbc3f8 tempest-ServerActionsTestOtherA-318156659 tempest-ServerActionsTestOtherA-318156659-project-member] Determining version of request: GET /v2/schemas/image Accept: */* {{(pid=103285) process_request /opt/stack/glance/glance/api/middleware/version_negotiation.py:44}}
Aug 06 09:39:33.443854 np0000006647 devstack@g-api.service[103285]: DEBUG glance.api.middleware.version_negotiation [None req-0a7acdab-55c3-41da-b3fe-2e3af5fbc3f8 tempest-ServerActionsTestOtherA-318156659 tempest-ServerActionsTestOtherA-318156659-project-member] Using url versioning {{(pid=103285) process_request /opt/stack/glance/glance/api/middleware/version_negotiation.py:57}}
Aug 06 09:39:33.444277 np0000006647 devstack@g-api.service[103285]: DEBUG glance.api.middleware.version_negotiation [None req-0a7acdab-55c3-41da-b3fe-2e3af5fbc3f8 tempest-ServerActionsTestOtherA-318156659 tempest-ServerActionsTestOtherA-318156659-project-member] Matched version: v2 {{(pid=103285) process_request /opt/stack/glance/glance/api/middleware/version_negotiation.py:69}}
Aug 06 09:39:33.444277 np0000006647 devstack@g-api.service[103285]: DEBUG glance.api.middleware.version_negotiation [None req-0a7acdab-55c3-41da-b3fe-2e3af5fbc3f8 tempest-ServerActionsTestOtherA-318156659 tempest-ServerActionsTestOtherA-318156659-project-member] new path /v2/schemas/image {{(pid=103285) process_request /opt/stack/glance/glance/api/middleware/version_negotiation.py:70}}
Aug 06 09:39:33.447451 np0000006647 devstack@g-api.service[103285]: [pid: 103285|app: 0|req: 13/46] 127.0.0.1 () {44 vars in 1051 bytes} [Thu Aug 6 09:39:33 2026] GET /v2/schemas/image => generated 6083 bytes in 4 msecs (HTTP/1.1 200) 4 headers in 158 bytes (1 switches on core 0)
Aug 06 09:39:33.564368 np0000006647 devstack@g-api.service[103283]: [pid: 103283|app: 0|req: 11/47] 127.0.0.1 () {42 vars in 782 bytes} [Thu Aug 6 09:39:32 2026] POST /v2/images => generated 690 bytes in 728 msecs (HTTP/1.1 201) 6 headers in 315 bytes (1 switches on core 0)
Aug 06 09:39:33.574151 np0000006647 devstack@g-api.service[103284]: DEBUG glance.api.middleware.version_negotiation [None req-0a7acdab-55c3-41da-b3fe-2e3af5fbc3f8 tempest-ServerActionsTestOtherA-318156659 tempest-ServerActionsTestOtherA-318156659-project-member] Determining version of request: PUT /v2/images/f5d97847-5bab-484c-a3f4-59affd1c1c3d/file Accept: {{(pid=103284) process_request /opt/stack/glance/glance/api/middleware/version_negotiation.py:44}}
Aug 06 09:39:33.574325 np0000006647 devstack@g-api.service[103284]: DEBUG glance.api.middleware.version_negotiation [None req-0a7acdab-55c3-41da-b3fe-2e3af5fbc3f8 tempest-ServerActionsTestOtherA-318156659 tempest-ServerActionsTestOtherA-318156659-project-member] Using url versioning {{(pid=103284) process_request /opt/stack/glance/glance/api/middleware/version_negotiation.py:57}}
Aug 06 09:39:33.574513 np0000006647 devstack@g-api.service[103284]: DEBUG glance.api.middleware.version_negotiation [None req-0a7acdab-55c3-41da-b3fe-2e3af5fbc3f8 tempest-ServerActionsTestOtherA-318156659 tempest-ServerActionsTestOtherA-318156659-project-member] Matched version: v2 {{(pid=103284) process_request /opt/stack/glance/glance/api/middleware/version_negotiation.py:69}}
Aug 06 09:39:33.574667 np0000006647 devstack@g-api.service[103284]: DEBUG glance.api.middleware.version_negotiation [None req-0a7acdab-55c3-41da-b3fe-2e3af5fbc3f8 tempest-ServerActionsTestOtherA-318156659 tempest-ServerActionsTestOtherA-318156659-project-member] new path /v2/images/f5d97847-5bab-484c-a3f4-59affd1c1c3d/file {{(pid=103284) process_request /opt/stack/glance/glance/api/middleware/version_negotiation.py:70}}
Aug 06 09:39:33.635444 np0000006647 devstack@g-api.service[103282]: [pid: 103282|app: 0|req: 10/48] 127.0.0.1 () {40 vars in 844 bytes} [Thu Aug 6 09:39:32 2026] GET /v2/images/13c130e4-8d7c-4e40-8da2-5861cb4cc62c/file => generated 21692416 bytes in 1348 msecs (HTTP/1.1 200) 5 headers in 217 bytes (342 switches on core 0)
Aug 06 09:39:33.674663 np0000006647 devstack@g-api.service[103285]: DEBUG glance.api.middleware.version_negotiation [None req-0a7acdab-55c3-41da-b3fe-2e3af5fbc3f8 tempest-ServerActionsTestOtherA-318156659 tempest-ServerActionsTestOtherA-318156659-project-member] Determining version of request: GET /v2/images/13c130e4-8d7c-4e40-8da2-5861cb4cc62c Accept: */* {{(pid=103285) process_request /opt/stack/glance/glance/api/middleware/version_negotiation.py:44}}
Aug 06 09:39:33.674663 np0000006647 devstack@g-api.service[103285]: DEBUG glance.api.middleware.version_negotiation [None req-0a7acdab-55c3-41da-b3fe-2e3af5fbc3f8 tempest-ServerActionsTestOtherA-318156659 tempest-ServerActionsTestOtherA-318156659-project-member] Using url versioning {{(pid=103285) process_request /opt/stack/glance/glance/api/middleware/version_negotiation.py:57}}
Aug 06 09:39:33.674808 np0000006647 devstack@g-api.service[103285]: DEBUG glance.api.middleware.version_negotiation [None req-0a7acdab-55c3-41da-b3fe-2e3af5fbc3f8 tempest-ServerActionsTestOtherA-318156659 tempest-ServerActionsTestOtherA-318156659-project-member] Matched version: v2 {{(pid=103285) process_request /opt/stack/glance/glance/api/middleware/version_negotiation.py:69}}
Aug 06 09:39:33.674867 np0000006647 devstack@g-api.service[103285]: DEBUG glance.api.middleware.version_negotiation [None req-0a7acdab-55c3-41da-b3fe-2e3af5fbc3f8 tempest-ServerActionsTestOtherA-318156659 tempest-ServerActionsTestOtherA-318156659-project-member] new path /v2/images/13c130e4-8d7c-4e40-8da2-5861cb4cc62c {{(pid=103285) process_request /opt/stack/glance/glance/api/middleware/version_negotiation.py:70}}
Aug 06 09:39:33.687038 np0000006647 devstack@g-api.service[103285]: [pid: 103285|app: 0|req: 14/49] 127.0.0.1 () {44 vars in 1111 bytes} [Thu Aug 6 09:39:33 2026] GET /v2/images/13c130e4-8d7c-4e40-8da2-5861cb4cc62c => generated 1044 bytes in 13 msecs (HTTP/1.1 200) 4 headers in 158 bytes (1 switches on core 0)
Aug 06 09:39:33.733649 np0000006647 devstack@g-api.service[103283]: DEBUG glance.api.middleware.version_negotiation [None req-6ddfac26-aa41-40da-9899-76ddf8bf8a28 tempest-AttachSCSIVolumeTestJSON-676928283 tempest-AttachSCSIVolumeTestJSON-676928283-project-admin] Determining version of request: GET /v2/schemas/image Accept: */* {{(pid=103283) process_request /opt/stack/glance/glance/api/middleware/version_negotiation.py:44}}
Aug 06 09:39:33.733649 np0000006647 devstack@g-api.service[103283]: DEBUG glance.api.middleware.version_negotiation [None req-6ddfac26-aa41-40da-9899-76ddf8bf8a28 tempest-AttachSCSIVolumeTestJSON-676928283 tempest-AttachSCSIVolumeTestJSON-676928283-project-admin] Using url versioning {{(pid=103283) process_request /opt/stack/glance/glance/api/middleware/version_negotiation.py:57}}
Aug 06 09:39:33.733649 np0000006647 devstack@g-api.service[103283]: DEBUG glance.api.middleware.version_negotiation [None req-6ddfac26-aa41-40da-9899-76ddf8bf8a28 tempest-AttachSCSIVolumeTestJSON-676928283 tempest-AttachSCSIVolumeTestJSON-676928283-project-admin] Matched version: v2 {{(pid=103283) process_request /opt/stack/glance/glance/api/middleware/version_negotiation.py:69}}
Aug 06 09:39:33.733649 np0000006647 devstack@g-api.service[103283]: DEBUG glance.api.middleware.version_negotiation [None req-6ddfac26-aa41-40da-9899-76ddf8bf8a28 tempest-AttachSCSIVolumeTestJSON-676928283 tempest-AttachSCSIVolumeTestJSON-676928283-project-admin] new path /v2/schemas/image {{(pid=103283) process_request /opt/stack/glance/glance/api/middleware/version_negotiation.py:70}}
Aug 06 09:39:33.737244 np0000006647 devstack@g-api.service[103283]: [pid: 103283|app: 0|req: 12/50] 127.0.0.1 () {44 vars in 1051 bytes} [Thu Aug 6 09:39:33 2026] GET /v2/schemas/image => generated 6083 bytes in 4 msecs (HTTP/1.1 200) 4 headers in 158 bytes (1 switches on core 0)
Aug 06 09:39:34.445302 np0000006647 devstack@g-api.service[103284]: INFO glance.api.v2.image_data [None req-5ac9edfc-04d2-40f0-8aad-35505cd59f6e tempest-AttachSCSIVolumeTestJSON-676928283 tempest-AttachSCSIVolumeTestJSON-676928283-project-admin] Unable to create trust: no such option collect_timing in group [keystone_authtoken] Use the existing user token.
Aug 06 09:39:35.024212 np0000006647 devstack@g-api.service[103284]: DEBUG glance.location [None req-5ac9edfc-04d2-40f0-8aad-35505cd59f6e tempest-AttachSCSIVolumeTestJSON-676928283 tempest-AttachSCSIVolumeTestJSON-676928283-project-admin] Enabling in-flight format inspection for qcow2 {{(pid=103284) set_data /opt/stack/glance/glance/location.py:596}}
Aug 06 09:39:35.024665 np0000006647 devstack@g-api.service[103284]: DEBUG glance_store.backend [None req-5ac9edfc-04d2-40f0-8aad-35505cd59f6e tempest-AttachSCSIVolumeTestJSON-676928283 tempest-AttachSCSIVolumeTestJSON-676928283-project-admin] Attempting to import store swift {{(pid=103284) _load_store /opt/stack/data/venv/lib/python3.12/site-packages/glance_store/backend.py:215}}
Aug 06 09:39:35.025957 np0000006647 devstack@g-api.service[103284]: DEBUG glance_store.capabilities [None req-5ac9edfc-04d2-40f0-8aad-35505cd59f6e tempest-AttachSCSIVolumeTestJSON-676928283 tempest-AttachSCSIVolumeTestJSON-676928283-project-admin] Store glance_store._drivers.swift.store.SingleTenantStore doesn't support updating dynamic storage capabilities. Please overwrite 'update_capabilities' method of the store to implement updating logics if needed. {{(pid=103284) update_capabilities /opt/stack/data/venv/lib/python3.12/site-packages/glance_store/capabilities.py:91}}
Aug 06 09:39:35.026117 np0000006647 devstack@g-api.service[103284]: DEBUG glance_store.driver [None req-5ac9edfc-04d2-40f0-8aad-35505cd59f6e tempest-AttachSCSIVolumeTestJSON-676928283 tempest-AttachSCSIVolumeTestJSON-676928283-project-admin] Late loading location class glance_store._drivers.swift.store.StoreLocation {{(pid=103284) get_store_location_class /opt/stack/data/venv/lib/python3.12/site-packages/glance_store/driver.py:134}}
Aug 06 09:39:35.026244 np0000006647 devstack@g-api.service[103284]: DEBUG glance_store.location [None req-5ac9edfc-04d2-40f0-8aad-35505cd59f6e tempest-AttachSCSIVolumeTestJSON-676928283 tempest-AttachSCSIVolumeTestJSON-676928283-project-admin] Registering scheme swift+https with {'store': , 'location_class': , 'store_entry': 'swift'} {{(pid=103284) register_scheme_map /opt/stack/data/venv/lib/python3.12/site-packages/glance_store/location.py:146}}
Aug 06 09:39:35.026353 np0000006647 devstack@g-api.service[103284]: DEBUG glance_store.location [None req-5ac9edfc-04d2-40f0-8aad-35505cd59f6e tempest-AttachSCSIVolumeTestJSON-676928283 tempest-AttachSCSIVolumeTestJSON-676928283-project-admin] Registering scheme swift+https with {'store': , 'location_class': , 'store_entry': 'swift'} {{(pid=103284) register_scheme_map /opt/stack/data/venv/lib/python3.12/site-packages/glance_store/location.py:146}}
Aug 06 09:39:35.026480 np0000006647 devstack@g-api.service[103284]: DEBUG glance_store.location [None req-5ac9edfc-04d2-40f0-8aad-35505cd59f6e tempest-AttachSCSIVolumeTestJSON-676928283 tempest-AttachSCSIVolumeTestJSON-676928283-project-admin] Registering scheme swift with {'store': , 'location_class': , 'store_entry': 'swift'} {{(pid=103284) register_scheme_map /opt/stack/data/venv/lib/python3.12/site-packages/glance_store/location.py:146}}
Aug 06 09:39:35.026616 np0000006647 devstack@g-api.service[103284]: DEBUG glance_store.location [None req-5ac9edfc-04d2-40f0-8aad-35505cd59f6e tempest-AttachSCSIVolumeTestJSON-676928283 tempest-AttachSCSIVolumeTestJSON-676928283-project-admin] Registering scheme swift+https with {'store': , 'location_class': , 'store_entry': 'swift'} {{(pid=103284) register_scheme_map /opt/stack/data/venv/lib/python3.12/site-packages/glance_store/location.py:146}}
Aug 06 09:39:35.026735 np0000006647 devstack@g-api.service[103284]: DEBUG glance_store.location [None req-5ac9edfc-04d2-40f0-8aad-35505cd59f6e tempest-AttachSCSIVolumeTestJSON-676928283 tempest-AttachSCSIVolumeTestJSON-676928283-project-admin] Registering scheme swift with {'store': , 'location_class': , 'store_entry': 'swift'} {{(pid=103284) register_scheme_map /opt/stack/data/venv/lib/python3.12/site-packages/glance_store/location.py:146}}
Aug 06 09:39:35.026855 np0000006647 devstack@g-api.service[103284]: DEBUG glance_store.location [None req-5ac9edfc-04d2-40f0-8aad-35505cd59f6e tempest-AttachSCSIVolumeTestJSON-676928283 tempest-AttachSCSIVolumeTestJSON-676928283-project-admin] Registering scheme swift+http with {'store': , 'location_class': , 'store_entry': 'swift'} {{(pid=103284) register_scheme_map /opt/stack/data/venv/lib/python3.12/site-packages/glance_store/location.py:146}}
Aug 06 09:39:35.027006 np0000006647 devstack@g-api.service[103284]: DEBUG glance_store.location [None req-5ac9edfc-04d2-40f0-8aad-35505cd59f6e tempest-AttachSCSIVolumeTestJSON-676928283 tempest-AttachSCSIVolumeTestJSON-676928283-project-admin] Registering scheme swift+https with {'store': , 'location_class': , 'store_entry': 'swift'} {{(pid=103284) register_scheme_map /opt/stack/data/venv/lib/python3.12/site-packages/glance_store/location.py:146}}
Aug 06 09:39:35.027096 np0000006647 devstack@g-api.service[103284]: DEBUG glance_store.location [None req-5ac9edfc-04d2-40f0-8aad-35505cd59f6e tempest-AttachSCSIVolumeTestJSON-676928283 tempest-AttachSCSIVolumeTestJSON-676928283-project-admin] Registering scheme swift with {'store': , 'location_class': , 'store_entry': 'swift'} {{(pid=103284) register_scheme_map /opt/stack/data/venv/lib/python3.12/site-packages/glance_store/location.py:146}}
Aug 06 09:39:35.027213 np0000006647 devstack@g-api.service[103284]: DEBUG glance_store.location [None req-5ac9edfc-04d2-40f0-8aad-35505cd59f6e tempest-AttachSCSIVolumeTestJSON-676928283 tempest-AttachSCSIVolumeTestJSON-676928283-project-admin] Registering scheme swift+http with {'store': , 'location_class': , 'store_entry': 'swift'} {{(pid=103284) register_scheme_map /opt/stack/data/venv/lib/python3.12/site-packages/glance_store/location.py:146}}
Aug 06 09:39:35.027329 np0000006647 devstack@g-api.service[103284]: DEBUG glance_store.location [None req-5ac9edfc-04d2-40f0-8aad-35505cd59f6e tempest-AttachSCSIVolumeTestJSON-676928283 tempest-AttachSCSIVolumeTestJSON-676928283-project-admin] Registering scheme swift+config with {'store': , 'location_class': , 'store_entry': 'swift'} {{(pid=103284) register_scheme_map /opt/stack/data/venv/lib/python3.12/site-packages/glance_store/location.py:146}}
Aug 06 09:39:35.416406 np0000006647 devstack@g-api.service[103284]: DEBUG swiftclient [None req-5ac9edfc-04d2-40f0-8aad-35505cd59f6e tempest-AttachSCSIVolumeTestJSON-676928283 tempest-AttachSCSIVolumeTestJSON-676928283-project-admin] REQ: curl -i https://10.4.3.52:8080/v1/AUTH_7920eae153f9472eafffa2672c436bfd/glance -I -H "X-Auth-Token: gAAAAABqdFZXj7-P..." {{(pid=103284) http_log /opt/stack/data/venv/lib/python3.12/site-packages/swiftclient/client.py:160}}
Aug 06 09:39:35.416496 np0000006647 devstack@g-api.service[103284]: DEBUG swiftclient [None req-5ac9edfc-04d2-40f0-8aad-35505cd59f6e tempest-AttachSCSIVolumeTestJSON-676928283 tempest-AttachSCSIVolumeTestJSON-676928283-project-admin] RESP STATUS: 204 No Content {{(pid=103284) http_log /opt/stack/data/venv/lib/python3.12/site-packages/swiftclient/client.py:161}}
Aug 06 09:39:35.416690 np0000006647 devstack@g-api.service[103284]: DEBUG swiftclient [None req-5ac9edfc-04d2-40f0-8aad-35505cd59f6e tempest-AttachSCSIVolumeTestJSON-676928283 tempest-AttachSCSIVolumeTestJSON-676928283-project-admin] RESP HEADERS: {'Date': 'Thu, 06 Aug 2026 09:39:35 GMT', 'Server': 'Apache/2.4.58 (Ubuntu)', 'Content-Type': 'text/plain; charset=utf-8', 'X-Container-Object-Count': '3', 'X-Container-Bytes-Used': '64356352', 'X-Timestamp': '1786009048.41650', 'Last-Modified': 'Thu, 06 Aug 2026 09:37:29 GMT', 'Accept-Ranges': 'bytes', 'X-Storage-Policy': 'Policy-0', 'X-Container-Sharding': 'False', 'Vary': 'Accept', 'X-Trans-Id': 'tx84efccbad90342a5b9561-006a745657', 'X-Openstack-Request-Id': 'tx84efccbad90342a5b9561-006a745657', 'Connection': 'close'} {{(pid=103284) http_log /opt/stack/data/venv/lib/python3.12/site-packages/swiftclient/client.py:162}}
Aug 06 09:39:35.416855 np0000006647 devstack@g-api.service[103284]: DEBUG glance_store._drivers.swift.store [None req-5ac9edfc-04d2-40f0-8aad-35505cd59f6e tempest-AttachSCSIVolumeTestJSON-676928283 tempest-AttachSCSIVolumeTestJSON-676928283-project-admin] Adding image object 'f5d97847-5bab-484c-a3f4-59affd1c1c3d' to Swift {{(pid=103284) add /opt/stack/data/venv/lib/python3.12/site-packages/glance_store/_drivers/swift/store.py:970}}
Aug 06 09:39:35.416941 np0000006647 devstack@g-api.service[103284]: DEBUG glance_store._drivers.swift.store [None req-5ac9edfc-04d2-40f0-8aad-35505cd59f6e tempest-AttachSCSIVolumeTestJSON-676928283 tempest-AttachSCSIVolumeTestJSON-676928283-project-admin] Cannot determine image size because it is either not provided in the request or chunked-transfer encoding is used. Adding image as a segmented object to Swift. {{(pid=103284) add /opt/stack/data/venv/lib/python3.12/site-packages/glance_store/_drivers/swift/store.py:994}}
Aug 06 09:39:35.423307 np0000006647 devstack@g-api.service[103284]: DEBUG oslo_utils.imageutils.format_inspector [None req-5ac9edfc-04d2-40f0-8aad-35505cd59f6e tempest-AttachSCSIVolumeTestJSON-676928283 tempest-AttachSCSIVolumeTestJSON-676928283-project-admin] Format inspector for vmdk does not match, excluding from consideration (Signature KDMV not found: b'QFI\xfb') {{(pid=103284) _process_chunk /opt/stack/data/venv/lib/python3.12/site-packages/oslo_utils/imageutils/format_inspector.py:1758}}
Aug 06 09:39:35.426314 np0000006647 devstack@g-api.service[103284]: DEBUG oslo_utils.imageutils.format_inspector [None req-5ac9edfc-04d2-40f0-8aad-35505cd59f6e tempest-AttachSCSIVolumeTestJSON-676928283 tempest-AttachSCSIVolumeTestJSON-676928283-project-admin] Format inspector for vhdx does not match, excluding from consideration (Region signature not found at 30000) {{(pid=103284) _process_chunk /opt/stack/data/venv/lib/python3.12/site-packages/oslo_utils/imageutils/format_inspector.py:1758}}
Aug 06 09:39:35.460793 np0000006647 devstack@g-api.service[103282]: DEBUG glance.api.middleware.version_negotiation [None req-e6ef384e-8a85-40d3-941d-34ccab77a9fe tempest-AttachSCSIVolumeTestJSON-676928283 tempest-AttachSCSIVolumeTestJSON-676928283-project-admin] Determining version of request: GET / Accept: application/json {{(pid=103282) process_request /opt/stack/glance/glance/api/middleware/version_negotiation.py:44}}
Aug 06 09:39:35.461101 np0000006647 devstack@g-api.service[103282]: DEBUG glance.api.middleware.version_negotiation [None req-e6ef384e-8a85-40d3-941d-34ccab77a9fe tempest-AttachSCSIVolumeTestJSON-676928283 tempest-AttachSCSIVolumeTestJSON-676928283-project-admin] Using url versioning {{(pid=103282) process_request /opt/stack/glance/glance/api/middleware/version_negotiation.py:57}}
Aug 06 09:39:35.461189 np0000006647 devstack@g-api.service[103282]: DEBUG glance.api.middleware.version_negotiation [None req-e6ef384e-8a85-40d3-941d-34ccab77a9fe tempest-AttachSCSIVolumeTestJSON-676928283 tempest-AttachSCSIVolumeTestJSON-676928283-project-admin] Unknown version. Returning version choices. {{(pid=103282) process_request /opt/stack/glance/glance/api/middleware/version_negotiation.py:64}}
Aug 06 09:39:35.463532 np0000006647 devstack@g-api.service[103282]: [pid: 103282|app: 0|req: 11/51] 127.0.0.1 () {36 vars in 555 bytes} [Thu Aug 6 09:39:35 2026] GET / => generated 1501 bytes in 1 msecs (HTTP/1.1 300) 3 headers in 106 bytes (1 switches on core 0)
Aug 06 09:39:35.512444 np0000006647 devstack@g-api.service[103285]: DEBUG glance.api.middleware.version_negotiation [None req-2fc82eef-8267-4540-8355-cab5a2cc5387 tempest-TaggedAttachmentsTest-286536089 tempest-TaggedAttachmentsTest-286536089-project-member] Determining version of request: GET /v2/images/13c130e4-8d7c-4e40-8da2-5861cb4cc62c Accept: */* {{(pid=103285) process_request /opt/stack/glance/glance/api/middleware/version_negotiation.py:44}}
Aug 06 09:39:35.515825 np0000006647 devstack@g-api.service[103285]: DEBUG glance.api.middleware.version_negotiation [None req-2fc82eef-8267-4540-8355-cab5a2cc5387 tempest-TaggedAttachmentsTest-286536089 tempest-TaggedAttachmentsTest-286536089-project-member] Using url versioning {{(pid=103285) process_request /opt/stack/glance/glance/api/middleware/version_negotiation.py:57}}
Aug 06 09:39:35.515825 np0000006647 devstack@g-api.service[103285]: DEBUG glance.api.middleware.version_negotiation [None req-2fc82eef-8267-4540-8355-cab5a2cc5387 tempest-TaggedAttachmentsTest-286536089 tempest-TaggedAttachmentsTest-286536089-project-member] Matched version: v2 {{(pid=103285) process_request /opt/stack/glance/glance/api/middleware/version_negotiation.py:69}}
Aug 06 09:39:35.515825 np0000006647 devstack@g-api.service[103285]: DEBUG glance.api.middleware.version_negotiation [None req-2fc82eef-8267-4540-8355-cab5a2cc5387 tempest-TaggedAttachmentsTest-286536089 tempest-TaggedAttachmentsTest-286536089-project-member] new path /v2/images/13c130e4-8d7c-4e40-8da2-5861cb4cc62c {{(pid=103285) process_request /opt/stack/glance/glance/api/middleware/version_negotiation.py:70}}
Aug 06 09:39:35.527583 np0000006647 devstack@g-api.service[103285]: [pid: 103285|app: 0|req: 15/52] 127.0.0.1 () {44 vars in 1111 bytes} [Thu Aug 6 09:39:35 2026] GET /v2/images/13c130e4-8d7c-4e40-8da2-5861cb4cc62c => generated 1044 bytes in 15 msecs (HTTP/1.1 200) 4 headers in 158 bytes (1 switches on core 0)
Aug 06 09:39:35.560993 np0000006647 devstack@g-api.service[103283]: DEBUG glance.api.middleware.version_negotiation [None req-2fc82eef-8267-4540-8355-cab5a2cc5387 tempest-TaggedAttachmentsTest-286536089 tempest-TaggedAttachmentsTest-286536089-project-member] Determining version of request: GET /v2/schemas/image Accept: */* {{(pid=103283) process_request /opt/stack/glance/glance/api/middleware/version_negotiation.py:44}}
Aug 06 09:39:35.561384 np0000006647 devstack@g-api.service[103283]: DEBUG glance.api.middleware.version_negotiation [None req-2fc82eef-8267-4540-8355-cab5a2cc5387 tempest-TaggedAttachmentsTest-286536089 tempest-TaggedAttachmentsTest-286536089-project-member] Using url versioning {{(pid=103283) process_request /opt/stack/glance/glance/api/middleware/version_negotiation.py:57}}
Aug 06 09:39:35.561384 np0000006647 devstack@g-api.service[103283]: DEBUG glance.api.middleware.version_negotiation [None req-2fc82eef-8267-4540-8355-cab5a2cc5387 tempest-TaggedAttachmentsTest-286536089 tempest-TaggedAttachmentsTest-286536089-project-member] Matched version: v2 {{(pid=103283) process_request /opt/stack/glance/glance/api/middleware/version_negotiation.py:69}}
Aug 06 09:39:35.561384 np0000006647 devstack@g-api.service[103283]: DEBUG glance.api.middleware.version_negotiation [None req-2fc82eef-8267-4540-8355-cab5a2cc5387 tempest-TaggedAttachmentsTest-286536089 tempest-TaggedAttachmentsTest-286536089-project-member] new path /v2/schemas/image {{(pid=103283) process_request /opt/stack/glance/glance/api/middleware/version_negotiation.py:70}}
Aug 06 09:39:35.565249 np0000006647 devstack@g-api.service[103283]: [pid: 103283|app: 0|req: 13/53] 127.0.0.1 () {44 vars in 1051 bytes} [Thu Aug 6 09:39:35 2026] GET /v2/schemas/image => generated 6083 bytes in 4 msecs (HTTP/1.1 200) 4 headers in 158 bytes (1 switches on core 0)
Aug 06 09:39:35.673575 np0000006647 devstack@g-api.service[103284]: DEBUG swiftclient [None req-5ac9edfc-04d2-40f0-8aad-35505cd59f6e tempest-AttachSCSIVolumeTestJSON-676928283 tempest-AttachSCSIVolumeTestJSON-676928283-project-admin] REQ: curl -i https://10.4.3.52:8080/v1/AUTH_7920eae153f9472eafffa2672c436bfd/glance/f5d97847-5bab-484c-a3f4-59affd1c1c3d-00001 -X PUT -H "X-Auth-Token: gAAAAABqdFZXj7-P..." {{(pid=103284) http_log /opt/stack/data/venv/lib/python3.12/site-packages/swiftclient/client.py:160}}
Aug 06 09:39:35.673575 np0000006647 devstack@g-api.service[103284]: DEBUG swiftclient [None req-5ac9edfc-04d2-40f0-8aad-35505cd59f6e tempest-AttachSCSIVolumeTestJSON-676928283 tempest-AttachSCSIVolumeTestJSON-676928283-project-admin] RESP STATUS: 201 Created {{(pid=103284) http_log /opt/stack/data/venv/lib/python3.12/site-packages/swiftclient/client.py:161}}
Aug 06 09:39:35.673575 np0000006647 devstack@g-api.service[103284]: DEBUG swiftclient [None req-5ac9edfc-04d2-40f0-8aad-35505cd59f6e tempest-AttachSCSIVolumeTestJSON-676928283 tempest-AttachSCSIVolumeTestJSON-676928283-project-admin] RESP HEADERS: {'Date': 'Thu, 06 Aug 2026 09:39:35 GMT', 'Server': 'Apache/2.4.58 (Ubuntu)', 'Content-Type': 'text/html; charset=UTF-8', 'Content-Length': '0', 'Etag': '87617e24a5e30cb3b87fda8c0764838f', 'Last-Modified': 'Thu, 06 Aug 2026 09:39:36 GMT', 'X-Trans-Id': 'tx670108d823284befb0ec4-006a745657', 'X-Openstack-Request-Id': 'tx670108d823284befb0ec4-006a745657', 'Connection': 'close'} {{(pid=103284) http_log /opt/stack/data/venv/lib/python3.12/site-packages/swiftclient/client.py:162}}
Aug 06 09:39:35.673575 np0000006647 devstack@g-api.service[103284]: DEBUG glance_store._drivers.swift.store [None req-5ac9edfc-04d2-40f0-8aad-35505cd59f6e tempest-AttachSCSIVolumeTestJSON-676928283 tempest-AttachSCSIVolumeTestJSON-676928283-project-admin] Wrote chunk f5d97847-5bab-484c-a3f4-59affd1c1c3d-00001 (1/?) of length 21692416 to Swift returning MD5 of content: 87617e24a5e30cb3b87fda8c0764838f {{(pid=103284) add /opt/stack/data/venv/lib/python3.12/site-packages/glance_store/_drivers/swift/store.py:1059}}
Aug 06 09:39:35.673949 np0000006647 devstack@g-api.service[103284]: DEBUG glance_store._drivers.swift.store [None req-5ac9edfc-04d2-40f0-8aad-35505cd59f6e tempest-AttachSCSIVolumeTestJSON-676928283 tempest-AttachSCSIVolumeTestJSON-676928283-project-admin] Not writing zero-length chunk. {{(pid=103284) add /opt/stack/data/venv/lib/python3.12/site-packages/glance_store/_drivers/swift/store.py:1028}}
Aug 06 09:39:35.698496 np0000006647 devstack@g-api.service[103284]: DEBUG swiftclient [None req-5ac9edfc-04d2-40f0-8aad-35505cd59f6e tempest-AttachSCSIVolumeTestJSON-676928283 tempest-AttachSCSIVolumeTestJSON-676928283-project-admin] REQ: curl -i https://10.4.3.52:8080/v1/AUTH_7920eae153f9472eafffa2672c436bfd/glance/f5d97847-5bab-484c-a3f4-59affd1c1c3d -X PUT -H "X-Object-Manifest: glance/f5d97847-5bab-484c-a3f4-59affd1c1c3d-" -H "X-Auth-Token: gAAAAABqdFZXj7-P..." -H "Content-Length: 0" {{(pid=103284) http_log /opt/stack/data/venv/lib/python3.12/site-packages/swiftclient/client.py:160}}
Aug 06 09:39:35.698623 np0000006647 devstack@g-api.service[103284]: DEBUG swiftclient [None req-5ac9edfc-04d2-40f0-8aad-35505cd59f6e tempest-AttachSCSIVolumeTestJSON-676928283 tempest-AttachSCSIVolumeTestJSON-676928283-project-admin] RESP STATUS: 201 Created {{(pid=103284) http_log /opt/stack/data/venv/lib/python3.12/site-packages/swiftclient/client.py:161}}
Aug 06 09:39:35.698807 np0000006647 devstack@g-api.service[103284]: DEBUG swiftclient [None req-5ac9edfc-04d2-40f0-8aad-35505cd59f6e tempest-AttachSCSIVolumeTestJSON-676928283 tempest-AttachSCSIVolumeTestJSON-676928283-project-admin] RESP HEADERS: {'Date': 'Thu, 06 Aug 2026 09:39:35 GMT', 'Server': 'Apache/2.4.58 (Ubuntu)', 'Content-Type': 'text/html; charset=UTF-8', 'Content-Length': '0', 'Etag': 'd41d8cd98f00b204e9800998ecf8427e', 'Last-Modified': 'Thu, 06 Aug 2026 09:39:36 GMT', 'X-Trans-Id': 'tx9d453e21d00d4b14a04bc-006a745657', 'X-Openstack-Request-Id': 'tx9d453e21d00d4b14a04bc-006a745657', 'Connection': 'close'} {{(pid=103284) http_log /opt/stack/data/venv/lib/python3.12/site-packages/swiftclient/client.py:162}}
Aug 06 09:39:35.699445 np0000006647 devstack@g-api.service[103284]: INFO glance.location [None req-5ac9edfc-04d2-40f0-8aad-35505cd59f6e tempest-AttachSCSIVolumeTestJSON-676928283 tempest-AttachSCSIVolumeTestJSON-676928283-project-admin] Image format matched and virtual size computed: 117440512
Aug 06 09:39:35.728148 np0000006647 devstack@g-api.service[103284]: DEBUG glance_store.backend [None req-5ac9edfc-04d2-40f0-8aad-35505cd59f6e tempest-AttachSCSIVolumeTestJSON-676928283 tempest-AttachSCSIVolumeTestJSON-676928283-project-admin] Attempting to import store swift {{(pid=103284) _load_store /opt/stack/data/venv/lib/python3.12/site-packages/glance_store/backend.py:215}}
