Aug 06 09:36:56.577852 np0000006647 systemd[1]: Starting devstack@n-api-meta.service - Devstack devstack@n-api-meta.service...
Aug 06 09:36:56.583160 np0000006647 devstack@n-api-meta.service[96315]: [uWSGI] getting INI configuration from /etc/nova/nova-metadata-uwsgi.ini
Aug 06 09:36:56.585445 np0000006647 devstack@n-api-meta.service[96315]: *** Starting uWSGI 2.0.24-debian (64bit) on [Thu Aug 6 09:36:56 2026] ***
Aug 06 09:36:56.585445 np0000006647 devstack@n-api-meta.service[96315]: compiled with version: 13.2.0 on 17 April 2024 16:23:48
Aug 06 09:36:56.585445 np0000006647 devstack@n-api-meta.service[96315]: os: Linux-6.8.0-100-generic #100-Ubuntu SMP PREEMPT_DYNAMIC Tue Jan 13 16:40:06 UTC 2026
Aug 06 09:36:56.585445 np0000006647 devstack@n-api-meta.service[96315]: nodename: np0000006647
Aug 06 09:36:56.585445 np0000006647 devstack@n-api-meta.service[96315]: machine: x86_64
Aug 06 09:36:56.585445 np0000006647 devstack@n-api-meta.service[96315]: clock source: unix
Aug 06 09:36:56.585445 np0000006647 devstack@n-api-meta.service[96315]: pcre jit disabled
Aug 06 09:36:56.585445 np0000006647 devstack@n-api-meta.service[96315]: detected number of CPU cores: 16
Aug 06 09:36:56.585445 np0000006647 devstack@n-api-meta.service[96315]: current working directory: /
Aug 06 09:36:56.585445 np0000006647 devstack@n-api-meta.service[96315]: detected binary path: /usr/bin/uwsgi-core
Aug 06 09:36:56.585445 np0000006647 devstack@n-api-meta.service[96315]: your processes number limit is 257052
Aug 06 09:36:56.585445 np0000006647 devstack@n-api-meta.service[96315]: your memory page size is 4096 bytes
Aug 06 09:36:56.585445 np0000006647 devstack@n-api-meta.service[96315]: detected max file descriptor number: 2048
Aug 06 09:36:56.585445 np0000006647 devstack@n-api-meta.service[96315]: lock engine: pthread robust mutexes
Aug 06 09:36:56.585854 np0000006647 devstack@n-api-meta.service[96315]: thunder lock: enabled
Aug 06 09:36:56.585882 np0000006647 devstack@n-api-meta.service[96315]: uWSGI http bound on 0.0.0.0:8775 fd 5
Aug 06 09:36:56.585910 np0000006647 devstack@n-api-meta.service[96315]: uwsgi socket 0 bound to TCP address 127.0.0.1:39443 (port auto-assigned) fd 4
Aug 06 09:36:56.585940 np0000006647 devstack@n-api-meta.service[96315]: Python version: 3.12.3 (main, Jun 19 2026, 12:46:00) [GCC 13.3.0]
Aug 06 09:36:56.585940 np0000006647 devstack@n-api-meta.service[96315]: PEP 405 virtualenv detected: /opt/stack/data/venv
Aug 06 09:36:56.585940 np0000006647 devstack@n-api-meta.service[96315]: Set PythonHome to /opt/stack/data/venv
Aug 06 09:36:56.623496 np0000006647 devstack@n-api-meta.service[96315]: Python main interpreter initialized at 0x7ced968a4668
Aug 06 09:36:56.623558 np0000006647 devstack@n-api-meta.service[96315]: python threads support enabled
Aug 06 09:36:56.623558 np0000006647 devstack@n-api-meta.service[96315]: your server socket listen backlog is limited to 100 connections
Aug 06 09:36:56.623558 np0000006647 devstack@n-api-meta.service[96315]: your mercy for graceful operations on workers is 80 seconds
Aug 06 09:36:56.624068 np0000006647 devstack@n-api-meta.service[96315]: mapped 671795 bytes (656 KB) for 4 cores
Aug 06 09:36:56.624203 np0000006647 devstack@n-api-meta.service[96315]: *** Operational MODE: preforking ***
Aug 06 09:36:56.624387 np0000006647 devstack@n-api-meta.service[96315]: *** uWSGI is running in multiple interpreter mode ***
Aug 06 09:36:56.624387 np0000006647 devstack@n-api-meta.service[96315]: spawned uWSGI master process (pid: 96315)
Aug 06 09:36:56.624558 np0000006647 systemd[1]: Started devstack@n-api-meta.service - Devstack devstack@n-api-meta.service.
Aug 06 09:36:56.625009 np0000006647 devstack@n-api-meta.service[96315]: spawned uWSGI worker 1 (pid: 96318, cores: 1)
Aug 06 09:36:56.625551 np0000006647 devstack@n-api-meta.service[96315]: spawned uWSGI worker 2 (pid: 96319, cores: 1)
Aug 06 09:36:56.625964 np0000006647 devstack@n-api-meta.service[96315]: spawned uWSGI worker 3 (pid: 96320, cores: 1)
Aug 06 09:36:56.626466 np0000006647 devstack@n-api-meta.service[96315]: spawned uWSGI worker 4 (pid: 96321, cores: 1)
Aug 06 09:36:56.627192 np0000006647 devstack@n-api-meta.service[96315]: spawned uWSGI http 1 (pid: 96322)
Aug 06 09:36:56.627192 np0000006647 devstack@n-api-meta.service[96315]: running "unix_signal:15 gracefully_kill_them_all" (master-start)...
Aug 06 09:36:58.233366 np0000006647 devstack@n-api-meta.service[96320]: INFO dbcounter [None req-b8029784-7acb-41e6-b448-458c44413e5e None None] Registered counter for database nova_api
Aug 06 09:36:58.256266 np0000006647 devstack@n-api-meta.service[96321]: INFO dbcounter [None req-8f36f06c-ad14-46cf-b0fb-97db93e455d1 None None] Registered counter for database nova_api
Aug 06 09:36:58.284505 np0000006647 devstack@n-api-meta.service[96320]: DEBUG oslo_db.sqlalchemy.engines [None req-b8029784-7acb-41e6-b448-458c44413e5e None None] MySQL server mode set to STRICT_TRANS_TABLES,STRICT_ALL_TABLES,NO_ZERO_IN_DATE,NO_ZERO_DATE,ERROR_FOR_DIVISION_BY_ZERO,TRADITIONAL,NO_ENGINE_SUBSTITUTION {{(pid=96320) _check_effective_sql_mode /opt/stack/data/venv/lib/python3.12/site-packages/oslo_db/sqlalchemy/engines.py:325}}
Aug 06 09:36:58.305006 np0000006647 devstack@n-api-meta.service[96321]: DEBUG oslo_db.sqlalchemy.engines [None req-8f36f06c-ad14-46cf-b0fb-97db93e455d1 None None] MySQL server mode set to STRICT_TRANS_TABLES,STRICT_ALL_TABLES,NO_ZERO_IN_DATE,NO_ZERO_DATE,ERROR_FOR_DIVISION_BY_ZERO,TRADITIONAL,NO_ENGINE_SUBSTITUTION {{(pid=96321) _check_effective_sql_mode /opt/stack/data/venv/lib/python3.12/site-packages/oslo_db/sqlalchemy/engines.py:325}}
Aug 06 09:36:58.320017 np0000006647 devstack@n-api-meta.service[96320]: DEBUG dbcounter [-] [96320] Writer thread running {{(pid=96320) stat_writer /opt/stack/data/venv/lib/python3.12/site-packages/dbcounter.py:102}}
Aug 06 09:36:58.321519 np0000006647 devstack@n-api-meta.service[96319]: INFO dbcounter [None req-95a42d50-0854-4416-ab33-29321c0fba2c None None] Registered counter for database nova_api
Aug 06 09:36:58.322838 np0000006647 devstack@n-api-meta.service[96320]: DEBUG nova.context [None req-b8029784-7acb-41e6-b448-458c44413e5e None None] Found 2 cells: 00000000-0000-0000-0000-000000000000(cell0),9d0feaec-e8d8-4e3a-bb55-a001f88b141c(cell1) {{(pid=96320) load_cells /opt/stack/nova/nova/context.py:509}}
Aug 06 09:36:58.323142 np0000006647 devstack@n-api-meta.service[96320]: INFO nova.utils [None req-b8029784-7acb-41e6-b448-458c44413e5e None None] The cell worker thread pool MainProcess.cell_worker is initialized
Aug 06 09:36:58.325175 np0000006647 devstack@n-api-meta.service[96320]: DEBUG oslo_concurrency.lockutils [None req-b8029784-7acb-41e6-b448-458c44413e5e None None] Acquiring lock "00000000-0000-0000-0000-000000000000" by "nova.context.set_target_cell..get_or_set_cached_cell_and_set_connections" {{(pid=96320) inner /opt/stack/data/venv/lib/python3.12/site-packages/oslo_concurrency/lockutils.py:512}}
Aug 06 09:36:58.325364 np0000006647 devstack@n-api-meta.service[96320]: DEBUG oslo_concurrency.lockutils [None req-b8029784-7acb-41e6-b448-458c44413e5e None None] Lock "00000000-0000-0000-0000-000000000000" acquired by "nova.context.set_target_cell..get_or_set_cached_cell_and_set_connections" :: waited 0.000s {{(pid=96320) inner /opt/stack/data/venv/lib/python3.12/site-packages/oslo_concurrency/lockutils.py:525}}
Aug 06 09:36:58.325857 np0000006647 devstack@n-api-meta.service[96320]: DEBUG oslo_concurrency.lockutils [None req-b8029784-7acb-41e6-b448-458c44413e5e None None] Lock "00000000-0000-0000-0000-000000000000" "released" by "nova.context.set_target_cell..get_or_set_cached_cell_and_set_connections" :: held 0.000s {{(pid=96320) inner /opt/stack/data/venv/lib/python3.12/site-packages/oslo_concurrency/lockutils.py:544}}
Aug 06 09:36:58.326834 np0000006647 devstack@n-api-meta.service[96320]: DEBUG oslo_concurrency.lockutils [None req-b8029784-7acb-41e6-b448-458c44413e5e None None] Acquiring lock "9d0feaec-e8d8-4e3a-bb55-a001f88b141c" by "nova.context.set_target_cell..get_or_set_cached_cell_and_set_connections" {{(pid=96320) inner /opt/stack/data/venv/lib/python3.12/site-packages/oslo_concurrency/lockutils.py:512}}
Aug 06 09:36:58.327026 np0000006647 devstack@n-api-meta.service[96320]: DEBUG oslo_concurrency.lockutils [None req-b8029784-7acb-41e6-b448-458c44413e5e None None] Lock "9d0feaec-e8d8-4e3a-bb55-a001f88b141c" acquired by "nova.context.set_target_cell..get_or_set_cached_cell_and_set_connections" :: waited 0.000s {{(pid=96320) inner /opt/stack/data/venv/lib/python3.12/site-packages/oslo_concurrency/lockutils.py:525}}
Aug 06 09:36:58.327976 np0000006647 devstack@n-api-meta.service[96320]: DEBUG oslo_concurrency.lockutils [None req-b8029784-7acb-41e6-b448-458c44413e5e None None] Lock "9d0feaec-e8d8-4e3a-bb55-a001f88b141c" "released" by "nova.context.set_target_cell..get_or_set_cached_cell_and_set_connections" :: held 0.001s {{(pid=96320) inner /opt/stack/data/venv/lib/python3.12/site-packages/oslo_concurrency/lockutils.py:544}}
Aug 06 09:36:58.329960 np0000006647 devstack@n-api-meta.service[96320]: INFO dbcounter [None req-b8029784-7acb-41e6-b448-458c44413e5e None None] Registered counter for database nova_cell0
Aug 06 09:36:58.332945 np0000006647 devstack@n-api-meta.service[96320]: INFO dbcounter [None req-b8029784-7acb-41e6-b448-458c44413e5e None None] Registered counter for database nova_cell1
Aug 06 09:36:58.338585 np0000006647 devstack@n-api-meta.service[96321]: DEBUG dbcounter [-] [96321] Writer thread running {{(pid=96321) stat_writer /opt/stack/data/venv/lib/python3.12/site-packages/dbcounter.py:102}}
Aug 06 09:36:58.341583 np0000006647 devstack@n-api-meta.service[96321]: DEBUG nova.context [None req-8f36f06c-ad14-46cf-b0fb-97db93e455d1 None None] Found 2 cells: 00000000-0000-0000-0000-000000000000(cell0),9d0feaec-e8d8-4e3a-bb55-a001f88b141c(cell1) {{(pid=96321) load_cells /opt/stack/nova/nova/context.py:509}}
Aug 06 09:36:58.341934 np0000006647 devstack@n-api-meta.service[96321]: INFO nova.utils [None req-8f36f06c-ad14-46cf-b0fb-97db93e455d1 None None] The cell worker thread pool MainProcess.cell_worker is initialized
Aug 06 09:36:58.344246 np0000006647 devstack@n-api-meta.service[96321]: DEBUG oslo_concurrency.lockutils [None req-8f36f06c-ad14-46cf-b0fb-97db93e455d1 None None] Acquiring lock "00000000-0000-0000-0000-000000000000" by "nova.context.set_target_cell..get_or_set_cached_cell_and_set_connections" {{(pid=96321) inner /opt/stack/data/venv/lib/python3.12/site-packages/oslo_concurrency/lockutils.py:512}}
Aug 06 09:36:58.345502 np0000006647 devstack@n-api-meta.service[96321]: DEBUG oslo_concurrency.lockutils [None req-8f36f06c-ad14-46cf-b0fb-97db93e455d1 None None] Lock "00000000-0000-0000-0000-000000000000" acquired by "nova.context.set_target_cell..get_or_set_cached_cell_and_set_connections" :: waited 0.000s {{(pid=96321) inner /opt/stack/data/venv/lib/python3.12/site-packages/oslo_concurrency/lockutils.py:525}}
Aug 06 09:36:58.345502 np0000006647 devstack@n-api-meta.service[96321]: DEBUG oslo_concurrency.lockutils [None req-8f36f06c-ad14-46cf-b0fb-97db93e455d1 None None] Lock "00000000-0000-0000-0000-000000000000" "released" by "nova.context.set_target_cell..get_or_set_cached_cell_and_set_connections" :: held 0.001s {{(pid=96321) inner /opt/stack/data/venv/lib/python3.12/site-packages/oslo_concurrency/lockutils.py:544}}
Aug 06 09:36:58.345855 np0000006647 devstack@n-api-meta.service[96321]: DEBUG oslo_concurrency.lockutils [None req-8f36f06c-ad14-46cf-b0fb-97db93e455d1 None None] Acquiring lock "9d0feaec-e8d8-4e3a-bb55-a001f88b141c" by "nova.context.set_target_cell..get_or_set_cached_cell_and_set_connections" {{(pid=96321) inner /opt/stack/data/venv/lib/python3.12/site-packages/oslo_concurrency/lockutils.py:512}}
Aug 06 09:36:58.346106 np0000006647 devstack@n-api-meta.service[96321]: DEBUG oslo_concurrency.lockutils [None req-8f36f06c-ad14-46cf-b0fb-97db93e455d1 None None] Lock "9d0feaec-e8d8-4e3a-bb55-a001f88b141c" acquired by "nova.context.set_target_cell..get_or_set_cached_cell_and_set_connections" :: waited 0.000s {{(pid=96321) inner /opt/stack/data/venv/lib/python3.12/site-packages/oslo_concurrency/lockutils.py:525}}
Aug 06 09:36:58.347240 np0000006647 devstack@n-api-meta.service[96321]: DEBUG oslo_concurrency.lockutils [None req-8f36f06c-ad14-46cf-b0fb-97db93e455d1 None None] Lock "9d0feaec-e8d8-4e3a-bb55-a001f88b141c" "released" by "nova.context.set_target_cell..get_or_set_cached_cell_and_set_connections" :: held 0.001s {{(pid=96321) inner /opt/stack/data/venv/lib/python3.12/site-packages/oslo_concurrency/lockutils.py:544}}
Aug 06 09:36:58.348446 np0000006647 devstack@n-api-meta.service[96318]: INFO dbcounter [None req-151bdada-8f15-4747-b4aa-f7c4924c3cc7 None None] Registered counter for database nova_api
Aug 06 09:36:58.349223 np0000006647 devstack@n-api-meta.service[96321]: INFO dbcounter [None req-8f36f06c-ad14-46cf-b0fb-97db93e455d1 None None] Registered counter for database nova_cell0
Aug 06 09:36:58.352109 np0000006647 devstack@n-api-meta.service[96321]: INFO dbcounter [None req-8f36f06c-ad14-46cf-b0fb-97db93e455d1 None None] Registered counter for database nova_cell1
Aug 06 09:36:58.366104 np0000006647 devstack@n-api-meta.service[96319]: DEBUG oslo_db.sqlalchemy.engines [None req-95a42d50-0854-4416-ab33-29321c0fba2c None None] MySQL server mode set to STRICT_TRANS_TABLES,STRICT_ALL_TABLES,NO_ZERO_IN_DATE,NO_ZERO_DATE,ERROR_FOR_DIVISION_BY_ZERO,TRADITIONAL,NO_ENGINE_SUBSTITUTION {{(pid=96319) _check_effective_sql_mode /opt/stack/data/venv/lib/python3.12/site-packages/oslo_db/sqlalchemy/engines.py:325}}
Aug 06 09:36:58.379182 np0000006647 devstack@n-api-meta.service[96320]: DEBUG oslo_db.sqlalchemy.engines [None req-b8029784-7acb-41e6-b448-458c44413e5e None None] MySQL server mode set to STRICT_TRANS_TABLES,STRICT_ALL_TABLES,NO_ZERO_IN_DATE,NO_ZERO_DATE,ERROR_FOR_DIVISION_BY_ZERO,TRADITIONAL,NO_ENGINE_SUBSTITUTION {{(pid=96320) _check_effective_sql_mode /opt/stack/data/venv/lib/python3.12/site-packages/oslo_db/sqlalchemy/engines.py:325}}
Aug 06 09:36:58.394633 np0000006647 devstack@n-api-meta.service[96318]: DEBUG oslo_db.sqlalchemy.engines [None req-151bdada-8f15-4747-b4aa-f7c4924c3cc7 None None] MySQL server mode set to STRICT_TRANS_TABLES,STRICT_ALL_TABLES,NO_ZERO_IN_DATE,NO_ZERO_DATE,ERROR_FOR_DIVISION_BY_ZERO,TRADITIONAL,NO_ENGINE_SUBSTITUTION {{(pid=96318) _check_effective_sql_mode /opt/stack/data/venv/lib/python3.12/site-packages/oslo_db/sqlalchemy/engines.py:325}}
Aug 06 09:36:58.400512 np0000006647 devstack@n-api-meta.service[96319]: DEBUG dbcounter [-] [96319] Writer thread running {{(pid=96319) stat_writer /opt/stack/data/venv/lib/python3.12/site-packages/dbcounter.py:102}}
Aug 06 09:36:58.400512 np0000006647 devstack@n-api-meta.service[96319]: DEBUG nova.context [None req-95a42d50-0854-4416-ab33-29321c0fba2c None None] Found 2 cells: 00000000-0000-0000-0000-000000000000(cell0),9d0feaec-e8d8-4e3a-bb55-a001f88b141c(cell1) {{(pid=96319) load_cells /opt/stack/nova/nova/context.py:509}}
Aug 06 09:36:58.400774 np0000006647 devstack@n-api-meta.service[96319]: INFO nova.utils [None req-95a42d50-0854-4416-ab33-29321c0fba2c None None] The cell worker thread pool MainProcess.cell_worker is initialized
Aug 06 09:36:58.402441 np0000006647 devstack@n-api-meta.service[96319]: DEBUG oslo_concurrency.lockutils [None req-95a42d50-0854-4416-ab33-29321c0fba2c None None] Acquiring lock "00000000-0000-0000-0000-000000000000" by "nova.context.set_target_cell..get_or_set_cached_cell_and_set_connections" {{(pid=96319) inner /opt/stack/data/venv/lib/python3.12/site-packages/oslo_concurrency/lockutils.py:512}}
Aug 06 09:36:58.402638 np0000006647 devstack@n-api-meta.service[96319]: DEBUG oslo_concurrency.lockutils [None req-95a42d50-0854-4416-ab33-29321c0fba2c None None] Lock "00000000-0000-0000-0000-000000000000" acquired by "nova.context.set_target_cell..get_or_set_cached_cell_and_set_connections" :: waited 0.000s {{(pid=96319) inner /opt/stack/data/venv/lib/python3.12/site-packages/oslo_concurrency/lockutils.py:525}}
Aug 06 09:36:58.403041 np0000006647 devstack@n-api-meta.service[96319]: DEBUG oslo_concurrency.lockutils [None req-95a42d50-0854-4416-ab33-29321c0fba2c None None] Lock "00000000-0000-0000-0000-000000000000" "released" by "nova.context.set_target_cell..get_or_set_cached_cell_and_set_connections" :: held 0.000s {{(pid=96319) inner /opt/stack/data/venv/lib/python3.12/site-packages/oslo_concurrency/lockutils.py:544}}
Aug 06 09:36:58.403736 np0000006647 devstack@n-api-meta.service[96319]: DEBUG oslo_concurrency.lockutils [None req-95a42d50-0854-4416-ab33-29321c0fba2c None None] Acquiring lock "9d0feaec-e8d8-4e3a-bb55-a001f88b141c" by "nova.context.set_target_cell..get_or_set_cached_cell_and_set_connections" {{(pid=96319) inner /opt/stack/data/venv/lib/python3.12/site-packages/oslo_concurrency/lockutils.py:512}}
Aug 06 09:36:58.403878 np0000006647 devstack@n-api-meta.service[96319]: DEBUG oslo_concurrency.lockutils [None req-95a42d50-0854-4416-ab33-29321c0fba2c None None] Lock "9d0feaec-e8d8-4e3a-bb55-a001f88b141c" acquired by "nova.context.set_target_cell..get_or_set_cached_cell_and_set_connections" :: waited 0.000s {{(pid=96319) inner /opt/stack/data/venv/lib/python3.12/site-packages/oslo_concurrency/lockutils.py:525}}
Aug 06 09:36:58.404036 np0000006647 devstack@n-api-meta.service[96321]: DEBUG oslo_db.sqlalchemy.engines [None req-8f36f06c-ad14-46cf-b0fb-97db93e455d1 None None] MySQL server mode set to STRICT_TRANS_TABLES,STRICT_ALL_TABLES,NO_ZERO_IN_DATE,NO_ZERO_DATE,ERROR_FOR_DIVISION_BY_ZERO,TRADITIONAL,NO_ENGINE_SUBSTITUTION {{(pid=96321) _check_effective_sql_mode /opt/stack/data/venv/lib/python3.12/site-packages/oslo_db/sqlalchemy/engines.py:325}}
Aug 06 09:36:58.404670 np0000006647 devstack@n-api-meta.service[96319]: DEBUG oslo_concurrency.lockutils [None req-95a42d50-0854-4416-ab33-29321c0fba2c None None] Lock "9d0feaec-e8d8-4e3a-bb55-a001f88b141c" "released" by "nova.context.set_target_cell..get_or_set_cached_cell_and_set_connections" :: held 0.001s {{(pid=96319) inner /opt/stack/data/venv/lib/python3.12/site-packages/oslo_concurrency/lockutils.py:544}}
Aug 06 09:36:58.406565 np0000006647 devstack@n-api-meta.service[96319]: INFO dbcounter [None req-95a42d50-0854-4416-ab33-29321c0fba2c None None] Registered counter for database nova_cell0
Aug 06 09:36:58.407160 np0000006647 devstack@n-api-meta.service[96321]: DEBUG oslo_db.sqlalchemy.engines [None req-8f36f06c-ad14-46cf-b0fb-97db93e455d1 None None] MySQL server mode set to STRICT_TRANS_TABLES,STRICT_ALL_TABLES,NO_ZERO_IN_DATE,NO_ZERO_DATE,ERROR_FOR_DIVISION_BY_ZERO,TRADITIONAL,NO_ENGINE_SUBSTITUTION {{(pid=96321) _check_effective_sql_mode /opt/stack/data/venv/lib/python3.12/site-packages/oslo_db/sqlalchemy/engines.py:325}}
Aug 06 09:36:58.409435 np0000006647 devstack@n-api-meta.service[96319]: INFO dbcounter [None req-95a42d50-0854-4416-ab33-29321c0fba2c None None] Registered counter for database nova_cell1
Aug 06 09:36:58.425172 np0000006647 devstack@n-api-meta.service[96318]: DEBUG dbcounter [-] [96318] Writer thread running {{(pid=96318) stat_writer /opt/stack/data/venv/lib/python3.12/site-packages/dbcounter.py:102}}
Aug 06 09:36:58.428571 np0000006647 devstack@n-api-meta.service[96318]: DEBUG nova.context [None req-151bdada-8f15-4747-b4aa-f7c4924c3cc7 None None] Found 2 cells: 00000000-0000-0000-0000-000000000000(cell0),9d0feaec-e8d8-4e3a-bb55-a001f88b141c(cell1) {{(pid=96318) load_cells /opt/stack/nova/nova/context.py:509}}
Aug 06 09:36:58.428902 np0000006647 devstack@n-api-meta.service[96318]: INFO nova.utils [None req-151bdada-8f15-4747-b4aa-f7c4924c3cc7 None None] The cell worker thread pool MainProcess.cell_worker is initialized
Aug 06 09:36:58.431396 np0000006647 devstack@n-api-meta.service[96318]: DEBUG oslo_concurrency.lockutils [None req-151bdada-8f15-4747-b4aa-f7c4924c3cc7 None None] Acquiring lock "00000000-0000-0000-0000-000000000000" by "nova.context.set_target_cell..get_or_set_cached_cell_and_set_connections" {{(pid=96318) inner /opt/stack/data/venv/lib/python3.12/site-packages/oslo_concurrency/lockutils.py:512}}
Aug 06 09:36:58.431658 np0000006647 devstack@n-api-meta.service[96318]: DEBUG oslo_concurrency.lockutils [None req-151bdada-8f15-4747-b4aa-f7c4924c3cc7 None None] Lock "00000000-0000-0000-0000-000000000000" acquired by "nova.context.set_target_cell..get_or_set_cached_cell_and_set_connections" :: waited 0.000s {{(pid=96318) inner /opt/stack/data/venv/lib/python3.12/site-packages/oslo_concurrency/lockutils.py:525}}
Aug 06 09:36:58.432145 np0000006647 devstack@n-api-meta.service[96318]: DEBUG oslo_concurrency.lockutils [None req-151bdada-8f15-4747-b4aa-f7c4924c3cc7 None None] Lock "00000000-0000-0000-0000-000000000000" "released" by "nova.context.set_target_cell..get_or_set_cached_cell_and_set_connections" :: held 0.001s {{(pid=96318) inner /opt/stack/data/venv/lib/python3.12/site-packages/oslo_concurrency/lockutils.py:544}}
Aug 06 09:36:58.433016 np0000006647 devstack@n-api-meta.service[96318]: DEBUG oslo_concurrency.lockutils [None req-151bdada-8f15-4747-b4aa-f7c4924c3cc7 None None] Acquiring lock "9d0feaec-e8d8-4e3a-bb55-a001f88b141c" by "nova.context.set_target_cell..get_or_set_cached_cell_and_set_connections" {{(pid=96318) inner /opt/stack/data/venv/lib/python3.12/site-packages/oslo_concurrency/lockutils.py:512}}
Aug 06 09:36:58.433235 np0000006647 devstack@n-api-meta.service[96318]: DEBUG oslo_concurrency.lockutils [None req-151bdada-8f15-4747-b4aa-f7c4924c3cc7 None None] Lock "9d0feaec-e8d8-4e3a-bb55-a001f88b141c" acquired by "nova.context.set_target_cell..get_or_set_cached_cell_and_set_connections" :: waited 0.000s {{(pid=96318) inner /opt/stack/data/venv/lib/python3.12/site-packages/oslo_concurrency/lockutils.py:525}}
Aug 06 09:36:58.436205 np0000006647 devstack@n-api-meta.service[96318]: INFO dbcounter [None req-151bdada-8f15-4747-b4aa-f7c4924c3cc7 None None] Registered counter for database nova_cell0
Aug 06 09:36:58.438102 np0000006647 devstack@n-api-meta.service[96318]: DEBUG oslo_concurrency.lockutils [None req-151bdada-8f15-4747-b4aa-f7c4924c3cc7 None None] Lock "9d0feaec-e8d8-4e3a-bb55-a001f88b141c" "released" by "nova.context.set_target_cell..get_or_set_cached_cell_and_set_connections" :: held 0.003s {{(pid=96318) inner /opt/stack/data/venv/lib/python3.12/site-packages/oslo_concurrency/lockutils.py:544}}
Aug 06 09:36:58.440718 np0000006647 devstack@n-api-meta.service[96318]: INFO dbcounter [None req-151bdada-8f15-4747-b4aa-f7c4924c3cc7 None None] Registered counter for database nova_cell1
Aug 06 09:36:58.457254 np0000006647 devstack@n-api-meta.service[96319]: DEBUG oslo_db.sqlalchemy.engines [None req-95a42d50-0854-4416-ab33-29321c0fba2c None None] MySQL server mode set to STRICT_TRANS_TABLES,STRICT_ALL_TABLES,NO_ZERO_IN_DATE,NO_ZERO_DATE,ERROR_FOR_DIVISION_BY_ZERO,TRADITIONAL,NO_ENGINE_SUBSTITUTION {{(pid=96319) _check_effective_sql_mode /opt/stack/data/venv/lib/python3.12/site-packages/oslo_db/sqlalchemy/engines.py:325}}
Aug 06 09:36:58.462447 np0000006647 devstack@n-api-meta.service[96320]: DEBUG oslo_db.sqlalchemy.engines [None req-b8029784-7acb-41e6-b448-458c44413e5e None None] MySQL server mode set to STRICT_TRANS_TABLES,STRICT_ALL_TABLES,NO_ZERO_IN_DATE,NO_ZERO_DATE,ERROR_FOR_DIVISION_BY_ZERO,TRADITIONAL,NO_ENGINE_SUBSTITUTION {{(pid=96320) _check_effective_sql_mode /opt/stack/data/venv/lib/python3.12/site-packages/oslo_db/sqlalchemy/engines.py:325}}
Aug 06 09:36:58.480804 np0000006647 devstack@n-api-meta.service[96319]: DEBUG oslo_db.sqlalchemy.engines [None req-95a42d50-0854-4416-ab33-29321c0fba2c None None] MySQL server mode set to STRICT_TRANS_TABLES,STRICT_ALL_TABLES,NO_ZERO_IN_DATE,NO_ZERO_DATE,ERROR_FOR_DIVISION_BY_ZERO,TRADITIONAL,NO_ENGINE_SUBSTITUTION {{(pid=96319) _check_effective_sql_mode /opt/stack/data/venv/lib/python3.12/site-packages/oslo_db/sqlalchemy/engines.py:325}}
Aug 06 09:36:58.486544 np0000006647 devstack@n-api-meta.service[96318]: DEBUG oslo_db.sqlalchemy.engines [None req-151bdada-8f15-4747-b4aa-f7c4924c3cc7 None None] MySQL server mode set to STRICT_TRANS_TABLES,STRICT_ALL_TABLES,NO_ZERO_IN_DATE,NO_ZERO_DATE,ERROR_FOR_DIVISION_BY_ZERO,TRADITIONAL,NO_ENGINE_SUBSTITUTION {{(pid=96318) _check_effective_sql_mode /opt/stack/data/venv/lib/python3.12/site-packages/oslo_db/sqlalchemy/engines.py:325}}
Aug 06 09:36:58.490728 np0000006647 devstack@n-api-meta.service[96318]: DEBUG oslo_db.sqlalchemy.engines [None req-151bdada-8f15-4747-b4aa-f7c4924c3cc7 None None] MySQL server mode set to STRICT_TRANS_TABLES,STRICT_ALL_TABLES,NO_ZERO_IN_DATE,NO_ZERO_DATE,ERROR_FOR_DIVISION_BY_ZERO,TRADITIONAL,NO_ENGINE_SUBSTITUTION {{(pid=96318) _check_effective_sql_mode /opt/stack/data/venv/lib/python3.12/site-packages/oslo_db/sqlalchemy/engines.py:325}}
Aug 06 09:36:58.496648 np0000006647 devstack@n-api-meta.service[96320]: DEBUG dbcounter [-] [96320] Writer thread running {{(pid=96320) stat_writer /opt/stack/data/venv/lib/python3.12/site-packages/dbcounter.py:102}}
Aug 06 09:36:58.502512 np0000006647 devstack@n-api-meta.service[96320]: DEBUG dbcounter [-] [96320] Writer thread running {{(pid=96320) stat_writer /opt/stack/data/venv/lib/python3.12/site-packages/dbcounter.py:102}}
Aug 06 09:36:58.505374 np0000006647 devstack@n-api-meta.service[96320]: INFO dbcounter [None req-b8029784-7acb-41e6-b448-458c44413e5e None None] Registered counter for database nova_cell0
Aug 06 09:36:58.515548 np0000006647 devstack@n-api-meta.service[96321]: DEBUG dbcounter [-] [96321] Writer thread running {{(pid=96321) stat_writer /opt/stack/data/venv/lib/python3.12/site-packages/dbcounter.py:102}}
Aug 06 09:36:58.517626 np0000006647 devstack@n-api-meta.service[96321]: DEBUG dbcounter [-] [96321] Writer thread running {{(pid=96321) stat_writer /opt/stack/data/venv/lib/python3.12/site-packages/dbcounter.py:102}}
Aug 06 09:36:58.520842 np0000006647 devstack@n-api-meta.service[96321]: INFO dbcounter [None req-8f36f06c-ad14-46cf-b0fb-97db93e455d1 None None] Registered counter for database nova_cell0
Aug 06 09:36:58.544094 np0000006647 devstack@n-api-meta.service[96320]: DEBUG oslo_db.sqlalchemy.engines [None req-b8029784-7acb-41e6-b448-458c44413e5e None None] MySQL server mode set to STRICT_TRANS_TABLES,STRICT_ALL_TABLES,NO_ZERO_IN_DATE,NO_ZERO_DATE,ERROR_FOR_DIVISION_BY_ZERO,TRADITIONAL,NO_ENGINE_SUBSTITUTION {{(pid=96320) _check_effective_sql_mode /opt/stack/data/venv/lib/python3.12/site-packages/oslo_db/sqlalchemy/engines.py:325}}
Aug 06 09:36:58.546603 np0000006647 devstack@n-api-meta.service[96319]: DEBUG dbcounter [-] [96319] Writer thread running {{(pid=96319) stat_writer /opt/stack/data/venv/lib/python3.12/site-packages/dbcounter.py:102}}
Aug 06 09:36:58.550337 np0000006647 devstack@n-api-meta.service[96320]: DEBUG dbcounter [-] [96320] Writer thread running {{(pid=96320) stat_writer /opt/stack/data/venv/lib/python3.12/site-packages/dbcounter.py:102}}
Aug 06 09:36:58.553073 np0000006647 devstack@n-api-meta.service[96319]: DEBUG dbcounter [-] [96319] Writer thread running {{(pid=96319) stat_writer /opt/stack/data/venv/lib/python3.12/site-packages/dbcounter.py:102}}
Aug 06 09:36:58.555068 np0000006647 devstack@n-api-meta.service[96321]: DEBUG oslo_db.sqlalchemy.engines [None req-8f36f06c-ad14-46cf-b0fb-97db93e455d1 None None] MySQL server mode set to STRICT_TRANS_TABLES,STRICT_ALL_TABLES,NO_ZERO_IN_DATE,NO_ZERO_DATE,ERROR_FOR_DIVISION_BY_ZERO,TRADITIONAL,NO_ENGINE_SUBSTITUTION {{(pid=96321) _check_effective_sql_mode /opt/stack/data/venv/lib/python3.12/site-packages/oslo_db/sqlalchemy/engines.py:325}}
Aug 06 09:36:58.557345 np0000006647 devstack@n-api-meta.service[96319]: INFO dbcounter [None req-95a42d50-0854-4416-ab33-29321c0fba2c None None] Registered counter for database nova_cell0
Aug 06 09:36:58.562092 np0000006647 devstack@n-api-meta.service[96321]: DEBUG dbcounter [-] [96321] Writer thread running {{(pid=96321) stat_writer /opt/stack/data/venv/lib/python3.12/site-packages/dbcounter.py:102}}
Aug 06 09:36:58.575106 np0000006647 devstack@n-api-meta.service[96318]: DEBUG dbcounter [-] [96318] Writer thread running {{(pid=96318) stat_writer /opt/stack/data/venv/lib/python3.12/site-packages/dbcounter.py:102}}
Aug 06 09:36:58.580667 np0000006647 devstack@n-api-meta.service[96318]: DEBUG dbcounter [-] [96318] Writer thread running {{(pid=96318) stat_writer /opt/stack/data/venv/lib/python3.12/site-packages/dbcounter.py:102}}
Aug 06 09:36:58.583940 np0000006647 devstack@n-api-meta.service[96318]: INFO dbcounter [None req-151bdada-8f15-4747-b4aa-f7c4924c3cc7 None None] Registered counter for database nova_cell0
Aug 06 09:36:58.589737 np0000006647 devstack@n-api-meta.service[96320]: WARNING nova.api.metadata.handler [None req-b8029784-7acb-41e6-b448-458c44413e5e None None] metadata_proxy_shared_secret is not configured, the metadata information returned by the proxy cannot be trusted
Aug 06 09:36:58.589870 np0000006647 devstack@n-api-meta.service[96319]: DEBUG oslo_db.sqlalchemy.engines [None req-95a42d50-0854-4416-ab33-29321c0fba2c None None] MySQL server mode set to STRICT_TRANS_TABLES,STRICT_ALL_TABLES,NO_ZERO_IN_DATE,NO_ZERO_DATE,ERROR_FOR_DIVISION_BY_ZERO,TRADITIONAL,NO_ENGINE_SUBSTITUTION {{(pid=96319) _check_effective_sql_mode /opt/stack/data/venv/lib/python3.12/site-packages/oslo_db/sqlalchemy/engines.py:325}}
Aug 06 09:36:58.591972 np0000006647 devstack@n-api-meta.service[96320]: DEBUG nova.api.openstack.wsgi_app [None req-b8029784-7acb-41e6-b448-458c44413e5e None None] ******************************************************************************** {{(pid=96320) log_opt_values /opt/stack/data/venv/lib/python3.12/site-packages/oslo_config/cfg.py:3518}}
Aug 06 09:36:58.592072 np0000006647 devstack@n-api-meta.service[96320]: DEBUG nova.api.openstack.wsgi_app [None req-b8029784-7acb-41e6-b448-458c44413e5e None None] Configuration options gathered from: {{(pid=96320) log_opt_values /opt/stack/data/venv/lib/python3.12/site-packages/oslo_config/cfg.py:3519}}
Aug 06 09:36:58.592192 np0000006647 devstack@n-api-meta.service[96320]: DEBUG nova.api.openstack.wsgi_app [None req-b8029784-7acb-41e6-b448-458c44413e5e None None] command line args: [] {{(pid=96320) log_opt_values /opt/stack/data/venv/lib/python3.12/site-packages/oslo_config/cfg.py:3520}}
Aug 06 09:36:58.592335 np0000006647 devstack@n-api-meta.service[96320]: DEBUG nova.api.openstack.wsgi_app [None req-b8029784-7acb-41e6-b448-458c44413e5e None None] config files: ['/etc/nova/api-paste.ini', '/etc/nova/nova.conf'] {{(pid=96320) log_opt_values /opt/stack/data/venv/lib/python3.12/site-packages/oslo_config/cfg.py:3521}}
Aug 06 09:36:58.592426 np0000006647 devstack@n-api-meta.service[96320]: DEBUG nova.api.openstack.wsgi_app [None req-b8029784-7acb-41e6-b448-458c44413e5e None None] ================================================================================ {{(pid=96320) log_opt_values /opt/stack/data/venv/lib/python3.12/site-packages/oslo_config/cfg.py:3526}}
Aug 06 09:36:58.592625 np0000006647 devstack@n-api-meta.service[96320]: DEBUG nova.api.openstack.wsgi_app [None req-b8029784-7acb-41e6-b448-458c44413e5e None None] allow_resize_to_same_host = True {{(pid=96320) log_opt_values /opt/stack/data/venv/lib/python3.12/site-packages/oslo_config/cfg.py:3534}}
Aug 06 09:36:58.592752 np0000006647 devstack@n-api-meta.service[96320]: DEBUG nova.api.openstack.wsgi_app [None req-b8029784-7acb-41e6-b448-458c44413e5e None None] arq_binding_timeout = 300 {{(pid=96320) log_opt_values /opt/stack/data/venv/lib/python3.12/site-packages/oslo_config/cfg.py:3534}}
Aug 06 09:36:58.592867 np0000006647 devstack@n-api-meta.service[96320]: DEBUG nova.api.openstack.wsgi_app [None req-b8029784-7acb-41e6-b448-458c44413e5e None None] block_device_allocate_retries = 60 {{(pid=96320) log_opt_values /opt/stack/data/venv/lib/python3.12/site-packages/oslo_config/cfg.py:3534}}
Aug 06 09:36:58.592984 np0000006647 devstack@n-api-meta.service[96320]: DEBUG nova.api.openstack.wsgi_app [None req-b8029784-7acb-41e6-b448-458c44413e5e None None] block_device_allocate_retries_interval = 3 {{(pid=96320) log_opt_values /opt/stack/data/venv/lib/python3.12/site-packages/oslo_config/cfg.py:3534}}
Aug 06 09:36:58.593099 np0000006647 devstack@n-api-meta.service[96320]: DEBUG nova.api.openstack.wsgi_app [None req-b8029784-7acb-41e6-b448-458c44413e5e None None] cell_worker_thread_pool_size = 5 {{(pid=96320) log_opt_values /opt/stack/data/venv/lib/python3.12/site-packages/oslo_config/cfg.py:3534}}
Aug 06 09:36:58.593220 np0000006647 devstack@n-api-meta.service[96320]: DEBUG nova.api.openstack.wsgi_app [None req-b8029784-7acb-41e6-b448-458c44413e5e None None] cert = self.pem {{(pid=96320) log_opt_values /opt/stack/data/venv/lib/python3.12/site-packages/oslo_config/cfg.py:3534}}
Aug 06 09:36:58.593336 np0000006647 devstack@n-api-meta.service[96320]: DEBUG nova.api.openstack.wsgi_app [None req-b8029784-7acb-41e6-b448-458c44413e5e None None] compute_driver = libvirt.LibvirtDriver {{(pid=96320) log_opt_values /opt/stack/data/venv/lib/python3.12/site-packages/oslo_config/cfg.py:3534}}
Aug 06 09:36:58.593460 np0000006647 devstack@n-api-meta.service[96320]: DEBUG nova.api.openstack.wsgi_app [None req-b8029784-7acb-41e6-b448-458c44413e5e None None] compute_monitors = [] {{(pid=96320) log_opt_values /opt/stack/data/venv/lib/python3.12/site-packages/oslo_config/cfg.py:3534}}
Aug 06 09:36:58.593618 np0000006647 devstack@n-api-meta.service[96320]: DEBUG nova.api.openstack.wsgi_app [None req-b8029784-7acb-41e6-b448-458c44413e5e None None] concurrency_backend = auto {{(pid=96320) log_opt_values /opt/stack/data/venv/lib/python3.12/site-packages/oslo_config/cfg.py:3534}}
Aug 06 09:36:58.593735 np0000006647 devstack@n-api-meta.service[96320]: DEBUG nova.api.openstack.wsgi_app [None req-b8029784-7acb-41e6-b448-458c44413e5e None None] config_dir = [] {{(pid=96320) log_opt_values /opt/stack/data/venv/lib/python3.12/site-packages/oslo_config/cfg.py:3534}}
Aug 06 09:36:58.593879 np0000006647 devstack@n-api-meta.service[96320]: DEBUG nova.api.openstack.wsgi_app [None req-b8029784-7acb-41e6-b448-458c44413e5e None None] config_drive_format = iso9660 {{(pid=96320) log_opt_values /opt/stack/data/venv/lib/python3.12/site-packages/oslo_config/cfg.py:3534}}
Aug 06 09:36:58.593949 np0000006647 devstack@n-api-meta.service[96320]: DEBUG nova.api.openstack.wsgi_app [None req-b8029784-7acb-41e6-b448-458c44413e5e None None] config_file = ['/etc/nova/api-paste.ini', '/etc/nova/nova.conf'] {{(pid=96320) log_opt_values /opt/stack/data/venv/lib/python3.12/site-packages/oslo_config/cfg.py:3534}}
Aug 06 09:36:58.594064 np0000006647 devstack@n-api-meta.service[96320]: DEBUG nova.api.openstack.wsgi_app [None req-b8029784-7acb-41e6-b448-458c44413e5e None None] config_source = [] {{(pid=96320) log_opt_values /opt/stack/data/venv/lib/python3.12/site-packages/oslo_config/cfg.py:3534}}
Aug 06 09:36:58.594178 np0000006647 devstack@n-api-meta.service[96320]: DEBUG nova.api.openstack.wsgi_app [None req-b8029784-7acb-41e6-b448-458c44413e5e None None] console_host = np0000006647 {{(pid=96320) log_opt_values /opt/stack/data/venv/lib/python3.12/site-packages/oslo_config/cfg.py:3534}}
Aug 06 09:36:58.594294 np0000006647 devstack@n-api-meta.service[96320]: DEBUG nova.api.openstack.wsgi_app [None req-b8029784-7acb-41e6-b448-458c44413e5e None None] control_exchange = nova {{(pid=96320) log_opt_values /opt/stack/data/venv/lib/python3.12/site-packages/oslo_config/cfg.py:3534}}
Aug 06 09:36:58.594404 np0000006647 devstack@n-api-meta.service[96320]: DEBUG nova.api.openstack.wsgi_app [None req-b8029784-7acb-41e6-b448-458c44413e5e None None] cpu_allocation_ratio = None {{(pid=96320) log_opt_values /opt/stack/data/venv/lib/python3.12/site-packages/oslo_config/cfg.py:3534}}
Aug 06 09:36:58.594548 np0000006647 devstack@n-api-meta.service[96320]: DEBUG nova.api.openstack.wsgi_app [None req-b8029784-7acb-41e6-b448-458c44413e5e None None] daemon = False {{(pid=96320) log_opt_values /opt/stack/data/venv/lib/python3.12/site-packages/oslo_config/cfg.py:3534}}
Aug 06 09:36:58.594719 np0000006647 devstack@n-api-meta.service[96320]: DEBUG nova.api.openstack.wsgi_app [None req-b8029784-7acb-41e6-b448-458c44413e5e None None] debug = True {{(pid=96320) log_opt_values /opt/stack/data/venv/lib/python3.12/site-packages/oslo_config/cfg.py:3534}}
Aug 06 09:36:58.594892 np0000006647 devstack@n-api-meta.service[96320]: DEBUG nova.api.openstack.wsgi_app [None req-b8029784-7acb-41e6-b448-458c44413e5e None None] default_access_ip_network_name = None {{(pid=96320) log_opt_values /opt/stack/data/venv/lib/python3.12/site-packages/oslo_config/cfg.py:3534}}
Aug 06 09:36:58.595090 np0000006647 devstack@n-api-meta.service[96320]: DEBUG nova.api.openstack.wsgi_app [None req-b8029784-7acb-41e6-b448-458c44413e5e None None] default_availability_zone = nova {{(pid=96320) log_opt_values /opt/stack/data/venv/lib/python3.12/site-packages/oslo_config/cfg.py:3534}}
Aug 06 09:36:58.595272 np0000006647 devstack@n-api-meta.service[96320]: DEBUG nova.api.openstack.wsgi_app [None req-b8029784-7acb-41e6-b448-458c44413e5e None None] default_ephemeral_format = ext4 {{(pid=96320) log_opt_values /opt/stack/data/venv/lib/python3.12/site-packages/oslo_config/cfg.py:3534}}
Aug 06 09:36:58.595445 np0000006647 devstack@n-api-meta.service[96320]: DEBUG nova.api.openstack.wsgi_app [None req-b8029784-7acb-41e6-b448-458c44413e5e None None] default_green_pool_size = 1000 {{(pid=96320) log_opt_values /opt/stack/data/venv/lib/python3.12/site-packages/oslo_config/cfg.py:3534}}
Aug 06 09:36:58.595770 np0000006647 devstack@n-api-meta.service[96320]: DEBUG nova.api.openstack.wsgi_app [None req-b8029784-7acb-41e6-b448-458c44413e5e None None] default_log_levels = ['amqp=WARN', 'boto=WARN', 'sqlalchemy=WARN', 'suds=INFO', 'oslo.messaging=INFO', 'oslo_messaging=INFO', 'iso8601=WARN', 'requests.packages.urllib3.connectionpool=WARN', 'urllib3.connectionpool=WARN', 'websocket=WARN', 'requests.packages.urllib3.util.retry=WARN', 'urllib3.util.retry=WARN', 'keystonemiddleware=WARN', 'routes.middleware=WARN', 'stevedore=WARN', 'taskflow=WARN', 'keystoneauth=WARN', 'oslo.cache=INFO', 'oslo_policy=INFO', 'dogpile.core.dogpile=INFO', 'glanceclient=WARN', 'oslo.privsep.daemon=INFO'] {{(pid=96320) log_opt_values /opt/stack/data/venv/lib/python3.12/site-packages/oslo_config/cfg.py:3534}}
Aug 06 09:36:58.595948 np0000006647 devstack@n-api-meta.service[96320]: DEBUG nova.api.openstack.wsgi_app [None req-b8029784-7acb-41e6-b448-458c44413e5e None None] default_schedule_zone = None {{(pid=96320) log_opt_values /opt/stack/data/venv/lib/python3.12/site-packages/oslo_config/cfg.py:3534}}
Aug 06 09:36:58.596121 np0000006647 devstack@n-api-meta.service[96320]: DEBUG nova.api.openstack.wsgi_app [None req-b8029784-7acb-41e6-b448-458c44413e5e None None] default_thread_pool_size = 10 {{(pid=96320) log_opt_values /opt/stack/data/venv/lib/python3.12/site-packages/oslo_config/cfg.py:3534}}
Aug 06 09:36:58.596252 np0000006647 devstack@n-api-meta.service[96320]: DEBUG nova.api.openstack.wsgi_app [None req-b8029784-7acb-41e6-b448-458c44413e5e None None] disk_allocation_ratio = None {{(pid=96320) log_opt_values /opt/stack/data/venv/lib/python3.12/site-packages/oslo_config/cfg.py:3534}}
Aug 06 09:36:58.596366 np0000006647 devstack@n-api-meta.service[96320]: DEBUG nova.api.openstack.wsgi_app [None req-b8029784-7acb-41e6-b448-458c44413e5e None None] enable_new_services = True {{(pid=96320) log_opt_values /opt/stack/data/venv/lib/python3.12/site-packages/oslo_config/cfg.py:3534}}
Aug 06 09:36:58.596520 np0000006647 devstack@n-api-meta.service[96320]: DEBUG nova.api.openstack.wsgi_app [None req-b8029784-7acb-41e6-b448-458c44413e5e None None] flat_injected = False {{(pid=96320) log_opt_values /opt/stack/data/venv/lib/python3.12/site-packages/oslo_config/cfg.py:3534}}
Aug 06 09:36:58.596723 np0000006647 devstack@n-api-meta.service[96320]: DEBUG nova.api.openstack.wsgi_app [None req-b8029784-7acb-41e6-b448-458c44413e5e None None] force_config_drive = True {{(pid=96320) log_opt_values /opt/stack/data/venv/lib/python3.12/site-packages/oslo_config/cfg.py:3534}}
Aug 06 09:36:58.596837 np0000006647 devstack@n-api-meta.service[96320]: DEBUG nova.api.openstack.wsgi_app [None req-b8029784-7acb-41e6-b448-458c44413e5e None None] force_raw_images = True {{(pid=96320) log_opt_values /opt/stack/data/venv/lib/python3.12/site-packages/oslo_config/cfg.py:3534}}
Aug 06 09:36:58.597019 np0000006647 devstack@n-api-meta.service[96320]: DEBUG nova.api.openstack.wsgi_app [None req-b8029784-7acb-41e6-b448-458c44413e5e None None] graceful_shutdown_timeout = 5 {{(pid=96320) log_opt_values /opt/stack/data/venv/lib/python3.12/site-packages/oslo_config/cfg.py:3534}}
Aug 06 09:36:58.597211 np0000006647 devstack@n-api-meta.service[96320]: DEBUG nova.api.openstack.wsgi_app [None req-b8029784-7acb-41e6-b448-458c44413e5e None None] heal_instance_info_cache_interval = -1 {{(pid=96320) log_opt_values /opt/stack/data/venv/lib/python3.12/site-packages/oslo_config/cfg.py:3534}}
Aug 06 09:36:58.597410 np0000006647 devstack@n-api-meta.service[96320]: DEBUG nova.api.openstack.wsgi_app [None req-b8029784-7acb-41e6-b448-458c44413e5e None None] host = np0000006647 {{(pid=96320) log_opt_values /opt/stack/data/venv/lib/python3.12/site-packages/oslo_config/cfg.py:3534}}
Aug 06 09:36:58.597577 np0000006647 devstack@n-api-meta.service[96320]: DEBUG nova.api.openstack.wsgi_app [None req-b8029784-7acb-41e6-b448-458c44413e5e None None] initial_cpu_allocation_ratio = 4.0 {{(pid=96320) log_opt_values /opt/stack/data/venv/lib/python3.12/site-packages/oslo_config/cfg.py:3534}}
Aug 06 09:36:58.598583 np0000006647 devstack@n-api-meta.service[96320]: DEBUG nova.api.openstack.wsgi_app [None req-b8029784-7acb-41e6-b448-458c44413e5e None None] initial_disk_allocation_ratio = 1.0 {{(pid=96320) log_opt_values /opt/stack/data/venv/lib/python3.12/site-packages/oslo_config/cfg.py:3534}}
Aug 06 09:36:58.598583 np0000006647 devstack@n-api-meta.service[96320]: DEBUG nova.api.openstack.wsgi_app [None req-b8029784-7acb-41e6-b448-458c44413e5e None None] initial_ram_allocation_ratio = 1.0 {{(pid=96320) log_opt_values /opt/stack/data/venv/lib/python3.12/site-packages/oslo_config/cfg.py:3534}}
Aug 06 09:36:58.598583 np0000006647 devstack@n-api-meta.service[96320]: DEBUG nova.api.openstack.wsgi_app [None req-b8029784-7acb-41e6-b448-458c44413e5e None None] injected_network_template = /opt/stack/nova/nova/virt/interfaces.template {{(pid=96320) log_opt_values /opt/stack/data/venv/lib/python3.12/site-packages/oslo_config/cfg.py:3534}}
Aug 06 09:36:58.598583 np0000006647 devstack@n-api-meta.service[96320]: DEBUG nova.api.openstack.wsgi_app [None req-b8029784-7acb-41e6-b448-458c44413e5e None None] instance_build_timeout = 0 {{(pid=96320) log_opt_values /opt/stack/data/venv/lib/python3.12/site-packages/oslo_config/cfg.py:3534}}
Aug 06 09:36:58.598583 np0000006647 devstack@n-api-meta.service[96320]: DEBUG nova.api.openstack.wsgi_app [None req-b8029784-7acb-41e6-b448-458c44413e5e None None] instance_delete_interval = 300 {{(pid=96320) log_opt_values /opt/stack/data/venv/lib/python3.12/site-packages/oslo_config/cfg.py:3534}}
Aug 06 09:36:58.598766 np0000006647 devstack@n-api-meta.service[96321]: WARNING nova.api.metadata.handler [None req-8f36f06c-ad14-46cf-b0fb-97db93e455d1 None None] metadata_proxy_shared_secret is not configured, the metadata information returned by the proxy cannot be trusted
Aug 06 09:36:58.598804 np0000006647 devstack@n-api-meta.service[96320]: DEBUG nova.api.openstack.wsgi_app [None req-b8029784-7acb-41e6-b448-458c44413e5e None None] instance_format = [instance: %(uuid)s] {{(pid=96320) log_opt_values /opt/stack/data/venv/lib/python3.12/site-packages/oslo_config/cfg.py:3534}}
Aug 06 09:36:58.598804 np0000006647 devstack@n-api-meta.service[96320]: DEBUG nova.api.openstack.wsgi_app [None req-b8029784-7acb-41e6-b448-458c44413e5e None None] instance_name_template = instance-%08x {{(pid=96320) log_opt_values /opt/stack/data/venv/lib/python3.12/site-packages/oslo_config/cfg.py:3534}}
Aug 06 09:36:58.598851 np0000006647 devstack@n-api-meta.service[96319]: DEBUG dbcounter [-] [96319] Writer thread running {{(pid=96319) stat_writer /opt/stack/data/venv/lib/python3.12/site-packages/dbcounter.py:102}}
Aug 06 09:36:58.598880 np0000006647 devstack@n-api-meta.service[96320]: DEBUG nova.api.openstack.wsgi_app [None req-b8029784-7acb-41e6-b448-458c44413e5e None None] instance_usage_audit = False {{(pid=96320) log_opt_values /opt/stack/data/venv/lib/python3.12/site-packages/oslo_config/cfg.py:3534}}
Aug 06 09:36:58.598880 np0000006647 devstack@n-api-meta.service[96320]: DEBUG nova.api.openstack.wsgi_app [None req-b8029784-7acb-41e6-b448-458c44413e5e None None] instance_usage_audit_period = month {{(pid=96320) log_opt_values /opt/stack/data/venv/lib/python3.12/site-packages/oslo_config/cfg.py:3534}}
Aug 06 09:36:58.599057 np0000006647 devstack@n-api-meta.service[96320]: DEBUG nova.api.openstack.wsgi_app [None req-b8029784-7acb-41e6-b448-458c44413e5e None None] instance_uuid_format = [instance: %(uuid)s] {{(pid=96320) log_opt_values /opt/stack/data/venv/lib/python3.12/site-packages/oslo_config/cfg.py:3534}}
Aug 06 09:36:58.599178 np0000006647 devstack@n-api-meta.service[96320]: DEBUG nova.api.openstack.wsgi_app [None req-b8029784-7acb-41e6-b448-458c44413e5e None None] instances_path = /opt/stack/data/nova/instances {{(pid=96320) log_opt_values /opt/stack/data/venv/lib/python3.12/site-packages/oslo_config/cfg.py:3534}}
Aug 06 09:36:58.599308 np0000006647 devstack@n-api-meta.service[96320]: DEBUG nova.api.openstack.wsgi_app [None req-b8029784-7acb-41e6-b448-458c44413e5e None None] internal_service_availability_zone = internal {{(pid=96320) log_opt_values /opt/stack/data/venv/lib/python3.12/site-packages/oslo_config/cfg.py:3534}}
Aug 06 09:36:58.599428 np0000006647 devstack@n-api-meta.service[96320]: DEBUG nova.api.openstack.wsgi_app [None req-b8029784-7acb-41e6-b448-458c44413e5e None None] key = None {{(pid=96320) log_opt_values /opt/stack/data/venv/lib/python3.12/site-packages/oslo_config/cfg.py:3534}}
Aug 06 09:36:58.599575 np0000006647 devstack@n-api-meta.service[96320]: DEBUG nova.api.openstack.wsgi_app [None req-b8029784-7acb-41e6-b448-458c44413e5e None None] live_migration_retry_count = 30 {{(pid=96320) log_opt_values /opt/stack/data/venv/lib/python3.12/site-packages/oslo_config/cfg.py:3534}}
Aug 06 09:36:58.599713 np0000006647 devstack@n-api-meta.service[96320]: DEBUG nova.api.openstack.wsgi_app [None req-b8029784-7acb-41e6-b448-458c44413e5e None None] log_color = False {{(pid=96320) log_opt_values /opt/stack/data/venv/lib/python3.12/site-packages/oslo_config/cfg.py:3534}}
Aug 06 09:36:58.599831 np0000006647 devstack@n-api-meta.service[96320]: DEBUG nova.api.openstack.wsgi_app [None req-b8029784-7acb-41e6-b448-458c44413e5e None None] log_config_append = None {{(pid=96320) log_opt_values /opt/stack/data/venv/lib/python3.12/site-packages/oslo_config/cfg.py:3534}}
Aug 06 09:36:58.599943 np0000006647 devstack@n-api-meta.service[96320]: DEBUG nova.api.openstack.wsgi_app [None req-b8029784-7acb-41e6-b448-458c44413e5e None None] log_date_format = %Y-%m-%d %H:%M:%S {{(pid=96320) log_opt_values /opt/stack/data/venv/lib/python3.12/site-packages/oslo_config/cfg.py:3534}}
Aug 06 09:36:58.600084 np0000006647 devstack@n-api-meta.service[96320]: DEBUG nova.api.openstack.wsgi_app [None req-b8029784-7acb-41e6-b448-458c44413e5e None None] log_dir = None {{(pid=96320) log_opt_values /opt/stack/data/venv/lib/python3.12/site-packages/oslo_config/cfg.py:3534}}
Aug 06 09:36:58.600198 np0000006647 devstack@n-api-meta.service[96320]: DEBUG nova.api.openstack.wsgi_app [None req-b8029784-7acb-41e6-b448-458c44413e5e None None] log_file = None {{(pid=96320) log_opt_values /opt/stack/data/venv/lib/python3.12/site-packages/oslo_config/cfg.py:3534}}
Aug 06 09:36:58.600327 np0000006647 devstack@n-api-meta.service[96320]: DEBUG nova.api.openstack.wsgi_app [None req-b8029784-7acb-41e6-b448-458c44413e5e None None] log_options = True {{(pid=96320) log_opt_values /opt/stack/data/venv/lib/python3.12/site-packages/oslo_config/cfg.py:3534}}
Aug 06 09:36:58.600511 np0000006647 devstack@n-api-meta.service[96320]: DEBUG nova.api.openstack.wsgi_app [None req-b8029784-7acb-41e6-b448-458c44413e5e None None] log_rotate_interval = 1 {{(pid=96320) log_opt_values /opt/stack/data/venv/lib/python3.12/site-packages/oslo_config/cfg.py:3534}}
Aug 06 09:36:58.600661 np0000006647 devstack@n-api-meta.service[96320]: DEBUG nova.api.openstack.wsgi_app [None req-b8029784-7acb-41e6-b448-458c44413e5e None None] log_rotate_interval_type = days {{(pid=96320) log_opt_values /opt/stack/data/venv/lib/python3.12/site-packages/oslo_config/cfg.py:3534}}
Aug 06 09:36:58.600788 np0000006647 devstack@n-api-meta.service[96320]: DEBUG nova.api.openstack.wsgi_app [None req-b8029784-7acb-41e6-b448-458c44413e5e None None] log_rotation_type = none {{(pid=96320) log_opt_values /opt/stack/data/venv/lib/python3.12/site-packages/oslo_config/cfg.py:3534}}
Aug 06 09:36:58.600880 np0000006647 devstack@n-api-meta.service[96320]: DEBUG nova.api.openstack.wsgi_app [None req-b8029784-7acb-41e6-b448-458c44413e5e None None] logging_context_format_string = %(color)s%(levelname)s %(name)s [%(global_request_id)s %(request_id)s %(project_name)s %(user_name)s%(color)s] %(instance)s%(color)s%(message)s {{(pid=96320) log_opt_values /opt/stack/data/venv/lib/python3.12/site-packages/oslo_config/cfg.py:3534}}
Aug 06 09:36:58.601035 np0000006647 devstack@n-api-meta.service[96320]: DEBUG nova.api.openstack.wsgi_app [None req-b8029784-7acb-41e6-b448-458c44413e5e None None] logging_debug_format_suffix = {{(pid=%(process)d) %(funcName)s %(pathname)s:%(lineno)d}} {{(pid=96320) log_opt_values /opt/stack/data/venv/lib/python3.12/site-packages/oslo_config/cfg.py:3534}}
