Aug 06 09:36:57.990788 np0000006647 nova-scheduler[96895]: DEBUG cotyledon.oslo_config_glue [-] workarounds.libvirt_disable_apic = False {{(pid=96895) log_opt_values /opt/stack/data/venv/lib/python3.12/site-packages/oslo_config/cfg.py:3545}}
Aug 06 09:36:57.990848 np0000006647 nova-scheduler[96895]: DEBUG cotyledon.oslo_config_glue [-] workarounds.never_download_image_if_on_rbd = False {{(pid=96895) log_opt_values /opt/stack/data/venv/lib/python3.12/site-packages/oslo_config/cfg.py:3545}}
Aug 06 09:36:57.990919 np0000006647 nova-scheduler[96895]: DEBUG cotyledon.oslo_config_glue [-] workarounds.qemu_monitor_announce_self_count = 3 {{(pid=96895) log_opt_values /opt/stack/data/venv/lib/python3.12/site-packages/oslo_config/cfg.py:3545}}
Aug 06 09:36:57.991014 np0000006647 nova-scheduler[96895]: DEBUG cotyledon.oslo_config_glue [-] workarounds.qemu_monitor_announce_self_interval = 1 {{(pid=96895) log_opt_values /opt/stack/data/venv/lib/python3.12/site-packages/oslo_config/cfg.py:3545}}
Aug 06 09:36:57.991068 np0000006647 nova-scheduler[96895]: DEBUG cotyledon.oslo_config_glue [-] workarounds.reserve_disk_resource_for_image_cache = False {{(pid=96895) log_opt_values /opt/stack/data/venv/lib/python3.12/site-packages/oslo_config/cfg.py:3545}}
Aug 06 09:36:57.991131 np0000006647 nova-scheduler[96895]: DEBUG cotyledon.oslo_config_glue [-] workarounds.skip_cpu_compare_at_startup = False {{(pid=96895) log_opt_values /opt/stack/data/venv/lib/python3.12/site-packages/oslo_config/cfg.py:3545}}
Aug 06 09:36:57.991197 np0000006647 nova-scheduler[96895]: DEBUG cotyledon.oslo_config_glue [-] workarounds.skip_cpu_compare_on_dest = False {{(pid=96895) log_opt_values /opt/stack/data/venv/lib/python3.12/site-packages/oslo_config/cfg.py:3545}}
Aug 06 09:36:57.991270 np0000006647 nova-scheduler[96895]: DEBUG cotyledon.oslo_config_glue [-] workarounds.skip_hypervisor_version_check_on_lm = False {{(pid=96895) log_opt_values /opt/stack/data/venv/lib/python3.12/site-packages/oslo_config/cfg.py:3545}}
Aug 06 09:36:57.991348 np0000006647 nova-scheduler[96895]: DEBUG cotyledon.oslo_config_glue [-] workarounds.skip_reserve_in_use_ironic_nodes = False {{(pid=96895) log_opt_values /opt/stack/data/venv/lib/python3.12/site-packages/oslo_config/cfg.py:3545}}
Aug 06 09:36:57.991410 np0000006647 nova-scheduler[96895]: DEBUG cotyledon.oslo_config_glue [-] workarounds.unified_limits_count_pcpu_as_vcpu = False {{(pid=96895) log_opt_values /opt/stack/data/venv/lib/python3.12/site-packages/oslo_config/cfg.py:3545}}
Aug 06 09:36:57.991474 np0000006647 nova-scheduler[96895]: DEBUG cotyledon.oslo_config_glue [-] workarounds.wait_for_vif_plugged_event_during_hard_reboot = [] {{(pid=96895) log_opt_values /opt/stack/data/venv/lib/python3.12/site-packages/oslo_config/cfg.py:3545}}
Aug 06 09:36:57.991571 np0000006647 nova-scheduler[96895]: DEBUG cotyledon.oslo_config_glue [-] wsgi.api_paste_config = /etc/nova/api-paste.ini {{(pid=96895) log_opt_values /opt/stack/data/venv/lib/python3.12/site-packages/oslo_config/cfg.py:3545}}
Aug 06 09:36:57.991637 np0000006647 nova-scheduler[96895]: DEBUG cotyledon.oslo_config_glue [-] wsgi.secure_proxy_ssl_header = None {{(pid=96895) log_opt_values /opt/stack/data/venv/lib/python3.12/site-packages/oslo_config/cfg.py:3545}}
Aug 06 09:36:57.991707 np0000006647 nova-scheduler[96895]: DEBUG cotyledon.oslo_config_glue [-] zvm.ca_file = None {{(pid=96895) log_opt_values /opt/stack/data/venv/lib/python3.12/site-packages/oslo_config/cfg.py:3545}}
Aug 06 09:36:57.991750 np0000006647 nova-scheduler[96895]: DEBUG cotyledon.oslo_config_glue [-] zvm.cloud_connector_url = None {{(pid=96895) log_opt_values /opt/stack/data/venv/lib/python3.12/site-packages/oslo_config/cfg.py:3545}}
Aug 06 09:36:57.991815 np0000006647 nova-scheduler[96895]: DEBUG cotyledon.oslo_config_glue [-] zvm.image_tmp_path = /opt/stack/data/nova/images {{(pid=96895) log_opt_values /opt/stack/data/venv/lib/python3.12/site-packages/oslo_config/cfg.py:3545}}
Aug 06 09:36:57.991874 np0000006647 nova-scheduler[96895]: DEBUG cotyledon.oslo_config_glue [-] zvm.reachable_timeout = 300 {{(pid=96895) log_opt_values /opt/stack/data/venv/lib/python3.12/site-packages/oslo_config/cfg.py:3545}}
Aug 06 09:36:57.991961 np0000006647 nova-scheduler[96895]: DEBUG cotyledon.oslo_config_glue [-] oslo_versionedobjects.fatal_exception_format_errors = False {{(pid=96895) log_opt_values /opt/stack/data/venv/lib/python3.12/site-packages/oslo_config/cfg.py:3545}}
Aug 06 09:36:57.992057 np0000006647 nova-scheduler[96895]: DEBUG cotyledon.oslo_config_glue [-] oslo_middleware.http_basic_auth_user_file = /etc/htpasswd {{(pid=96895) log_opt_values /opt/stack/data/venv/lib/python3.12/site-packages/oslo_config/cfg.py:3545}}
Aug 06 09:36:57.992155 np0000006647 nova-scheduler[96895]: DEBUG cotyledon.oslo_config_glue [-] oslo_messaging_metrics.metrics_buffer_size = 1000 {{(pid=96895) log_opt_values /opt/stack/data/venv/lib/python3.12/site-packages/oslo_config/cfg.py:3545}}
Aug 06 09:36:57.992230 np0000006647 nova-scheduler[96895]: DEBUG cotyledon.oslo_config_glue [-] oslo_messaging_metrics.metrics_enabled = False {{(pid=96895) log_opt_values /opt/stack/data/venv/lib/python3.12/site-packages/oslo_config/cfg.py:3545}}
Aug 06 09:36:57.992296 np0000006647 nova-scheduler[96895]: DEBUG cotyledon.oslo_config_glue [-] oslo_messaging_metrics.metrics_process_name = {{(pid=96895) log_opt_values /opt/stack/data/venv/lib/python3.12/site-packages/oslo_config/cfg.py:3545}}
Aug 06 09:36:57.992375 np0000006647 nova-scheduler[96895]: DEBUG cotyledon.oslo_config_glue [-] oslo_messaging_metrics.metrics_socket_file = /var/tmp/metrics_collector.sock {{(pid=96895) log_opt_values /opt/stack/data/venv/lib/python3.12/site-packages/oslo_config/cfg.py:3545}}
Aug 06 09:36:57.992439 np0000006647 nova-scheduler[96895]: DEBUG cotyledon.oslo_config_glue [-] oslo_messaging_metrics.metrics_thread_stop_timeout = 10 {{(pid=96895) log_opt_values /opt/stack/data/venv/lib/python3.12/site-packages/oslo_config/cfg.py:3545}}
Aug 06 09:36:57.992546 np0000006647 nova-scheduler[96895]: DEBUG cotyledon.oslo_config_glue [-] profiler.connection_string = messaging:// {{(pid=96895) log_opt_values /opt/stack/data/venv/lib/python3.12/site-packages/oslo_config/cfg.py:3545}}
Aug 06 09:36:57.992628 np0000006647 nova-scheduler[96895]: DEBUG cotyledon.oslo_config_glue [-] profiler.enabled = False {{(pid=96895) log_opt_values /opt/stack/data/venv/lib/python3.12/site-packages/oslo_config/cfg.py:3545}}
Aug 06 09:36:57.992693 np0000006647 nova-scheduler[96895]: DEBUG cotyledon.oslo_config_glue [-] profiler.es_doc_type = notification {{(pid=96895) log_opt_values /opt/stack/data/venv/lib/python3.12/site-packages/oslo_config/cfg.py:3545}}
Aug 06 09:36:57.992757 np0000006647 nova-scheduler[96895]: DEBUG cotyledon.oslo_config_glue [-] profiler.es_scroll_size = 10000 {{(pid=96895) log_opt_values /opt/stack/data/venv/lib/python3.12/site-packages/oslo_config/cfg.py:3545}}
Aug 06 09:36:57.992819 np0000006647 nova-scheduler[96895]: DEBUG cotyledon.oslo_config_glue [-] profiler.es_scroll_time = 2m {{(pid=96895) log_opt_values /opt/stack/data/venv/lib/python3.12/site-packages/oslo_config/cfg.py:3545}}
Aug 06 09:36:57.992881 np0000006647 nova-scheduler[96895]: DEBUG cotyledon.oslo_config_glue [-] profiler.filter_error_trace = False {{(pid=96895) log_opt_values /opt/stack/data/venv/lib/python3.12/site-packages/oslo_config/cfg.py:3545}}
Aug 06 09:36:57.992942 np0000006647 nova-scheduler[96895]: DEBUG cotyledon.oslo_config_glue [-] profiler.hmac_keys = **** {{(pid=96895) log_opt_values /opt/stack/data/venv/lib/python3.12/site-packages/oslo_config/cfg.py:3545}}
Aug 06 09:36:57.993016 np0000006647 nova-scheduler[96895]: DEBUG cotyledon.oslo_config_glue [-] profiler.sentinel_service_name = mymaster {{(pid=96895) log_opt_values /opt/stack/data/venv/lib/python3.12/site-packages/oslo_config/cfg.py:3545}}
Aug 06 09:36:57.993063 np0000006647 nova-scheduler[96895]: DEBUG cotyledon.oslo_config_glue [-] profiler.socket_timeout = 0.1 {{(pid=96895) log_opt_values /opt/stack/data/venv/lib/python3.12/site-packages/oslo_config/cfg.py:3545}}
Aug 06 09:36:57.993136 np0000006647 nova-scheduler[96895]: DEBUG cotyledon.oslo_config_glue [-] profiler.trace_requests = False {{(pid=96895) log_opt_values /opt/stack/data/venv/lib/python3.12/site-packages/oslo_config/cfg.py:3545}}
Aug 06 09:36:57.993207 np0000006647 nova-scheduler[96891]: DEBUG oslo_db.sqlalchemy.engines [None req-ba7a6261-bd5c-4496-aec0-82c9d3044385 None None] MySQL server mode set to STRICT_TRANS_TABLES,STRICT_ALL_TABLES,NO_ZERO_IN_DATE,NO_ZERO_DATE,ERROR_FOR_DIVISION_BY_ZERO,TRADITIONAL,NO_ENGINE_SUBSTITUTION {{(pid=96891) _check_effective_sql_mode /opt/stack/data/venv/lib/python3.12/site-packages/oslo_db/sqlalchemy/engines.py:325}}
Aug 06 09:36:57.993243 np0000006647 nova-scheduler[96895]: DEBUG cotyledon.oslo_config_glue [-] profiler.trace_sqlalchemy = False {{(pid=96895) log_opt_values /opt/stack/data/venv/lib/python3.12/site-packages/oslo_config/cfg.py:3545}}
Aug 06 09:36:57.993413 np0000006647 nova-scheduler[96895]: DEBUG cotyledon.oslo_config_glue [-] profiler_jaeger.process_tags = {} {{(pid=96895) log_opt_values /opt/stack/data/venv/lib/python3.12/site-packages/oslo_config/cfg.py:3545}}
Aug 06 09:36:57.993505 np0000006647 nova-scheduler[96895]: DEBUG cotyledon.oslo_config_glue [-] profiler_jaeger.service_name_prefix = None {{(pid=96895) log_opt_values /opt/stack/data/venv/lib/python3.12/site-packages/oslo_config/cfg.py:3545}}
Aug 06 09:36:57.993601 np0000006647 nova-scheduler[96895]: DEBUG cotyledon.oslo_config_glue [-] profiler_otlp.service_name_prefix = None {{(pid=96895) log_opt_values /opt/stack/data/venv/lib/python3.12/site-packages/oslo_config/cfg.py:3545}}
Aug 06 09:36:57.993858 np0000006647 nova-scheduler[96895]: DEBUG cotyledon.oslo_config_glue [-] oslo_messaging_rabbit.amqp_auto_delete = False {{(pid=96895) log_opt_values /opt/stack/data/venv/lib/python3.12/site-packages/oslo_config/cfg.py:3545}}
Aug 06 09:36:57.993954 np0000006647 nova-scheduler[96895]: DEBUG cotyledon.oslo_config_glue [-] oslo_messaging_rabbit.amqp_durable_queues = False {{(pid=96895) log_opt_values /opt/stack/data/venv/lib/python3.12/site-packages/oslo_config/cfg.py:3545}}
Aug 06 09:36:57.994044 np0000006647 nova-scheduler[96895]: DEBUG cotyledon.oslo_config_glue [-] oslo_messaging_rabbit.conn_pool_min_size = 2 {{(pid=96895) log_opt_values /opt/stack/data/venv/lib/python3.12/site-packages/oslo_config/cfg.py:3545}}
Aug 06 09:36:57.994124 np0000006647 nova-scheduler[96895]: DEBUG cotyledon.oslo_config_glue [-] oslo_messaging_rabbit.conn_pool_ttl = 1200 {{(pid=96895) log_opt_values /opt/stack/data/venv/lib/python3.12/site-packages/oslo_config/cfg.py:3545}}
Aug 06 09:36:57.994196 np0000006647 nova-scheduler[96895]: DEBUG cotyledon.oslo_config_glue [-] oslo_messaging_rabbit.direct_mandatory_flag = True {{(pid=96895) log_opt_values /opt/stack/data/venv/lib/python3.12/site-packages/oslo_config/cfg.py:3545}}
Aug 06 09:36:57.994270 np0000006647 nova-scheduler[96895]: DEBUG cotyledon.oslo_config_glue [-] oslo_messaging_rabbit.enable_cancel_on_failover = False {{(pid=96895) log_opt_values /opt/stack/data/venv/lib/python3.12/site-packages/oslo_config/cfg.py:3545}}
Aug 06 09:36:57.994403 np0000006647 nova-scheduler[96895]: DEBUG cotyledon.oslo_config_glue [-] oslo_messaging_rabbit.heartbeat_rate = 3 {{(pid=96895) log_opt_values /opt/stack/data/venv/lib/python3.12/site-packages/oslo_config/cfg.py:3545}}
Aug 06 09:36:57.994403 np0000006647 nova-scheduler[96895]: DEBUG cotyledon.oslo_config_glue [-] oslo_messaging_rabbit.heartbeat_timeout_threshold = 60 {{(pid=96895) log_opt_values /opt/stack/data/venv/lib/python3.12/site-packages/oslo_config/cfg.py:3545}}
Aug 06 09:36:57.994494 np0000006647 nova-scheduler[96895]: DEBUG cotyledon.oslo_config_glue [-] oslo_messaging_rabbit.hostname = np0000006647 {{(pid=96895) log_opt_values /opt/stack/data/venv/lib/python3.12/site-packages/oslo_config/cfg.py:3545}}
Aug 06 09:36:57.994585 np0000006647 nova-scheduler[96895]: DEBUG cotyledon.oslo_config_glue [-] oslo_messaging_rabbit.kombu_compression = None {{(pid=96895) log_opt_values /opt/stack/data/venv/lib/python3.12/site-packages/oslo_config/cfg.py:3545}}
Aug 06 09:36:57.994645 np0000006647 nova-scheduler[96895]: DEBUG cotyledon.oslo_config_glue [-] oslo_messaging_rabbit.kombu_failover_strategy = round-robin {{(pid=96895) log_opt_values /opt/stack/data/venv/lib/python3.12/site-packages/oslo_config/cfg.py:3545}}
Aug 06 09:36:57.994702 np0000006647 nova-scheduler[96895]: DEBUG cotyledon.oslo_config_glue [-] oslo_messaging_rabbit.kombu_missing_consumer_retry_timeout = 60 {{(pid=96895) log_opt_values /opt/stack/data/venv/lib/python3.12/site-packages/oslo_config/cfg.py:3545}}
Aug 06 09:36:57.994773 np0000006647 nova-scheduler[96895]: DEBUG cotyledon.oslo_config_glue [-] oslo_messaging_rabbit.kombu_reconnect_delay = 1.0 {{(pid=96895) log_opt_values /opt/stack/data/venv/lib/python3.12/site-packages/oslo_config/cfg.py:3545}}
Aug 06 09:36:57.994835 np0000006647 nova-scheduler[96895]: DEBUG cotyledon.oslo_config_glue [-] oslo_messaging_rabbit.kombu_reconnect_splay = 0.0 {{(pid=96895) log_opt_values /opt/stack/data/venv/lib/python3.12/site-packages/oslo_config/cfg.py:3545}}
Aug 06 09:36:57.994907 np0000006647 nova-scheduler[96895]: DEBUG cotyledon.oslo_config_glue [-] oslo_messaging_rabbit.processname = nova-scheduler {{(pid=96895) log_opt_values /opt/stack/data/venv/lib/python3.12/site-packages/oslo_config/cfg.py:3545}}
Aug 06 09:36:57.994972 np0000006647 nova-scheduler[96895]: DEBUG cotyledon.oslo_config_glue [-] oslo_messaging_rabbit.rabbit_ha_queues = False {{(pid=96895) log_opt_values /opt/stack/data/venv/lib/python3.12/site-packages/oslo_config/cfg.py:3545}}
Aug 06 09:36:57.995041 np0000006647 nova-scheduler[96895]: DEBUG cotyledon.oslo_config_glue [-] oslo_messaging_rabbit.rabbit_interval_max = 30 {{(pid=96895) log_opt_values /opt/stack/data/venv/lib/python3.12/site-packages/oslo_config/cfg.py:3545}}
Aug 06 09:36:57.995111 np0000006647 nova-scheduler[96895]: DEBUG cotyledon.oslo_config_glue [-] oslo_messaging_rabbit.rabbit_login_method = AMQPLAIN {{(pid=96895) log_opt_values /opt/stack/data/venv/lib/python3.12/site-packages/oslo_config/cfg.py:3545}}
Aug 06 09:36:57.995186 np0000006647 nova-scheduler[96895]: DEBUG cotyledon.oslo_config_glue [-] oslo_messaging_rabbit.rabbit_qos_prefetch_count = 0 {{(pid=96895) log_opt_values /opt/stack/data/venv/lib/python3.12/site-packages/oslo_config/cfg.py:3545}}
Aug 06 09:36:57.995254 np0000006647 nova-scheduler[96895]: DEBUG cotyledon.oslo_config_glue [-] oslo_messaging_rabbit.rabbit_quorum_delivery_limit = 0 {{(pid=96895) log_opt_values /opt/stack/data/venv/lib/python3.12/site-packages/oslo_config/cfg.py:3545}}
Aug 06 09:36:57.995322 np0000006647 nova-scheduler[96895]: DEBUG cotyledon.oslo_config_glue [-] oslo_messaging_rabbit.rabbit_quorum_max_memory_bytes = 0 {{(pid=96895) log_opt_values /opt/stack/data/venv/lib/python3.12/site-packages/oslo_config/cfg.py:3545}}
Aug 06 09:36:57.995387 np0000006647 nova-scheduler[96895]: DEBUG cotyledon.oslo_config_glue [-] oslo_messaging_rabbit.rabbit_quorum_max_memory_length = 0 {{(pid=96895) log_opt_values /opt/stack/data/venv/lib/python3.12/site-packages/oslo_config/cfg.py:3545}}
Aug 06 09:36:57.995454 np0000006647 nova-scheduler[96895]: DEBUG cotyledon.oslo_config_glue [-] oslo_messaging_rabbit.rabbit_quorum_queue = False {{(pid=96895) log_opt_values /opt/stack/data/venv/lib/python3.12/site-packages/oslo_config/cfg.py:3545}}
Aug 06 09:36:57.995536 np0000006647 nova-scheduler[96895]: DEBUG cotyledon.oslo_config_glue [-] oslo_messaging_rabbit.rabbit_retry_backoff = 2 {{(pid=96895) log_opt_values /opt/stack/data/venv/lib/python3.12/site-packages/oslo_config/cfg.py:3545}}
Aug 06 09:36:57.995619 np0000006647 nova-scheduler[96895]: DEBUG cotyledon.oslo_config_glue [-] oslo_messaging_rabbit.rabbit_retry_interval = 1 {{(pid=96895) log_opt_values /opt/stack/data/venv/lib/python3.12/site-packages/oslo_config/cfg.py:3545}}
Aug 06 09:36:57.995692 np0000006647 nova-scheduler[96895]: DEBUG cotyledon.oslo_config_glue [-] oslo_messaging_rabbit.rabbit_stream_fanout = False {{(pid=96895) log_opt_values /opt/stack/data/venv/lib/python3.12/site-packages/oslo_config/cfg.py:3545}}
Aug 06 09:36:57.995773 np0000006647 nova-scheduler[96895]: DEBUG cotyledon.oslo_config_glue [-] oslo_messaging_rabbit.rabbit_transient_queues_ttl = 1800 {{(pid=96895) log_opt_values /opt/stack/data/venv/lib/python3.12/site-packages/oslo_config/cfg.py:3545}}
Aug 06 09:36:57.995863 np0000006647 nova-scheduler[96895]: DEBUG cotyledon.oslo_config_glue [-] oslo_messaging_rabbit.rabbit_transient_quorum_queue = False {{(pid=96895) log_opt_values /opt/stack/data/venv/lib/python3.12/site-packages/oslo_config/cfg.py:3545}}
Aug 06 09:36:57.995897 np0000006647 nova-scheduler[96895]: DEBUG cotyledon.oslo_config_glue [-] oslo_messaging_rabbit.rpc_conn_pool_size = 30 {{(pid=96895) log_opt_values /opt/stack/data/venv/lib/python3.12/site-packages/oslo_config/cfg.py:3545}}
Aug 06 09:36:57.995965 np0000006647 nova-scheduler[96895]: DEBUG cotyledon.oslo_config_glue [-] oslo_messaging_rabbit.ssl = False {{(pid=96895) log_opt_values /opt/stack/data/venv/lib/python3.12/site-packages/oslo_config/cfg.py:3545}}
Aug 06 09:36:57.996037 np0000006647 nova-scheduler[96895]: DEBUG cotyledon.oslo_config_glue [-] oslo_messaging_rabbit.ssl_ca_file = {{(pid=96895) log_opt_values /opt/stack/data/venv/lib/python3.12/site-packages/oslo_config/cfg.py:3545}}
Aug 06 09:36:57.996104 np0000006647 nova-scheduler[96895]: DEBUG cotyledon.oslo_config_glue [-] oslo_messaging_rabbit.ssl_cert_file = {{(pid=96895) log_opt_values /opt/stack/data/venv/lib/python3.12/site-packages/oslo_config/cfg.py:3545}}
Aug 06 09:36:57.996171 np0000006647 nova-scheduler[96895]: DEBUG cotyledon.oslo_config_glue [-] oslo_messaging_rabbit.ssl_enforce_fips_mode = False {{(pid=96895) log_opt_values /opt/stack/data/venv/lib/python3.12/site-packages/oslo_config/cfg.py:3545}}
Aug 06 09:36:57.996233 np0000006647 nova-scheduler[96895]: DEBUG cotyledon.oslo_config_glue [-] oslo_messaging_rabbit.ssl_enforce_hostname_verification = True {{(pid=96895) log_opt_values /opt/stack/data/venv/lib/python3.12/site-packages/oslo_config/cfg.py:3545}}
Aug 06 09:36:57.996290 np0000006647 nova-scheduler[96895]: DEBUG cotyledon.oslo_config_glue [-] oslo_messaging_rabbit.ssl_key_file = {{(pid=96895) log_opt_values /opt/stack/data/venv/lib/python3.12/site-packages/oslo_config/cfg.py:3545}}
Aug 06 09:36:57.996357 np0000006647 nova-scheduler[96895]: DEBUG cotyledon.oslo_config_glue [-] oslo_messaging_rabbit.ssl_version = {{(pid=96895) log_opt_values /opt/stack/data/venv/lib/python3.12/site-packages/oslo_config/cfg.py:3545}}
Aug 06 09:36:57.996415 np0000006647 nova-scheduler[96895]: DEBUG cotyledon.oslo_config_glue [-] oslo_messaging_rabbit.use_queue_manager = False {{(pid=96895) log_opt_values /opt/stack/data/venv/lib/python3.12/site-packages/oslo_config/cfg.py:3545}}
Aug 06 09:36:57.996522 np0000006647 nova-scheduler[96895]: DEBUG cotyledon.oslo_config_glue [-] oslo_messaging_notifications.driver = ['messagingv2'] {{(pid=96895) log_opt_values /opt/stack/data/venv/lib/python3.12/site-packages/oslo_config/cfg.py:3545}}
Aug 06 09:36:57.996596 np0000006647 nova-scheduler[96895]: DEBUG cotyledon.oslo_config_glue [-] oslo_messaging_notifications.retry = -1 {{(pid=96895) log_opt_values /opt/stack/data/venv/lib/python3.12/site-packages/oslo_config/cfg.py:3545}}
Aug 06 09:36:57.996656 np0000006647 nova-scheduler[96895]: DEBUG cotyledon.oslo_config_glue [-] oslo_messaging_notifications.topics = ['notifications'] {{(pid=96895) log_opt_values /opt/stack/data/venv/lib/python3.12/site-packages/oslo_config/cfg.py:3545}}
Aug 06 09:36:57.996726 np0000006647 nova-scheduler[96895]: DEBUG cotyledon.oslo_config_glue [-] oslo_messaging_notifications.transport_url = **** {{(pid=96895) log_opt_values /opt/stack/data/venv/lib/python3.12/site-packages/oslo_config/cfg.py:3545}}
Aug 06 09:36:57.996820 np0000006647 nova-scheduler[96895]: DEBUG cotyledon.oslo_config_glue [-] oslo_limit.auth_section = None {{(pid=96895) log_opt_values /opt/stack/data/venv/lib/python3.12/site-packages/oslo_config/cfg.py:3545}}
Aug 06 09:36:57.996879 np0000006647 nova-scheduler[96895]: DEBUG cotyledon.oslo_config_glue [-] oslo_limit.auth_type = None {{(pid=96895) log_opt_values /opt/stack/data/venv/lib/python3.12/site-packages/oslo_config/cfg.py:3545}}
Aug 06 09:36:57.996935 np0000006647 nova-scheduler[96895]: DEBUG cotyledon.oslo_config_glue [-] oslo_limit.cafile = None {{(pid=96895) log_opt_values /opt/stack/data/venv/lib/python3.12/site-packages/oslo_config/cfg.py:3545}}
Aug 06 09:36:57.996995 np0000006647 nova-scheduler[96895]: DEBUG cotyledon.oslo_config_glue [-] oslo_limit.certfile = None {{(pid=96895) log_opt_values /opt/stack/data/venv/lib/python3.12/site-packages/oslo_config/cfg.py:3545}}
Aug 06 09:36:57.997051 np0000006647 nova-scheduler[96895]: DEBUG cotyledon.oslo_config_glue [-] oslo_limit.collect_timing = False {{(pid=96895) log_opt_values /opt/stack/data/venv/lib/python3.12/site-packages/oslo_config/cfg.py:3545}}
Aug 06 09:36:57.997108 np0000006647 nova-scheduler[96895]: DEBUG cotyledon.oslo_config_glue [-] oslo_limit.connect_retries = None {{(pid=96895) log_opt_values /opt/stack/data/venv/lib/python3.12/site-packages/oslo_config/cfg.py:3545}}
Aug 06 09:36:57.997154 np0000006647 nova-scheduler[96895]: DEBUG cotyledon.oslo_config_glue [-] oslo_limit.connect_retry_delay = None {{(pid=96895) log_opt_values /opt/stack/data/venv/lib/python3.12/site-packages/oslo_config/cfg.py:3545}}
Aug 06 09:36:57.997214 np0000006647 nova-scheduler[96895]: DEBUG cotyledon.oslo_config_glue [-] oslo_limit.endpoint_id = None {{(pid=96895) log_opt_values /opt/stack/data/venv/lib/python3.12/site-packages/oslo_config/cfg.py:3545}}
Aug 06 09:36:57.997271 np0000006647 nova-scheduler[96895]: DEBUG cotyledon.oslo_config_glue [-] oslo_limit.endpoint_interface = public {{(pid=96895) log_opt_values /opt/stack/data/venv/lib/python3.12/site-packages/oslo_config/cfg.py:3545}}
Aug 06 09:36:57.997329 np0000006647 nova-scheduler[96895]: DEBUG cotyledon.oslo_config_glue [-] oslo_limit.endpoint_override = None {{(pid=96895) log_opt_values /opt/stack/data/venv/lib/python3.12/site-packages/oslo_config/cfg.py:3545}}
Aug 06 09:36:57.997386 np0000006647 nova-scheduler[96895]: DEBUG cotyledon.oslo_config_glue [-] oslo_limit.endpoint_region_name = None {{(pid=96895) log_opt_values /opt/stack/data/venv/lib/python3.12/site-packages/oslo_config/cfg.py:3545}}
Aug 06 09:36:57.997459 np0000006647 nova-scheduler[96895]: DEBUG cotyledon.oslo_config_glue [-] oslo_limit.endpoint_service_name = None {{(pid=96895) log_opt_values /opt/stack/data/venv/lib/python3.12/site-packages/oslo_config/cfg.py:3545}}
Aug 06 09:36:57.997543 np0000006647 nova-scheduler[96895]: DEBUG cotyledon.oslo_config_glue [-] oslo_limit.endpoint_service_type = None {{(pid=96895) log_opt_values /opt/stack/data/venv/lib/python3.12/site-packages/oslo_config/cfg.py:3545}}
Aug 06 09:36:57.997602 np0000006647 nova-scheduler[96895]: DEBUG cotyledon.oslo_config_glue [-] oslo_limit.insecure = False {{(pid=96895) log_opt_values /opt/stack/data/venv/lib/python3.12/site-packages/oslo_config/cfg.py:3545}}
Aug 06 09:36:57.997659 np0000006647 nova-scheduler[96895]: DEBUG cotyledon.oslo_config_glue [-] oslo_limit.keyfile = None {{(pid=96895) log_opt_values /opt/stack/data/venv/lib/python3.12/site-packages/oslo_config/cfg.py:3545}}
Aug 06 09:36:57.997707 np0000006647 nova-scheduler[96895]: DEBUG cotyledon.oslo_config_glue [-] oslo_limit.max_version = None {{(pid=96895) log_opt_values /opt/stack/data/venv/lib/python3.12/site-packages/oslo_config/cfg.py:3545}}
Aug 06 09:36:57.997760 np0000006647 nova-scheduler[96895]: DEBUG cotyledon.oslo_config_glue [-] oslo_limit.min_version = None {{(pid=96895) log_opt_values /opt/stack/data/venv/lib/python3.12/site-packages/oslo_config/cfg.py:3545}}
Aug 06 09:36:57.997811 np0000006647 nova-scheduler[96895]: DEBUG cotyledon.oslo_config_glue [-] oslo_limit.region_name = None {{(pid=96895) log_opt_values /opt/stack/data/venv/lib/python3.12/site-packages/oslo_config/cfg.py:3545}}
Aug 06 09:36:57.997850 np0000006647 nova-scheduler[96895]: DEBUG cotyledon.oslo_config_glue [-] oslo_limit.retriable_status_codes = None {{(pid=96895) log_opt_values /opt/stack/data/venv/lib/python3.12/site-packages/oslo_config/cfg.py:3545}}
Aug 06 09:36:57.997908 np0000006647 nova-scheduler[96895]: DEBUG cotyledon.oslo_config_glue [-] oslo_limit.service_name = None {{(pid=96895) log_opt_values /opt/stack/data/venv/lib/python3.12/site-packages/oslo_config/cfg.py:3545}}
Aug 06 09:36:57.997962 np0000006647 nova-scheduler[96895]: DEBUG cotyledon.oslo_config_glue [-] oslo_limit.service_type = None {{(pid=96895) log_opt_values /opt/stack/data/venv/lib/python3.12/site-packages/oslo_config/cfg.py:3545}}
Aug 06 09:36:57.998004 np0000006647 nova-scheduler[96895]: DEBUG cotyledon.oslo_config_glue [-] oslo_limit.split_loggers = False {{(pid=96895) log_opt_values /opt/stack/data/venv/lib/python3.12/site-packages/oslo_config/cfg.py:3545}}
Aug 06 09:36:57.998049 np0000006647 nova-scheduler[96895]: DEBUG cotyledon.oslo_config_glue [-] oslo_limit.status_code_retries = None {{(pid=96895) log_opt_values /opt/stack/data/venv/lib/python3.12/site-packages/oslo_config/cfg.py:3545}}
Aug 06 09:36:57.998085 np0000006647 nova-scheduler[96895]: DEBUG cotyledon.oslo_config_glue [-] oslo_limit.status_code_retry_delay = None {{(pid=96895) log_opt_values /opt/stack/data/venv/lib/python3.12/site-packages/oslo_config/cfg.py:3545}}
Aug 06 09:36:57.998140 np0000006647 nova-scheduler[96895]: DEBUG cotyledon.oslo_config_glue [-] oslo_limit.timeout = None {{(pid=96895) log_opt_values /opt/stack/data/venv/lib/python3.12/site-packages/oslo_config/cfg.py:3545}}
Aug 06 09:36:57.998185 np0000006647 nova-scheduler[96895]: DEBUG cotyledon.oslo_config_glue [-] oslo_limit.valid_interfaces = None {{(pid=96895) log_opt_values /opt/stack/data/venv/lib/python3.12/site-packages/oslo_config/cfg.py:3545}}
Aug 06 09:36:57.998233 np0000006647 nova-scheduler[96895]: DEBUG cotyledon.oslo_config_glue [-] oslo_limit.version = None {{(pid=96895) log_opt_values /opt/stack/data/venv/lib/python3.12/site-packages/oslo_config/cfg.py:3545}}
Aug 06 09:36:57.998295 np0000006647 nova-scheduler[96895]: DEBUG cotyledon.oslo_config_glue [-] oslo_reports.file_event_handler = None {{(pid=96895) log_opt_values /opt/stack/data/venv/lib/python3.12/site-packages/oslo_config/cfg.py:3545}}
Aug 06 09:36:57.998351 np0000006647 nova-scheduler[96895]: DEBUG cotyledon.oslo_config_glue [-] oslo_reports.file_event_handler_interval = 1 {{(pid=96895) log_opt_values /opt/stack/data/venv/lib/python3.12/site-packages/oslo_config/cfg.py:3545}}
Aug 06 09:36:57.998405 np0000006647 nova-scheduler[96895]: DEBUG cotyledon.oslo_config_glue [-] oslo_reports.log_dir = None {{(pid=96895) log_opt_values /opt/stack/data/venv/lib/python3.12/site-packages/oslo_config/cfg.py:3545}}
Aug 06 09:36:57.998459 np0000006647 nova-scheduler[96895]: DEBUG cotyledon.oslo_config_glue [-] ******************************************************************************** {{(pid=96895) log_opt_values /opt/stack/data/venv/lib/python3.12/site-packages/oslo_config/cfg.py:3552}}
Aug 06 09:36:57.998658 np0000006647 nova-scheduler[96895]: DEBUG cotyledon._service_worker [-] Run service ServiceWrapper(3) [96895] {{(pid=96895) wait_forever /opt/stack/data/venv/lib/python3.12/site-packages/cotyledon/_service_worker.py:218}}
Aug 06 09:36:58.000290 np0000006647 nova-scheduler[96895]: INFO nova.service [-] Starting scheduler node (version 33.1.0)
Aug 06 09:36:58.002470 np0000006647 nova-scheduler[96891]: DEBUG dbcounter [-] [96891] Writer thread running {{(pid=96891) stat_writer /opt/stack/data/venv/lib/python3.12/site-packages/dbcounter.py:102}}
Aug 06 09:36:58.005004 np0000006647 nova-scheduler[96895]: INFO dbcounter [None req-3392f252-3af9-4900-b564-addec9fb50db None None] Registered counter for database nova_cell0
Aug 06 09:36:58.016255 np0000006647 nova-scheduler[96889]: DEBUG oslo_db.sqlalchemy.engines [None req-50a5c861-fe1f-4959-8274-07e8d99285aa None None] MySQL server mode set to STRICT_TRANS_TABLES,STRICT_ALL_TABLES,NO_ZERO_IN_DATE,NO_ZERO_DATE,ERROR_FOR_DIVISION_BY_ZERO,TRADITIONAL,NO_ENGINE_SUBSTITUTION {{(pid=96889) _check_effective_sql_mode /opt/stack/data/venv/lib/python3.12/site-packages/oslo_db/sqlalchemy/engines.py:325}}
Aug 06 09:36:58.019703 np0000006647 nova-scheduler[96891]: DEBUG nova.service [None req-ba7a6261-bd5c-4496-aec0-82c9d3044385 None None] Creating RPC server for service: nova-scheduler on topic: scheduler {{(pid=96891) start /opt/stack/nova/nova/service.py:196}}
Aug 06 09:36:58.028271 np0000006647 nova-scheduler[96889]: DEBUG dbcounter [-] [96889] Writer thread running {{(pid=96889) stat_writer /opt/stack/data/venv/lib/python3.12/site-packages/dbcounter.py:102}}
Aug 06 09:36:58.031461 np0000006647 nova-scheduler[96889]: DEBUG nova.service [None req-50a5c861-fe1f-4959-8274-07e8d99285aa None None] Creating RPC server for service: nova-scheduler on topic: scheduler {{(pid=96889) start /opt/stack/nova/nova/service.py:196}}
Aug 06 09:36:58.032169 np0000006647 nova-scheduler[96893]: DEBUG oslo_db.sqlalchemy.engines [None req-3f536be1-44df-497d-84fb-14bb1ec34058 None None] MySQL server mode set to STRICT_TRANS_TABLES,STRICT_ALL_TABLES,NO_ZERO_IN_DATE,NO_ZERO_DATE,ERROR_FOR_DIVISION_BY_ZERO,TRADITIONAL,NO_ENGINE_SUBSTITUTION {{(pid=96893) _check_effective_sql_mode /opt/stack/data/venv/lib/python3.12/site-packages/oslo_db/sqlalchemy/engines.py:325}}
Aug 06 09:36:58.043448 np0000006647 nova-scheduler[96893]: DEBUG dbcounter [-] [96893] Writer thread running {{(pid=96893) stat_writer /opt/stack/data/venv/lib/python3.12/site-packages/dbcounter.py:102}}
Aug 06 09:36:58.047388 np0000006647 nova-scheduler[96893]: DEBUG nova.service [None req-3f536be1-44df-497d-84fb-14bb1ec34058 None None] Creating RPC server for service: nova-scheduler on topic: scheduler {{(pid=96893) start /opt/stack/nova/nova/service.py:196}}
Aug 06 09:36:58.051841 np0000006647 nova-scheduler[96895]: DEBUG oslo_db.sqlalchemy.engines [None req-3392f252-3af9-4900-b564-addec9fb50db None None] MySQL server mode set to STRICT_TRANS_TABLES,STRICT_ALL_TABLES,NO_ZERO_IN_DATE,NO_ZERO_DATE,ERROR_FOR_DIVISION_BY_ZERO,TRADITIONAL,NO_ENGINE_SUBSTITUTION {{(pid=96895) _check_effective_sql_mode /opt/stack/data/venv/lib/python3.12/site-packages/oslo_db/sqlalchemy/engines.py:325}}
Aug 06 09:36:58.057864 np0000006647 nova-scheduler[96891]: DEBUG nova.service [None req-ba7a6261-bd5c-4496-aec0-82c9d3044385 None None] Join ServiceGroup membership for this service scheduler {{(pid=96891) start /opt/stack/nova/nova/service.py:222}}
Aug 06 09:36:58.058084 np0000006647 nova-scheduler[96891]: DEBUG nova.servicegroup.drivers.db [None req-ba7a6261-bd5c-4496-aec0-82c9d3044385 None None] DB_Driver: join new ServiceGroup member np0000006647 to the scheduler group, service = {{(pid=96891) join /opt/stack/nova/nova/servicegroup/drivers/db.py:44}}
Aug 06 09:36:58.060456 np0000006647 nova-scheduler[96889]: DEBUG nova.service [None req-50a5c861-fe1f-4959-8274-07e8d99285aa None None] Join ServiceGroup membership for this service scheduler {{(pid=96889) start /opt/stack/nova/nova/service.py:222}}
Aug 06 09:36:58.060849 np0000006647 nova-scheduler[96889]: DEBUG nova.servicegroup.drivers.db [None req-50a5c861-fe1f-4959-8274-07e8d99285aa None None] DB_Driver: join new ServiceGroup member np0000006647 to the scheduler group, service = {{(pid=96889) join /opt/stack/nova/nova/servicegroup/drivers/db.py:44}}
Aug 06 09:36:58.064653 np0000006647 nova-scheduler[96895]: DEBUG dbcounter [-] [96895] Writer thread running {{(pid=96895) stat_writer /opt/stack/data/venv/lib/python3.12/site-packages/dbcounter.py:102}}
Aug 06 09:36:58.068454 np0000006647 nova-scheduler[96895]: DEBUG nova.service [None req-3392f252-3af9-4900-b564-addec9fb50db None None] Creating RPC server for service: nova-scheduler on topic: scheduler {{(pid=96895) start /opt/stack/nova/nova/service.py:196}}
Aug 06 09:36:58.070474 np0000006647 nova-scheduler[96893]: DEBUG nova.service [None req-3f536be1-44df-497d-84fb-14bb1ec34058 None None] Join ServiceGroup membership for this service scheduler {{(pid=96893) start /opt/stack/nova/nova/service.py:222}}
Aug 06 09:36:58.074974 np0000006647 nova-scheduler[96893]: DEBUG nova.servicegroup.drivers.db [None req-3f536be1-44df-497d-84fb-14bb1ec34058 None None] DB_Driver: join new ServiceGroup member np0000006647 to the scheduler group, service = {{(pid=96893) join /opt/stack/nova/nova/servicegroup/drivers/db.py:44}}
Aug 06 09:36:58.086142 np0000006647 nova-scheduler[96895]: DEBUG nova.service [None req-3392f252-3af9-4900-b564-addec9fb50db None None] Join ServiceGroup membership for this service scheduler {{(pid=96895) start /opt/stack/nova/nova/service.py:222}}
Aug 06 09:36:58.086331 np0000006647 nova-scheduler[96895]: DEBUG nova.servicegroup.drivers.db [None req-3392f252-3af9-4900-b564-addec9fb50db None None] DB_Driver: join new ServiceGroup member np0000006647 to the scheduler group, service = {{(pid=96895) join /opt/stack/nova/nova/servicegroup/drivers/db.py:44}}
Aug 06 09:37:03.072361 np0000006647 nova-scheduler[96891]: DEBUG oslo.service.backend._threading.loopingcall [-] Fixed interval looping call 'nova.servicegroup.drivers.db.DbDriver._report_state' sleeping for 119.99 seconds {{(pid=96891) _run_loop /opt/stack/data/venv/lib/python3.12/site-packages/oslo_service/backend/_threading/loopingcall.py:125}}
Aug 06 09:37:03.077947 np0000006647 nova-scheduler[96889]: DEBUG oslo.service.backend._threading.loopingcall [-] Fixed interval looping call 'nova.servicegroup.drivers.db.DbDriver._report_state' sleeping for 119.99 seconds {{(pid=96889) _run_loop /opt/stack/data/venv/lib/python3.12/site-packages/oslo_service/backend/_threading/loopingcall.py:125}}
Aug 06 09:37:03.087195 np0000006647 nova-scheduler[96893]: DEBUG oslo.service.backend._threading.loopingcall [-] Fixed interval looping call 'nova.servicegroup.drivers.db.DbDriver._report_state' sleeping for 119.99 seconds {{(pid=96893) _run_loop /opt/stack/data/venv/lib/python3.12/site-packages/oslo_service/backend/_threading/loopingcall.py:125}}
Aug 06 09:37:03.097792 np0000006647 nova-scheduler[96895]: DEBUG oslo.service.backend._threading.loopingcall [-] Fixed interval looping call 'nova.servicegroup.drivers.db.DbDriver._report_state' sleeping for 119.99 seconds {{(pid=96895) _run_loop /opt/stack/data/venv/lib/python3.12/site-packages/oslo_service/backend/_threading/loopingcall.py:125}}
Aug 06 09:37:06.612642 np0000006647 nova-scheduler[95693]: DEBUG dbcounter [-] [95693] Writing DB stats nova_api:SELECT=3 {{(pid=95693) stat_writer /opt/stack/data/venv/lib/python3.12/site-packages/dbcounter.py:115}}
Aug 06 09:37:06.751367 np0000006647 nova-scheduler[95693]: DEBUG dbcounter [-] [95693] Writing DB stats nova_cell0:SELECT=1 {{(pid=95693) stat_writer /opt/stack/data/venv/lib/python3.12/site-packages/dbcounter.py:115}}
Aug 06 09:37:06.758504 np0000006647 nova-scheduler[95693]: DEBUG dbcounter [-] [95693] Writing DB stats nova_cell1:SELECT=1 {{(pid=95693) stat_writer /opt/stack/data/venv/lib/python3.12/site-packages/dbcounter.py:115}}
Aug 06 09:37:09.077739 np0000006647 nova-scheduler[96893]: DEBUG oslo.service.backend._threading.loopingcall [None req-4ba35920-81fe-46c9-966a-b81aced0af53 None None] Dynamic interval looping call 'nova.service.Service.periodic_tasks' sleeping for 60.00 seconds {{(pid=96893) _run_loop /opt/stack/data/venv/lib/python3.12/site-packages/oslo_service/backend/_threading/loopingcall.py:125}}
Aug 06 09:37:13.067718 np0000006647 nova-scheduler[96891]: DEBUG dbcounter [-] [96891] Writing DB stats nova_cell0:SELECT=4,nova_cell0:INSERT=1,nova_cell0:UPDATE=1 {{(pid=96891) stat_writer /opt/stack/data/venv/lib/python3.12/site-packages/dbcounter.py:115}}
Aug 06 09:37:13.075451 np0000006647 nova-scheduler[96889]: DEBUG dbcounter [-] [96889] Writing DB stats nova_cell0:SELECT=3,nova_cell0:UPDATE=1 {{(pid=96889) stat_writer /opt/stack/data/venv/lib/python3.12/site-packages/dbcounter.py:115}}
Aug 06 09:37:13.085710 np0000006647 nova-scheduler[96893]: DEBUG dbcounter [-] [96893] Writing DB stats nova_cell0:SELECT=3 {{(pid=96893) stat_writer /opt/stack/data/venv/lib/python3.12/site-packages/dbcounter.py:115}}
Aug 06 09:37:13.094787 np0000006647 nova-scheduler[96895]: DEBUG dbcounter [-] [96895] Writing DB stats nova_cell0:SELECT=3 {{(pid=96895) stat_writer /opt/stack/data/venv/lib/python3.12/site-packages/dbcounter.py:115}}
Aug 06 09:37:23.060183 np0000006647 nova-scheduler[96891]: DEBUG oslo.service.backend._threading.loopingcall [None req-b3738986-7904-403a-9b54-eba8a7b8dbe4 None None] Dynamic interval looping call 'nova.service.Service.periodic_tasks' sleeping for 60.00 seconds {{(pid=96891) _run_loop /opt/stack/data/venv/lib/python3.12/site-packages/oslo_service/backend/_threading/loopingcall.py:125}}
Aug 06 09:37:24.088679 np0000006647 nova-scheduler[96895]: DEBUG oslo.service.backend._threading.loopingcall [None req-e0a6dce7-1423-4cf5-8c3f-fdefe599bb52 None None] Dynamic interval looping call 'nova.service.Service.periodic_tasks' sleeping for 60.00 seconds {{(pid=96895) _run_loop /opt/stack/data/venv/lib/python3.12/site-packages/oslo_service/backend/_threading/loopingcall.py:125}}
Aug 06 09:37:47.063102 np0000006647 nova-scheduler[96889]: DEBUG oslo.service.backend._threading.loopingcall [None req-2ae1de2c-3565-444f-a377-4dd76449efb2 None None] Dynamic interval looping call 'nova.service.Service.periodic_tasks' sleeping for 60.00 seconds {{(pid=96889) _run_loop /opt/stack/data/venv/lib/python3.12/site-packages/oslo_service/backend/_threading/loopingcall.py:125}}
Aug 06 09:38:09.078123 np0000006647 nova-scheduler[96893]: DEBUG oslo.service.backend._threading.loopingcall [None req-4ba35920-81fe-46c9-966a-b81aced0af53 None None] Dynamic interval looping call 'nova.service.Service.periodic_tasks' sleeping for 60.00 seconds {{(pid=96893) _run_loop /opt/stack/data/venv/lib/python3.12/site-packages/oslo_service/backend/_threading/loopingcall.py:125}}
Aug 06 09:38:23.060917 np0000006647 nova-scheduler[96891]: DEBUG oslo.service.backend._threading.loopingcall [None req-b3738986-7904-403a-9b54-eba8a7b8dbe4 None None] Dynamic interval looping call 'nova.service.Service.periodic_tasks' sleeping for 60.00 seconds {{(pid=96891) _run_loop /opt/stack/data/venv/lib/python3.12/site-packages/oslo_service/backend/_threading/loopingcall.py:125}}
Aug 06 09:38:24.089137 np0000006647 nova-scheduler[96895]: DEBUG oslo.service.backend._threading.loopingcall [None req-e0a6dce7-1423-4cf5-8c3f-fdefe599bb52 None None] Dynamic interval looping call 'nova.service.Service.periodic_tasks' sleeping for 60.00 seconds {{(pid=96895) _run_loop /opt/stack/data/venv/lib/python3.12/site-packages/oslo_service/backend/_threading/loopingcall.py:125}}
Aug 06 09:38:47.063602 np0000006647 nova-scheduler[96889]: DEBUG oslo.service.backend._threading.loopingcall [None req-2ae1de2c-3565-444f-a377-4dd76449efb2 None None] Dynamic interval looping call 'nova.service.Service.periodic_tasks' sleeping for 60.00 seconds {{(pid=96889) _run_loop /opt/stack/data/venv/lib/python3.12/site-packages/oslo_service/backend/_threading/loopingcall.py:125}}
Aug 06 09:39:03.069706 np0000006647 nova-scheduler[96891]: DEBUG oslo.service.backend._threading.loopingcall [-] Fixed interval looping call 'nova.servicegroup.drivers.db.DbDriver._report_state' sleeping for 119.99 seconds {{(pid=96891) _run_loop /opt/stack/data/venv/lib/python3.12/site-packages/oslo_service/backend/_threading/loopingcall.py:125}}
Aug 06 09:39:03.070703 np0000006647 nova-scheduler[96889]: DEBUG oslo.service.backend._threading.loopingcall [-] Fixed interval looping call 'nova.servicegroup.drivers.db.DbDriver._report_state' sleeping for 120.00 seconds {{(pid=96889) _run_loop /opt/stack/data/venv/lib/python3.12/site-packages/oslo_service/backend/_threading/loopingcall.py:125}}
Aug 06 09:39:03.081173 np0000006647 nova-scheduler[96893]: DEBUG oslo.service.backend._threading.loopingcall [-] Fixed interval looping call 'nova.servicegroup.drivers.db.DbDriver._report_state' sleeping for 120.00 seconds {{(pid=96893) _run_loop /opt/stack/data/venv/lib/python3.12/site-packages/oslo_service/backend/_threading/loopingcall.py:125}}
Aug 06 09:39:03.091317 np0000006647 nova-scheduler[96895]: DEBUG oslo.service.backend._threading.loopingcall [-] Fixed interval looping call 'nova.servicegroup.drivers.db.DbDriver._report_state' sleeping for 120.00 seconds {{(pid=96895) _run_loop /opt/stack/data/venv/lib/python3.12/site-packages/oslo_service/backend/_threading/loopingcall.py:125}}
Aug 06 09:39:09.078638 np0000006647 nova-scheduler[96893]: DEBUG oslo.service.backend._threading.loopingcall [None req-4ba35920-81fe-46c9-966a-b81aced0af53 None None] Dynamic interval looping call 'nova.service.Service.periodic_tasks' sleeping for 60.00 seconds {{(pid=96893) _run_loop /opt/stack/data/venv/lib/python3.12/site-packages/oslo_service/backend/_threading/loopingcall.py:125}}
Aug 06 09:39:13.065774 np0000006647 nova-scheduler[96891]: DEBUG dbcounter [-] [96891] Writing DB stats nova_cell0:SELECT=1,nova_cell0:UPDATE=1 {{(pid=96891) stat_writer /opt/stack/data/venv/lib/python3.12/site-packages/dbcounter.py:115}}
Aug 06 09:39:13.069387 np0000006647 nova-scheduler[96889]: DEBUG dbcounter [-] [96889] Writing DB stats nova_cell0:SELECT=1 {{(pid=96889) stat_writer /opt/stack/data/venv/lib/python3.12/site-packages/dbcounter.py:115}}
Aug 06 09:39:13.079622 np0000006647 nova-scheduler[96893]: DEBUG dbcounter [-] [96893] Writing DB stats nova_cell0:SELECT=1 {{(pid=96893) stat_writer /opt/stack/data/venv/lib/python3.12/site-packages/dbcounter.py:115}}
Aug 06 09:39:13.089725 np0000006647 nova-scheduler[96895]: DEBUG dbcounter [-] [96895] Writing DB stats nova_cell0:SELECT=1 {{(pid=96895) stat_writer /opt/stack/data/venv/lib/python3.12/site-packages/dbcounter.py:115}}
Aug 06 09:39:23.062923 np0000006647 nova-scheduler[96891]: DEBUG oslo.service.backend._threading.loopingcall [None req-b3738986-7904-403a-9b54-eba8a7b8dbe4 None None] Dynamic interval looping call 'nova.service.Service.periodic_tasks' sleeping for 60.00 seconds {{(pid=96891) _run_loop /opt/stack/data/venv/lib/python3.12/site-packages/oslo_service/backend/_threading/loopingcall.py:125}}
Aug 06 09:39:24.089692 np0000006647 nova-scheduler[96895]: DEBUG oslo.service.backend._threading.loopingcall [None req-e0a6dce7-1423-4cf5-8c3f-fdefe599bb52 None None] Dynamic interval looping call 'nova.service.Service.periodic_tasks' sleeping for 60.00 seconds {{(pid=96895) _run_loop /opt/stack/data/venv/lib/python3.12/site-packages/oslo_service/backend/_threading/loopingcall.py:125}}
Aug 06 09:39:30.694642 np0000006647 nova-scheduler[96891]: DEBUG nova.scheduler.manager [None req-0a7acdab-55c3-41da-b3fe-2e3af5fbc3f8 tempest-ServerActionsTestOtherA-318156659 tempest-ServerActionsTestOtherA-318156659-project-member] Starting to schedule for instances: ['6ac2edd4-7b60-43ca-98ab-744dae043617'] {{(pid=96891) select_destinations /opt/stack/nova/nova/scheduler/manager.py:209}}
Aug 06 09:39:30.695354 np0000006647 nova-scheduler[96891]: DEBUG nova.scheduler.request_filter [None req-0a7acdab-55c3-41da-b3fe-2e3af5fbc3f8 tempest-ServerActionsTestOtherA-318156659 tempest-ServerActionsTestOtherA-318156659-project-member] compute_status_filter request filter added forbidden trait COMPUTE_STATUS_DISABLED {{(pid=96891) compute_status_filter /opt/stack/nova/nova/scheduler/request_filter.py:253}}
Aug 06 09:39:30.695451 np0000006647 nova-scheduler[96891]: DEBUG nova.scheduler.request_filter [None req-0a7acdab-55c3-41da-b3fe-2e3af5fbc3f8 tempest-ServerActionsTestOtherA-318156659 tempest-ServerActionsTestOtherA-318156659-project-member] Request filter 'compute_status_filter' took 0.0 seconds {{(pid=96891) wrapper /opt/stack/nova/nova/scheduler/request_filter.py:46}}
Aug 06 09:39:30.695664 np0000006647 nova-scheduler[96891]: DEBUG nova.scheduler.request_filter [None req-0a7acdab-55c3-41da-b3fe-2e3af5fbc3f8 tempest-ServerActionsTestOtherA-318156659 tempest-ServerActionsTestOtherA-318156659-project-member] Request filter 'accelerators_filter' took 0.0 seconds {{(pid=96891) wrapper /opt/stack/nova/nova/scheduler/request_filter.py:46}}
Aug 06 09:39:30.696193 np0000006647 nova-scheduler[96891]: DEBUG nova.scheduler.request_filter [None req-0a7acdab-55c3-41da-b3fe-2e3af5fbc3f8 tempest-ServerActionsTestOtherA-318156659 tempest-ServerActionsTestOtherA-318156659-project-member] Request filter 'packed_virtqueue_filter' took 0.0 seconds {{(pid=96891) wrapper /opt/stack/nova/nova/scheduler/request_filter.py:46}}
Aug 06 09:39:30.696193 np0000006647 nova-scheduler[96891]: DEBUG nova.scheduler.request_filter [None req-0a7acdab-55c3-41da-b3fe-2e3af5fbc3f8 tempest-ServerActionsTestOtherA-318156659 tempest-ServerActionsTestOtherA-318156659-project-member] Request filter 'remote_managed_ports_filter' took 0.0 seconds {{(pid=96891) wrapper /opt/stack/nova/nova/scheduler/request_filter.py:46}}
Aug 06 09:39:30.696376 np0000006647 nova-scheduler[96891]: DEBUG nova.scheduler.request_filter [None req-0a7acdab-55c3-41da-b3fe-2e3af5fbc3f8 tempest-ServerActionsTestOtherA-318156659 tempest-ServerActionsTestOtherA-318156659-project-member] ephemeral_encryption_filter skipped {{(pid=96891) ephemeral_encryption_filter /opt/stack/nova/nova/scheduler/request_filter.py:426}}
Aug 06 09:39:30.696522 np0000006647 nova-scheduler[96891]: DEBUG nova.scheduler.request_filter [None req-0a7acdab-55c3-41da-b3fe-2e3af5fbc3f8 tempest-ServerActionsTestOtherA-318156659 tempest-ServerActionsTestOtherA-318156659-project-member] virtio_sound_filter skipped {{(pid=96891) virtio_sound_filter /opt/stack/nova/nova/scheduler/request_filter.py:460}}
Aug 06 09:39:30.696641 np0000006647 nova-scheduler[96891]: DEBUG nova.scheduler.request_filter [None req-0a7acdab-55c3-41da-b3fe-2e3af5fbc3f8 tempest-ServerActionsTestOtherA-318156659 tempest-ServerActionsTestOtherA-318156659-project-member] tpm_secret_security_filter skipped {{(pid=96891) tpm_secret_security_filter /opt/stack/nova/nova/scheduler/request_filter.py:477}}
Aug 06 09:39:31.316000 np0000006647 nova-scheduler[96891]: INFO nova.utils [None req-0a7acdab-55c3-41da-b3fe-2e3af5fbc3f8 tempest-ServerActionsTestOtherA-318156659 tempest-ServerActionsTestOtherA-318156659-project-member] The cell worker thread pool ForkProcess-2.cell_worker is initialized
Aug 06 09:39:31.316749 np0000006647 nova-scheduler[96891]: DEBUG oslo_concurrency.lockutils [None req-0a7acdab-55c3-41da-b3fe-2e3af5fbc3f8 tempest-ServerActionsTestOtherA-318156659 tempest-ServerActionsTestOtherA-318156659-project-member] Acquiring lock "9d0feaec-e8d8-4e3a-bb55-a001f88b141c" by "nova.context.set_target_cell..get_or_set_cached_cell_and_set_connections" {{(pid=96891) inner /opt/stack/data/venv/lib/python3.12/site-packages/oslo_concurrency/lockutils.py:512}}
Aug 06 09:39:31.317026 np0000006647 nova-scheduler[96891]: DEBUG oslo_concurrency.lockutils [None req-0a7acdab-55c3-41da-b3fe-2e3af5fbc3f8 tempest-ServerActionsTestOtherA-318156659 tempest-ServerActionsTestOtherA-318156659-project-member] Lock "9d0feaec-e8d8-4e3a-bb55-a001f88b141c" acquired by "nova.context.set_target_cell..get_or_set_cached_cell_and_set_connections" :: waited 0.000s {{(pid=96891) inner /opt/stack/data/venv/lib/python3.12/site-packages/oslo_concurrency/lockutils.py:525}}
Aug 06 09:39:31.318619 np0000006647 nova-scheduler[96891]: DEBUG oslo_concurrency.lockutils [None req-0a7acdab-55c3-41da-b3fe-2e3af5fbc3f8 tempest-ServerActionsTestOtherA-318156659 tempest-ServerActionsTestOtherA-318156659-project-member] Lock "9d0feaec-e8d8-4e3a-bb55-a001f88b141c" "released" by "nova.context.set_target_cell..get_or_set_cached_cell_and_set_connections" :: held 0.001s {{(pid=96891) inner /opt/stack/data/venv/lib/python3.12/site-packages/oslo_concurrency/lockutils.py:544}}
Aug 06 09:39:31.320842 np0000006647 nova-scheduler[96891]: INFO dbcounter [None req-0a7acdab-55c3-41da-b3fe-2e3af5fbc3f8 tempest-ServerActionsTestOtherA-318156659 tempest-ServerActionsTestOtherA-318156659-project-member] Registered counter for database nova_cell1
Aug 06 09:39:31.374240 np0000006647 nova-scheduler[96891]: DEBUG oslo_db.sqlalchemy.engines [None req-0a7acdab-55c3-41da-b3fe-2e3af5fbc3f8 tempest-ServerActionsTestOtherA-318156659 tempest-ServerActionsTestOtherA-318156659-project-member] MySQL server mode set to STRICT_TRANS_TABLES,STRICT_ALL_TABLES,NO_ZERO_IN_DATE,NO_ZERO_DATE,ERROR_FOR_DIVISION_BY_ZERO,TRADITIONAL,NO_ENGINE_SUBSTITUTION {{(pid=96891) _check_effective_sql_mode /opt/stack/data/venv/lib/python3.12/site-packages/oslo_db/sqlalchemy/engines.py:325}}
Aug 06 09:39:31.380009 np0000006647 nova-scheduler[96891]: DEBUG dbcounter [-] [96891] Writer thread running {{(pid=96891) stat_writer /opt/stack/data/venv/lib/python3.12/site-packages/dbcounter.py:102}}
Aug 06 09:39:31.391678 np0000006647 nova-scheduler[96891]: DEBUG oslo_db.sqlalchemy.engines [None req-0a7acdab-55c3-41da-b3fe-2e3af5fbc3f8 tempest-ServerActionsTestOtherA-318156659 tempest-ServerActionsTestOtherA-318156659-project-member] Parent process 95693 forked (96891) with an open database connection, which is being discarded and recreated. {{(pid=96891) checkout /opt/stack/data/venv/lib/python3.12/site-packages/oslo_db/sqlalchemy/engines.py:402}}
Aug 06 09:39:31.436986 np0000006647 nova-scheduler[96891]: DEBUG dbcounter [-] [96891] Writer thread running {{(pid=96891) stat_writer /opt/stack/data/venv/lib/python3.12/site-packages/dbcounter.py:102}}
