Aug 16 22:06:36.607759 np0000007418 devstack@g-api.service[99830]: DEBUG glance.api.middleware.version_negotiation [None req-81053075-9f0e-4848-9a49-af4c42362145 tempest-TaggedBootDevicesTest-1780088203 tempest-TaggedBootDevicesTest-1780088203-project-member] new path /v2/schemas/image {{(pid=99830) process_request /opt/stack/glance/glance/api/middleware/version_negotiation.py:70}}
Aug 16 22:06:36.612430 np0000007418 devstack@g-api.service[99830]: [pid: 99830|app: 0|req: 15/48] 127.0.0.1 () {44 vars in 1055 bytes} [Sun Aug 16 22:06:36 2026] GET /v2/schemas/image => generated 6083 bytes in 5 msecs (HTTP/1.1 200) 4 headers in 158 bytes (1 switches on core 0)
Aug 16 22:06:36.625881 np0000007418 devstack@g-api.service[99831]: DEBUG glance.api.middleware.version_negotiation [None req-81053075-9f0e-4848-9a49-af4c42362145 tempest-TaggedBootDevicesTest-1780088203 tempest-TaggedBootDevicesTest-1780088203-project-member] Determining version of request: GET /v2/schemas/image Accept: */* {{(pid=99831) process_request /opt/stack/glance/glance/api/middleware/version_negotiation.py:44}}
Aug 16 22:06:36.626349 np0000007418 devstack@g-api.service[99831]: DEBUG glance.api.middleware.version_negotiation [None req-81053075-9f0e-4848-9a49-af4c42362145 tempest-TaggedBootDevicesTest-1780088203 tempest-TaggedBootDevicesTest-1780088203-project-member] Using url versioning {{(pid=99831) process_request /opt/stack/glance/glance/api/middleware/version_negotiation.py:57}}
Aug 16 22:06:36.626808 np0000007418 devstack@g-api.service[99831]: DEBUG glance.api.middleware.version_negotiation [None req-81053075-9f0e-4848-9a49-af4c42362145 tempest-TaggedBootDevicesTest-1780088203 tempest-TaggedBootDevicesTest-1780088203-project-member] Matched version: v2 {{(pid=99831) process_request /opt/stack/glance/glance/api/middleware/version_negotiation.py:69}}
Aug 16 22:06:36.627015 np0000007418 devstack@g-api.service[99831]: DEBUG glance.api.middleware.version_negotiation [None req-81053075-9f0e-4848-9a49-af4c42362145 tempest-TaggedBootDevicesTest-1780088203 tempest-TaggedBootDevicesTest-1780088203-project-member] new path /v2/schemas/image {{(pid=99831) process_request /opt/stack/glance/glance/api/middleware/version_negotiation.py:70}}
Aug 16 22:06:36.630976 np0000007418 devstack@g-api.service[99831]: [pid: 99831|app: 0|req: 19/49] 127.0.0.1 () {44 vars in 1055 bytes} [Sun Aug 16 22:06:36 2026] GET /v2/schemas/image => generated 6083 bytes in 5 msecs (HTTP/1.1 200) 4 headers in 158 bytes (1 switches on core 0)
Aug 16 22:06:36.731922 np0000007418 devstack@g-api.service[99830]: DEBUG glance.api.middleware.version_negotiation [None req-81053075-9f0e-4848-9a49-af4c42362145 tempest-TaggedBootDevicesTest-1780088203 tempest-TaggedBootDevicesTest-1780088203-project-member] Determining version of request: GET /v2/images/e0a36132-1640-4757-ad99-1459ef78fbee Accept: */* {{(pid=99830) process_request /opt/stack/glance/glance/api/middleware/version_negotiation.py:44}}
Aug 16 22:06:36.732104 np0000007418 devstack@g-api.service[99830]: DEBUG glance.api.middleware.version_negotiation [None req-81053075-9f0e-4848-9a49-af4c42362145 tempest-TaggedBootDevicesTest-1780088203 tempest-TaggedBootDevicesTest-1780088203-project-member] Using url versioning {{(pid=99830) process_request /opt/stack/glance/glance/api/middleware/version_negotiation.py:57}}
Aug 16 22:06:36.732355 np0000007418 devstack@g-api.service[99830]: DEBUG glance.api.middleware.version_negotiation [None req-81053075-9f0e-4848-9a49-af4c42362145 tempest-TaggedBootDevicesTest-1780088203 tempest-TaggedBootDevicesTest-1780088203-project-member] Matched version: v2 {{(pid=99830) process_request /opt/stack/glance/glance/api/middleware/version_negotiation.py:69}}
Aug 16 22:06:36.732459 np0000007418 devstack@g-api.service[99830]: DEBUG glance.api.middleware.version_negotiation [None req-81053075-9f0e-4848-9a49-af4c42362145 tempest-TaggedBootDevicesTest-1780088203 tempest-TaggedBootDevicesTest-1780088203-project-member] new path /v2/images/e0a36132-1640-4757-ad99-1459ef78fbee {{(pid=99830) process_request /opt/stack/glance/glance/api/middleware/version_negotiation.py:70}}
Aug 16 22:06:36.744231 np0000007418 devstack@g-api.service[99830]: [pid: 99830|app: 0|req: 16/50] 127.0.0.1 () {44 vars in 1115 bytes} [Sun Aug 16 22:06:36 2026] GET /v2/images/e0a36132-1640-4757-ad99-1459ef78fbee => generated 1044 bytes in 12 msecs (HTTP/1.1 200) 4 headers in 158 bytes (1 switches on core 0)
Aug 16 22:06:36.756568 np0000007418 devstack@g-api.service[99831]: DEBUG glance.api.middleware.version_negotiation [None req-81053075-9f0e-4848-9a49-af4c42362145 tempest-TaggedBootDevicesTest-1780088203 tempest-TaggedBootDevicesTest-1780088203-project-member] Determining version of request: GET /v2/schemas/image Accept: */* {{(pid=99831) process_request /opt/stack/glance/glance/api/middleware/version_negotiation.py:44}}
Aug 16 22:06:36.756568 np0000007418 devstack@g-api.service[99831]: DEBUG glance.api.middleware.version_negotiation [None req-81053075-9f0e-4848-9a49-af4c42362145 tempest-TaggedBootDevicesTest-1780088203 tempest-TaggedBootDevicesTest-1780088203-project-member] Using url versioning {{(pid=99831) process_request /opt/stack/glance/glance/api/middleware/version_negotiation.py:57}}
Aug 16 22:06:36.756568 np0000007418 devstack@g-api.service[99831]: DEBUG glance.api.middleware.version_negotiation [None req-81053075-9f0e-4848-9a49-af4c42362145 tempest-TaggedBootDevicesTest-1780088203 tempest-TaggedBootDevicesTest-1780088203-project-member] Matched version: v2 {{(pid=99831) process_request /opt/stack/glance/glance/api/middleware/version_negotiation.py:69}}
Aug 16 22:06:36.756568 np0000007418 devstack@g-api.service[99831]: DEBUG glance.api.middleware.version_negotiation [None req-81053075-9f0e-4848-9a49-af4c42362145 tempest-TaggedBootDevicesTest-1780088203 tempest-TaggedBootDevicesTest-1780088203-project-member] new path /v2/schemas/image {{(pid=99831) process_request /opt/stack/glance/glance/api/middleware/version_negotiation.py:70}}
Aug 16 22:06:36.759369 np0000007418 devstack@g-api.service[99831]: [pid: 99831|app: 0|req: 20/51] 127.0.0.1 () {44 vars in 1055 bytes} [Sun Aug 16 22:06:36 2026] GET /v2/schemas/image => generated 6083 bytes in 5 msecs (HTTP/1.1 200) 4 headers in 158 bytes (1 switches on core 0)
Aug 16 22:06:37.126367 np0000007418 devstack@g-api.service[99829]: INFO glance.api.v2.image_data [None req-2d3b0f27-bab7-4757-a9d5-aef75ccf9e6c tempest-AttachSCSIVolumeTestJSON-797370524 tempest-AttachSCSIVolumeTestJSON-797370524-project-admin] Unable to create trust: no such option collect_timing in group [keystone_authtoken] Use the existing user token.
Aug 16 22:06:37.414688 np0000007418 devstack@g-api.service[99830]: DEBUG glance.api.middleware.version_negotiation [None req-ce628431-1c52-4ea3-84f4-10b30576660d tempest-TaggedBootDevicesTest_v242-415744083 tempest-TaggedBootDevicesTest_v242-415744083-project-member] Determining version of request: GET /versions Accept: */* {{(pid=99830) process_request /opt/stack/glance/glance/api/middleware/version_negotiation.py:44}}
Aug 16 22:06:37.415744 np0000007418 devstack@g-api.service[99830]: [pid: 99830|app: 0|req: 17/52] 127.0.0.1 () {44 vars in 1039 bytes} [Sun Aug 16 22:06:37 2026] GET /versions => generated 1515 bytes in 1 msecs (HTTP/1.1 200) 3 headers in 92 bytes (1 switches on core 0)
Aug 16 22:06:37.430099 np0000007418 devstack@g-api.service[99831]: DEBUG glance.api.middleware.version_negotiation [None req-ce628431-1c52-4ea3-84f4-10b30576660d tempest-TaggedBootDevicesTest_v242-415744083 tempest-TaggedBootDevicesTest_v242-415744083-project-member] Determining version of request: GET /v2/images/e0a36132-1640-4757-ad99-1459ef78fbee/locations Accept: */* {{(pid=99831) process_request /opt/stack/glance/glance/api/middleware/version_negotiation.py:44}}
Aug 16 22:06:37.431006 np0000007418 devstack@g-api.service[99831]: DEBUG glance.api.middleware.version_negotiation [None req-ce628431-1c52-4ea3-84f4-10b30576660d tempest-TaggedBootDevicesTest_v242-415744083 tempest-TaggedBootDevicesTest_v242-415744083-project-member] Using url versioning {{(pid=99831) process_request /opt/stack/glance/glance/api/middleware/version_negotiation.py:57}}
Aug 16 22:06:37.431006 np0000007418 devstack@g-api.service[99831]: DEBUG glance.api.middleware.version_negotiation [None req-ce628431-1c52-4ea3-84f4-10b30576660d tempest-TaggedBootDevicesTest_v242-415744083 tempest-TaggedBootDevicesTest_v242-415744083-project-member] Matched version: v2 {{(pid=99831) process_request /opt/stack/glance/glance/api/middleware/version_negotiation.py:69}}
Aug 16 22:06:37.431006 np0000007418 devstack@g-api.service[99831]: DEBUG glance.api.middleware.version_negotiation [None req-ce628431-1c52-4ea3-84f4-10b30576660d tempest-TaggedBootDevicesTest_v242-415744083 tempest-TaggedBootDevicesTest_v242-415744083-project-member] new path /v2/images/e0a36132-1640-4757-ad99-1459ef78fbee/locations {{(pid=99831) process_request /opt/stack/glance/glance/api/middleware/version_negotiation.py:70}}
Aug 16 22:06:37.865351 np0000007418 devstack@g-api.service[99830]: DEBUG glance.api.middleware.version_negotiation [None req-ce628431-1c52-4ea3-84f4-10b30576660d tempest-TaggedBootDevicesTest_v242-415744083 tempest-TaggedBootDevicesTest_v242-415744083-project-member] Determining version of request: GET /v2/images/e0a36132-1640-4757-ad99-1459ef78fbee Accept: */* {{(pid=99830) process_request /opt/stack/glance/glance/api/middleware/version_negotiation.py:44}}
Aug 16 22:06:37.865654 np0000007418 devstack@g-api.service[99830]: DEBUG glance.api.middleware.version_negotiation [None req-ce628431-1c52-4ea3-84f4-10b30576660d tempest-TaggedBootDevicesTest_v242-415744083 tempest-TaggedBootDevicesTest_v242-415744083-project-member] Using url versioning {{(pid=99830) process_request /opt/stack/glance/glance/api/middleware/version_negotiation.py:57}}
Aug 16 22:06:37.865654 np0000007418 devstack@g-api.service[99830]: DEBUG glance.api.middleware.version_negotiation [None req-ce628431-1c52-4ea3-84f4-10b30576660d tempest-TaggedBootDevicesTest_v242-415744083 tempest-TaggedBootDevicesTest_v242-415744083-project-member] Matched version: v2 {{(pid=99830) process_request /opt/stack/glance/glance/api/middleware/version_negotiation.py:69}}
Aug 16 22:06:37.865760 np0000007418 devstack@g-api.service[99830]: DEBUG glance.api.middleware.version_negotiation [None req-ce628431-1c52-4ea3-84f4-10b30576660d tempest-TaggedBootDevicesTest_v242-415744083 tempest-TaggedBootDevicesTest_v242-415744083-project-member] new path /v2/images/e0a36132-1640-4757-ad99-1459ef78fbee {{(pid=99830) process_request /opt/stack/glance/glance/api/middleware/version_negotiation.py:70}}
Aug 16 22:06:37.880082 np0000007418 devstack@g-api.service[99830]: [pid: 99830|app: 0|req: 18/53] 127.0.0.1 () {44 vars in 1115 bytes} [Sun Aug 16 22:06:37 2026] GET /v2/images/e0a36132-1640-4757-ad99-1459ef78fbee => generated 1044 bytes in 15 msecs (HTTP/1.1 200) 4 headers in 158 bytes (1 switches on core 0)
Aug 16 22:06:37.890916 np0000007418 devstack@g-api.service[99830]: DEBUG glance.api.middleware.version_negotiation [None req-ce628431-1c52-4ea3-84f4-10b30576660d tempest-TaggedBootDevicesTest_v242-415744083 tempest-TaggedBootDevicesTest_v242-415744083-project-member] Determining version of request: GET /v2/schemas/image Accept: */* {{(pid=99830) process_request /opt/stack/glance/glance/api/middleware/version_negotiation.py:44}}
Aug 16 22:06:37.891166 np0000007418 devstack@g-api.service[99830]: DEBUG glance.api.middleware.version_negotiation [None req-ce628431-1c52-4ea3-84f4-10b30576660d tempest-TaggedBootDevicesTest_v242-415744083 tempest-TaggedBootDevicesTest_v242-415744083-project-member] Using url versioning {{(pid=99830) process_request /opt/stack/glance/glance/api/middleware/version_negotiation.py:57}}
Aug 16 22:06:37.891989 np0000007418 devstack@g-api.service[99830]: DEBUG glance.api.middleware.version_negotiation [None req-ce628431-1c52-4ea3-84f4-10b30576660d tempest-TaggedBootDevicesTest_v242-415744083 tempest-TaggedBootDevicesTest_v242-415744083-project-member] Matched version: v2 {{(pid=99830) process_request /opt/stack/glance/glance/api/middleware/version_negotiation.py:69}}
Aug 16 22:06:37.891989 np0000007418 devstack@g-api.service[99830]: DEBUG glance.api.middleware.version_negotiation [None req-ce628431-1c52-4ea3-84f4-10b30576660d tempest-TaggedBootDevicesTest_v242-415744083 tempest-TaggedBootDevicesTest_v242-415744083-project-member] new path /v2/schemas/image {{(pid=99830) process_request /opt/stack/glance/glance/api/middleware/version_negotiation.py:70}}
Aug 16 22:06:37.894597 np0000007418 devstack@g-api.service[99830]: [pid: 99830|app: 0|req: 19/54] 127.0.0.1 () {44 vars in 1055 bytes} [Sun Aug 16 22:06:37 2026] GET /v2/schemas/image => generated 6083 bytes in 4 msecs (HTTP/1.1 200) 4 headers in 158 bytes (1 switches on core 0)
Aug 16 22:06:37.924738 np0000007418 devstack@g-api.service[99831]: [pid: 99831|app: 0|req: 21/55] 127.0.0.1 () {44 vars in 1135 bytes} [Sun Aug 16 22:06:37 2026] GET /v2/images/e0a36132-1640-4757-ad99-1459ef78fbee/locations => generated 92 bytes in 495 msecs (HTTP/1.1 200) 4 headers in 156 bytes (1 switches on core 0)
Aug 16 22:06:37.939937 np0000007418 devstack@g-api.service[99830]: DEBUG glance.api.middleware.version_negotiation [None req-ce628431-1c52-4ea3-84f4-10b30576660d tempest-TaggedBootDevicesTest_v242-415744083 tempest-TaggedBootDevicesTest_v242-415744083-project-member] Determining version of request: GET /v2/images/e0a36132-1640-4757-ad99-1459ef78fbee Accept: */* {{(pid=99830) process_request /opt/stack/glance/glance/api/middleware/version_negotiation.py:44}}
Aug 16 22:06:37.940171 np0000007418 devstack@g-api.service[99830]: DEBUG glance.api.middleware.version_negotiation [None req-ce628431-1c52-4ea3-84f4-10b30576660d tempest-TaggedBootDevicesTest_v242-415744083 tempest-TaggedBootDevicesTest_v242-415744083-project-member] Using url versioning {{(pid=99830) process_request /opt/stack/glance/glance/api/middleware/version_negotiation.py:57}}
Aug 16 22:06:37.940369 np0000007418 devstack@g-api.service[99830]: DEBUG glance.api.middleware.version_negotiation [None req-ce628431-1c52-4ea3-84f4-10b30576660d tempest-TaggedBootDevicesTest_v242-415744083 tempest-TaggedBootDevicesTest_v242-415744083-project-member] Matched version: v2 {{(pid=99830) process_request /opt/stack/glance/glance/api/middleware/version_negotiation.py:69}}
Aug 16 22:06:37.940525 np0000007418 devstack@g-api.service[99830]: DEBUG glance.api.middleware.version_negotiation [None req-ce628431-1c52-4ea3-84f4-10b30576660d tempest-TaggedBootDevicesTest_v242-415744083 tempest-TaggedBootDevicesTest_v242-415744083-project-member] new path /v2/images/e0a36132-1640-4757-ad99-1459ef78fbee {{(pid=99830) process_request /opt/stack/glance/glance/api/middleware/version_negotiation.py:70}}
Aug 16 22:06:37.953361 np0000007418 devstack@g-api.service[99830]: [pid: 99830|app: 0|req: 20/56] 127.0.0.1 () {44 vars in 1115 bytes} [Sun Aug 16 22:06:37 2026] GET /v2/images/e0a36132-1640-4757-ad99-1459ef78fbee => generated 1044 bytes in 13 msecs (HTTP/1.1 200) 4 headers in 158 bytes (1 switches on core 0)
Aug 16 22:06:37.964367 np0000007418 devstack@g-api.service[99831]: DEBUG glance.api.middleware.version_negotiation [None req-81053075-9f0e-4848-9a49-af4c42362145 service glance] Determining version of request: GET /v2/schemas/image Accept: */* {{(pid=99831) process_request /opt/stack/glance/glance/api/middleware/version_negotiation.py:44}}
Aug 16 22:06:37.964613 np0000007418 devstack@g-api.service[99831]: DEBUG glance.api.middleware.version_negotiation [None req-81053075-9f0e-4848-9a49-af4c42362145 service glance] Using url versioning {{(pid=99831) process_request /opt/stack/glance/glance/api/middleware/version_negotiation.py:57}}
Aug 16 22:06:37.965257 np0000007418 devstack@g-api.service[99831]: DEBUG glance.api.middleware.version_negotiation [None req-81053075-9f0e-4848-9a49-af4c42362145 service glance] Matched version: v2 {{(pid=99831) process_request /opt/stack/glance/glance/api/middleware/version_negotiation.py:69}}
Aug 16 22:06:37.965257 np0000007418 devstack@g-api.service[99831]: DEBUG glance.api.middleware.version_negotiation [None req-81053075-9f0e-4848-9a49-af4c42362145 service glance] new path /v2/schemas/image {{(pid=99831) process_request /opt/stack/glance/glance/api/middleware/version_negotiation.py:70}}
Aug 16 22:06:37.968126 np0000007418 devstack@g-api.service[99831]: [pid: 99831|app: 0|req: 22/57] 127.0.0.1 () {44 vars in 1055 bytes} [Sun Aug 16 22:06:37 2026] GET /v2/schemas/image => generated 6083 bytes in 4 msecs (HTTP/1.1 200) 4 headers in 158 bytes (1 switches on core 0)
Aug 16 22:06:37.981174 np0000007418 devstack@g-api.service[99830]: DEBUG glance.api.middleware.version_negotiation [None req-81053075-9f0e-4848-9a49-af4c42362145 tempest-TaggedBootDevicesTest-1780088203 tempest-TaggedBootDevicesTest-1780088203-project-member] Determining version of request: GET /v2/schemas/image Accept: */* {{(pid=99830) process_request /opt/stack/glance/glance/api/middleware/version_negotiation.py:44}}
Aug 16 22:06:37.981948 np0000007418 devstack@g-api.service[99830]: DEBUG glance.api.middleware.version_negotiation [None req-81053075-9f0e-4848-9a49-af4c42362145 tempest-TaggedBootDevicesTest-1780088203 tempest-TaggedBootDevicesTest-1780088203-project-member] Using url versioning {{(pid=99830) process_request /opt/stack/glance/glance/api/middleware/version_negotiation.py:57}}
Aug 16 22:06:37.981948 np0000007418 devstack@g-api.service[99830]: DEBUG glance.api.middleware.version_negotiation [None req-81053075-9f0e-4848-9a49-af4c42362145 tempest-TaggedBootDevicesTest-1780088203 tempest-TaggedBootDevicesTest-1780088203-project-member] Matched version: v2 {{(pid=99830) process_request /opt/stack/glance/glance/api/middleware/version_negotiation.py:69}}
Aug 16 22:06:37.981948 np0000007418 devstack@g-api.service[99830]: DEBUG glance.api.middleware.version_negotiation [None req-81053075-9f0e-4848-9a49-af4c42362145 tempest-TaggedBootDevicesTest-1780088203 tempest-TaggedBootDevicesTest-1780088203-project-member] new path /v2/schemas/image {{(pid=99830) process_request /opt/stack/glance/glance/api/middleware/version_negotiation.py:70}}
Aug 16 22:06:37.986336 np0000007418 devstack@g-api.service[99830]: [pid: 99830|app: 0|req: 21/58] 127.0.0.1 () {44 vars in 1055 bytes} [Sun Aug 16 22:06:37 2026] GET /v2/schemas/image => generated 6083 bytes in 5 msecs (HTTP/1.1 200) 4 headers in 158 bytes (1 switches on core 0)
Aug 16 22:06:38.207705 np0000007418 devstack@g-api.service[99831]: DEBUG glance.api.middleware.version_negotiation [None req-81053075-9f0e-4848-9a49-af4c42362145 tempest-TaggedBootDevicesTest-1780088203 tempest-TaggedBootDevicesTest-1780088203-project-member] Determining version of request: GET /v2/images/e0a36132-1640-4757-ad99-1459ef78fbee Accept: */* {{(pid=99831) process_request /opt/stack/glance/glance/api/middleware/version_negotiation.py:44}}
Aug 16 22:06:38.207811 np0000007418 devstack@g-api.service[99831]: DEBUG glance.api.middleware.version_negotiation [None req-81053075-9f0e-4848-9a49-af4c42362145 tempest-TaggedBootDevicesTest-1780088203 tempest-TaggedBootDevicesTest-1780088203-project-member] Using url versioning {{(pid=99831) process_request /opt/stack/glance/glance/api/middleware/version_negotiation.py:57}}
Aug 16 22:06:38.207991 np0000007418 devstack@g-api.service[99831]: DEBUG glance.api.middleware.version_negotiation [None req-81053075-9f0e-4848-9a49-af4c42362145 tempest-TaggedBootDevicesTest-1780088203 tempest-TaggedBootDevicesTest-1780088203-project-member] Matched version: v2 {{(pid=99831) process_request /opt/stack/glance/glance/api/middleware/version_negotiation.py:69}}
Aug 16 22:06:38.208221 np0000007418 devstack@g-api.service[99831]: DEBUG glance.api.middleware.version_negotiation [None req-81053075-9f0e-4848-9a49-af4c42362145 tempest-TaggedBootDevicesTest-1780088203 tempest-TaggedBootDevicesTest-1780088203-project-member] new path /v2/images/e0a36132-1640-4757-ad99-1459ef78fbee {{(pid=99831) process_request /opt/stack/glance/glance/api/middleware/version_negotiation.py:70}}
Aug 16 22:06:38.344115 np0000007418 devstack@g-api.service[99829]: DEBUG glance.location [None req-2d3b0f27-bab7-4757-a9d5-aef75ccf9e6c tempest-AttachSCSIVolumeTestJSON-797370524 tempest-AttachSCSIVolumeTestJSON-797370524-project-admin] Enabling in-flight format inspection for qcow2 {{(pid=99829) set_data /opt/stack/glance/glance/location.py:596}}
Aug 16 22:06:38.344770 np0000007418 devstack@g-api.service[99829]: DEBUG glance_store.backend [None req-2d3b0f27-bab7-4757-a9d5-aef75ccf9e6c tempest-AttachSCSIVolumeTestJSON-797370524 tempest-AttachSCSIVolumeTestJSON-797370524-project-admin] Attempting to import store swift {{(pid=99829) _load_store /opt/stack/data/venv/lib/python3.12/site-packages/glance_store/backend.py:215}}
Aug 16 22:06:38.350918 np0000007418 devstack@g-api.service[99829]: DEBUG glance_store.capabilities [None req-2d3b0f27-bab7-4757-a9d5-aef75ccf9e6c tempest-AttachSCSIVolumeTestJSON-797370524 tempest-AttachSCSIVolumeTestJSON-797370524-project-admin] Store glance_store._drivers.swift.store.SingleTenantStore doesn't support updating dynamic storage capabilities. Please overwrite 'update_capabilities' method of the store to implement updating logics if needed. {{(pid=99829) update_capabilities /opt/stack/data/venv/lib/python3.12/site-packages/glance_store/capabilities.py:91}}
Aug 16 22:06:38.350918 np0000007418 devstack@g-api.service[99829]: DEBUG glance_store.driver [None req-2d3b0f27-bab7-4757-a9d5-aef75ccf9e6c tempest-AttachSCSIVolumeTestJSON-797370524 tempest-AttachSCSIVolumeTestJSON-797370524-project-admin] Late loading location class glance_store._drivers.swift.store.StoreLocation {{(pid=99829) get_store_location_class /opt/stack/data/venv/lib/python3.12/site-packages/glance_store/driver.py:134}}
Aug 16 22:06:38.351206 np0000007418 devstack@g-api.service[99829]: DEBUG glance_store.location [None req-2d3b0f27-bab7-4757-a9d5-aef75ccf9e6c tempest-AttachSCSIVolumeTestJSON-797370524 tempest-AttachSCSIVolumeTestJSON-797370524-project-admin] Registering scheme swift+https with {'store': , 'location_class': , 'store_entry': 'swift'} {{(pid=99829) register_scheme_map /opt/stack/data/venv/lib/python3.12/site-packages/glance_store/location.py:146}}
Aug 16 22:06:38.351206 np0000007418 devstack@g-api.service[99829]: DEBUG glance_store.location [None req-2d3b0f27-bab7-4757-a9d5-aef75ccf9e6c tempest-AttachSCSIVolumeTestJSON-797370524 tempest-AttachSCSIVolumeTestJSON-797370524-project-admin] Registering scheme swift+https with {'store': , 'location_class': , 'store_entry': 'swift'} {{(pid=99829) register_scheme_map /opt/stack/data/venv/lib/python3.12/site-packages/glance_store/location.py:146}}
Aug 16 22:06:38.351206 np0000007418 devstack@g-api.service[99829]: DEBUG glance_store.location [None req-2d3b0f27-bab7-4757-a9d5-aef75ccf9e6c tempest-AttachSCSIVolumeTestJSON-797370524 tempest-AttachSCSIVolumeTestJSON-797370524-project-admin] Registering scheme swift with {'store': , 'location_class': , 'store_entry': 'swift'} {{(pid=99829) register_scheme_map /opt/stack/data/venv/lib/python3.12/site-packages/glance_store/location.py:146}}
Aug 16 22:06:38.351499 np0000007418 devstack@g-api.service[99829]: DEBUG glance_store.location [None req-2d3b0f27-bab7-4757-a9d5-aef75ccf9e6c tempest-AttachSCSIVolumeTestJSON-797370524 tempest-AttachSCSIVolumeTestJSON-797370524-project-admin] Registering scheme swift+https with {'store': , 'location_class': , 'store_entry': 'swift'} {{(pid=99829) register_scheme_map /opt/stack/data/venv/lib/python3.12/site-packages/glance_store/location.py:146}}
Aug 16 22:06:38.351591 np0000007418 devstack@g-api.service[99829]: DEBUG glance_store.location [None req-2d3b0f27-bab7-4757-a9d5-aef75ccf9e6c tempest-AttachSCSIVolumeTestJSON-797370524 tempest-AttachSCSIVolumeTestJSON-797370524-project-admin] Registering scheme swift with {'store': , 'location_class': , 'store_entry': 'swift'} {{(pid=99829) register_scheme_map /opt/stack/data/venv/lib/python3.12/site-packages/glance_store/location.py:146}}
Aug 16 22:06:38.351673 np0000007418 devstack@g-api.service[99829]: DEBUG glance_store.location [None req-2d3b0f27-bab7-4757-a9d5-aef75ccf9e6c tempest-AttachSCSIVolumeTestJSON-797370524 tempest-AttachSCSIVolumeTestJSON-797370524-project-admin] Registering scheme swift+http with {'store': , 'location_class': , 'store_entry': 'swift'} {{(pid=99829) register_scheme_map /opt/stack/data/venv/lib/python3.12/site-packages/glance_store/location.py:146}}
Aug 16 22:06:38.353502 np0000007418 devstack@g-api.service[99829]: DEBUG glance_store.location [None req-2d3b0f27-bab7-4757-a9d5-aef75ccf9e6c tempest-AttachSCSIVolumeTestJSON-797370524 tempest-AttachSCSIVolumeTestJSON-797370524-project-admin] Registering scheme swift+https with {'store': , 'location_class': , 'store_entry': 'swift'} {{(pid=99829) register_scheme_map /opt/stack/data/venv/lib/python3.12/site-packages/glance_store/location.py:146}}
Aug 16 22:06:38.353596 np0000007418 devstack@g-api.service[99829]: DEBUG glance_store.location [None req-2d3b0f27-bab7-4757-a9d5-aef75ccf9e6c tempest-AttachSCSIVolumeTestJSON-797370524 tempest-AttachSCSIVolumeTestJSON-797370524-project-admin] Registering scheme swift with {'store': , 'location_class': , 'store_entry': 'swift'} {{(pid=99829) register_scheme_map /opt/stack/data/venv/lib/python3.12/site-packages/glance_store/location.py:146}}
Aug 16 22:06:38.354533 np0000007418 devstack@g-api.service[99829]: DEBUG glance_store.location [None req-2d3b0f27-bab7-4757-a9d5-aef75ccf9e6c tempest-AttachSCSIVolumeTestJSON-797370524 tempest-AttachSCSIVolumeTestJSON-797370524-project-admin] Registering scheme swift+http with {'store': , 'location_class': , 'store_entry': 'swift'} {{(pid=99829) register_scheme_map /opt/stack/data/venv/lib/python3.12/site-packages/glance_store/location.py:146}}
Aug 16 22:06:38.354753 np0000007418 devstack@g-api.service[99829]: DEBUG glance_store.location [None req-2d3b0f27-bab7-4757-a9d5-aef75ccf9e6c tempest-AttachSCSIVolumeTestJSON-797370524 tempest-AttachSCSIVolumeTestJSON-797370524-project-admin] Registering scheme swift+config with {'store': , 'location_class': , 'store_entry': 'swift'} {{(pid=99829) register_scheme_map /opt/stack/data/venv/lib/python3.12/site-packages/glance_store/location.py:146}}
Aug 16 22:06:38.622423 np0000007418 devstack@g-api.service[99831]: [pid: 99831|app: 0|req: 23/59] 127.0.0.1 () {44 vars in 1115 bytes} [Sun Aug 16 22:06:38 2026] GET /v2/images/e0a36132-1640-4757-ad99-1459ef78fbee => generated 1044 bytes in 415 msecs (HTTP/1.1 200) 4 headers in 158 bytes (1 switches on core 0)
Aug 16 22:06:38.665210 np0000007418 devstack@g-api.service[99830]: DEBUG glance.api.middleware.version_negotiation [None req-81053075-9f0e-4848-9a49-af4c42362145 tempest-TaggedBootDevicesTest-1780088203 tempest-TaggedBootDevicesTest-1780088203-project-member] Determining version of request: GET /v2/images/e0a36132-1640-4757-ad99-1459ef78fbee/file Accept: */* {{(pid=99830) process_request /opt/stack/glance/glance/api/middleware/version_negotiation.py:44}}
Aug 16 22:06:38.665210 np0000007418 devstack@g-api.service[99830]: DEBUG glance.api.middleware.version_negotiation [None req-81053075-9f0e-4848-9a49-af4c42362145 tempest-TaggedBootDevicesTest-1780088203 tempest-TaggedBootDevicesTest-1780088203-project-member] Using url versioning {{(pid=99830) process_request /opt/stack/glance/glance/api/middleware/version_negotiation.py:57}}
Aug 16 22:06:38.665210 np0000007418 devstack@g-api.service[99830]: DEBUG glance.api.middleware.version_negotiation [None req-81053075-9f0e-4848-9a49-af4c42362145 tempest-TaggedBootDevicesTest-1780088203 tempest-TaggedBootDevicesTest-1780088203-project-member] Matched version: v2 {{(pid=99830) process_request /opt/stack/glance/glance/api/middleware/version_negotiation.py:69}}
Aug 16 22:06:38.665210 np0000007418 devstack@g-api.service[99830]: DEBUG glance.api.middleware.version_negotiation [None req-81053075-9f0e-4848-9a49-af4c42362145 tempest-TaggedBootDevicesTest-1780088203 tempest-TaggedBootDevicesTest-1780088203-project-member] new path /v2/images/e0a36132-1640-4757-ad99-1459ef78fbee/file {{(pid=99830) process_request /opt/stack/glance/glance/api/middleware/version_negotiation.py:70}}
Aug 16 22:06:38.683414 np0000007418 devstack@g-api.service[99830]: DEBUG glance.api.middleware.cache [None req-d5d87732-5a8c-408a-962b-76e0e3b7ed49 tempest-DeleteServersTestJSON-1666380150 tempest-DeleteServersTestJSON-1666380150-project-member] Cache hit for image 'e0a36132-1640-4757-ad99-1459ef78fbee' {{(pid=99830) process_request /opt/stack/glance/glance/api/middleware/cache.py:160}}
Aug 16 22:06:38.769011 np0000007418 devstack@g-api.service[99830]: [pid: 99830|app: 0|req: 22/60] 127.0.0.1 () {44 vars in 1125 bytes} [Sun Aug 16 22:06:38 2026] GET /v2/images/e0a36132-1640-4757-ad99-1459ef78fbee/file => generated 21692416 bytes in 104 msecs (HTTP/1.1 200) 5 headers in 217 bytes (337 switches on core 0)
Aug 16 22:06:38.893016 np0000007418 devstack@g-api.service[99831]: DEBUG glance.api.middleware.version_negotiation [None req-d5d87732-5a8c-408a-962b-76e0e3b7ed49 tempest-DeleteServersTestJSON-1666380150 tempest-DeleteServersTestJSON-1666380150-project-member] Determining version of request: GET /v2/images/e0a36132-1640-4757-ad99-1459ef78fbee Accept: */* {{(pid=99831) process_request /opt/stack/glance/glance/api/middleware/version_negotiation.py:44}}
Aug 16 22:06:38.893016 np0000007418 devstack@g-api.service[99831]: DEBUG glance.api.middleware.version_negotiation [None req-d5d87732-5a8c-408a-962b-76e0e3b7ed49 tempest-DeleteServersTestJSON-1666380150 tempest-DeleteServersTestJSON-1666380150-project-member] Using url versioning {{(pid=99831) process_request /opt/stack/glance/glance/api/middleware/version_negotiation.py:57}}
Aug 16 22:06:38.893016 np0000007418 devstack@g-api.service[99831]: DEBUG glance.api.middleware.version_negotiation [None req-d5d87732-5a8c-408a-962b-76e0e3b7ed49 tempest-DeleteServersTestJSON-1666380150 tempest-DeleteServersTestJSON-1666380150-project-member] Matched version: v2 {{(pid=99831) process_request /opt/stack/glance/glance/api/middleware/version_negotiation.py:69}}
Aug 16 22:06:38.893016 np0000007418 devstack@g-api.service[99831]: DEBUG glance.api.middleware.version_negotiation [None req-d5d87732-5a8c-408a-962b-76e0e3b7ed49 tempest-DeleteServersTestJSON-1666380150 tempest-DeleteServersTestJSON-1666380150-project-member] new path /v2/images/e0a36132-1640-4757-ad99-1459ef78fbee {{(pid=99831) process_request /opt/stack/glance/glance/api/middleware/version_negotiation.py:70}}
Aug 16 22:06:38.904277 np0000007418 devstack@g-api.service[99831]: [pid: 99831|app: 0|req: 24/61] 127.0.0.1 () {44 vars in 1115 bytes} [Sun Aug 16 22:06:38 2026] GET /v2/images/e0a36132-1640-4757-ad99-1459ef78fbee => generated 1044 bytes in 12 msecs (HTTP/1.1 200) 4 headers in 158 bytes (1 switches on core 0)
Aug 16 22:06:38.930494 np0000007418 devstack@g-api.service[99830]: DEBUG glance.api.middleware.version_negotiation [None req-d5d87732-5a8c-408a-962b-76e0e3b7ed49 tempest-DeleteServersTestJSON-1666380150 tempest-DeleteServersTestJSON-1666380150-project-member] Determining version of request: GET /v2/schemas/image Accept: */* {{(pid=99830) process_request /opt/stack/glance/glance/api/middleware/version_negotiation.py:44}}
Aug 16 22:06:38.930494 np0000007418 devstack@g-api.service[99830]: DEBUG glance.api.middleware.version_negotiation [None req-d5d87732-5a8c-408a-962b-76e0e3b7ed49 tempest-DeleteServersTestJSON-1666380150 tempest-DeleteServersTestJSON-1666380150-project-member] Using url versioning {{(pid=99830) process_request /opt/stack/glance/glance/api/middleware/version_negotiation.py:57}}
Aug 16 22:06:38.930494 np0000007418 devstack@g-api.service[99830]: DEBUG glance.api.middleware.version_negotiation [None req-d5d87732-5a8c-408a-962b-76e0e3b7ed49 tempest-DeleteServersTestJSON-1666380150 tempest-DeleteServersTestJSON-1666380150-project-member] Matched version: v2 {{(pid=99830) process_request /opt/stack/glance/glance/api/middleware/version_negotiation.py:69}}
Aug 16 22:06:38.930790 np0000007418 devstack@g-api.service[99830]: DEBUG glance.api.middleware.version_negotiation [None req-d5d87732-5a8c-408a-962b-76e0e3b7ed49 tempest-DeleteServersTestJSON-1666380150 tempest-DeleteServersTestJSON-1666380150-project-member] new path /v2/schemas/image {{(pid=99830) process_request /opt/stack/glance/glance/api/middleware/version_negotiation.py:70}}
Aug 16 22:06:38.935066 np0000007418 devstack@g-api.service[99830]: [pid: 99830|app: 0|req: 23/62] 127.0.0.1 () {44 vars in 1055 bytes} [Sun Aug 16 22:06:38 2026] GET /v2/schemas/image => generated 6083 bytes in 5 msecs (HTTP/1.1 200) 4 headers in 158 bytes (1 switches on core 0)
Aug 16 22:06:39.170046 np0000007418 devstack@g-api.service[99829]: DEBUG swiftclient [None req-2d3b0f27-bab7-4757-a9d5-aef75ccf9e6c tempest-AttachSCSIVolumeTestJSON-797370524 tempest-AttachSCSIVolumeTestJSON-797370524-project-admin] REQ: curl -i https://10.4.3.232:8080/v1/AUTH_d188a7fcc2a24bdc8879ba85d0733ed1/glance -I -H "X-Auth-Token: gAAAAABqgjRuPWwH..." {{(pid=99829) http_log /opt/stack/data/venv/lib/python3.12/site-packages/swiftclient/client.py:160}}
Aug 16 22:06:39.170172 np0000007418 devstack@g-api.service[99829]: DEBUG swiftclient [None req-2d3b0f27-bab7-4757-a9d5-aef75ccf9e6c tempest-AttachSCSIVolumeTestJSON-797370524 tempest-AttachSCSIVolumeTestJSON-797370524-project-admin] RESP STATUS: 204 No Content {{(pid=99829) http_log /opt/stack/data/venv/lib/python3.12/site-packages/swiftclient/client.py:161}}
Aug 16 22:06:39.170352 np0000007418 devstack@g-api.service[99829]: DEBUG swiftclient [None req-2d3b0f27-bab7-4757-a9d5-aef75ccf9e6c tempest-AttachSCSIVolumeTestJSON-797370524 tempest-AttachSCSIVolumeTestJSON-797370524-project-admin] RESP HEADERS: {'Date': 'Sun, 16 Aug 2026 22:06:39 GMT', 'Server': 'Apache/2.4.58 (Ubuntu)', 'Content-Type': 'text/plain; charset=utf-8', 'X-Container-Object-Count': '3', 'X-Container-Bytes-Used': '64356352', 'X-Timestamp': '1786917855.88890', 'Last-Modified': 'Sun, 16 Aug 2026 22:04:16 GMT', 'Accept-Ranges': 'bytes', 'X-Storage-Policy': 'Policy-0', 'X-Container-Sharding': 'False', 'Vary': 'Accept', 'X-Trans-Id': 'tx314aed8bb6974d2694ab0-006a82346e', 'X-Openstack-Request-Id': 'tx314aed8bb6974d2694ab0-006a82346e', 'Connection': 'close'} {{(pid=99829) http_log /opt/stack/data/venv/lib/python3.12/site-packages/swiftclient/client.py:162}}
Aug 16 22:06:39.170565 np0000007418 devstack@g-api.service[99829]: DEBUG glance_store._drivers.swift.store [None req-2d3b0f27-bab7-4757-a9d5-aef75ccf9e6c tempest-AttachSCSIVolumeTestJSON-797370524 tempest-AttachSCSIVolumeTestJSON-797370524-project-admin] Adding image object '8a5280ee-ceae-4cb7-be9d-ff75052cfe5a' to Swift {{(pid=99829) add /opt/stack/data/venv/lib/python3.12/site-packages/glance_store/_drivers/swift/store.py:970}}
Aug 16 22:06:39.170653 np0000007418 devstack@g-api.service[99829]: DEBUG glance_store._drivers.swift.store [None req-2d3b0f27-bab7-4757-a9d5-aef75ccf9e6c tempest-AttachSCSIVolumeTestJSON-797370524 tempest-AttachSCSIVolumeTestJSON-797370524-project-admin] Cannot determine image size because it is either not provided in the request or chunked-transfer encoding is used. Adding image as a segmented object to Swift. {{(pid=99829) add /opt/stack/data/venv/lib/python3.12/site-packages/glance_store/_drivers/swift/store.py:994}}
Aug 16 22:06:39.175124 np0000007418 devstack@g-api.service[99831]: DEBUG glance.api.middleware.version_negotiation [None req-d5d87732-5a8c-408a-962b-76e0e3b7ed49 tempest-DeleteServersTestJSON-1666380150 tempest-DeleteServersTestJSON-1666380150-project-member] Determining version of request: GET /v2/images/e0a36132-1640-4757-ad99-1459ef78fbee Accept: */* {{(pid=99831) process_request /opt/stack/glance/glance/api/middleware/version_negotiation.py:44}}
Aug 16 22:06:39.175895 np0000007418 devstack@g-api.service[99831]: DEBUG glance.api.middleware.version_negotiation [None req-d5d87732-5a8c-408a-962b-76e0e3b7ed49 tempest-DeleteServersTestJSON-1666380150 tempest-DeleteServersTestJSON-1666380150-project-member] Using url versioning {{(pid=99831) process_request /opt/stack/glance/glance/api/middleware/version_negotiation.py:57}}
Aug 16 22:06:39.175895 np0000007418 devstack@g-api.service[99831]: DEBUG glance.api.middleware.version_negotiation [None req-d5d87732-5a8c-408a-962b-76e0e3b7ed49 tempest-DeleteServersTestJSON-1666380150 tempest-DeleteServersTestJSON-1666380150-project-member] Matched version: v2 {{(pid=99831) process_request /opt/stack/glance/glance/api/middleware/version_negotiation.py:69}}
Aug 16 22:06:39.175895 np0000007418 devstack@g-api.service[99831]: DEBUG glance.api.middleware.version_negotiation [None req-d5d87732-5a8c-408a-962b-76e0e3b7ed49 tempest-DeleteServersTestJSON-1666380150 tempest-DeleteServersTestJSON-1666380150-project-member] new path /v2/images/e0a36132-1640-4757-ad99-1459ef78fbee {{(pid=99831) process_request /opt/stack/glance/glance/api/middleware/version_negotiation.py:70}}
Aug 16 22:06:39.179825 np0000007418 devstack@g-api.service[99829]: DEBUG oslo_utils.imageutils.format_inspector [None req-2d3b0f27-bab7-4757-a9d5-aef75ccf9e6c tempest-AttachSCSIVolumeTestJSON-797370524 tempest-AttachSCSIVolumeTestJSON-797370524-project-admin] Format inspector for vmdk does not match, excluding from consideration (Signature KDMV not found: b'QFI\xfb') {{(pid=99829) _process_chunk /opt/stack/data/venv/lib/python3.12/site-packages/oslo_utils/imageutils/format_inspector.py:1758}}
Aug 16 22:06:39.182643 np0000007418 devstack@g-api.service[99829]: DEBUG oslo_utils.imageutils.format_inspector [None req-2d3b0f27-bab7-4757-a9d5-aef75ccf9e6c tempest-AttachSCSIVolumeTestJSON-797370524 tempest-AttachSCSIVolumeTestJSON-797370524-project-admin] Format inspector for vhdx does not match, excluding from consideration (Region signature not found at 30000) {{(pid=99829) _process_chunk /opt/stack/data/venv/lib/python3.12/site-packages/oslo_utils/imageutils/format_inspector.py:1758}}
Aug 16 22:06:39.188786 np0000007418 devstack@g-api.service[99831]: [pid: 99831|app: 0|req: 25/63] 127.0.0.1 () {44 vars in 1115 bytes} [Sun Aug 16 22:06:39 2026] GET /v2/images/e0a36132-1640-4757-ad99-1459ef78fbee => generated 1044 bytes in 14 msecs (HTTP/1.1 200) 4 headers in 158 bytes (1 switches on core 0)
Aug 16 22:06:39.200344 np0000007418 devstack@g-api.service[99830]: DEBUG glance.api.middleware.version_negotiation [None req-d5d87732-5a8c-408a-962b-76e0e3b7ed49 tempest-DeleteServersTestJSON-1666380150 tempest-DeleteServersTestJSON-1666380150-project-member] Determining version of request: GET /v2/schemas/image Accept: */* {{(pid=99830) process_request /opt/stack/glance/glance/api/middleware/version_negotiation.py:44}}
Aug 16 22:06:39.200951 np0000007418 devstack@g-api.service[99830]: DEBUG glance.api.middleware.version_negotiation [None req-d5d87732-5a8c-408a-962b-76e0e3b7ed49 tempest-DeleteServersTestJSON-1666380150 tempest-DeleteServersTestJSON-1666380150-project-member] Using url versioning {{(pid=99830) process_request /opt/stack/glance/glance/api/middleware/version_negotiation.py:57}}
Aug 16 22:06:39.201089 np0000007418 devstack@g-api.service[99830]: DEBUG glance.api.middleware.version_negotiation [None req-d5d87732-5a8c-408a-962b-76e0e3b7ed49 tempest-DeleteServersTestJSON-1666380150 tempest-DeleteServersTestJSON-1666380150-project-member] Matched version: v2 {{(pid=99830) process_request /opt/stack/glance/glance/api/middleware/version_negotiation.py:69}}
Aug 16 22:06:39.201089 np0000007418 devstack@g-api.service[99830]: DEBUG glance.api.middleware.version_negotiation [None req-d5d87732-5a8c-408a-962b-76e0e3b7ed49 tempest-DeleteServersTestJSON-1666380150 tempest-DeleteServersTestJSON-1666380150-project-member] new path /v2/schemas/image {{(pid=99830) process_request /opt/stack/glance/glance/api/middleware/version_negotiation.py:70}}
Aug 16 22:06:39.204376 np0000007418 devstack@g-api.service[99830]: [pid: 99830|app: 0|req: 24/64] 127.0.0.1 () {44 vars in 1055 bytes} [Sun Aug 16 22:06:39 2026] GET /v2/schemas/image => generated 6083 bytes in 4 msecs (HTTP/1.1 200) 4 headers in 158 bytes (1 switches on core 0)
Aug 16 22:06:39.423546 np0000007418 devstack@g-api.service[99829]: DEBUG swiftclient [None req-2d3b0f27-bab7-4757-a9d5-aef75ccf9e6c tempest-AttachSCSIVolumeTestJSON-797370524 tempest-AttachSCSIVolumeTestJSON-797370524-project-admin] REQ: curl -i https://10.4.3.232:8080/v1/AUTH_d188a7fcc2a24bdc8879ba85d0733ed1/glance/8a5280ee-ceae-4cb7-be9d-ff75052cfe5a-00001 -X PUT -H "X-Auth-Token: gAAAAABqgjRuPWwH..." {{(pid=99829) http_log /opt/stack/data/venv/lib/python3.12/site-packages/swiftclient/client.py:160}}
Aug 16 22:06:39.424041 np0000007418 devstack@g-api.service[99829]: DEBUG swiftclient [None req-2d3b0f27-bab7-4757-a9d5-aef75ccf9e6c tempest-AttachSCSIVolumeTestJSON-797370524 tempest-AttachSCSIVolumeTestJSON-797370524-project-admin] RESP STATUS: 201 Created {{(pid=99829) http_log /opt/stack/data/venv/lib/python3.12/site-packages/swiftclient/client.py:161}}
Aug 16 22:06:39.424225 np0000007418 devstack@g-api.service[99829]: DEBUG swiftclient [None req-2d3b0f27-bab7-4757-a9d5-aef75ccf9e6c tempest-AttachSCSIVolumeTestJSON-797370524 tempest-AttachSCSIVolumeTestJSON-797370524-project-admin] RESP HEADERS: {'Date': 'Sun, 16 Aug 2026 22:06:39 GMT', 'Server': 'Apache/2.4.58 (Ubuntu)', 'Content-Type': 'text/html; charset=UTF-8', 'Content-Length': '0', 'Etag': '87617e24a5e30cb3b87fda8c0764838f', 'Last-Modified': 'Sun, 16 Aug 2026 22:06:40 GMT', 'X-Trans-Id': 'txb2797bb6d1ef4bdaa064e-006a82346f', 'X-Openstack-Request-Id': 'txb2797bb6d1ef4bdaa064e-006a82346f', 'Connection': 'close'} {{(pid=99829) http_log /opt/stack/data/venv/lib/python3.12/site-packages/swiftclient/client.py:162}}
Aug 16 22:06:39.424855 np0000007418 devstack@g-api.service[99829]: DEBUG glance_store._drivers.swift.store [None req-2d3b0f27-bab7-4757-a9d5-aef75ccf9e6c tempest-AttachSCSIVolumeTestJSON-797370524 tempest-AttachSCSIVolumeTestJSON-797370524-project-admin] Wrote chunk 8a5280ee-ceae-4cb7-be9d-ff75052cfe5a-00001 (1/?) of length 21692416 to Swift returning MD5 of content: 87617e24a5e30cb3b87fda8c0764838f {{(pid=99829) add /opt/stack/data/venv/lib/python3.12/site-packages/glance_store/_drivers/swift/store.py:1059}}
Aug 16 22:06:39.424855 np0000007418 devstack@g-api.service[99829]: DEBUG glance_store._drivers.swift.store [None req-2d3b0f27-bab7-4757-a9d5-aef75ccf9e6c tempest-AttachSCSIVolumeTestJSON-797370524 tempest-AttachSCSIVolumeTestJSON-797370524-project-admin] Not writing zero-length chunk. {{(pid=99829) add /opt/stack/data/venv/lib/python3.12/site-packages/glance_store/_drivers/swift/store.py:1028}}
Aug 16 22:06:39.477465 np0000007418 devstack@g-api.service[99829]: DEBUG swiftclient [None req-2d3b0f27-bab7-4757-a9d5-aef75ccf9e6c tempest-AttachSCSIVolumeTestJSON-797370524 tempest-AttachSCSIVolumeTestJSON-797370524-project-admin] REQ: curl -i https://10.4.3.232:8080/v1/AUTH_d188a7fcc2a24bdc8879ba85d0733ed1/glance/8a5280ee-ceae-4cb7-be9d-ff75052cfe5a -X PUT -H "X-Object-Manifest: glance/8a5280ee-ceae-4cb7-be9d-ff75052cfe5a-" -H "X-Auth-Token: gAAAAABqgjRuPWwH..." -H "Content-Length: 0" {{(pid=99829) http_log /opt/stack/data/venv/lib/python3.12/site-packages/swiftclient/client.py:160}}
Aug 16 22:06:39.477465 np0000007418 devstack@g-api.service[99829]: DEBUG swiftclient [None req-2d3b0f27-bab7-4757-a9d5-aef75ccf9e6c tempest-AttachSCSIVolumeTestJSON-797370524 tempest-AttachSCSIVolumeTestJSON-797370524-project-admin] RESP STATUS: 201 Created {{(pid=99829) http_log /opt/stack/data/venv/lib/python3.12/site-packages/swiftclient/client.py:161}}
Aug 16 22:06:39.477465 np0000007418 devstack@g-api.service[99829]: DEBUG swiftclient [None req-2d3b0f27-bab7-4757-a9d5-aef75ccf9e6c tempest-AttachSCSIVolumeTestJSON-797370524 tempest-AttachSCSIVolumeTestJSON-797370524-project-admin] RESP HEADERS: {'Date': 'Sun, 16 Aug 2026 22:06:39 GMT', 'Server': 'Apache/2.4.58 (Ubuntu)', 'Content-Type': 'text/html; charset=UTF-8', 'Content-Length': '0', 'Etag': 'd41d8cd98f00b204e9800998ecf8427e', 'Last-Modified': 'Sun, 16 Aug 2026 22:06:40 GMT', 'X-Trans-Id': 'txd52eedd601974193ae2b4-006a82346f', 'X-Openstack-Request-Id': 'txd52eedd601974193ae2b4-006a82346f', 'Connection': 'close'} {{(pid=99829) http_log /opt/stack/data/venv/lib/python3.12/site-packages/swiftclient/client.py:162}}
Aug 16 22:06:39.477465 np0000007418 devstack@g-api.service[99829]: INFO glance.location [None req-2d3b0f27-bab7-4757-a9d5-aef75ccf9e6c tempest-AttachSCSIVolumeTestJSON-797370524 tempest-AttachSCSIVolumeTestJSON-797370524-project-admin] Image format matched and virtual size computed: 117440512
Aug 16 22:06:39.522468 np0000007418 devstack@g-api.service[99829]: DEBUG glance_store.backend [None req-2d3b0f27-bab7-4757-a9d5-aef75ccf9e6c tempest-AttachSCSIVolumeTestJSON-797370524 tempest-AttachSCSIVolumeTestJSON-797370524-project-admin] Attempting to import store swift {{(pid=99829) _load_store /opt/stack/data/venv/lib/python3.12/site-packages/glance_store/backend.py:215}}
Aug 16 22:06:39.524495 np0000007418 devstack@g-api.service[99829]: DEBUG glance_store.capabilities [None req-2d3b0f27-bab7-4757-a9d5-aef75ccf9e6c tempest-AttachSCSIVolumeTestJSON-797370524 tempest-AttachSCSIVolumeTestJSON-797370524-project-admin] Store glance_store._drivers.swift.store.SingleTenantStore doesn't support updating dynamic storage capabilities. Please overwrite 'update_capabilities' method of the store to implement updating logics if needed. {{(pid=99829) update_capabilities /opt/stack/data/venv/lib/python3.12/site-packages/glance_store/capabilities.py:91}}
Aug 16 22:06:39.524706 np0000007418 devstack@g-api.service[99829]: DEBUG glance_store.driver [None req-2d3b0f27-bab7-4757-a9d5-aef75ccf9e6c tempest-AttachSCSIVolumeTestJSON-797370524 tempest-AttachSCSIVolumeTestJSON-797370524-project-admin] Late loading location class glance_store._drivers.swift.store.StoreLocation {{(pid=99829) get_store_location_class /opt/stack/data/venv/lib/python3.12/site-packages/glance_store/driver.py:134}}
Aug 16 22:06:39.525431 np0000007418 devstack@g-api.service[99829]: DEBUG glance_store.location [None req-2d3b0f27-bab7-4757-a9d5-aef75ccf9e6c tempest-AttachSCSIVolumeTestJSON-797370524 tempest-AttachSCSIVolumeTestJSON-797370524-project-admin] Registering scheme swift+https with {'store': , 'location_class': , 'store_entry': 'swift'} {{(pid=99829) register_scheme_map /opt/stack/data/venv/lib/python3.12/site-packages/glance_store/location.py:146}}
Aug 16 22:06:39.525431 np0000007418 devstack@g-api.service[99829]: DEBUG glance_store.location [None req-2d3b0f27-bab7-4757-a9d5-aef75ccf9e6c tempest-AttachSCSIVolumeTestJSON-797370524 tempest-AttachSCSIVolumeTestJSON-797370524-project-admin] Registering scheme swift+https with {'store': , 'location_class': , 'store_entry': 'swift'} {{(pid=99829) register_scheme_map /opt/stack/data/venv/lib/python3.12/site-packages/glance_store/location.py:146}}
Aug 16 22:06:39.525431 np0000007418 devstack@g-api.service[99829]: DEBUG glance_store.location [None req-2d3b0f27-bab7-4757-a9d5-aef75ccf9e6c tempest-AttachSCSIVolumeTestJSON-797370524 tempest-AttachSCSIVolumeTestJSON-797370524-project-admin] Registering scheme swift with {'store': , 'location_class': , 'store_entry': 'swift'} {{(pid=99829) register_scheme_map /opt/stack/data/venv/lib/python3.12/site-packages/glance_store/location.py:146}}
Aug 16 22:06:39.525635 np0000007418 devstack@g-api.service[99829]: DEBUG glance_store.location [None req-2d3b0f27-bab7-4757-a9d5-aef75ccf9e6c tempest-AttachSCSIVolumeTestJSON-797370524 tempest-AttachSCSIVolumeTestJSON-797370524-project-admin] Registering scheme swift+https with {'store': , 'location_class': , 'store_entry': 'swift'} {{(pid=99829) register_scheme_map /opt/stack/data/venv/lib/python3.12/site-packages/glance_store/location.py:146}}
Aug 16 22:06:39.525635 np0000007418 devstack@g-api.service[99829]: DEBUG glance_store.location [None req-2d3b0f27-bab7-4757-a9d5-aef75ccf9e6c tempest-AttachSCSIVolumeTestJSON-797370524 tempest-AttachSCSIVolumeTestJSON-797370524-project-admin] Registering scheme swift with {'store': , 'location_class': , 'store_entry': 'swift'} {{(pid=99829) register_scheme_map /opt/stack/data/venv/lib/python3.12/site-packages/glance_store/location.py:146}}
Aug 16 22:06:39.525635 np0000007418 devstack@g-api.service[99829]: DEBUG glance_store.location [None req-2d3b0f27-bab7-4757-a9d5-aef75ccf9e6c tempest-AttachSCSIVolumeTestJSON-797370524 tempest-AttachSCSIVolumeTestJSON-797370524-project-admin] Registering scheme swift+http with {'store': , 'location_class': , 'store_entry': 'swift'} {{(pid=99829) register_scheme_map /opt/stack/data/venv/lib/python3.12/site-packages/glance_store/location.py:146}}
Aug 16 22:06:39.525747 np0000007418 devstack@g-api.service[99829]: DEBUG glance_store.location [None req-2d3b0f27-bab7-4757-a9d5-aef75ccf9e6c tempest-AttachSCSIVolumeTestJSON-797370524 tempest-AttachSCSIVolumeTestJSON-797370524-project-admin] Registering scheme swift+https with {'store': , 'location_class': , 'store_entry': 'swift'} {{(pid=99829) register_scheme_map /opt/stack/data/venv/lib/python3.12/site-packages/glance_store/location.py:146}}
Aug 16 22:06:39.525747 np0000007418 devstack@g-api.service[99829]: DEBUG glance_store.location [None req-2d3b0f27-bab7-4757-a9d5-aef75ccf9e6c tempest-AttachSCSIVolumeTestJSON-797370524 tempest-AttachSCSIVolumeTestJSON-797370524-project-admin] Registering scheme swift with {'store': , 'location_class': , 'store_entry': 'swift'} {{(pid=99829) register_scheme_map /opt/stack/data/venv/lib/python3.12/site-packages/glance_store/location.py:146}}
