Jun 30 20:08:09.074844 np0000004028 systemd[1]: Starting devstack@n-api-meta.service - Devstack devstack@n-api-meta.service...
Jun 30 20:08:09.080161 np0000004028 devstack@n-api-meta.service[95783]: [uWSGI] getting INI configuration from /etc/nova/nova-metadata-uwsgi.ini
Jun 30 20:08:09.082335 np0000004028 devstack@n-api-meta.service[95783]: *** Starting uWSGI 2.0.24-debian (64bit) on [Tue Jun 30 20:08:09 2026] ***
Jun 30 20:08:09.082335 np0000004028 devstack@n-api-meta.service[95783]: compiled with version: 13.2.0 on 17 April 2024 16:23:48
Jun 30 20:08:09.082335 np0000004028 devstack@n-api-meta.service[95783]: os: Linux-6.8.0-100-generic #100-Ubuntu SMP PREEMPT_DYNAMIC Tue Jan 13 16:40:06 UTC 2026
Jun 30 20:08:09.082335 np0000004028 devstack@n-api-meta.service[95783]: nodename: np0000004028
Jun 30 20:08:09.082335 np0000004028 devstack@n-api-meta.service[95783]: machine: x86_64
Jun 30 20:08:09.082335 np0000004028 devstack@n-api-meta.service[95783]: clock source: unix
Jun 30 20:08:09.082335 np0000004028 devstack@n-api-meta.service[95783]: pcre jit disabled
Jun 30 20:08:09.082335 np0000004028 devstack@n-api-meta.service[95783]: detected number of CPU cores: 16
Jun 30 20:08:09.082335 np0000004028 devstack@n-api-meta.service[95783]: current working directory: /
Jun 30 20:08:09.082335 np0000004028 devstack@n-api-meta.service[95783]: detected binary path: /usr/bin/uwsgi-core
Jun 30 20:08:09.082335 np0000004028 devstack@n-api-meta.service[95783]: your processes number limit is 257052
Jun 30 20:08:09.082335 np0000004028 devstack@n-api-meta.service[95783]: your memory page size is 4096 bytes
Jun 30 20:08:09.082335 np0000004028 devstack@n-api-meta.service[95783]: detected max file descriptor number: 2048
Jun 30 20:08:09.082335 np0000004028 devstack@n-api-meta.service[95783]: lock engine: pthread robust mutexes
Jun 30 20:08:09.082792 np0000004028 devstack@n-api-meta.service[95783]: thunder lock: enabled
Jun 30 20:08:09.082792 np0000004028 devstack@n-api-meta.service[95783]: uWSGI http bound on 0.0.0.0:8775 fd 5
Jun 30 20:08:09.082792 np0000004028 devstack@n-api-meta.service[95783]: uwsgi socket 0 bound to TCP address 127.0.0.1:41143 (port auto-assigned) fd 4
Jun 30 20:08:09.082792 np0000004028 devstack@n-api-meta.service[95783]: Python version: 3.12.3 (main, Mar 23 2026, 19:04:32) [GCC 13.3.0]
Jun 30 20:08:09.082792 np0000004028 devstack@n-api-meta.service[95783]: PEP 405 virtualenv detected: /opt/stack/data/venv
Jun 30 20:08:09.082792 np0000004028 devstack@n-api-meta.service[95783]: Set PythonHome to /opt/stack/data/venv
Jun 30 20:08:09.114331 np0000004028 devstack@n-api-meta.service[95783]: Python main interpreter initialized at 0x715d0e6a3668
Jun 30 20:08:09.114331 np0000004028 devstack@n-api-meta.service[95783]: python threads support enabled
Jun 30 20:08:09.114331 np0000004028 devstack@n-api-meta.service[95783]: your server socket listen backlog is limited to 100 connections
Jun 30 20:08:09.114331 np0000004028 devstack@n-api-meta.service[95783]: your mercy for graceful operations on workers is 80 seconds
Jun 30 20:08:09.114854 np0000004028 devstack@n-api-meta.service[95783]: mapped 671795 bytes (656 KB) for 4 cores
Jun 30 20:08:09.114987 np0000004028 devstack@n-api-meta.service[95783]: *** Operational MODE: preforking ***
Jun 30 20:08:09.115163 np0000004028 devstack@n-api-meta.service[95783]: *** uWSGI is running in multiple interpreter mode ***
Jun 30 20:08:09.115163 np0000004028 devstack@n-api-meta.service[95783]: spawned uWSGI master process (pid: 95783)
Jun 30 20:08:09.115436 np0000004028 systemd[1]: Started devstack@n-api-meta.service - Devstack devstack@n-api-meta.service.
Jun 30 20:08:09.115735 np0000004028 devstack@n-api-meta.service[95783]: spawned uWSGI worker 1 (pid: 95786, cores: 1)
Jun 30 20:08:09.116363 np0000004028 devstack@n-api-meta.service[95783]: spawned uWSGI worker 2 (pid: 95787, cores: 1)
Jun 30 20:08:09.116925 np0000004028 devstack@n-api-meta.service[95783]: spawned uWSGI worker 3 (pid: 95788, cores: 1)
Jun 30 20:08:09.117544 np0000004028 devstack@n-api-meta.service[95783]: spawned uWSGI worker 4 (pid: 95789, cores: 1)
Jun 30 20:08:09.118106 np0000004028 devstack@n-api-meta.service[95783]: spawned uWSGI http 1 (pid: 95790)
Jun 30 20:08:09.118106 np0000004028 devstack@n-api-meta.service[95783]: running "unix_signal:15 gracefully_kill_them_all" (master-start)...
Jun 30 20:08:10.811396 np0000004028 devstack@n-api-meta.service[95788]: INFO dbcounter [None req-80ddc579-2262-4e11-8224-f8e18dd7e92e None None] Registered counter for database nova_api
Jun 30 20:08:10.834892 np0000004028 devstack@n-api-meta.service[95789]: INFO dbcounter [None req-4013ffd3-c1b5-4c83-91c8-b66fb2a80c8e None None] Registered counter for database nova_api
Jun 30 20:08:10.848366 np0000004028 devstack@n-api-meta.service[95787]: INFO dbcounter [None req-c391e04b-51c9-4846-a828-9146b1edffa3 None None] Registered counter for database nova_api
Jun 30 20:08:10.856097 np0000004028 devstack@n-api-meta.service[95788]: DEBUG oslo_db.sqlalchemy.engines [None req-80ddc579-2262-4e11-8224-f8e18dd7e92e None None] MySQL server mode set to STRICT_TRANS_TABLES,STRICT_ALL_TABLES,NO_ZERO_IN_DATE,NO_ZERO_DATE,ERROR_FOR_DIVISION_BY_ZERO,TRADITIONAL,NO_ENGINE_SUBSTITUTION {{(pid=95788) _check_effective_sql_mode /opt/stack/data/venv/lib/python3.12/site-packages/oslo_db/sqlalchemy/engines.py:325}}
Jun 30 20:08:10.880995 np0000004028 devstack@n-api-meta.service[95789]: DEBUG oslo_db.sqlalchemy.engines [None req-4013ffd3-c1b5-4c83-91c8-b66fb2a80c8e None None] MySQL server mode set to STRICT_TRANS_TABLES,STRICT_ALL_TABLES,NO_ZERO_IN_DATE,NO_ZERO_DATE,ERROR_FOR_DIVISION_BY_ZERO,TRADITIONAL,NO_ENGINE_SUBSTITUTION {{(pid=95789) _check_effective_sql_mode /opt/stack/data/venv/lib/python3.12/site-packages/oslo_db/sqlalchemy/engines.py:325}}
Jun 30 20:08:10.889125 np0000004028 devstack@n-api-meta.service[95788]: DEBUG dbcounter [-] [95788] Writer thread running {{(pid=95788) stat_writer /opt/stack/data/venv/lib/python3.12/site-packages/dbcounter.py:102}}
Jun 30 20:08:10.892616 np0000004028 devstack@n-api-meta.service[95788]: DEBUG nova.context [None req-80ddc579-2262-4e11-8224-f8e18dd7e92e None None] Found 2 cells: 00000000-0000-0000-0000-000000000000(cell0),6d4226c0-57e5-40c4-a721-6d61e600b99c(cell1) {{(pid=95788) load_cells /opt/stack/nova/nova/context.py:509}}
Jun 30 20:08:10.892616 np0000004028 devstack@n-api-meta.service[95788]: INFO nova.utils [None req-80ddc579-2262-4e11-8224-f8e18dd7e92e None None] The cell worker thread pool MainProcess.cell_worker is initialized
Jun 30 20:08:10.894186 np0000004028 devstack@n-api-meta.service[95788]: DEBUG oslo_concurrency.lockutils [None req-80ddc579-2262-4e11-8224-f8e18dd7e92e None None] Acquiring lock "00000000-0000-0000-0000-000000000000" by "nova.context.set_target_cell..get_or_set_cached_cell_and_set_connections" {{(pid=95788) inner /opt/stack/data/venv/lib/python3.12/site-packages/oslo_concurrency/lockutils.py:511}}
Jun 30 20:08:10.894406 np0000004028 devstack@n-api-meta.service[95788]: DEBUG oslo_concurrency.lockutils [None req-80ddc579-2262-4e11-8224-f8e18dd7e92e None None] Lock "00000000-0000-0000-0000-000000000000" acquired by "nova.context.set_target_cell..get_or_set_cached_cell_and_set_connections" :: waited 0.000s {{(pid=95788) inner /opt/stack/data/venv/lib/python3.12/site-packages/oslo_concurrency/lockutils.py:524}}
Jun 30 20:08:10.894801 np0000004028 devstack@n-api-meta.service[95788]: DEBUG oslo_concurrency.lockutils [None req-80ddc579-2262-4e11-8224-f8e18dd7e92e None None] Lock "00000000-0000-0000-0000-000000000000" "released" by "nova.context.set_target_cell..get_or_set_cached_cell_and_set_connections" :: held 0.000s {{(pid=95788) inner /opt/stack/data/venv/lib/python3.12/site-packages/oslo_concurrency/lockutils.py:543}}
Jun 30 20:08:10.895526 np0000004028 devstack@n-api-meta.service[95788]: DEBUG oslo_concurrency.lockutils [None req-80ddc579-2262-4e11-8224-f8e18dd7e92e None None] Acquiring lock "6d4226c0-57e5-40c4-a721-6d61e600b99c" by "nova.context.set_target_cell..get_or_set_cached_cell_and_set_connections" {{(pid=95788) inner /opt/stack/data/venv/lib/python3.12/site-packages/oslo_concurrency/lockutils.py:511}}
Jun 30 20:08:10.895675 np0000004028 devstack@n-api-meta.service[95788]: DEBUG oslo_concurrency.lockutils [None req-80ddc579-2262-4e11-8224-f8e18dd7e92e None None] Lock "6d4226c0-57e5-40c4-a721-6d61e600b99c" acquired by "nova.context.set_target_cell..get_or_set_cached_cell_and_set_connections" :: waited 0.000s {{(pid=95788) inner /opt/stack/data/venv/lib/python3.12/site-packages/oslo_concurrency/lockutils.py:524}}
Jun 30 20:08:10.896391 np0000004028 devstack@n-api-meta.service[95787]: DEBUG oslo_db.sqlalchemy.engines [None req-c391e04b-51c9-4846-a828-9146b1edffa3 None None] MySQL server mode set to STRICT_TRANS_TABLES,STRICT_ALL_TABLES,NO_ZERO_IN_DATE,NO_ZERO_DATE,ERROR_FOR_DIVISION_BY_ZERO,TRADITIONAL,NO_ENGINE_SUBSTITUTION {{(pid=95787) _check_effective_sql_mode /opt/stack/data/venv/lib/python3.12/site-packages/oslo_db/sqlalchemy/engines.py:325}}
Jun 30 20:08:10.896791 np0000004028 devstack@n-api-meta.service[95788]: DEBUG oslo_concurrency.lockutils [None req-80ddc579-2262-4e11-8224-f8e18dd7e92e None None] Lock "6d4226c0-57e5-40c4-a721-6d61e600b99c" "released" by "nova.context.set_target_cell..get_or_set_cached_cell_and_set_connections" :: held 0.001s {{(pid=95788) inner /opt/stack/data/venv/lib/python3.12/site-packages/oslo_concurrency/lockutils.py:543}}
Jun 30 20:08:10.898844 np0000004028 devstack@n-api-meta.service[95786]: INFO dbcounter [None req-276ae6f2-c0a4-48c6-b4bb-3284b0398301 None None] Registered counter for database nova_api
Jun 30 20:08:10.899159 np0000004028 devstack@n-api-meta.service[95788]: INFO dbcounter [None req-80ddc579-2262-4e11-8224-f8e18dd7e92e None None] Registered counter for database nova_cell0
Jun 30 20:08:10.901605 np0000004028 devstack@n-api-meta.service[95788]: INFO dbcounter [None req-80ddc579-2262-4e11-8224-f8e18dd7e92e None None] Registered counter for database nova_cell1
Jun 30 20:08:10.910009 np0000004028 devstack@n-api-meta.service[95789]: DEBUG dbcounter [-] [95789] Writer thread running {{(pid=95789) stat_writer /opt/stack/data/venv/lib/python3.12/site-packages/dbcounter.py:102}}
Jun 30 20:08:10.912394 np0000004028 devstack@n-api-meta.service[95789]: DEBUG nova.context [None req-4013ffd3-c1b5-4c83-91c8-b66fb2a80c8e None None] Found 2 cells: 00000000-0000-0000-0000-000000000000(cell0),6d4226c0-57e5-40c4-a721-6d61e600b99c(cell1) {{(pid=95789) load_cells /opt/stack/nova/nova/context.py:509}}
Jun 30 20:08:10.912650 np0000004028 devstack@n-api-meta.service[95789]: INFO nova.utils [None req-4013ffd3-c1b5-4c83-91c8-b66fb2a80c8e None None] The cell worker thread pool MainProcess.cell_worker is initialized
Jun 30 20:08:10.915032 np0000004028 devstack@n-api-meta.service[95789]: DEBUG oslo_concurrency.lockutils [None req-4013ffd3-c1b5-4c83-91c8-b66fb2a80c8e None None] Acquiring lock "00000000-0000-0000-0000-000000000000" by "nova.context.set_target_cell..get_or_set_cached_cell_and_set_connections" {{(pid=95789) inner /opt/stack/data/venv/lib/python3.12/site-packages/oslo_concurrency/lockutils.py:511}}
Jun 30 20:08:10.915032 np0000004028 devstack@n-api-meta.service[95789]: DEBUG oslo_concurrency.lockutils [None req-4013ffd3-c1b5-4c83-91c8-b66fb2a80c8e None None] Lock "00000000-0000-0000-0000-000000000000" acquired by "nova.context.set_target_cell..get_or_set_cached_cell_and_set_connections" :: waited 0.000s {{(pid=95789) inner /opt/stack/data/venv/lib/python3.12/site-packages/oslo_concurrency/lockutils.py:524}}
Jun 30 20:08:10.915394 np0000004028 devstack@n-api-meta.service[95789]: DEBUG oslo_concurrency.lockutils [None req-4013ffd3-c1b5-4c83-91c8-b66fb2a80c8e None None] Lock "00000000-0000-0000-0000-000000000000" "released" by "nova.context.set_target_cell..get_or_set_cached_cell_and_set_connections" :: held 0.000s {{(pid=95789) inner /opt/stack/data/venv/lib/python3.12/site-packages/oslo_concurrency/lockutils.py:543}}
Jun 30 20:08:10.916034 np0000004028 devstack@n-api-meta.service[95789]: DEBUG oslo_concurrency.lockutils [None req-4013ffd3-c1b5-4c83-91c8-b66fb2a80c8e None None] Acquiring lock "6d4226c0-57e5-40c4-a721-6d61e600b99c" by "nova.context.set_target_cell..get_or_set_cached_cell_and_set_connections" {{(pid=95789) inner /opt/stack/data/venv/lib/python3.12/site-packages/oslo_concurrency/lockutils.py:511}}
Jun 30 20:08:10.916232 np0000004028 devstack@n-api-meta.service[95789]: DEBUG oslo_concurrency.lockutils [None req-4013ffd3-c1b5-4c83-91c8-b66fb2a80c8e None None] Lock "6d4226c0-57e5-40c4-a721-6d61e600b99c" acquired by "nova.context.set_target_cell..get_or_set_cached_cell_and_set_connections" :: waited 0.000s {{(pid=95789) inner /opt/stack/data/venv/lib/python3.12/site-packages/oslo_concurrency/lockutils.py:524}}
Jun 30 20:08:10.917058 np0000004028 devstack@n-api-meta.service[95789]: DEBUG oslo_concurrency.lockutils [None req-4013ffd3-c1b5-4c83-91c8-b66fb2a80c8e None None] Lock "6d4226c0-57e5-40c4-a721-6d61e600b99c" "released" by "nova.context.set_target_cell..get_or_set_cached_cell_and_set_connections" :: held 0.001s {{(pid=95789) inner /opt/stack/data/venv/lib/python3.12/site-packages/oslo_concurrency/lockutils.py:543}}
Jun 30 20:08:10.919973 np0000004028 devstack@n-api-meta.service[95789]: INFO dbcounter [None req-4013ffd3-c1b5-4c83-91c8-b66fb2a80c8e None None] Registered counter for database nova_cell0
Jun 30 20:08:10.921927 np0000004028 devstack@n-api-meta.service[95789]: INFO dbcounter [None req-4013ffd3-c1b5-4c83-91c8-b66fb2a80c8e None None] Registered counter for database nova_cell1
Jun 30 20:08:10.930334 np0000004028 devstack@n-api-meta.service[95787]: DEBUG dbcounter [-] [95787] Writer thread running {{(pid=95787) stat_writer /opt/stack/data/venv/lib/python3.12/site-packages/dbcounter.py:102}}
Jun 30 20:08:10.930994 np0000004028 devstack@n-api-meta.service[95787]: DEBUG nova.context [None req-c391e04b-51c9-4846-a828-9146b1edffa3 None None] Found 2 cells: 00000000-0000-0000-0000-000000000000(cell0),6d4226c0-57e5-40c4-a721-6d61e600b99c(cell1) {{(pid=95787) load_cells /opt/stack/nova/nova/context.py:509}}
Jun 30 20:08:10.931203 np0000004028 devstack@n-api-meta.service[95787]: INFO nova.utils [None req-c391e04b-51c9-4846-a828-9146b1edffa3 None None] The cell worker thread pool MainProcess.cell_worker is initialized
Jun 30 20:08:10.932879 np0000004028 devstack@n-api-meta.service[95787]: DEBUG oslo_concurrency.lockutils [None req-c391e04b-51c9-4846-a828-9146b1edffa3 None None] Acquiring lock "00000000-0000-0000-0000-000000000000" by "nova.context.set_target_cell..get_or_set_cached_cell_and_set_connections" {{(pid=95787) inner /opt/stack/data/venv/lib/python3.12/site-packages/oslo_concurrency/lockutils.py:511}}
Jun 30 20:08:10.933057 np0000004028 devstack@n-api-meta.service[95787]: DEBUG oslo_concurrency.lockutils [None req-c391e04b-51c9-4846-a828-9146b1edffa3 None None] Lock "00000000-0000-0000-0000-000000000000" acquired by "nova.context.set_target_cell..get_or_set_cached_cell_and_set_connections" :: waited 0.000s {{(pid=95787) inner /opt/stack/data/venv/lib/python3.12/site-packages/oslo_concurrency/lockutils.py:524}}
Jun 30 20:08:10.933416 np0000004028 devstack@n-api-meta.service[95787]: DEBUG oslo_concurrency.lockutils [None req-c391e04b-51c9-4846-a828-9146b1edffa3 None None] Lock "00000000-0000-0000-0000-000000000000" "released" by "nova.context.set_target_cell..get_or_set_cached_cell_and_set_connections" :: held 0.000s {{(pid=95787) inner /opt/stack/data/venv/lib/python3.12/site-packages/oslo_concurrency/lockutils.py:543}}
Jun 30 20:08:10.934109 np0000004028 devstack@n-api-meta.service[95787]: DEBUG oslo_concurrency.lockutils [None req-c391e04b-51c9-4846-a828-9146b1edffa3 None None] Acquiring lock "6d4226c0-57e5-40c4-a721-6d61e600b99c" by "nova.context.set_target_cell..get_or_set_cached_cell_and_set_connections" {{(pid=95787) inner /opt/stack/data/venv/lib/python3.12/site-packages/oslo_concurrency/lockutils.py:511}}
Jun 30 20:08:10.935802 np0000004028 devstack@n-api-meta.service[95787]: INFO dbcounter [None req-c391e04b-51c9-4846-a828-9146b1edffa3 None None] Registered counter for database nova_cell0
Jun 30 20:08:10.937108 np0000004028 devstack@n-api-meta.service[95787]: DEBUG oslo_concurrency.lockutils [None req-c391e04b-51c9-4846-a828-9146b1edffa3 None None] Lock "6d4226c0-57e5-40c4-a721-6d61e600b99c" acquired by "nova.context.set_target_cell..get_or_set_cached_cell_and_set_connections" :: waited 0.002s {{(pid=95787) inner /opt/stack/data/venv/lib/python3.12/site-packages/oslo_concurrency/lockutils.py:524}}
Jun 30 20:08:10.938490 np0000004028 devstack@n-api-meta.service[95787]: DEBUG oslo_concurrency.lockutils [None req-c391e04b-51c9-4846-a828-9146b1edffa3 None None] Lock "6d4226c0-57e5-40c4-a721-6d61e600b99c" "released" by "nova.context.set_target_cell..get_or_set_cached_cell_and_set_connections" :: held 0.003s {{(pid=95787) inner /opt/stack/data/venv/lib/python3.12/site-packages/oslo_concurrency/lockutils.py:543}}
Jun 30 20:08:10.940695 np0000004028 devstack@n-api-meta.service[95787]: INFO dbcounter [None req-c391e04b-51c9-4846-a828-9146b1edffa3 None None] Registered counter for database nova_cell1
Jun 30 20:08:10.942698 np0000004028 devstack@n-api-meta.service[95786]: DEBUG oslo_db.sqlalchemy.engines [None req-276ae6f2-c0a4-48c6-b4bb-3284b0398301 None None] MySQL server mode set to STRICT_TRANS_TABLES,STRICT_ALL_TABLES,NO_ZERO_IN_DATE,NO_ZERO_DATE,ERROR_FOR_DIVISION_BY_ZERO,TRADITIONAL,NO_ENGINE_SUBSTITUTION {{(pid=95786) _check_effective_sql_mode /opt/stack/data/venv/lib/python3.12/site-packages/oslo_db/sqlalchemy/engines.py:325}}
Jun 30 20:08:10.945586 np0000004028 devstack@n-api-meta.service[95788]: DEBUG oslo_db.sqlalchemy.engines [None req-80ddc579-2262-4e11-8224-f8e18dd7e92e None None] MySQL server mode set to STRICT_TRANS_TABLES,STRICT_ALL_TABLES,NO_ZERO_IN_DATE,NO_ZERO_DATE,ERROR_FOR_DIVISION_BY_ZERO,TRADITIONAL,NO_ENGINE_SUBSTITUTION {{(pid=95788) _check_effective_sql_mode /opt/stack/data/venv/lib/python3.12/site-packages/oslo_db/sqlalchemy/engines.py:325}}
Jun 30 20:08:10.972365 np0000004028 devstack@n-api-meta.service[95786]: DEBUG dbcounter [-] [95786] Writer thread running {{(pid=95786) stat_writer /opt/stack/data/venv/lib/python3.12/site-packages/dbcounter.py:102}}
Jun 30 20:08:10.974977 np0000004028 devstack@n-api-meta.service[95786]: DEBUG nova.context [None req-276ae6f2-c0a4-48c6-b4bb-3284b0398301 None None] Found 2 cells: 00000000-0000-0000-0000-000000000000(cell0),6d4226c0-57e5-40c4-a721-6d61e600b99c(cell1) {{(pid=95786) load_cells /opt/stack/nova/nova/context.py:509}}
Jun 30 20:08:10.975688 np0000004028 devstack@n-api-meta.service[95786]: INFO nova.utils [None req-276ae6f2-c0a4-48c6-b4bb-3284b0398301 None None] The cell worker thread pool MainProcess.cell_worker is initialized
Jun 30 20:08:10.975768 np0000004028 devstack@n-api-meta.service[95789]: DEBUG oslo_db.sqlalchemy.engines [None req-4013ffd3-c1b5-4c83-91c8-b66fb2a80c8e None None] MySQL server mode set to STRICT_TRANS_TABLES,STRICT_ALL_TABLES,NO_ZERO_IN_DATE,NO_ZERO_DATE,ERROR_FOR_DIVISION_BY_ZERO,TRADITIONAL,NO_ENGINE_SUBSTITUTION {{(pid=95789) _check_effective_sql_mode /opt/stack/data/venv/lib/python3.12/site-packages/oslo_db/sqlalchemy/engines.py:325}}
Jun 30 20:08:10.977010 np0000004028 devstack@n-api-meta.service[95786]: DEBUG oslo_concurrency.lockutils [None req-276ae6f2-c0a4-48c6-b4bb-3284b0398301 None None] Acquiring lock "00000000-0000-0000-0000-000000000000" by "nova.context.set_target_cell..get_or_set_cached_cell_and_set_connections" {{(pid=95786) inner /opt/stack/data/venv/lib/python3.12/site-packages/oslo_concurrency/lockutils.py:511}}
Jun 30 20:08:10.977160 np0000004028 devstack@n-api-meta.service[95786]: DEBUG oslo_concurrency.lockutils [None req-276ae6f2-c0a4-48c6-b4bb-3284b0398301 None None] Lock "00000000-0000-0000-0000-000000000000" acquired by "nova.context.set_target_cell..get_or_set_cached_cell_and_set_connections" :: waited 0.000s {{(pid=95786) inner /opt/stack/data/venv/lib/python3.12/site-packages/oslo_concurrency/lockutils.py:524}}
Jun 30 20:08:10.977600 np0000004028 devstack@n-api-meta.service[95786]: DEBUG oslo_concurrency.lockutils [None req-276ae6f2-c0a4-48c6-b4bb-3284b0398301 None None] Lock "00000000-0000-0000-0000-000000000000" "released" by "nova.context.set_target_cell..get_or_set_cached_cell_and_set_connections" :: held 0.000s {{(pid=95786) inner /opt/stack/data/venv/lib/python3.12/site-packages/oslo_concurrency/lockutils.py:543}}
Jun 30 20:08:10.978323 np0000004028 devstack@n-api-meta.service[95786]: DEBUG oslo_concurrency.lockutils [None req-276ae6f2-c0a4-48c6-b4bb-3284b0398301 None None] Acquiring lock "6d4226c0-57e5-40c4-a721-6d61e600b99c" by "nova.context.set_target_cell..get_or_set_cached_cell_and_set_connections" {{(pid=95786) inner /opt/stack/data/venv/lib/python3.12/site-packages/oslo_concurrency/lockutils.py:511}}
Jun 30 20:08:10.978438 np0000004028 devstack@n-api-meta.service[95786]: DEBUG oslo_concurrency.lockutils [None req-276ae6f2-c0a4-48c6-b4bb-3284b0398301 None None] Lock "6d4226c0-57e5-40c4-a721-6d61e600b99c" acquired by "nova.context.set_target_cell..get_or_set_cached_cell_and_set_connections" :: waited 0.000s {{(pid=95786) inner /opt/stack/data/venv/lib/python3.12/site-packages/oslo_concurrency/lockutils.py:524}}
Jun 30 20:08:10.978710 np0000004028 devstack@n-api-meta.service[95789]: DEBUG oslo_db.sqlalchemy.engines [None req-4013ffd3-c1b5-4c83-91c8-b66fb2a80c8e None None] MySQL server mode set to STRICT_TRANS_TABLES,STRICT_ALL_TABLES,NO_ZERO_IN_DATE,NO_ZERO_DATE,ERROR_FOR_DIVISION_BY_ZERO,TRADITIONAL,NO_ENGINE_SUBSTITUTION {{(pid=95789) _check_effective_sql_mode /opt/stack/data/venv/lib/python3.12/site-packages/oslo_db/sqlalchemy/engines.py:325}}
Jun 30 20:08:10.980390 np0000004028 devstack@n-api-meta.service[95786]: DEBUG oslo_concurrency.lockutils [None req-276ae6f2-c0a4-48c6-b4bb-3284b0398301 None None] Lock "6d4226c0-57e5-40c4-a721-6d61e600b99c" "released" by "nova.context.set_target_cell..get_or_set_cached_cell_and_set_connections" :: held 0.001s {{(pid=95786) inner /opt/stack/data/venv/lib/python3.12/site-packages/oslo_concurrency/lockutils.py:543}}
Jun 30 20:08:10.980851 np0000004028 devstack@n-api-meta.service[95786]: INFO dbcounter [None req-276ae6f2-c0a4-48c6-b4bb-3284b0398301 None None] Registered counter for database nova_cell0
Jun 30 20:08:10.983619 np0000004028 devstack@n-api-meta.service[95786]: INFO dbcounter [None req-276ae6f2-c0a4-48c6-b4bb-3284b0398301 None None] Registered counter for database nova_cell1
Jun 30 20:08:10.994235 np0000004028 devstack@n-api-meta.service[95787]: DEBUG oslo_db.sqlalchemy.engines [None req-c391e04b-51c9-4846-a828-9146b1edffa3 None None] MySQL server mode set to STRICT_TRANS_TABLES,STRICT_ALL_TABLES,NO_ZERO_IN_DATE,NO_ZERO_DATE,ERROR_FOR_DIVISION_BY_ZERO,TRADITIONAL,NO_ENGINE_SUBSTITUTION {{(pid=95787) _check_effective_sql_mode /opt/stack/data/venv/lib/python3.12/site-packages/oslo_db/sqlalchemy/engines.py:325}}
Jun 30 20:08:11.020413 np0000004028 devstack@n-api-meta.service[95788]: DEBUG oslo_db.sqlalchemy.engines [None req-80ddc579-2262-4e11-8224-f8e18dd7e92e None None] MySQL server mode set to STRICT_TRANS_TABLES,STRICT_ALL_TABLES,NO_ZERO_IN_DATE,NO_ZERO_DATE,ERROR_FOR_DIVISION_BY_ZERO,TRADITIONAL,NO_ENGINE_SUBSTITUTION {{(pid=95788) _check_effective_sql_mode /opt/stack/data/venv/lib/python3.12/site-packages/oslo_db/sqlalchemy/engines.py:325}}
Jun 30 20:08:11.034151 np0000004028 devstack@n-api-meta.service[95788]: DEBUG dbcounter [-] [95788] Writer thread running {{(pid=95788) stat_writer /opt/stack/data/venv/lib/python3.12/site-packages/dbcounter.py:102}}
Jun 30 20:08:11.039112 np0000004028 devstack@n-api-meta.service[95786]: DEBUG oslo_db.sqlalchemy.engines [None req-276ae6f2-c0a4-48c6-b4bb-3284b0398301 None None] MySQL server mode set to STRICT_TRANS_TABLES,STRICT_ALL_TABLES,NO_ZERO_IN_DATE,NO_ZERO_DATE,ERROR_FOR_DIVISION_BY_ZERO,TRADITIONAL,NO_ENGINE_SUBSTITUTION {{(pid=95786) _check_effective_sql_mode /opt/stack/data/venv/lib/python3.12/site-packages/oslo_db/sqlalchemy/engines.py:325}}
Jun 30 20:08:11.039586 np0000004028 devstack@n-api-meta.service[95788]: DEBUG dbcounter [-] [95788] Writer thread running {{(pid=95788) stat_writer /opt/stack/data/venv/lib/python3.12/site-packages/dbcounter.py:102}}
Jun 30 20:08:11.042550 np0000004028 devstack@n-api-meta.service[95786]: DEBUG oslo_db.sqlalchemy.engines [None req-276ae6f2-c0a4-48c6-b4bb-3284b0398301 None None] MySQL server mode set to STRICT_TRANS_TABLES,STRICT_ALL_TABLES,NO_ZERO_IN_DATE,NO_ZERO_DATE,ERROR_FOR_DIVISION_BY_ZERO,TRADITIONAL,NO_ENGINE_SUBSTITUTION {{(pid=95786) _check_effective_sql_mode /opt/stack/data/venv/lib/python3.12/site-packages/oslo_db/sqlalchemy/engines.py:325}}
Jun 30 20:08:11.042631 np0000004028 devstack@n-api-meta.service[95788]: INFO dbcounter [None req-80ddc579-2262-4e11-8224-f8e18dd7e92e None None] Registered counter for database nova_cell0
Jun 30 20:08:11.046833 np0000004028 devstack@n-api-meta.service[95787]: DEBUG oslo_db.sqlalchemy.engines [None req-c391e04b-51c9-4846-a828-9146b1edffa3 None None] MySQL server mode set to STRICT_TRANS_TABLES,STRICT_ALL_TABLES,NO_ZERO_IN_DATE,NO_ZERO_DATE,ERROR_FOR_DIVISION_BY_ZERO,TRADITIONAL,NO_ENGINE_SUBSTITUTION {{(pid=95787) _check_effective_sql_mode /opt/stack/data/venv/lib/python3.12/site-packages/oslo_db/sqlalchemy/engines.py:325}}
Jun 30 20:08:11.068744 np0000004028 devstack@n-api-meta.service[95789]: DEBUG dbcounter [-] [95789] Writer thread running {{(pid=95789) stat_writer /opt/stack/data/venv/lib/python3.12/site-packages/dbcounter.py:102}}
Jun 30 20:08:11.070941 np0000004028 devstack@n-api-meta.service[95789]: DEBUG dbcounter [-] [95789] Writer thread running {{(pid=95789) stat_writer /opt/stack/data/venv/lib/python3.12/site-packages/dbcounter.py:102}}
Jun 30 20:08:11.074161 np0000004028 devstack@n-api-meta.service[95789]: INFO dbcounter [None req-4013ffd3-c1b5-4c83-91c8-b66fb2a80c8e None None] Registered counter for database nova_cell0
Jun 30 20:08:11.078902 np0000004028 devstack@n-api-meta.service[95788]: DEBUG oslo_db.sqlalchemy.engines [None req-80ddc579-2262-4e11-8224-f8e18dd7e92e None None] MySQL server mode set to STRICT_TRANS_TABLES,STRICT_ALL_TABLES,NO_ZERO_IN_DATE,NO_ZERO_DATE,ERROR_FOR_DIVISION_BY_ZERO,TRADITIONAL,NO_ENGINE_SUBSTITUTION {{(pid=95788) _check_effective_sql_mode /opt/stack/data/venv/lib/python3.12/site-packages/oslo_db/sqlalchemy/engines.py:325}}
Jun 30 20:08:11.086024 np0000004028 devstack@n-api-meta.service[95788]: DEBUG dbcounter [-] [95788] Writer thread running {{(pid=95788) stat_writer /opt/stack/data/venv/lib/python3.12/site-packages/dbcounter.py:102}}
Jun 30 20:08:11.087178 np0000004028 devstack@n-api-meta.service[95787]: DEBUG dbcounter [-] [95787] Writer thread running {{(pid=95787) stat_writer /opt/stack/data/venv/lib/python3.12/site-packages/dbcounter.py:102}}
Jun 30 20:08:11.092372 np0000004028 devstack@n-api-meta.service[95787]: DEBUG dbcounter [-] [95787] Writer thread running {{(pid=95787) stat_writer /opt/stack/data/venv/lib/python3.12/site-packages/dbcounter.py:102}}
Jun 30 20:08:11.096208 np0000004028 devstack@n-api-meta.service[95787]: INFO dbcounter [None req-c391e04b-51c9-4846-a828-9146b1edffa3 None None] Registered counter for database nova_cell0
Jun 30 20:08:11.110480 np0000004028 devstack@n-api-meta.service[95789]: DEBUG oslo_db.sqlalchemy.engines [None req-4013ffd3-c1b5-4c83-91c8-b66fb2a80c8e None None] MySQL server mode set to STRICT_TRANS_TABLES,STRICT_ALL_TABLES,NO_ZERO_IN_DATE,NO_ZERO_DATE,ERROR_FOR_DIVISION_BY_ZERO,TRADITIONAL,NO_ENGINE_SUBSTITUTION {{(pid=95789) _check_effective_sql_mode /opt/stack/data/venv/lib/python3.12/site-packages/oslo_db/sqlalchemy/engines.py:325}}
Jun 30 20:08:11.117484 np0000004028 devstack@n-api-meta.service[95789]: DEBUG dbcounter [-] [95789] Writer thread running {{(pid=95789) stat_writer /opt/stack/data/venv/lib/python3.12/site-packages/dbcounter.py:102}}
Jun 30 20:08:11.125495 np0000004028 devstack@n-api-meta.service[95788]: WARNING nova.api.metadata.handler [None req-80ddc579-2262-4e11-8224-f8e18dd7e92e None None] metadata_proxy_shared_secret is not configured, the metadata information returned by the proxy cannot be trusted
Jun 30 20:08:11.126956 np0000004028 devstack@n-api-meta.service[95788]: DEBUG nova.api.openstack.wsgi_app [None req-80ddc579-2262-4e11-8224-f8e18dd7e92e None None] ******************************************************************************** {{(pid=95788) log_opt_values /opt/stack/data/venv/lib/python3.12/site-packages/oslo_config/cfg.py:3226}}
Jun 30 20:08:11.127070 np0000004028 devstack@n-api-meta.service[95788]: DEBUG nova.api.openstack.wsgi_app [None req-80ddc579-2262-4e11-8224-f8e18dd7e92e None None] Configuration options gathered from: {{(pid=95788) log_opt_values /opt/stack/data/venv/lib/python3.12/site-packages/oslo_config/cfg.py:3227}}
Jun 30 20:08:11.127185 np0000004028 devstack@n-api-meta.service[95788]: DEBUG nova.api.openstack.wsgi_app [None req-80ddc579-2262-4e11-8224-f8e18dd7e92e None None] command line args: [] {{(pid=95788) log_opt_values /opt/stack/data/venv/lib/python3.12/site-packages/oslo_config/cfg.py:3228}}
Jun 30 20:08:11.127385 np0000004028 devstack@n-api-meta.service[95788]: DEBUG nova.api.openstack.wsgi_app [None req-80ddc579-2262-4e11-8224-f8e18dd7e92e None None] config files: ['/etc/nova/api-paste.ini', '/etc/nova/nova.conf'] {{(pid=95788) log_opt_values /opt/stack/data/venv/lib/python3.12/site-packages/oslo_config/cfg.py:3229}}
Jun 30 20:08:11.127525 np0000004028 devstack@n-api-meta.service[95788]: DEBUG nova.api.openstack.wsgi_app [None req-80ddc579-2262-4e11-8224-f8e18dd7e92e None None] ================================================================================ {{(pid=95788) log_opt_values /opt/stack/data/venv/lib/python3.12/site-packages/oslo_config/cfg.py:3234}}
Jun 30 20:08:11.127737 np0000004028 devstack@n-api-meta.service[95788]: DEBUG nova.api.openstack.wsgi_app [None req-80ddc579-2262-4e11-8224-f8e18dd7e92e None None] allow_resize_to_same_host = True {{(pid=95788) log_opt_values /opt/stack/data/venv/lib/python3.12/site-packages/oslo_config/cfg.py:3242}}
Jun 30 20:08:11.127898 np0000004028 devstack@n-api-meta.service[95788]: DEBUG nova.api.openstack.wsgi_app [None req-80ddc579-2262-4e11-8224-f8e18dd7e92e None None] arq_binding_timeout = 300 {{(pid=95788) log_opt_values /opt/stack/data/venv/lib/python3.12/site-packages/oslo_config/cfg.py:3242}}
Jun 30 20:08:11.128016 np0000004028 devstack@n-api-meta.service[95788]: DEBUG nova.api.openstack.wsgi_app [None req-80ddc579-2262-4e11-8224-f8e18dd7e92e None None] block_device_allocate_retries = 60 {{(pid=95788) log_opt_values /opt/stack/data/venv/lib/python3.12/site-packages/oslo_config/cfg.py:3242}}
Jun 30 20:08:11.128132 np0000004028 devstack@n-api-meta.service[95788]: DEBUG nova.api.openstack.wsgi_app [None req-80ddc579-2262-4e11-8224-f8e18dd7e92e None None] block_device_allocate_retries_interval = 3 {{(pid=95788) log_opt_values /opt/stack/data/venv/lib/python3.12/site-packages/oslo_config/cfg.py:3242}}
Jun 30 20:08:11.128246 np0000004028 devstack@n-api-meta.service[95788]: DEBUG nova.api.openstack.wsgi_app [None req-80ddc579-2262-4e11-8224-f8e18dd7e92e None None] cell_worker_thread_pool_size = 5 {{(pid=95788) log_opt_values /opt/stack/data/venv/lib/python3.12/site-packages/oslo_config/cfg.py:3242}}
Jun 30 20:08:11.128403 np0000004028 devstack@n-api-meta.service[95788]: DEBUG nova.api.openstack.wsgi_app [None req-80ddc579-2262-4e11-8224-f8e18dd7e92e None None] cert = self.pem {{(pid=95788) log_opt_values /opt/stack/data/venv/lib/python3.12/site-packages/oslo_config/cfg.py:3242}}
Jun 30 20:08:11.128530 np0000004028 devstack@n-api-meta.service[95788]: DEBUG nova.api.openstack.wsgi_app [None req-80ddc579-2262-4e11-8224-f8e18dd7e92e None None] compute_driver = libvirt.LibvirtDriver {{(pid=95788) log_opt_values /opt/stack/data/venv/lib/python3.12/site-packages/oslo_config/cfg.py:3242}}
Jun 30 20:08:11.128656 np0000004028 devstack@n-api-meta.service[95788]: DEBUG nova.api.openstack.wsgi_app [None req-80ddc579-2262-4e11-8224-f8e18dd7e92e None None] compute_monitors = [] {{(pid=95788) log_opt_values /opt/stack/data/venv/lib/python3.12/site-packages/oslo_config/cfg.py:3242}}
Jun 30 20:08:11.128776 np0000004028 devstack@n-api-meta.service[95788]: DEBUG nova.api.openstack.wsgi_app [None req-80ddc579-2262-4e11-8224-f8e18dd7e92e None None] config_dir = [] {{(pid=95788) log_opt_values /opt/stack/data/venv/lib/python3.12/site-packages/oslo_config/cfg.py:3242}}
Jun 30 20:08:11.128895 np0000004028 devstack@n-api-meta.service[95788]: DEBUG nova.api.openstack.wsgi_app [None req-80ddc579-2262-4e11-8224-f8e18dd7e92e None None] config_drive_format = iso9660 {{(pid=95788) log_opt_values /opt/stack/data/venv/lib/python3.12/site-packages/oslo_config/cfg.py:3242}}
Jun 30 20:08:11.128986 np0000004028 devstack@n-api-meta.service[95788]: DEBUG nova.api.openstack.wsgi_app [None req-80ddc579-2262-4e11-8224-f8e18dd7e92e None None] config_file = ['/etc/nova/api-paste.ini', '/etc/nova/nova.conf'] {{(pid=95788) log_opt_values /opt/stack/data/venv/lib/python3.12/site-packages/oslo_config/cfg.py:3242}}
Jun 30 20:08:11.129099 np0000004028 devstack@n-api-meta.service[95788]: DEBUG nova.api.openstack.wsgi_app [None req-80ddc579-2262-4e11-8224-f8e18dd7e92e None None] config_source = [] {{(pid=95788) log_opt_values /opt/stack/data/venv/lib/python3.12/site-packages/oslo_config/cfg.py:3242}}
Jun 30 20:08:11.129250 np0000004028 devstack@n-api-meta.service[95788]: DEBUG nova.api.openstack.wsgi_app [None req-80ddc579-2262-4e11-8224-f8e18dd7e92e None None] console_host = np0000004028 {{(pid=95788) log_opt_values /opt/stack/data/venv/lib/python3.12/site-packages/oslo_config/cfg.py:3242}}
Jun 30 20:08:11.129443 np0000004028 devstack@n-api-meta.service[95788]: DEBUG nova.api.openstack.wsgi_app [None req-80ddc579-2262-4e11-8224-f8e18dd7e92e None None] control_exchange = nova {{(pid=95788) log_opt_values /opt/stack/data/venv/lib/python3.12/site-packages/oslo_config/cfg.py:3242}}
Jun 30 20:08:11.129551 np0000004028 devstack@n-api-meta.service[95788]: DEBUG nova.api.openstack.wsgi_app [None req-80ddc579-2262-4e11-8224-f8e18dd7e92e None None] cpu_allocation_ratio = None {{(pid=95788) log_opt_values /opt/stack/data/venv/lib/python3.12/site-packages/oslo_config/cfg.py:3242}}
Jun 30 20:08:11.129664 np0000004028 devstack@n-api-meta.service[95788]: DEBUG nova.api.openstack.wsgi_app [None req-80ddc579-2262-4e11-8224-f8e18dd7e92e None None] daemon = False {{(pid=95788) log_opt_values /opt/stack/data/venv/lib/python3.12/site-packages/oslo_config/cfg.py:3242}}
Jun 30 20:08:11.129823 np0000004028 devstack@n-api-meta.service[95788]: DEBUG nova.api.openstack.wsgi_app [None req-80ddc579-2262-4e11-8224-f8e18dd7e92e None None] debug = True {{(pid=95788) log_opt_values /opt/stack/data/venv/lib/python3.12/site-packages/oslo_config/cfg.py:3242}}
Jun 30 20:08:11.129951 np0000004028 devstack@n-api-meta.service[95788]: DEBUG nova.api.openstack.wsgi_app [None req-80ddc579-2262-4e11-8224-f8e18dd7e92e None None] default_access_ip_network_name = None {{(pid=95788) log_opt_values /opt/stack/data/venv/lib/python3.12/site-packages/oslo_config/cfg.py:3242}}
Jun 30 20:08:11.130069 np0000004028 devstack@n-api-meta.service[95788]: DEBUG nova.api.openstack.wsgi_app [None req-80ddc579-2262-4e11-8224-f8e18dd7e92e None None] default_availability_zone = nova {{(pid=95788) log_opt_values /opt/stack/data/venv/lib/python3.12/site-packages/oslo_config/cfg.py:3242}}
Jun 30 20:08:11.130186 np0000004028 devstack@n-api-meta.service[95788]: DEBUG nova.api.openstack.wsgi_app [None req-80ddc579-2262-4e11-8224-f8e18dd7e92e None None] default_ephemeral_format = ext4 {{(pid=95788) log_opt_values /opt/stack/data/venv/lib/python3.12/site-packages/oslo_config/cfg.py:3242}}
Jun 30 20:08:11.130317 np0000004028 devstack@n-api-meta.service[95788]: DEBUG nova.api.openstack.wsgi_app [None req-80ddc579-2262-4e11-8224-f8e18dd7e92e None None] default_green_pool_size = 1000 {{(pid=95788) log_opt_values /opt/stack/data/venv/lib/python3.12/site-packages/oslo_config/cfg.py:3242}}
Jun 30 20:08:11.130517 np0000004028 devstack@n-api-meta.service[95788]: DEBUG nova.api.openstack.wsgi_app [None req-80ddc579-2262-4e11-8224-f8e18dd7e92e None None] default_log_levels = ['amqp=WARN', 'boto=WARN', 'sqlalchemy=WARN', 'suds=INFO', 'oslo.messaging=INFO', 'oslo_messaging=INFO', 'iso8601=WARN', 'requests.packages.urllib3.connectionpool=WARN', 'urllib3.connectionpool=WARN', 'websocket=WARN', 'requests.packages.urllib3.util.retry=WARN', 'urllib3.util.retry=WARN', 'keystonemiddleware=WARN', 'routes.middleware=WARN', 'stevedore=WARN', 'taskflow=WARN', 'keystoneauth=WARN', 'oslo.cache=INFO', 'oslo_policy=INFO', 'dogpile.core.dogpile=INFO', 'glanceclient=WARN', 'oslo.privsep.daemon=INFO'] {{(pid=95788) log_opt_values /opt/stack/data/venv/lib/python3.12/site-packages/oslo_config/cfg.py:3242}}
Jun 30 20:08:11.130668 np0000004028 devstack@n-api-meta.service[95788]: DEBUG nova.api.openstack.wsgi_app [None req-80ddc579-2262-4e11-8224-f8e18dd7e92e None None] default_schedule_zone = None {{(pid=95788) log_opt_values /opt/stack/data/venv/lib/python3.12/site-packages/oslo_config/cfg.py:3242}}
Jun 30 20:08:11.130745 np0000004028 devstack@n-api-meta.service[95788]: DEBUG nova.api.openstack.wsgi_app [None req-80ddc579-2262-4e11-8224-f8e18dd7e92e None None] default_thread_pool_size = 10 {{(pid=95788) log_opt_values /opt/stack/data/venv/lib/python3.12/site-packages/oslo_config/cfg.py:3242}}
Jun 30 20:08:11.130854 np0000004028 devstack@n-api-meta.service[95788]: DEBUG nova.api.openstack.wsgi_app [None req-80ddc579-2262-4e11-8224-f8e18dd7e92e None None] disk_allocation_ratio = None {{(pid=95788) log_opt_values /opt/stack/data/venv/lib/python3.12/site-packages/oslo_config/cfg.py:3242}}
Jun 30 20:08:11.130956 np0000004028 devstack@n-api-meta.service[95788]: DEBUG nova.api.openstack.wsgi_app [None req-80ddc579-2262-4e11-8224-f8e18dd7e92e None None] enable_new_services = True {{(pid=95788) log_opt_values /opt/stack/data/venv/lib/python3.12/site-packages/oslo_config/cfg.py:3242}}
Jun 30 20:08:11.131062 np0000004028 devstack@n-api-meta.service[95788]: DEBUG nova.api.openstack.wsgi_app [None req-80ddc579-2262-4e11-8224-f8e18dd7e92e None None] flat_injected = False {{(pid=95788) log_opt_values /opt/stack/data/venv/lib/python3.12/site-packages/oslo_config/cfg.py:3242}}
Jun 30 20:08:11.131179 np0000004028 devstack@n-api-meta.service[95788]: DEBUG nova.api.openstack.wsgi_app [None req-80ddc579-2262-4e11-8224-f8e18dd7e92e None None] force_config_drive = True {{(pid=95788) log_opt_values /opt/stack/data/venv/lib/python3.12/site-packages/oslo_config/cfg.py:3242}}
Jun 30 20:08:11.131242 np0000004028 devstack@n-api-meta.service[95787]: DEBUG oslo_db.sqlalchemy.engines [None req-c391e04b-51c9-4846-a828-9146b1edffa3 None None] MySQL server mode set to STRICT_TRANS_TABLES,STRICT_ALL_TABLES,NO_ZERO_IN_DATE,NO_ZERO_DATE,ERROR_FOR_DIVISION_BY_ZERO,TRADITIONAL,NO_ENGINE_SUBSTITUTION {{(pid=95787) _check_effective_sql_mode /opt/stack/data/venv/lib/python3.12/site-packages/oslo_db/sqlalchemy/engines.py:325}}
Jun 30 20:08:11.131300 np0000004028 devstack@n-api-meta.service[95788]: DEBUG nova.api.openstack.wsgi_app [None req-80ddc579-2262-4e11-8224-f8e18dd7e92e None None] force_raw_images = True {{(pid=95788) log_opt_values /opt/stack/data/venv/lib/python3.12/site-packages/oslo_config/cfg.py:3242}}
Jun 30 20:08:11.131438 np0000004028 devstack@n-api-meta.service[95788]: DEBUG nova.api.openstack.wsgi_app [None req-80ddc579-2262-4e11-8224-f8e18dd7e92e None None] graceful_shutdown_timeout = 5 {{(pid=95788) log_opt_values /opt/stack/data/venv/lib/python3.12/site-packages/oslo_config/cfg.py:3242}}
Jun 30 20:08:11.131552 np0000004028 devstack@n-api-meta.service[95788]: DEBUG nova.api.openstack.wsgi_app [None req-80ddc579-2262-4e11-8224-f8e18dd7e92e None None] heal_instance_info_cache_interval = -1 {{(pid=95788) log_opt_values /opt/stack/data/venv/lib/python3.12/site-packages/oslo_config/cfg.py:3242}}
Jun 30 20:08:11.131722 np0000004028 devstack@n-api-meta.service[95788]: DEBUG nova.api.openstack.wsgi_app [None req-80ddc579-2262-4e11-8224-f8e18dd7e92e None None] host = np0000004028 {{(pid=95788) log_opt_values /opt/stack/data/venv/lib/python3.12/site-packages/oslo_config/cfg.py:3242}}
Jun 30 20:08:11.131862 np0000004028 devstack@n-api-meta.service[95788]: DEBUG nova.api.openstack.wsgi_app [None req-80ddc579-2262-4e11-8224-f8e18dd7e92e None None] initial_cpu_allocation_ratio = 4.0 {{(pid=95788) log_opt_values /opt/stack/data/venv/lib/python3.12/site-packages/oslo_config/cfg.py:3242}}
Jun 30 20:08:11.131994 np0000004028 devstack@n-api-meta.service[95788]: DEBUG nova.api.openstack.wsgi_app [None req-80ddc579-2262-4e11-8224-f8e18dd7e92e None None] initial_disk_allocation_ratio = 1.0 {{(pid=95788) log_opt_values /opt/stack/data/venv/lib/python3.12/site-packages/oslo_config/cfg.py:3242}}
Jun 30 20:08:11.132140 np0000004028 devstack@n-api-meta.service[95788]: DEBUG nova.api.openstack.wsgi_app [None req-80ddc579-2262-4e11-8224-f8e18dd7e92e None None] initial_ram_allocation_ratio = 1.0 {{(pid=95788) log_opt_values /opt/stack/data/venv/lib/python3.12/site-packages/oslo_config/cfg.py:3242}}
Jun 30 20:08:11.132330 np0000004028 devstack@n-api-meta.service[95788]: DEBUG nova.api.openstack.wsgi_app [None req-80ddc579-2262-4e11-8224-f8e18dd7e92e None None] injected_network_template = /opt/stack/nova/nova/virt/interfaces.template {{(pid=95788) log_opt_values /opt/stack/data/venv/lib/python3.12/site-packages/oslo_config/cfg.py:3242}}
Jun 30 20:08:11.132509 np0000004028 devstack@n-api-meta.service[95788]: DEBUG nova.api.openstack.wsgi_app [None req-80ddc579-2262-4e11-8224-f8e18dd7e92e None None] instance_build_timeout = 0 {{(pid=95788) log_opt_values /opt/stack/data/venv/lib/python3.12/site-packages/oslo_config/cfg.py:3242}}
Jun 30 20:08:11.132651 np0000004028 devstack@n-api-meta.service[95788]: DEBUG nova.api.openstack.wsgi_app [None req-80ddc579-2262-4e11-8224-f8e18dd7e92e None None] instance_delete_interval = 300 {{(pid=95788) log_opt_values /opt/stack/data/venv/lib/python3.12/site-packages/oslo_config/cfg.py:3242}}
Jun 30 20:08:11.132777 np0000004028 devstack@n-api-meta.service[95788]: DEBUG nova.api.openstack.wsgi_app [None req-80ddc579-2262-4e11-8224-f8e18dd7e92e None None] instance_format = [instance: %(uuid)s] {{(pid=95788) log_opt_values /opt/stack/data/venv/lib/python3.12/site-packages/oslo_config/cfg.py:3242}}
Jun 30 20:08:11.132935 np0000004028 devstack@n-api-meta.service[95788]: DEBUG nova.api.openstack.wsgi_app [None req-80ddc579-2262-4e11-8224-f8e18dd7e92e None None] instance_name_template = instance-%08x {{(pid=95788) log_opt_values /opt/stack/data/venv/lib/python3.12/site-packages/oslo_config/cfg.py:3242}}
Jun 30 20:08:11.133046 np0000004028 devstack@n-api-meta.service[95788]: DEBUG nova.api.openstack.wsgi_app [None req-80ddc579-2262-4e11-8224-f8e18dd7e92e None None] instance_usage_audit = False {{(pid=95788) log_opt_values /opt/stack/data/venv/lib/python3.12/site-packages/oslo_config/cfg.py:3242}}
Jun 30 20:08:11.133167 np0000004028 devstack@n-api-meta.service[95788]: DEBUG nova.api.openstack.wsgi_app [None req-80ddc579-2262-4e11-8224-f8e18dd7e92e None None] instance_usage_audit_period = month {{(pid=95788) log_opt_values /opt/stack/data/venv/lib/python3.12/site-packages/oslo_config/cfg.py:3242}}
Jun 30 20:08:11.133313 np0000004028 devstack@n-api-meta.service[95788]: DEBUG nova.api.openstack.wsgi_app [None req-80ddc579-2262-4e11-8224-f8e18dd7e92e None None] instance_uuid_format = [instance: %(uuid)s] {{(pid=95788) log_opt_values /opt/stack/data/venv/lib/python3.12/site-packages/oslo_config/cfg.py:3242}}
Jun 30 20:08:11.133452 np0000004028 devstack@n-api-meta.service[95788]: DEBUG nova.api.openstack.wsgi_app [None req-80ddc579-2262-4e11-8224-f8e18dd7e92e None None] instances_path = /opt/stack/data/nova/instances {{(pid=95788) log_opt_values /opt/stack/data/venv/lib/python3.12/site-packages/oslo_config/cfg.py:3242}}
Jun 30 20:08:11.133596 np0000004028 devstack@n-api-meta.service[95788]: DEBUG nova.api.openstack.wsgi_app [None req-80ddc579-2262-4e11-8224-f8e18dd7e92e None None] internal_service_availability_zone = internal {{(pid=95788) log_opt_values /opt/stack/data/venv/lib/python3.12/site-packages/oslo_config/cfg.py:3242}}
Jun 30 20:08:11.133701 np0000004028 devstack@n-api-meta.service[95788]: DEBUG nova.api.openstack.wsgi_app [None req-80ddc579-2262-4e11-8224-f8e18dd7e92e None None] key = None {{(pid=95788) log_opt_values /opt/stack/data/venv/lib/python3.12/site-packages/oslo_config/cfg.py:3242}}
Jun 30 20:08:11.133808 np0000004028 devstack@n-api-meta.service[95788]: DEBUG nova.api.openstack.wsgi_app [None req-80ddc579-2262-4e11-8224-f8e18dd7e92e None None] live_migration_retry_count = 30 {{(pid=95788) log_opt_values /opt/stack/data/venv/lib/python3.12/site-packages/oslo_config/cfg.py:3242}}
Jun 30 20:08:11.133928 np0000004028 devstack@n-api-meta.service[95788]: DEBUG nova.api.openstack.wsgi_app [None req-80ddc579-2262-4e11-8224-f8e18dd7e92e None None] log_color = False {{(pid=95788) log_opt_values /opt/stack/data/venv/lib/python3.12/site-packages/oslo_config/cfg.py:3242}}
Jun 30 20:08:11.134041 np0000004028 devstack@n-api-meta.service[95788]: DEBUG nova.api.openstack.wsgi_app [None req-80ddc579-2262-4e11-8224-f8e18dd7e92e None None] log_config_append = None {{(pid=95788) log_opt_values /opt/stack/data/venv/lib/python3.12/site-packages/oslo_config/cfg.py:3242}}
Jun 30 20:08:11.134156 np0000004028 devstack@n-api-meta.service[95788]: DEBUG nova.api.openstack.wsgi_app [None req-80ddc579-2262-4e11-8224-f8e18dd7e92e None None] log_date_format = %Y-%m-%d %H:%M:%S {{(pid=95788) log_opt_values /opt/stack/data/venv/lib/python3.12/site-packages/oslo_config/cfg.py:3242}}
Jun 30 20:08:11.134268 np0000004028 devstack@n-api-meta.service[95788]: DEBUG nova.api.openstack.wsgi_app [None req-80ddc579-2262-4e11-8224-f8e18dd7e92e None None] log_dir = None {{(pid=95788) log_opt_values /opt/stack/data/venv/lib/python3.12/site-packages/oslo_config/cfg.py:3242}}
Jun 30 20:08:11.134414 np0000004028 devstack@n-api-meta.service[95788]: DEBUG nova.api.openstack.wsgi_app [None req-80ddc579-2262-4e11-8224-f8e18dd7e92e None None] log_file = None {{(pid=95788) log_opt_values /opt/stack/data/venv/lib/python3.12/site-packages/oslo_config/cfg.py:3242}}
Jun 30 20:08:11.134505 np0000004028 devstack@n-api-meta.service[95788]: DEBUG nova.api.openstack.wsgi_app [None req-80ddc579-2262-4e11-8224-f8e18dd7e92e None None] log_options = True {{(pid=95788) log_opt_values /opt/stack/data/venv/lib/python3.12/site-packages/oslo_config/cfg.py:3242}}
Jun 30 20:08:11.134632 np0000004028 devstack@n-api-meta.service[95788]: DEBUG nova.api.openstack.wsgi_app [None req-80ddc579-2262-4e11-8224-f8e18dd7e92e None None] log_rotate_interval = 1 {{(pid=95788) log_opt_values /opt/stack/data/venv/lib/python3.12/site-packages/oslo_config/cfg.py:3242}}
Jun 30 20:08:11.134750 np0000004028 devstack@n-api-meta.service[95788]: DEBUG nova.api.openstack.wsgi_app [None req-80ddc579-2262-4e11-8224-f8e18dd7e92e None None] log_rotate_interval_type = days {{(pid=95788) log_opt_values /opt/stack/data/venv/lib/python3.12/site-packages/oslo_config/cfg.py:3242}}
Jun 30 20:08:11.134865 np0000004028 devstack@n-api-meta.service[95788]: DEBUG nova.api.openstack.wsgi_app [None req-80ddc579-2262-4e11-8224-f8e18dd7e92e None None] log_rotation_type = none {{(pid=95788) log_opt_values /opt/stack/data/venv/lib/python3.12/site-packages/oslo_config/cfg.py:3242}}
Jun 30 20:08:11.134976 np0000004028 devstack@n-api-meta.service[95788]: DEBUG nova.api.openstack.wsgi_app [None req-80ddc579-2262-4e11-8224-f8e18dd7e92e None None] logging_context_format_string = %(color)s%(levelname)s %(name)s [%(global_request_id)s %(request_id)s %(project_name)s %(user_name)s%(color)s] %(instance)s%(color)s%(message)s {{(pid=95788) log_opt_values /opt/stack/data/venv/lib/python3.12/site-packages/oslo_config/cfg.py:3242}}
Jun 30 20:08:11.135088 np0000004028 devstack@n-api-meta.service[95788]: DEBUG nova.api.openstack.wsgi_app [None req-80ddc579-2262-4e11-8224-f8e18dd7e92e None None] logging_debug_format_suffix = {{(pid=%(process)d) %(funcName)s %(pathname)s:%(lineno)d}} {{(pid=95788) log_opt_values /opt/stack/data/venv/lib/python3.12/site-packages/oslo_config/cfg.py:3242}}
Jun 30 20:08:11.135207 np0000004028 devstack@n-api-meta.service[95788]: DEBUG nova.api.openstack.wsgi_app [None req-80ddc579-2262-4e11-8224-f8e18dd7e92e None None] logging_default_format_string = %(color)s%(levelname)s %(name)s [-%(color)s] %(instance)s%(color)s%(message)s {{(pid=95788) log_opt_values /opt/stack/data/venv/lib/python3.12/site-packages/oslo_config/cfg.py:3242}}
Jun 30 20:08:11.135367 np0000004028 devstack@n-api-meta.service[95788]: DEBUG nova.api.openstack.wsgi_app [None req-80ddc579-2262-4e11-8224-f8e18dd7e92e None None] logging_exception_prefix = ERROR %(name)s %(instance)s {{(pid=95788) log_opt_values /opt/stack/data/venv/lib/python3.12/site-packages/oslo_config/cfg.py:3242}}
Jun 30 20:08:11.135466 np0000004028 devstack@n-api-meta.service[95788]: DEBUG nova.api.openstack.wsgi_app [None req-80ddc579-2262-4e11-8224-f8e18dd7e92e None None] logging_user_identity_format = %(user)s %(project)s %(domain)s %(system_scope)s %(user_domain)s %(project_domain)s {{(pid=95788) log_opt_values /opt/stack/data/venv/lib/python3.12/site-packages/oslo_config/cfg.py:3242}}
Jun 30 20:08:11.135595 np0000004028 devstack@n-api-meta.service[95788]: DEBUG nova.api.openstack.wsgi_app [None req-80ddc579-2262-4e11-8224-f8e18dd7e92e None None] long_rpc_timeout = 1800 {{(pid=95788) log_opt_values /opt/stack/data/venv/lib/python3.12/site-packages/oslo_config/cfg.py:3242}}
