Jun 30 20:08:15.737766 np0000004028 nova-conductor[98820]: DEBUG cotyledon.oslo_config_glue [-] oslo_versionedobjects.fatal_exception_format_errors = False {{(pid=98820) log_opt_values /opt/stack/data/venv/lib/python3.12/site-packages/oslo_config/cfg.py:3253}}
Jun 30 20:08:15.737850 np0000004028 nova-conductor[98820]: DEBUG cotyledon.oslo_config_glue [-] oslo_middleware.http_basic_auth_user_file = /etc/htpasswd {{(pid=98820) log_opt_values /opt/stack/data/venv/lib/python3.12/site-packages/oslo_config/cfg.py:3253}}
Jun 30 20:08:15.737941 np0000004028 nova-conductor[98820]: DEBUG cotyledon.oslo_config_glue [-] profiler.connection_string = messaging:// {{(pid=98820) log_opt_values /opt/stack/data/venv/lib/python3.12/site-packages/oslo_config/cfg.py:3253}}
Jun 30 20:08:15.738010 np0000004028 nova-conductor[98820]: DEBUG cotyledon.oslo_config_glue [-] profiler.enabled = False {{(pid=98820) log_opt_values /opt/stack/data/venv/lib/python3.12/site-packages/oslo_config/cfg.py:3253}}
Jun 30 20:08:15.738074 np0000004028 nova-conductor[98820]: DEBUG cotyledon.oslo_config_glue [-] profiler.es_doc_type = notification {{(pid=98820) log_opt_values /opt/stack/data/venv/lib/python3.12/site-packages/oslo_config/cfg.py:3253}}
Jun 30 20:08:15.738255 np0000004028 nova-conductor[98820]: DEBUG cotyledon.oslo_config_glue [-] profiler.es_scroll_size = 10000 {{(pid=98820) log_opt_values /opt/stack/data/venv/lib/python3.12/site-packages/oslo_config/cfg.py:3253}}
Jun 30 20:08:15.738330 np0000004028 nova-conductor[98820]: DEBUG cotyledon.oslo_config_glue [-] profiler.es_scroll_time = 2m {{(pid=98820) log_opt_values /opt/stack/data/venv/lib/python3.12/site-packages/oslo_config/cfg.py:3253}}
Jun 30 20:08:15.738412 np0000004028 nova-conductor[98820]: DEBUG cotyledon.oslo_config_glue [-] profiler.filter_error_trace = False {{(pid=98820) log_opt_values /opt/stack/data/venv/lib/python3.12/site-packages/oslo_config/cfg.py:3253}}
Jun 30 20:08:15.738478 np0000004028 nova-conductor[98820]: DEBUG cotyledon.oslo_config_glue [-] profiler.hmac_keys = **** {{(pid=98820) log_opt_values /opt/stack/data/venv/lib/python3.12/site-packages/oslo_config/cfg.py:3253}}
Jun 30 20:08:15.738545 np0000004028 nova-conductor[98820]: DEBUG cotyledon.oslo_config_glue [-] profiler.sentinel_service_name = mymaster {{(pid=98820) log_opt_values /opt/stack/data/venv/lib/python3.12/site-packages/oslo_config/cfg.py:3253}}
Jun 30 20:08:15.738627 np0000004028 nova-conductor[98820]: DEBUG cotyledon.oslo_config_glue [-] profiler.socket_timeout = 0.1 {{(pid=98820) log_opt_values /opt/stack/data/venv/lib/python3.12/site-packages/oslo_config/cfg.py:3253}}
Jun 30 20:08:15.738701 np0000004028 nova-conductor[98820]: DEBUG cotyledon.oslo_config_glue [-] profiler.trace_requests = False {{(pid=98820) log_opt_values /opt/stack/data/venv/lib/python3.12/site-packages/oslo_config/cfg.py:3253}}
Jun 30 20:08:15.738769 np0000004028 nova-conductor[98820]: DEBUG cotyledon.oslo_config_glue [-] profiler.trace_sqlalchemy = False {{(pid=98820) log_opt_values /opt/stack/data/venv/lib/python3.12/site-packages/oslo_config/cfg.py:3253}}
Jun 30 20:08:15.738857 np0000004028 nova-conductor[98820]: DEBUG cotyledon.oslo_config_glue [-] profiler_jaeger.process_tags = {} {{(pid=98820) log_opt_values /opt/stack/data/venv/lib/python3.12/site-packages/oslo_config/cfg.py:3253}}
Jun 30 20:08:15.738926 np0000004028 nova-conductor[98820]: DEBUG cotyledon.oslo_config_glue [-] profiler_jaeger.service_name_prefix = None {{(pid=98820) log_opt_values /opt/stack/data/venv/lib/python3.12/site-packages/oslo_config/cfg.py:3253}}
Jun 30 20:08:15.738997 np0000004028 nova-conductor[98820]: DEBUG cotyledon.oslo_config_glue [-] profiler_otlp.service_name_prefix = None {{(pid=98820) log_opt_values /opt/stack/data/venv/lib/python3.12/site-packages/oslo_config/cfg.py:3253}}
Jun 30 20:08:15.739105 np0000004028 nova-conductor[98820]: DEBUG cotyledon.oslo_config_glue [-] oslo_messaging_rabbit.amqp_auto_delete = False {{(pid=98820) log_opt_values /opt/stack/data/venv/lib/python3.12/site-packages/oslo_config/cfg.py:3253}}
Jun 30 20:08:15.739174 np0000004028 nova-conductor[98820]: DEBUG cotyledon.oslo_config_glue [-] oslo_messaging_rabbit.amqp_durable_queues = False {{(pid=98820) log_opt_values /opt/stack/data/venv/lib/python3.12/site-packages/oslo_config/cfg.py:3253}}
Jun 30 20:08:15.739248 np0000004028 nova-conductor[98820]: DEBUG cotyledon.oslo_config_glue [-] oslo_messaging_rabbit.conn_pool_min_size = 2 {{(pid=98820) log_opt_values /opt/stack/data/venv/lib/python3.12/site-packages/oslo_config/cfg.py:3253}}
Jun 30 20:08:15.739337 np0000004028 nova-conductor[98820]: DEBUG cotyledon.oslo_config_glue [-] oslo_messaging_rabbit.conn_pool_ttl = 1200 {{(pid=98820) log_opt_values /opt/stack/data/venv/lib/python3.12/site-packages/oslo_config/cfg.py:3253}}
Jun 30 20:08:15.739426 np0000004028 nova-conductor[98820]: DEBUG cotyledon.oslo_config_glue [-] oslo_messaging_rabbit.direct_mandatory_flag = True {{(pid=98820) log_opt_values /opt/stack/data/venv/lib/python3.12/site-packages/oslo_config/cfg.py:3253}}
Jun 30 20:08:15.739488 np0000004028 nova-conductor[98820]: DEBUG cotyledon.oslo_config_glue [-] oslo_messaging_rabbit.enable_cancel_on_failover = False {{(pid=98820) log_opt_values /opt/stack/data/venv/lib/python3.12/site-packages/oslo_config/cfg.py:3253}}
Jun 30 20:08:15.739553 np0000004028 nova-conductor[98820]: DEBUG cotyledon.oslo_config_glue [-] oslo_messaging_rabbit.heartbeat_rate = 3 {{(pid=98820) log_opt_values /opt/stack/data/venv/lib/python3.12/site-packages/oslo_config/cfg.py:3253}}
Jun 30 20:08:15.739620 np0000004028 nova-conductor[98820]: DEBUG cotyledon.oslo_config_glue [-] oslo_messaging_rabbit.heartbeat_timeout_threshold = 60 {{(pid=98820) log_opt_values /opt/stack/data/venv/lib/python3.12/site-packages/oslo_config/cfg.py:3253}}
Jun 30 20:08:15.739695 np0000004028 nova-conductor[98820]: DEBUG cotyledon.oslo_config_glue [-] oslo_messaging_rabbit.hostname = np0000004028 {{(pid=98820) log_opt_values /opt/stack/data/venv/lib/python3.12/site-packages/oslo_config/cfg.py:3253}}
Jun 30 20:08:15.739766 np0000004028 nova-conductor[98820]: DEBUG cotyledon.oslo_config_glue [-] oslo_messaging_rabbit.kombu_compression = None {{(pid=98820) log_opt_values /opt/stack/data/venv/lib/python3.12/site-packages/oslo_config/cfg.py:3253}}
Jun 30 20:08:15.739839 np0000004028 nova-conductor[98820]: DEBUG cotyledon.oslo_config_glue [-] oslo_messaging_rabbit.kombu_failover_strategy = round-robin {{(pid=98820) log_opt_values /opt/stack/data/venv/lib/python3.12/site-packages/oslo_config/cfg.py:3253}}
Jun 30 20:08:15.739904 np0000004028 nova-conductor[98820]: DEBUG cotyledon.oslo_config_glue [-] oslo_messaging_rabbit.kombu_missing_consumer_retry_timeout = 60 {{(pid=98820) log_opt_values /opt/stack/data/venv/lib/python3.12/site-packages/oslo_config/cfg.py:3253}}
Jun 30 20:08:15.739971 np0000004028 nova-conductor[98820]: DEBUG cotyledon.oslo_config_glue [-] oslo_messaging_rabbit.kombu_reconnect_delay = 1.0 {{(pid=98820) log_opt_values /opt/stack/data/venv/lib/python3.12/site-packages/oslo_config/cfg.py:3253}}
Jun 30 20:08:15.740035 np0000004028 nova-conductor[98820]: DEBUG cotyledon.oslo_config_glue [-] oslo_messaging_rabbit.kombu_reconnect_splay = 0.0 {{(pid=98820) log_opt_values /opt/stack/data/venv/lib/python3.12/site-packages/oslo_config/cfg.py:3253}}
Jun 30 20:08:15.740108 np0000004028 nova-conductor[98820]: DEBUG cotyledon.oslo_config_glue [-] oslo_messaging_rabbit.processname = nova-conductor {{(pid=98820) log_opt_values /opt/stack/data/venv/lib/python3.12/site-packages/oslo_config/cfg.py:3253}}
Jun 30 20:08:15.740173 np0000004028 nova-conductor[98820]: DEBUG cotyledon.oslo_config_glue [-] oslo_messaging_rabbit.rabbit_ha_queues = False {{(pid=98820) log_opt_values /opt/stack/data/venv/lib/python3.12/site-packages/oslo_config/cfg.py:3253}}
Jun 30 20:08:15.740238 np0000004028 nova-conductor[98820]: DEBUG cotyledon.oslo_config_glue [-] oslo_messaging_rabbit.rabbit_interval_max = 30 {{(pid=98820) log_opt_values /opt/stack/data/venv/lib/python3.12/site-packages/oslo_config/cfg.py:3253}}
Jun 30 20:08:15.740319 np0000004028 nova-conductor[98820]: DEBUG cotyledon.oslo_config_glue [-] oslo_messaging_rabbit.rabbit_login_method = AMQPLAIN {{(pid=98820) log_opt_values /opt/stack/data/venv/lib/python3.12/site-packages/oslo_config/cfg.py:3253}}
Jun 30 20:08:15.740386 np0000004028 nova-conductor[98820]: DEBUG cotyledon.oslo_config_glue [-] oslo_messaging_rabbit.rabbit_qos_prefetch_count = 0 {{(pid=98820) log_opt_values /opt/stack/data/venv/lib/python3.12/site-packages/oslo_config/cfg.py:3253}}
Jun 30 20:08:15.740463 np0000004028 nova-conductor[98820]: DEBUG cotyledon.oslo_config_glue [-] oslo_messaging_rabbit.rabbit_quorum_delivery_limit = 0 {{(pid=98820) log_opt_values /opt/stack/data/venv/lib/python3.12/site-packages/oslo_config/cfg.py:3253}}
Jun 30 20:08:15.740527 np0000004028 nova-conductor[98820]: DEBUG cotyledon.oslo_config_glue [-] oslo_messaging_rabbit.rabbit_quorum_max_memory_bytes = 0 {{(pid=98820) log_opt_values /opt/stack/data/venv/lib/python3.12/site-packages/oslo_config/cfg.py:3253}}
Jun 30 20:08:15.740594 np0000004028 nova-conductor[98820]: DEBUG cotyledon.oslo_config_glue [-] oslo_messaging_rabbit.rabbit_quorum_max_memory_length = 0 {{(pid=98820) log_opt_values /opt/stack/data/venv/lib/python3.12/site-packages/oslo_config/cfg.py:3253}}
Jun 30 20:08:15.740670 np0000004028 nova-conductor[98820]: DEBUG cotyledon.oslo_config_glue [-] oslo_messaging_rabbit.rabbit_quorum_queue = False {{(pid=98820) log_opt_values /opt/stack/data/venv/lib/python3.12/site-packages/oslo_config/cfg.py:3253}}
Jun 30 20:08:15.740725 np0000004028 nova-conductor[98820]: DEBUG cotyledon.oslo_config_glue [-] oslo_messaging_rabbit.rabbit_retry_backoff = 2 {{(pid=98820) log_opt_values /opt/stack/data/venv/lib/python3.12/site-packages/oslo_config/cfg.py:3253}}
Jun 30 20:08:15.740791 np0000004028 nova-conductor[98820]: DEBUG cotyledon.oslo_config_glue [-] oslo_messaging_rabbit.rabbit_retry_interval = 1 {{(pid=98820) log_opt_values /opt/stack/data/venv/lib/python3.12/site-packages/oslo_config/cfg.py:3253}}
Jun 30 20:08:15.740858 np0000004028 nova-conductor[98820]: DEBUG cotyledon.oslo_config_glue [-] oslo_messaging_rabbit.rabbit_stream_fanout = False {{(pid=98820) log_opt_values /opt/stack/data/venv/lib/python3.12/site-packages/oslo_config/cfg.py:3253}}
Jun 30 20:08:15.740914 np0000004028 nova-conductor[98820]: DEBUG cotyledon.oslo_config_glue [-] oslo_messaging_rabbit.rabbit_transient_queues_ttl = 1800 {{(pid=98820) log_opt_values /opt/stack/data/venv/lib/python3.12/site-packages/oslo_config/cfg.py:3253}}
Jun 30 20:08:15.740982 np0000004028 nova-conductor[98820]: DEBUG cotyledon.oslo_config_glue [-] oslo_messaging_rabbit.rabbit_transient_quorum_queue = False {{(pid=98820) log_opt_values /opt/stack/data/venv/lib/python3.12/site-packages/oslo_config/cfg.py:3253}}
Jun 30 20:08:15.741063 np0000004028 nova-conductor[98820]: DEBUG cotyledon.oslo_config_glue [-] oslo_messaging_rabbit.rpc_conn_pool_size = 30 {{(pid=98820) log_opt_values /opt/stack/data/venv/lib/python3.12/site-packages/oslo_config/cfg.py:3253}}
Jun 30 20:08:15.741118 np0000004028 nova-conductor[98820]: DEBUG cotyledon.oslo_config_glue [-] oslo_messaging_rabbit.ssl = False {{(pid=98820) log_opt_values /opt/stack/data/venv/lib/python3.12/site-packages/oslo_config/cfg.py:3253}}
Jun 30 20:08:15.741170 np0000004028 nova-conductor[98820]: DEBUG cotyledon.oslo_config_glue [-] oslo_messaging_rabbit.ssl_ca_file = {{(pid=98820) log_opt_values /opt/stack/data/venv/lib/python3.12/site-packages/oslo_config/cfg.py:3253}}
Jun 30 20:08:15.741242 np0000004028 nova-conductor[98820]: DEBUG cotyledon.oslo_config_glue [-] oslo_messaging_rabbit.ssl_cert_file = {{(pid=98820) log_opt_values /opt/stack/data/venv/lib/python3.12/site-packages/oslo_config/cfg.py:3253}}
Jun 30 20:08:15.741309 np0000004028 nova-conductor[98820]: DEBUG cotyledon.oslo_config_glue [-] oslo_messaging_rabbit.ssl_enforce_fips_mode = False {{(pid=98820) log_opt_values /opt/stack/data/venv/lib/python3.12/site-packages/oslo_config/cfg.py:3253}}
Jun 30 20:08:15.741386 np0000004028 nova-conductor[98820]: DEBUG cotyledon.oslo_config_glue [-] oslo_messaging_rabbit.ssl_enforce_hostname_verification = True {{(pid=98820) log_opt_values /opt/stack/data/venv/lib/python3.12/site-packages/oslo_config/cfg.py:3253}}
Jun 30 20:08:15.741474 np0000004028 nova-conductor[98820]: DEBUG cotyledon.oslo_config_glue [-] oslo_messaging_rabbit.ssl_key_file = {{(pid=98820) log_opt_values /opt/stack/data/venv/lib/python3.12/site-packages/oslo_config/cfg.py:3253}}
Jun 30 20:08:15.741532 np0000004028 nova-conductor[98820]: DEBUG cotyledon.oslo_config_glue [-] oslo_messaging_rabbit.ssl_version = {{(pid=98820) log_opt_values /opt/stack/data/venv/lib/python3.12/site-packages/oslo_config/cfg.py:3253}}
Jun 30 20:08:15.741596 np0000004028 nova-conductor[98820]: DEBUG cotyledon.oslo_config_glue [-] oslo_messaging_rabbit.use_queue_manager = False {{(pid=98820) log_opt_values /opt/stack/data/venv/lib/python3.12/site-packages/oslo_config/cfg.py:3253}}
Jun 30 20:08:15.741697 np0000004028 nova-conductor[98820]: DEBUG cotyledon.oslo_config_glue [-] oslo_messaging_notifications.driver = ['messagingv2'] {{(pid=98820) log_opt_values /opt/stack/data/venv/lib/python3.12/site-packages/oslo_config/cfg.py:3253}}
Jun 30 20:08:15.741780 np0000004028 nova-conductor[98820]: DEBUG cotyledon.oslo_config_glue [-] oslo_messaging_notifications.retry = -1 {{(pid=98820) log_opt_values /opt/stack/data/venv/lib/python3.12/site-packages/oslo_config/cfg.py:3253}}
Jun 30 20:08:15.741855 np0000004028 nova-conductor[98820]: DEBUG cotyledon.oslo_config_glue [-] oslo_messaging_notifications.topics = ['notifications'] {{(pid=98820) log_opt_values /opt/stack/data/venv/lib/python3.12/site-packages/oslo_config/cfg.py:3253}}
Jun 30 20:08:15.741937 np0000004028 nova-conductor[98820]: DEBUG cotyledon.oslo_config_glue [-] oslo_messaging_notifications.transport_url = **** {{(pid=98820) log_opt_values /opt/stack/data/venv/lib/python3.12/site-packages/oslo_config/cfg.py:3253}}
Jun 30 20:08:15.742033 np0000004028 nova-conductor[98820]: DEBUG cotyledon.oslo_config_glue [-] oslo_limit.auth_section = None {{(pid=98820) log_opt_values /opt/stack/data/venv/lib/python3.12/site-packages/oslo_config/cfg.py:3253}}
Jun 30 20:08:15.742112 np0000004028 nova-conductor[98820]: DEBUG cotyledon.oslo_config_glue [-] oslo_limit.auth_type = None {{(pid=98820) log_opt_values /opt/stack/data/venv/lib/python3.12/site-packages/oslo_config/cfg.py:3253}}
Jun 30 20:08:15.742184 np0000004028 nova-conductor[98820]: DEBUG cotyledon.oslo_config_glue [-] oslo_limit.cafile = None {{(pid=98820) log_opt_values /opt/stack/data/venv/lib/python3.12/site-packages/oslo_config/cfg.py:3253}}
Jun 30 20:08:15.742250 np0000004028 nova-conductor[98820]: DEBUG cotyledon.oslo_config_glue [-] oslo_limit.certfile = None {{(pid=98820) log_opt_values /opt/stack/data/venv/lib/python3.12/site-packages/oslo_config/cfg.py:3253}}
Jun 30 20:08:15.742345 np0000004028 nova-conductor[98820]: DEBUG cotyledon.oslo_config_glue [-] oslo_limit.collect_timing = False {{(pid=98820) log_opt_values /opt/stack/data/venv/lib/python3.12/site-packages/oslo_config/cfg.py:3253}}
Jun 30 20:08:15.742420 np0000004028 nova-conductor[98820]: DEBUG cotyledon.oslo_config_glue [-] oslo_limit.connect_retries = None {{(pid=98820) log_opt_values /opt/stack/data/venv/lib/python3.12/site-packages/oslo_config/cfg.py:3253}}
Jun 30 20:08:15.742493 np0000004028 nova-conductor[98820]: DEBUG cotyledon.oslo_config_glue [-] oslo_limit.connect_retry_delay = None {{(pid=98820) log_opt_values /opt/stack/data/venv/lib/python3.12/site-packages/oslo_config/cfg.py:3253}}
Jun 30 20:08:15.742559 np0000004028 nova-conductor[98820]: DEBUG cotyledon.oslo_config_glue [-] oslo_limit.endpoint_id = None {{(pid=98820) log_opt_values /opt/stack/data/venv/lib/python3.12/site-packages/oslo_config/cfg.py:3253}}
Jun 30 20:08:15.742622 np0000004028 nova-conductor[98820]: DEBUG cotyledon.oslo_config_glue [-] oslo_limit.endpoint_interface = public {{(pid=98820) log_opt_values /opt/stack/data/venv/lib/python3.12/site-packages/oslo_config/cfg.py:3253}}
Jun 30 20:08:15.742688 np0000004028 nova-conductor[98820]: DEBUG cotyledon.oslo_config_glue [-] oslo_limit.endpoint_override = None {{(pid=98820) log_opt_values /opt/stack/data/venv/lib/python3.12/site-packages/oslo_config/cfg.py:3253}}
Jun 30 20:08:15.742716 np0000004028 nova-conductor[98807]: DEBUG dbcounter [-] [98807] Writer thread running {{(pid=98807) stat_writer /opt/stack/data/venv/lib/python3.12/site-packages/dbcounter.py:102}}
Jun 30 20:08:15.742745 np0000004028 nova-conductor[98820]: DEBUG cotyledon.oslo_config_glue [-] oslo_limit.endpoint_region_name = None {{(pid=98820) log_opt_values /opt/stack/data/venv/lib/python3.12/site-packages/oslo_config/cfg.py:3253}}
Jun 30 20:08:15.742823 np0000004028 nova-conductor[98820]: DEBUG cotyledon.oslo_config_glue [-] oslo_limit.endpoint_service_name = None {{(pid=98820) log_opt_values /opt/stack/data/venv/lib/python3.12/site-packages/oslo_config/cfg.py:3253}}
Jun 30 20:08:15.742885 np0000004028 nova-conductor[98820]: DEBUG cotyledon.oslo_config_glue [-] oslo_limit.endpoint_service_type = None {{(pid=98820) log_opt_values /opt/stack/data/venv/lib/python3.12/site-packages/oslo_config/cfg.py:3253}}
Jun 30 20:08:15.742952 np0000004028 nova-conductor[98820]: DEBUG cotyledon.oslo_config_glue [-] oslo_limit.insecure = False {{(pid=98820) log_opt_values /opt/stack/data/venv/lib/python3.12/site-packages/oslo_config/cfg.py:3253}}
Jun 30 20:08:15.743015 np0000004028 nova-conductor[98820]: DEBUG cotyledon.oslo_config_glue [-] oslo_limit.keyfile = None {{(pid=98820) log_opt_values /opt/stack/data/venv/lib/python3.12/site-packages/oslo_config/cfg.py:3253}}
Jun 30 20:08:15.743081 np0000004028 nova-conductor[98820]: DEBUG cotyledon.oslo_config_glue [-] oslo_limit.max_version = None {{(pid=98820) log_opt_values /opt/stack/data/venv/lib/python3.12/site-packages/oslo_config/cfg.py:3253}}
Jun 30 20:08:15.743144 np0000004028 nova-conductor[98820]: DEBUG cotyledon.oslo_config_glue [-] oslo_limit.min_version = None {{(pid=98820) log_opt_values /opt/stack/data/venv/lib/python3.12/site-packages/oslo_config/cfg.py:3253}}
Jun 30 20:08:15.743209 np0000004028 nova-conductor[98820]: DEBUG cotyledon.oslo_config_glue [-] oslo_limit.region_name = None {{(pid=98820) log_opt_values /opt/stack/data/venv/lib/python3.12/site-packages/oslo_config/cfg.py:3253}}
Jun 30 20:08:15.743303 np0000004028 nova-conductor[98820]: DEBUG cotyledon.oslo_config_glue [-] oslo_limit.retriable_status_codes = None {{(pid=98820) log_opt_values /opt/stack/data/venv/lib/python3.12/site-packages/oslo_config/cfg.py:3253}}
Jun 30 20:08:15.743380 np0000004028 nova-conductor[98820]: DEBUG cotyledon.oslo_config_glue [-] oslo_limit.service_name = None {{(pid=98820) log_opt_values /opt/stack/data/venv/lib/python3.12/site-packages/oslo_config/cfg.py:3253}}
Jun 30 20:08:15.743457 np0000004028 nova-conductor[98820]: DEBUG cotyledon.oslo_config_glue [-] oslo_limit.service_type = None {{(pid=98820) log_opt_values /opt/stack/data/venv/lib/python3.12/site-packages/oslo_config/cfg.py:3253}}
Jun 30 20:08:15.743511 np0000004028 nova-conductor[98820]: DEBUG cotyledon.oslo_config_glue [-] oslo_limit.split_loggers = False {{(pid=98820) log_opt_values /opt/stack/data/venv/lib/python3.12/site-packages/oslo_config/cfg.py:3253}}
Jun 30 20:08:15.743548 np0000004028 nova-conductor[98820]: DEBUG cotyledon.oslo_config_glue [-] oslo_limit.status_code_retries = None {{(pid=98820) log_opt_values /opt/stack/data/venv/lib/python3.12/site-packages/oslo_config/cfg.py:3253}}
Jun 30 20:08:15.743604 np0000004028 nova-conductor[98820]: DEBUG cotyledon.oslo_config_glue [-] oslo_limit.status_code_retry_delay = None {{(pid=98820) log_opt_values /opt/stack/data/venv/lib/python3.12/site-packages/oslo_config/cfg.py:3253}}
Jun 30 20:08:15.743653 np0000004028 nova-conductor[98820]: DEBUG cotyledon.oslo_config_glue [-] oslo_limit.timeout = None {{(pid=98820) log_opt_values /opt/stack/data/venv/lib/python3.12/site-packages/oslo_config/cfg.py:3253}}
Jun 30 20:08:15.743704 np0000004028 nova-conductor[98820]: DEBUG cotyledon.oslo_config_glue [-] oslo_limit.valid_interfaces = None {{(pid=98820) log_opt_values /opt/stack/data/venv/lib/python3.12/site-packages/oslo_config/cfg.py:3253}}
Jun 30 20:08:15.743753 np0000004028 nova-conductor[98820]: DEBUG cotyledon.oslo_config_glue [-] oslo_limit.version = None {{(pid=98820) log_opt_values /opt/stack/data/venv/lib/python3.12/site-packages/oslo_config/cfg.py:3253}}
Jun 30 20:08:15.743831 np0000004028 nova-conductor[98820]: DEBUG cotyledon.oslo_config_glue [-] oslo_reports.file_event_handler = None {{(pid=98820) log_opt_values /opt/stack/data/venv/lib/python3.12/site-packages/oslo_config/cfg.py:3253}}
Jun 30 20:08:15.743895 np0000004028 nova-conductor[98820]: DEBUG cotyledon.oslo_config_glue [-] oslo_reports.file_event_handler_interval = 1 {{(pid=98820) log_opt_values /opt/stack/data/venv/lib/python3.12/site-packages/oslo_config/cfg.py:3253}}
Jun 30 20:08:15.743974 np0000004028 nova-conductor[98820]: DEBUG cotyledon.oslo_config_glue [-] oslo_reports.log_dir = None {{(pid=98820) log_opt_values /opt/stack/data/venv/lib/python3.12/site-packages/oslo_config/cfg.py:3253}}
Jun 30 20:08:15.744026 np0000004028 nova-conductor[98820]: DEBUG cotyledon.oslo_config_glue [-] ******************************************************************************** {{(pid=98820) log_opt_values /opt/stack/data/venv/lib/python3.12/site-packages/oslo_config/cfg.py:3260}}
Jun 30 20:08:15.744203 np0000004028 nova-conductor[98820]: DEBUG cotyledon._service_worker [-] Run service ServiceWrapper(3) [98820] {{(pid=98820) wait_forever /opt/stack/data/venv/lib/python3.12/site-packages/cotyledon/_service_worker.py:218}}
Jun 30 20:08:15.745918 np0000004028 nova-conductor[98820]: INFO nova.service [-] Starting conductor node (version 33.1.0)
Jun 30 20:08:15.748680 np0000004028 nova-conductor[98793]: DEBUG nova.service [None req-c2f73278-8006-4566-82b3-f1b6dc18d733 None None] Creating RPC server for service: nova-conductor on topic: conductor {{(pid=98793) start /opt/stack/nova/nova/service.py:196}}
Jun 30 20:08:15.748849 np0000004028 nova-conductor[98814]: DEBUG oslo_db.sqlalchemy.engines [None req-591dd96b-3fd1-44c6-959b-7393145b6e49 None None] MySQL server mode set to STRICT_TRANS_TABLES,STRICT_ALL_TABLES,NO_ZERO_IN_DATE,NO_ZERO_DATE,ERROR_FOR_DIVISION_BY_ZERO,TRADITIONAL,NO_ENGINE_SUBSTITUTION {{(pid=98814) _check_effective_sql_mode /opt/stack/data/venv/lib/python3.12/site-packages/oslo_db/sqlalchemy/engines.py:325}}
Jun 30 20:08:15.751551 np0000004028 nova-conductor[98820]: INFO dbcounter [None req-b7ca0d46-94c8-49c4-ab5b-5cc2e0b3f22a None None] Registered counter for database nova_cell0
Jun 30 20:08:15.758529 np0000004028 nova-conductor[98814]: DEBUG dbcounter [-] [98814] Writer thread running {{(pid=98814) stat_writer /opt/stack/data/venv/lib/python3.12/site-packages/dbcounter.py:102}}
Jun 30 20:08:15.759879 np0000004028 nova-conductor[98807]: DEBUG nova.service [None req-dcb5a883-da3f-4694-8f50-64e0cd0a9e2b None None] Creating RPC server for service: nova-conductor on topic: conductor {{(pid=98807) start /opt/stack/nova/nova/service.py:196}}
Jun 30 20:08:15.761151 np0000004028 nova-conductor[98814]: DEBUG nova.service [None req-591dd96b-3fd1-44c6-959b-7393145b6e49 None None] Creating RPC server for service: nova-conductor on topic: conductor {{(pid=98814) start /opt/stack/nova/nova/service.py:196}}
Jun 30 20:08:15.778019 np0000004028 nova-conductor[98814]: DEBUG nova.service [None req-591dd96b-3fd1-44c6-959b-7393145b6e49 None None] Join ServiceGroup membership for this service conductor {{(pid=98814) start /opt/stack/nova/nova/service.py:222}}
Jun 30 20:08:15.778141 np0000004028 nova-conductor[98793]: DEBUG nova.service [None req-c2f73278-8006-4566-82b3-f1b6dc18d733 None None] Join ServiceGroup membership for this service conductor {{(pid=98793) start /opt/stack/nova/nova/service.py:222}}
Jun 30 20:08:15.778245 np0000004028 nova-conductor[98793]: DEBUG nova.servicegroup.drivers.db [None req-c2f73278-8006-4566-82b3-f1b6dc18d733 None None] DB_Driver: join new ServiceGroup member np0000004028 to the conductor group, service = {{(pid=98793) join /opt/stack/nova/nova/servicegroup/drivers/db.py:44}}
Jun 30 20:08:15.778323 np0000004028 nova-conductor[98814]: DEBUG nova.servicegroup.drivers.db [None req-591dd96b-3fd1-44c6-959b-7393145b6e49 None None] DB_Driver: join new ServiceGroup member np0000004028 to the conductor group, service = {{(pid=98814) join /opt/stack/nova/nova/servicegroup/drivers/db.py:44}}
Jun 30 20:08:15.780089 np0000004028 nova-conductor[98807]: DEBUG nova.service [None req-dcb5a883-da3f-4694-8f50-64e0cd0a9e2b None None] Join ServiceGroup membership for this service conductor {{(pid=98807) start /opt/stack/nova/nova/service.py:222}}
Jun 30 20:08:15.780818 np0000004028 nova-conductor[98807]: DEBUG nova.servicegroup.drivers.db [None req-dcb5a883-da3f-4694-8f50-64e0cd0a9e2b None None] DB_Driver: join new ServiceGroup member np0000004028 to the conductor group, service = {{(pid=98807) join /opt/stack/nova/nova/servicegroup/drivers/db.py:44}}
Jun 30 20:08:15.794602 np0000004028 nova-conductor[98820]: DEBUG oslo_db.sqlalchemy.engines [None req-b7ca0d46-94c8-49c4-ab5b-5cc2e0b3f22a None None] MySQL server mode set to STRICT_TRANS_TABLES,STRICT_ALL_TABLES,NO_ZERO_IN_DATE,NO_ZERO_DATE,ERROR_FOR_DIVISION_BY_ZERO,TRADITIONAL,NO_ENGINE_SUBSTITUTION {{(pid=98820) _check_effective_sql_mode /opt/stack/data/venv/lib/python3.12/site-packages/oslo_db/sqlalchemy/engines.py:325}}
Jun 30 20:08:15.803262 np0000004028 nova-conductor[98820]: DEBUG dbcounter [-] [98820] Writer thread running {{(pid=98820) stat_writer /opt/stack/data/venv/lib/python3.12/site-packages/dbcounter.py:102}}
Jun 30 20:08:15.805943 np0000004028 nova-conductor[98820]: DEBUG nova.service [None req-b7ca0d46-94c8-49c4-ab5b-5cc2e0b3f22a None None] Creating RPC server for service: nova-conductor on topic: conductor {{(pid=98820) start /opt/stack/nova/nova/service.py:196}}
Jun 30 20:08:15.820615 np0000004028 nova-conductor[98820]: DEBUG nova.service [None req-b7ca0d46-94c8-49c4-ab5b-5cc2e0b3f22a None None] Join ServiceGroup membership for this service conductor {{(pid=98820) start /opt/stack/nova/nova/service.py:222}}
Jun 30 20:08:15.820799 np0000004028 nova-conductor[98820]: DEBUG nova.servicegroup.drivers.db [None req-b7ca0d46-94c8-49c4-ab5b-5cc2e0b3f22a None None] DB_Driver: join new ServiceGroup member np0000004028 to the conductor group, service = {{(pid=98820) join /opt/stack/nova/nova/servicegroup/drivers/db.py:44}}
Jun 30 20:08:19.780461 np0000004028 nova-conductor[98814]: DEBUG oslo.service.backend._threading.loopingcall [None req-1f2c95fe-ccda-46e4-a73c-72de6b830267 None None] Dynamic interval looping call 'nova.service.Service.periodic_tasks' sleeping for 60.00 seconds {{(pid=98814) _run_loop /opt/stack/data/venv/lib/python3.12/site-packages/oslo_service/backend/_threading/loopingcall.py:125}}
Jun 30 20:08:20.792471 np0000004028 nova-conductor[98807]: DEBUG oslo.service.backend._threading.loopingcall [-] Fixed interval looping call 'nova.servicegroup.drivers.db.DbDriver._report_state' sleeping for 119.99 seconds {{(pid=98807) _run_loop /opt/stack/data/venv/lib/python3.12/site-packages/oslo_service/backend/_threading/loopingcall.py:125}}
Jun 30 20:08:20.792886 np0000004028 nova-conductor[98793]: DEBUG oslo.service.backend._threading.loopingcall [-] Fixed interval looping call 'nova.servicegroup.drivers.db.DbDriver._report_state' sleeping for 119.99 seconds {{(pid=98793) _run_loop /opt/stack/data/venv/lib/python3.12/site-packages/oslo_service/backend/_threading/loopingcall.py:125}}
Jun 30 20:08:20.794163 np0000004028 nova-conductor[98814]: DEBUG oslo.service.backend._threading.loopingcall [-] Fixed interval looping call 'nova.servicegroup.drivers.db.DbDriver._report_state' sleeping for 119.99 seconds {{(pid=98814) _run_loop /opt/stack/data/venv/lib/python3.12/site-packages/oslo_service/backend/_threading/loopingcall.py:125}}
Jun 30 20:08:20.832827 np0000004028 nova-conductor[98820]: DEBUG oslo.service.backend._threading.loopingcall [-] Fixed interval looping call 'nova.servicegroup.drivers.db.DbDriver._report_state' sleeping for 119.99 seconds {{(pid=98820) _run_loop /opt/stack/data/venv/lib/python3.12/site-packages/oslo_service/backend/_threading/loopingcall.py:125}}
Jun 30 20:08:22.782562 np0000004028 nova-conductor[98807]: DEBUG oslo.service.backend._threading.loopingcall [None req-938a3cbf-336b-481c-98b5-d4d969809a0a None None] Dynamic interval looping call 'nova.service.Service.periodic_tasks' sleeping for 60.00 seconds {{(pid=98807) _run_loop /opt/stack/data/venv/lib/python3.12/site-packages/oslo_service/backend/_threading/loopingcall.py:125}}
Jun 30 20:08:24.371369 np0000004028 nova-conductor[97308]: DEBUG dbcounter [-] [97308] Writing DB stats nova_api:SELECT=1 {{(pid=97308) stat_writer /opt/stack/data/venv/lib/python3.12/site-packages/dbcounter.py:115}}
Jun 30 20:08:24.505402 np0000004028 nova-conductor[97308]: DEBUG dbcounter [-] [97308] Writing DB stats nova_cell0:SELECT=1 {{(pid=97308) stat_writer /opt/stack/data/venv/lib/python3.12/site-packages/dbcounter.py:115}}
Jun 30 20:08:24.509463 np0000004028 nova-conductor[97308]: DEBUG dbcounter [-] [97308] Writing DB stats nova_cell1:SELECT=1 {{(pid=97308) stat_writer /opt/stack/data/venv/lib/python3.12/site-packages/dbcounter.py:115}}
Jun 30 20:08:30.787504 np0000004028 nova-conductor[98807]: DEBUG dbcounter [-] [98807] Writing DB stats nova_cell0:SELECT=4,nova_cell0:INSERT=1,nova_cell0:UPDATE=1 {{(pid=98807) stat_writer /opt/stack/data/venv/lib/python3.12/site-packages/dbcounter.py:115}}
Jun 30 20:08:30.788495 np0000004028 nova-conductor[98793]: DEBUG dbcounter [-] [98793] Writing DB stats nova_cell0:SELECT=4,nova_cell0:INSERT=1,nova_cell0:UPDATE=1 {{(pid=98793) stat_writer /opt/stack/data/venv/lib/python3.12/site-packages/dbcounter.py:115}}
Jun 30 20:08:30.790697 np0000004028 nova-conductor[98814]: DEBUG dbcounter [-] [98814] Writing DB stats nova_cell0:SELECT=3,nova_cell0:UPDATE=1 {{(pid=98814) stat_writer /opt/stack/data/venv/lib/python3.12/site-packages/dbcounter.py:115}}
Jun 30 20:08:30.828438 np0000004028 nova-conductor[98820]: DEBUG dbcounter [-] [98820] Writing DB stats nova_cell0:SELECT=3 {{(pid=98820) stat_writer /opt/stack/data/venv/lib/python3.12/site-packages/dbcounter.py:115}}
Jun 30 20:08:42.822770 np0000004028 nova-conductor[98820]: DEBUG oslo.service.backend._threading.loopingcall [None req-7e3e4d60-697a-4189-944f-e622bdc55a82 None None] Dynamic interval looping call 'nova.service.Service.periodic_tasks' sleeping for 60.00 seconds {{(pid=98820) _run_loop /opt/stack/data/venv/lib/python3.12/site-packages/oslo_service/backend/_threading/loopingcall.py:125}}
Jun 30 20:09:08.780842 np0000004028 nova-conductor[98793]: DEBUG oslo.service.backend._threading.loopingcall [None req-17e665d9-3999-48db-98bb-3ae7e4ffaecc None None] Dynamic interval looping call 'nova.service.Service.periodic_tasks' sleeping for 60.00 seconds {{(pid=98793) _run_loop /opt/stack/data/venv/lib/python3.12/site-packages/oslo_service/backend/_threading/loopingcall.py:125}}
Jun 30 20:09:19.780973 np0000004028 nova-conductor[98814]: DEBUG oslo.service.backend._threading.loopingcall [None req-1f2c95fe-ccda-46e4-a73c-72de6b830267 None None] Dynamic interval looping call 'nova.service.Service.periodic_tasks' sleeping for 60.00 seconds {{(pid=98814) _run_loop /opt/stack/data/venv/lib/python3.12/site-packages/oslo_service/backend/_threading/loopingcall.py:125}}
Jun 30 20:09:22.783102 np0000004028 nova-conductor[98807]: DEBUG oslo.service.backend._threading.loopingcall [None req-938a3cbf-336b-481c-98b5-d4d969809a0a None None] Dynamic interval looping call 'nova.service.Service.periodic_tasks' sleeping for 60.00 seconds {{(pid=98807) _run_loop /opt/stack/data/venv/lib/python3.12/site-packages/oslo_service/backend/_threading/loopingcall.py:125}}
Jun 30 20:09:42.823195 np0000004028 nova-conductor[98820]: DEBUG oslo.service.backend._threading.loopingcall [None req-7e3e4d60-697a-4189-944f-e622bdc55a82 None None] Dynamic interval looping call 'nova.service.Service.periodic_tasks' sleeping for 60.00 seconds {{(pid=98820) _run_loop /opt/stack/data/venv/lib/python3.12/site-packages/oslo_service/backend/_threading/loopingcall.py:125}}
Jun 30 20:10:08.781496 np0000004028 nova-conductor[98793]: DEBUG oslo.service.backend._threading.loopingcall [None req-17e665d9-3999-48db-98bb-3ae7e4ffaecc None None] Dynamic interval looping call 'nova.service.Service.periodic_tasks' sleeping for 60.00 seconds {{(pid=98793) _run_loop /opt/stack/data/venv/lib/python3.12/site-packages/oslo_service/backend/_threading/loopingcall.py:125}}
Jun 30 20:10:19.781737 np0000004028 nova-conductor[98814]: DEBUG oslo.service.backend._threading.loopingcall [None req-1f2c95fe-ccda-46e4-a73c-72de6b830267 None None] Dynamic interval looping call 'nova.service.Service.periodic_tasks' sleeping for 60.00 seconds {{(pid=98814) _run_loop /opt/stack/data/venv/lib/python3.12/site-packages/oslo_service/backend/_threading/loopingcall.py:125}}
Jun 30 20:10:20.791540 np0000004028 nova-conductor[98793]: DEBUG oslo.service.backend._threading.loopingcall [-] Fixed interval looping call 'nova.servicegroup.drivers.db.DbDriver._report_state' sleeping for 119.99 seconds {{(pid=98793) _run_loop /opt/stack/data/venv/lib/python3.12/site-packages/oslo_service/backend/_threading/loopingcall.py:125}}
Jun 30 20:10:20.791919 np0000004028 nova-conductor[98807]: DEBUG oslo.service.backend._threading.loopingcall [-] Fixed interval looping call 'nova.servicegroup.drivers.db.DbDriver._report_state' sleeping for 119.99 seconds {{(pid=98807) _run_loop /opt/stack/data/venv/lib/python3.12/site-packages/oslo_service/backend/_threading/loopingcall.py:125}}
Jun 30 20:10:20.792611 np0000004028 nova-conductor[98814]: DEBUG oslo.service.backend._threading.loopingcall [-] Fixed interval looping call 'nova.servicegroup.drivers.db.DbDriver._report_state' sleeping for 119.99 seconds {{(pid=98814) _run_loop /opt/stack/data/venv/lib/python3.12/site-packages/oslo_service/backend/_threading/loopingcall.py:125}}
Jun 30 20:10:20.828225 np0000004028 nova-conductor[98820]: DEBUG oslo.service.backend._threading.loopingcall [-] Fixed interval looping call 'nova.servicegroup.drivers.db.DbDriver._report_state' sleeping for 120.00 seconds {{(pid=98820) _run_loop /opt/stack/data/venv/lib/python3.12/site-packages/oslo_service/backend/_threading/loopingcall.py:125}}
Jun 30 20:10:22.783592 np0000004028 nova-conductor[98807]: DEBUG oslo.service.backend._threading.loopingcall [None req-938a3cbf-336b-481c-98b5-d4d969809a0a None None] Dynamic interval looping call 'nova.service.Service.periodic_tasks' sleeping for 60.00 seconds {{(pid=98807) _run_loop /opt/stack/data/venv/lib/python3.12/site-packages/oslo_service/backend/_threading/loopingcall.py:125}}
Jun 30 20:10:22.821263 np0000004028 nova-conductor[98814]: DEBUG oslo_db.sqlalchemy.engines [None req-8b77ec17-df84-42d3-878f-30abf18db94a tempest-ServerStableDeviceRescueTest-1668351363 tempest-ServerStableDeviceRescueTest-1668351363-project-member] Parent process 97308 forked (98814) with an open database connection, which is being discarded and recreated. {{(pid=98814) checkout /opt/stack/data/venv/lib/python3.12/site-packages/oslo_db/sqlalchemy/engines.py:402}}
Jun 30 20:10:22.871494 np0000004028 nova-conductor[98814]: DEBUG dbcounter [-] [98814] Writer thread running {{(pid=98814) stat_writer /opt/stack/data/venv/lib/python3.12/site-packages/dbcounter.py:102}}
Jun 30 20:10:23.958017 np0000004028 nova-conductor[98793]: DEBUG dbcounter [-] [98793] Writer thread running {{(pid=98793) stat_writer /opt/stack/data/venv/lib/python3.12/site-packages/dbcounter.py:102}}
Jun 30 20:10:24.410442 np0000004028 nova-conductor[98814]: DEBUG nova.conductor.manager [None req-8b77ec17-df84-42d3-878f-30abf18db94a tempest-ServerStableDeviceRescueTest-1668351363 tempest-ServerStableDeviceRescueTest-1668351363-project-member] Took 1.54 seconds to select destinations for 1 instance(s). {{(pid=98814) _schedule_instances /opt/stack/nova/nova/conductor/manager.py:968}}
Jun 30 20:10:24.435153 np0000004028 nova-conductor[98814]: DEBUG oslo_concurrency.lockutils [None req-8b77ec17-df84-42d3-878f-30abf18db94a tempest-ServerStableDeviceRescueTest-1668351363 tempest-ServerStableDeviceRescueTest-1668351363-project-member] Acquiring lock "6d4226c0-57e5-40c4-a721-6d61e600b99c" by "nova.context.set_target_cell..get_or_set_cached_cell_and_set_connections" {{(pid=98814) inner /opt/stack/data/venv/lib/python3.12/site-packages/oslo_concurrency/lockutils.py:511}}
Jun 30 20:10:24.435369 np0000004028 nova-conductor[98814]: DEBUG oslo_concurrency.lockutils [None req-8b77ec17-df84-42d3-878f-30abf18db94a tempest-ServerStableDeviceRescueTest-1668351363 tempest-ServerStableDeviceRescueTest-1668351363-project-member] Lock "6d4226c0-57e5-40c4-a721-6d61e600b99c" acquired by "nova.context.set_target_cell..get_or_set_cached_cell_and_set_connections" :: waited 0.000s {{(pid=98814) inner /opt/stack/data/venv/lib/python3.12/site-packages/oslo_concurrency/lockutils.py:524}}
Jun 30 20:10:24.436981 np0000004028 nova-conductor[98814]: DEBUG oslo_concurrency.lockutils [None req-8b77ec17-df84-42d3-878f-30abf18db94a tempest-ServerStableDeviceRescueTest-1668351363 tempest-ServerStableDeviceRescueTest-1668351363-project-member] Lock "6d4226c0-57e5-40c4-a721-6d61e600b99c" "released" by "nova.context.set_target_cell..get_or_set_cached_cell_and_set_connections" :: held 0.002s {{(pid=98814) inner /opt/stack/data/venv/lib/python3.12/site-packages/oslo_concurrency/lockutils.py:543}}
Jun 30 20:10:24.438886 np0000004028 nova-conductor[98814]: INFO dbcounter [None req-8b77ec17-df84-42d3-878f-30abf18db94a tempest-ServerStableDeviceRescueTest-1668351363 tempest-ServerStableDeviceRescueTest-1668351363-project-member] Registered counter for database nova_cell1
Jun 30 20:10:24.478351 np0000004028 nova-conductor[98814]: DEBUG oslo_db.sqlalchemy.engines [None req-8b77ec17-df84-42d3-878f-30abf18db94a tempest-ServerStableDeviceRescueTest-1668351363 tempest-ServerStableDeviceRescueTest-1668351363-project-member] MySQL server mode set to STRICT_TRANS_TABLES,STRICT_ALL_TABLES,NO_ZERO_IN_DATE,NO_ZERO_DATE,ERROR_FOR_DIVISION_BY_ZERO,TRADITIONAL,NO_ENGINE_SUBSTITUTION {{(pid=98814) _check_effective_sql_mode /opt/stack/data/venv/lib/python3.12/site-packages/oslo_db/sqlalchemy/engines.py:325}}
Jun 30 20:10:24.483796 np0000004028 nova-conductor[98814]: DEBUG dbcounter [-] [98814] Writer thread running {{(pid=98814) stat_writer /opt/stack/data/venv/lib/python3.12/site-packages/dbcounter.py:102}}
Jun 30 20:10:24.492116 np0000004028 nova-conductor[98793]: DEBUG nova.conductor.manager [None req-553f3699-8160-4ab0-96aa-db69f6f33396 tempest-AttachVolumeShelveTestJSON-259575094 tempest-AttachVolumeShelveTestJSON-259575094-project-member] Took 0.53 seconds to select destinations for 1 instance(s). {{(pid=98793) _schedule_instances /opt/stack/nova/nova/conductor/manager.py:968}}
Jun 30 20:10:24.521617 np0000004028 nova-conductor[98793]: DEBUG oslo_concurrency.lockutils [None req-553f3699-8160-4ab0-96aa-db69f6f33396 tempest-AttachVolumeShelveTestJSON-259575094 tempest-AttachVolumeShelveTestJSON-259575094-project-member] Acquiring lock "6d4226c0-57e5-40c4-a721-6d61e600b99c" by "nova.context.set_target_cell..get_or_set_cached_cell_and_set_connections" {{(pid=98793) inner /opt/stack/data/venv/lib/python3.12/site-packages/oslo_concurrency/lockutils.py:511}}
Jun 30 20:10:24.522124 np0000004028 nova-conductor[98793]: DEBUG oslo_concurrency.lockutils [None req-553f3699-8160-4ab0-96aa-db69f6f33396 tempest-AttachVolumeShelveTestJSON-259575094 tempest-AttachVolumeShelveTestJSON-259575094-project-member] Lock "6d4226c0-57e5-40c4-a721-6d61e600b99c" acquired by "nova.context.set_target_cell..get_or_set_cached_cell_and_set_connections" :: waited 0.000s {{(pid=98793) inner /opt/stack/data/venv/lib/python3.12/site-packages/oslo_concurrency/lockutils.py:524}}
Jun 30 20:10:24.523665 np0000004028 nova-conductor[98793]: DEBUG oslo_concurrency.lockutils [None req-553f3699-8160-4ab0-96aa-db69f6f33396 tempest-AttachVolumeShelveTestJSON-259575094 tempest-AttachVolumeShelveTestJSON-259575094-project-member] Lock "6d4226c0-57e5-40c4-a721-6d61e600b99c" "released" by "nova.context.set_target_cell..get_or_set_cached_cell_and_set_connections" :: held 0.001s {{(pid=98793) inner /opt/stack/data/venv/lib/python3.12/site-packages/oslo_concurrency/lockutils.py:543}}
Jun 30 20:10:24.525966 np0000004028 nova-conductor[98793]: INFO dbcounter [None req-553f3699-8160-4ab0-96aa-db69f6f33396 tempest-AttachVolumeShelveTestJSON-259575094 tempest-AttachVolumeShelveTestJSON-259575094-project-member] Registered counter for database nova_cell1
Jun 30 20:10:24.544352 np0000004028 nova-conductor[98814]: INFO nova.utils [None req-8b77ec17-df84-42d3-878f-30abf18db94a tempest-ServerStableDeviceRescueTest-1668351363 tempest-ServerStableDeviceRescueTest-1668351363-project-member] The cell worker thread pool ForkProcess-3.cell_worker is initialized
Jun 30 20:10:24.544352 np0000004028 nova-conductor[98814]: DEBUG oslo_concurrency.lockutils [None req-8b77ec17-df84-42d3-878f-30abf18db94a tempest-ServerStableDeviceRescueTest-1668351363 tempest-ServerStableDeviceRescueTest-1668351363-project-member] Acquiring lock "00000000-0000-0000-0000-000000000000" by "nova.context.set_target_cell..get_or_set_cached_cell_and_set_connections" {{(pid=98814) inner /opt/stack/data/venv/lib/python3.12/site-packages/oslo_concurrency/lockutils.py:511}}
Jun 30 20:10:24.544499 np0000004028 nova-conductor[98814]: DEBUG oslo_concurrency.lockutils [None req-8b77ec17-df84-42d3-878f-30abf18db94a tempest-ServerStableDeviceRescueTest-1668351363 tempest-ServerStableDeviceRescueTest-1668351363-project-member] Lock "00000000-0000-0000-0000-000000000000" acquired by "nova.context.set_target_cell..get_or_set_cached_cell_and_set_connections" :: waited 0.000s {{(pid=98814) inner /opt/stack/data/venv/lib/python3.12/site-packages/oslo_concurrency/lockutils.py:524}}
Jun 30 20:10:24.544944 np0000004028 nova-conductor[98814]: DEBUG oslo_concurrency.lockutils [None req-8b77ec17-df84-42d3-878f-30abf18db94a tempest-ServerStableDeviceRescueTest-1668351363 tempest-ServerStableDeviceRescueTest-1668351363-project-member] Lock "00000000-0000-0000-0000-000000000000" "released" by "nova.context.set_target_cell..get_or_set_cached_cell_and_set_connections" :: held 0.000s {{(pid=98814) inner /opt/stack/data/venv/lib/python3.12/site-packages/oslo_concurrency/lockutils.py:543}}
Jun 30 20:10:24.545697 np0000004028 nova-conductor[98814]: DEBUG oslo_concurrency.lockutils [None req-8b77ec17-df84-42d3-878f-30abf18db94a tempest-ServerStableDeviceRescueTest-1668351363 tempest-ServerStableDeviceRescueTest-1668351363-project-member] Acquiring lock "6d4226c0-57e5-40c4-a721-6d61e600b99c" by "nova.context.set_target_cell..get_or_set_cached_cell_and_set_connections" {{(pid=98814) inner /opt/stack/data/venv/lib/python3.12/site-packages/oslo_concurrency/lockutils.py:511}}
Jun 30 20:10:24.545862 np0000004028 nova-conductor[98814]: DEBUG oslo_concurrency.lockutils [None req-8b77ec17-df84-42d3-878f-30abf18db94a tempest-ServerStableDeviceRescueTest-1668351363 tempest-ServerStableDeviceRescueTest-1668351363-project-member] Lock "6d4226c0-57e5-40c4-a721-6d61e600b99c" acquired by "nova.context.set_target_cell..get_or_set_cached_cell_and_set_connections" :: waited 0.000s {{(pid=98814) inner /opt/stack/data/venv/lib/python3.12/site-packages/oslo_concurrency/lockutils.py:524}}
Jun 30 20:10:24.546081 np0000004028 nova-conductor[98814]: DEBUG oslo_concurrency.lockutils [None req-8b77ec17-df84-42d3-878f-30abf18db94a tempest-ServerStableDeviceRescueTest-1668351363 tempest-ServerStableDeviceRescueTest-1668351363-project-member] Lock "6d4226c0-57e5-40c4-a721-6d61e600b99c" "released" by "nova.context.set_target_cell..get_or_set_cached_cell_and_set_connections" :: held 0.000s {{(pid=98814) inner /opt/stack/data/venv/lib/python3.12/site-packages/oslo_concurrency/lockutils.py:543}}
Jun 30 20:10:24.547581 np0000004028 nova-conductor[98814]: INFO dbcounter [None req-8b77ec17-df84-42d3-878f-30abf18db94a tempest-ServerStableDeviceRescueTest-1668351363 tempest-ServerStableDeviceRescueTest-1668351363-project-member] Registered counter for database nova_cell0
Jun 30 20:10:24.573292 np0000004028 nova-conductor[98793]: DEBUG oslo_db.sqlalchemy.engines [None req-553f3699-8160-4ab0-96aa-db69f6f33396 tempest-AttachVolumeShelveTestJSON-259575094 tempest-AttachVolumeShelveTestJSON-259575094-project-member] MySQL server mode set to STRICT_TRANS_TABLES,STRICT_ALL_TABLES,NO_ZERO_IN_DATE,NO_ZERO_DATE,ERROR_FOR_DIVISION_BY_ZERO,TRADITIONAL,NO_ENGINE_SUBSTITUTION {{(pid=98793) _check_effective_sql_mode /opt/stack/data/venv/lib/python3.12/site-packages/oslo_db/sqlalchemy/engines.py:325}}
Jun 30 20:10:24.579287 np0000004028 nova-conductor[98793]: DEBUG dbcounter [-] [98793] Writer thread running {{(pid=98793) stat_writer /opt/stack/data/venv/lib/python3.12/site-packages/dbcounter.py:102}}
Jun 30 20:10:24.588741 np0000004028 nova-conductor[98814]: DEBUG oslo_db.sqlalchemy.engines [None req-8b77ec17-df84-42d3-878f-30abf18db94a tempest-ServerStableDeviceRescueTest-1668351363 tempest-ServerStableDeviceRescueTest-1668351363-project-member] MySQL server mode set to STRICT_TRANS_TABLES,STRICT_ALL_TABLES,NO_ZERO_IN_DATE,NO_ZERO_DATE,ERROR_FOR_DIVISION_BY_ZERO,TRADITIONAL,NO_ENGINE_SUBSTITUTION {{(pid=98814) _check_effective_sql_mode /opt/stack/data/venv/lib/python3.12/site-packages/oslo_db/sqlalchemy/engines.py:325}}
Jun 30 20:10:24.595449 np0000004028 nova-conductor[98814]: DEBUG dbcounter [-] [98814] Writer thread running {{(pid=98814) stat_writer /opt/stack/data/venv/lib/python3.12/site-packages/dbcounter.py:102}}
Jun 30 20:10:24.605334 np0000004028 nova-conductor[98814]: DEBUG nova.quota [None req-8b77ec17-df84-42d3-878f-30abf18db94a tempest-ServerStableDeviceRescueTest-1668351363 tempest-ServerStableDeviceRescueTest-1668351363-project-member] Getting quotas for project d6635d9e14be48f283f3009235d26f7f. Resources: {'instances', 'cores', 'ram'} {{(pid=98814) _get_quotas /opt/stack/nova/nova/quota.py:389}}
Jun 30 20:10:24.609320 np0000004028 nova-conductor[98814]: DEBUG nova.quota [None req-8b77ec17-df84-42d3-878f-30abf18db94a tempest-ServerStableDeviceRescueTest-1668351363 tempest-ServerStableDeviceRescueTest-1668351363-project-member] Getting quotas for user 4cc67cbe48e348639cff0b39f56b40e8 and project d6635d9e14be48f283f3009235d26f7f. Resources: {'instances', 'cores', 'ram'} {{(pid=98814) _get_quotas /opt/stack/nova/nova/quota.py:379}}
Jun 30 20:10:24.620307 np0000004028 nova-conductor[98814]: DEBUG nova.conductor.manager [None req-8b77ec17-df84-42d3-878f-30abf18db94a tempest-ServerStableDeviceRescueTest-1668351363 tempest-ServerStableDeviceRescueTest-1668351363-project-member] [instance: 50587d46-ca62-43cc-ac56-edbc89c79fa4] Selected host: np0000004028; Selected node: np0000004028; Alternates: [] {{(pid=98814) schedule_and_build_instances /opt/stack/nova/nova/conductor/manager.py:1784}}
Jun 30 20:10:24.620307 np0000004028 nova-conductor[98814]: DEBUG oslo_concurrency.lockutils [None req-8b77ec17-df84-42d3-878f-30abf18db94a tempest-ServerStableDeviceRescueTest-1668351363 tempest-ServerStableDeviceRescueTest-1668351363-project-member] Acquiring lock "6d4226c0-57e5-40c4-a721-6d61e600b99c" by "nova.context.set_target_cell..get_or_set_cached_cell_and_set_connections" {{(pid=98814) inner /opt/stack/data/venv/lib/python3.12/site-packages/oslo_concurrency/lockutils.py:511}}
Jun 30 20:10:24.620509 np0000004028 nova-conductor[98814]: DEBUG oslo_concurrency.lockutils [None req-8b77ec17-df84-42d3-878f-30abf18db94a tempest-ServerStableDeviceRescueTest-1668351363 tempest-ServerStableDeviceRescueTest-1668351363-project-member] Lock "6d4226c0-57e5-40c4-a721-6d61e600b99c" acquired by "nova.context.set_target_cell..get_or_set_cached_cell_and_set_connections" :: waited 0.000s {{(pid=98814) inner /opt/stack/data/venv/lib/python3.12/site-packages/oslo_concurrency/lockutils.py:524}}
Jun 30 20:10:24.620631 np0000004028 nova-conductor[98814]: DEBUG oslo_concurrency.lockutils [None req-8b77ec17-df84-42d3-878f-30abf18db94a tempest-ServerStableDeviceRescueTest-1668351363 tempest-ServerStableDeviceRescueTest-1668351363-project-member] Lock "6d4226c0-57e5-40c4-a721-6d61e600b99c" "released" by "nova.context.set_target_cell..get_or_set_cached_cell_and_set_connections" :: held 0.000s {{(pid=98814) inner /opt/stack/data/venv/lib/python3.12/site-packages/oslo_concurrency/lockutils.py:543}}
Jun 30 20:10:24.629140 np0000004028 nova-conductor[98814]: DEBUG nova.conductor.manager [None req-8b77ec17-df84-42d3-878f-30abf18db94a tempest-ServerStableDeviceRescueTest-1668351363 tempest-ServerStableDeviceRescueTest-1668351363-project-member] [instance: 50587d46-ca62-43cc-ac56-edbc89c79fa4] block_device_mapping [BlockDeviceMapping(attachment_id=,boot_index=0,connection_info=None,created_at=,delete_on_termination=True,deleted=,deleted_at=,destination_type='local',device_name=None,device_type='disk',disk_bus=None,encrypted=False,encryption_format=None,encryption_options=None,encryption_secret_uuid=None,guest_format=None,id=,image_id='1f6c7d7b-9413-4f0b-9f08-ba66cbd65042',instance=,instance_uuid=,no_device=False,snapshot_id=None,source_type='image',tag=None,updated_at=,uuid=,volume_id=None,volume_size=None,volume_type=None)] {{(pid=98814) _create_block_device_mapping /opt/stack/nova/nova/conductor/manager.py:1529}}
