Aug 24 18:22:56.720018 np0000007997 nova-scheduler[93866]: DEBUG cotyledon.oslo_config_glue [-] oslo_messaging_rabbit.rabbit_login_method = AMQPLAIN {{(pid=93866) log_opt_values /opt/stack/data/venv/lib/python3.12/site-packages/oslo_config/cfg.py:3560}}
Aug 24 18:22:56.720018 np0000007997 nova-scheduler[93866]: DEBUG cotyledon.oslo_config_glue [-] oslo_messaging_rabbit.rabbit_qos_prefetch_count = 0 {{(pid=93866) log_opt_values /opt/stack/data/venv/lib/python3.12/site-packages/oslo_config/cfg.py:3560}}
Aug 24 18:22:56.720018 np0000007997 nova-scheduler[93866]: DEBUG cotyledon.oslo_config_glue [-] oslo_messaging_rabbit.rabbit_quorum_delivery_limit = 0 {{(pid=93866) log_opt_values /opt/stack/data/venv/lib/python3.12/site-packages/oslo_config/cfg.py:3560}}
Aug 24 18:22:56.720273 np0000007997 nova-scheduler[93866]: DEBUG cotyledon.oslo_config_glue [-] oslo_messaging_rabbit.rabbit_quorum_max_memory_bytes = 0 {{(pid=93866) log_opt_values /opt/stack/data/venv/lib/python3.12/site-packages/oslo_config/cfg.py:3560}}
Aug 24 18:22:56.720273 np0000007997 nova-scheduler[93866]: DEBUG cotyledon.oslo_config_glue [-] oslo_messaging_rabbit.rabbit_quorum_max_memory_length = 0 {{(pid=93866) log_opt_values /opt/stack/data/venv/lib/python3.12/site-packages/oslo_config/cfg.py:3560}}
Aug 24 18:22:56.720273 np0000007997 nova-scheduler[93866]: DEBUG cotyledon.oslo_config_glue [-] oslo_messaging_rabbit.rabbit_quorum_queue = False {{(pid=93866) log_opt_values /opt/stack/data/venv/lib/python3.12/site-packages/oslo_config/cfg.py:3560}}
Aug 24 18:22:56.720273 np0000007997 nova-scheduler[93866]: DEBUG cotyledon.oslo_config_glue [-] oslo_messaging_rabbit.rabbit_retry_backoff = 2 {{(pid=93866) log_opt_values /opt/stack/data/venv/lib/python3.12/site-packages/oslo_config/cfg.py:3560}}
Aug 24 18:22:56.720273 np0000007997 nova-scheduler[93866]: DEBUG cotyledon.oslo_config_glue [-] oslo_messaging_rabbit.rabbit_retry_interval = 1 {{(pid=93866) log_opt_values /opt/stack/data/venv/lib/python3.12/site-packages/oslo_config/cfg.py:3560}}
Aug 24 18:22:56.720273 np0000007997 nova-scheduler[93866]: DEBUG cotyledon.oslo_config_glue [-] oslo_messaging_rabbit.rabbit_stream_fanout = False {{(pid=93866) log_opt_values /opt/stack/data/venv/lib/python3.12/site-packages/oslo_config/cfg.py:3560}}
Aug 24 18:22:56.720273 np0000007997 nova-scheduler[93866]: DEBUG cotyledon.oslo_config_glue [-] oslo_messaging_rabbit.rabbit_transient_queues_ttl = 1800 {{(pid=93866) log_opt_values /opt/stack/data/venv/lib/python3.12/site-packages/oslo_config/cfg.py:3560}}
Aug 24 18:22:56.720273 np0000007997 nova-scheduler[93866]: DEBUG cotyledon.oslo_config_glue [-] oslo_messaging_rabbit.rabbit_transient_quorum_queue = False {{(pid=93866) log_opt_values /opt/stack/data/venv/lib/python3.12/site-packages/oslo_config/cfg.py:3560}}
Aug 24 18:22:56.720503 np0000007997 nova-scheduler[93866]: DEBUG cotyledon.oslo_config_glue [-] oslo_messaging_rabbit.rpc_conn_pool_size = 30 {{(pid=93866) log_opt_values /opt/stack/data/venv/lib/python3.12/site-packages/oslo_config/cfg.py:3560}}
Aug 24 18:22:56.720503 np0000007997 nova-scheduler[93866]: DEBUG cotyledon.oslo_config_glue [-] oslo_messaging_rabbit.ssl = False {{(pid=93866) log_opt_values /opt/stack/data/venv/lib/python3.12/site-packages/oslo_config/cfg.py:3560}}
Aug 24 18:22:56.720503 np0000007997 nova-scheduler[93866]: DEBUG cotyledon.oslo_config_glue [-] oslo_messaging_rabbit.ssl_ca_file = {{(pid=93866) log_opt_values /opt/stack/data/venv/lib/python3.12/site-packages/oslo_config/cfg.py:3560}}
Aug 24 18:22:56.720503 np0000007997 nova-scheduler[93866]: DEBUG cotyledon.oslo_config_glue [-] oslo_messaging_rabbit.ssl_cert_file = {{(pid=93866) log_opt_values /opt/stack/data/venv/lib/python3.12/site-packages/oslo_config/cfg.py:3560}}
Aug 24 18:22:56.720656 np0000007997 nova-scheduler[93864]: INFO dbcounter [None req-046b1a42-cedb-4bab-9f86-a772edbc75e6 None None] Registered counter for database nova_cell0
Aug 24 18:22:56.720699 np0000007997 nova-scheduler[93866]: DEBUG cotyledon.oslo_config_glue [-] oslo_messaging_rabbit.ssl_enforce_fips_mode = False {{(pid=93866) log_opt_values /opt/stack/data/venv/lib/python3.12/site-packages/oslo_config/cfg.py:3560}}
Aug 24 18:22:56.720699 np0000007997 nova-scheduler[93866]: DEBUG cotyledon.oslo_config_glue [-] oslo_messaging_rabbit.ssl_enforce_hostname_verification = True {{(pid=93866) log_opt_values /opt/stack/data/venv/lib/python3.12/site-packages/oslo_config/cfg.py:3560}}
Aug 24 18:22:56.720699 np0000007997 nova-scheduler[93866]: DEBUG cotyledon.oslo_config_glue [-] oslo_messaging_rabbit.ssl_key_file = {{(pid=93866) log_opt_values /opt/stack/data/venv/lib/python3.12/site-packages/oslo_config/cfg.py:3560}}
Aug 24 18:22:56.720699 np0000007997 nova-scheduler[93866]: DEBUG cotyledon.oslo_config_glue [-] oslo_messaging_rabbit.ssl_version = {{(pid=93866) log_opt_values /opt/stack/data/venv/lib/python3.12/site-packages/oslo_config/cfg.py:3560}}
Aug 24 18:22:56.720699 np0000007997 nova-scheduler[93866]: DEBUG cotyledon.oslo_config_glue [-] oslo_messaging_rabbit.use_queue_manager = False {{(pid=93866) log_opt_values /opt/stack/data/venv/lib/python3.12/site-packages/oslo_config/cfg.py:3560}}
Aug 24 18:22:56.720699 np0000007997 nova-scheduler[93866]: DEBUG cotyledon.oslo_config_glue [-] oslo_messaging_notifications.driver = ['messagingv2'] {{(pid=93866) log_opt_values /opt/stack/data/venv/lib/python3.12/site-packages/oslo_config/cfg.py:3560}}
Aug 24 18:22:56.720699 np0000007997 nova-scheduler[93866]: DEBUG cotyledon.oslo_config_glue [-] oslo_messaging_notifications.retry = -1 {{(pid=93866) log_opt_values /opt/stack/data/venv/lib/python3.12/site-packages/oslo_config/cfg.py:3560}}
Aug 24 18:22:56.720699 np0000007997 nova-scheduler[93866]: DEBUG cotyledon.oslo_config_glue [-] oslo_messaging_notifications.topics = ['notifications'] {{(pid=93866) log_opt_values /opt/stack/data/venv/lib/python3.12/site-packages/oslo_config/cfg.py:3560}}
Aug 24 18:22:56.720699 np0000007997 nova-scheduler[93866]: DEBUG cotyledon.oslo_config_glue [-] oslo_messaging_notifications.transport_url = **** {{(pid=93866) log_opt_values /opt/stack/data/venv/lib/python3.12/site-packages/oslo_config/cfg.py:3560}}
Aug 24 18:22:56.721002 np0000007997 nova-scheduler[93866]: DEBUG cotyledon.oslo_config_glue [-] oslo_limit.auth_section = None {{(pid=93866) log_opt_values /opt/stack/data/venv/lib/python3.12/site-packages/oslo_config/cfg.py:3560}}
Aug 24 18:22:56.721002 np0000007997 nova-scheduler[93866]: DEBUG cotyledon.oslo_config_glue [-] oslo_limit.auth_type = None {{(pid=93866) log_opt_values /opt/stack/data/venv/lib/python3.12/site-packages/oslo_config/cfg.py:3560}}
Aug 24 18:22:56.721002 np0000007997 nova-scheduler[93866]: DEBUG cotyledon.oslo_config_glue [-] oslo_limit.cafile = None {{(pid=93866) log_opt_values /opt/stack/data/venv/lib/python3.12/site-packages/oslo_config/cfg.py:3560}}
Aug 24 18:22:56.721002 np0000007997 nova-scheduler[93866]: DEBUG cotyledon.oslo_config_glue [-] oslo_limit.certfile = None {{(pid=93866) log_opt_values /opt/stack/data/venv/lib/python3.12/site-packages/oslo_config/cfg.py:3560}}
Aug 24 18:22:56.721002 np0000007997 nova-scheduler[93866]: DEBUG cotyledon.oslo_config_glue [-] oslo_limit.collect_timing = False {{(pid=93866) log_opt_values /opt/stack/data/venv/lib/python3.12/site-packages/oslo_config/cfg.py:3560}}
Aug 24 18:22:56.721002 np0000007997 nova-scheduler[93866]: DEBUG cotyledon.oslo_config_glue [-] oslo_limit.connect_retries = None {{(pid=93866) log_opt_values /opt/stack/data/venv/lib/python3.12/site-packages/oslo_config/cfg.py:3560}}
Aug 24 18:22:56.721002 np0000007997 nova-scheduler[93866]: DEBUG cotyledon.oslo_config_glue [-] oslo_limit.connect_retry_delay = None {{(pid=93866) log_opt_values /opt/stack/data/venv/lib/python3.12/site-packages/oslo_config/cfg.py:3560}}
Aug 24 18:22:56.721002 np0000007997 nova-scheduler[93866]: DEBUG cotyledon.oslo_config_glue [-] oslo_limit.endpoint_id = None {{(pid=93866) log_opt_values /opt/stack/data/venv/lib/python3.12/site-packages/oslo_config/cfg.py:3560}}
Aug 24 18:22:56.721002 np0000007997 nova-scheduler[93866]: DEBUG cotyledon.oslo_config_glue [-] oslo_limit.endpoint_interface = public {{(pid=93866) log_opt_values /opt/stack/data/venv/lib/python3.12/site-packages/oslo_config/cfg.py:3560}}
Aug 24 18:22:56.721283 np0000007997 nova-scheduler[93866]: DEBUG cotyledon.oslo_config_glue [-] oslo_limit.endpoint_override = None {{(pid=93866) log_opt_values /opt/stack/data/venv/lib/python3.12/site-packages/oslo_config/cfg.py:3560}}
Aug 24 18:22:56.721283 np0000007997 nova-scheduler[93866]: DEBUG cotyledon.oslo_config_glue [-] oslo_limit.endpoint_region_name = None {{(pid=93866) log_opt_values /opt/stack/data/venv/lib/python3.12/site-packages/oslo_config/cfg.py:3560}}
Aug 24 18:22:56.721283 np0000007997 nova-scheduler[93866]: DEBUG cotyledon.oslo_config_glue [-] oslo_limit.endpoint_service_name = None {{(pid=93866) log_opt_values /opt/stack/data/venv/lib/python3.12/site-packages/oslo_config/cfg.py:3560}}
Aug 24 18:22:56.721283 np0000007997 nova-scheduler[93866]: DEBUG cotyledon.oslo_config_glue [-] oslo_limit.endpoint_service_type = None {{(pid=93866) log_opt_values /opt/stack/data/venv/lib/python3.12/site-packages/oslo_config/cfg.py:3560}}
Aug 24 18:22:56.721283 np0000007997 nova-scheduler[93866]: DEBUG cotyledon.oslo_config_glue [-] oslo_limit.insecure = False {{(pid=93866) log_opt_values /opt/stack/data/venv/lib/python3.12/site-packages/oslo_config/cfg.py:3560}}
Aug 24 18:22:56.721283 np0000007997 nova-scheduler[93866]: DEBUG cotyledon.oslo_config_glue [-] oslo_limit.keyfile = None {{(pid=93866) log_opt_values /opt/stack/data/venv/lib/python3.12/site-packages/oslo_config/cfg.py:3560}}
Aug 24 18:22:56.721283 np0000007997 nova-scheduler[93866]: DEBUG cotyledon.oslo_config_glue [-] oslo_limit.max_version = None {{(pid=93866) log_opt_values /opt/stack/data/venv/lib/python3.12/site-packages/oslo_config/cfg.py:3560}}
Aug 24 18:22:56.721283 np0000007997 nova-scheduler[93866]: DEBUG cotyledon.oslo_config_glue [-] oslo_limit.min_version = None {{(pid=93866) log_opt_values /opt/stack/data/venv/lib/python3.12/site-packages/oslo_config/cfg.py:3560}}
Aug 24 18:22:56.721283 np0000007997 nova-scheduler[93866]: DEBUG cotyledon.oslo_config_glue [-] oslo_limit.region_name = None {{(pid=93866) log_opt_values /opt/stack/data/venv/lib/python3.12/site-packages/oslo_config/cfg.py:3560}}
Aug 24 18:22:56.721553 np0000007997 nova-scheduler[93866]: DEBUG cotyledon.oslo_config_glue [-] oslo_limit.retriable_status_codes = None {{(pid=93866) log_opt_values /opt/stack/data/venv/lib/python3.12/site-packages/oslo_config/cfg.py:3560}}
Aug 24 18:22:56.721553 np0000007997 nova-scheduler[93866]: DEBUG cotyledon.oslo_config_glue [-] oslo_limit.service_name = None {{(pid=93866) log_opt_values /opt/stack/data/venv/lib/python3.12/site-packages/oslo_config/cfg.py:3560}}
Aug 24 18:22:56.721553 np0000007997 nova-scheduler[93866]: DEBUG cotyledon.oslo_config_glue [-] oslo_limit.service_type = None {{(pid=93866) log_opt_values /opt/stack/data/venv/lib/python3.12/site-packages/oslo_config/cfg.py:3560}}
Aug 24 18:22:56.721553 np0000007997 nova-scheduler[93866]: DEBUG cotyledon.oslo_config_glue [-] oslo_limit.split_loggers = False {{(pid=93866) log_opt_values /opt/stack/data/venv/lib/python3.12/site-packages/oslo_config/cfg.py:3560}}
Aug 24 18:22:56.721553 np0000007997 nova-scheduler[93866]: DEBUG cotyledon.oslo_config_glue [-] oslo_limit.status_code_retries = None {{(pid=93866) log_opt_values /opt/stack/data/venv/lib/python3.12/site-packages/oslo_config/cfg.py:3560}}
Aug 24 18:22:56.721553 np0000007997 nova-scheduler[93866]: DEBUG cotyledon.oslo_config_glue [-] oslo_limit.status_code_retry_delay = None {{(pid=93866) log_opt_values /opt/stack/data/venv/lib/python3.12/site-packages/oslo_config/cfg.py:3560}}
Aug 24 18:22:56.721553 np0000007997 nova-scheduler[93866]: DEBUG cotyledon.oslo_config_glue [-] oslo_limit.timeout = None {{(pid=93866) log_opt_values /opt/stack/data/venv/lib/python3.12/site-packages/oslo_config/cfg.py:3560}}
Aug 24 18:22:56.721553 np0000007997 nova-scheduler[93866]: DEBUG cotyledon.oslo_config_glue [-] oslo_limit.valid_interfaces = None {{(pid=93866) log_opt_values /opt/stack/data/venv/lib/python3.12/site-packages/oslo_config/cfg.py:3560}}
Aug 24 18:22:56.721553 np0000007997 nova-scheduler[93866]: DEBUG cotyledon.oslo_config_glue [-] oslo_limit.version = None {{(pid=93866) log_opt_values /opt/stack/data/venv/lib/python3.12/site-packages/oslo_config/cfg.py:3560}}
Aug 24 18:22:56.721844 np0000007997 nova-scheduler[93866]: DEBUG cotyledon.oslo_config_glue [-] oslo_reports.file_event_handler = None {{(pid=93866) log_opt_values /opt/stack/data/venv/lib/python3.12/site-packages/oslo_config/cfg.py:3560}}
Aug 24 18:22:56.721844 np0000007997 nova-scheduler[93866]: DEBUG cotyledon.oslo_config_glue [-] oslo_reports.file_event_handler_interval = 1 {{(pid=93866) log_opt_values /opt/stack/data/venv/lib/python3.12/site-packages/oslo_config/cfg.py:3560}}
Aug 24 18:22:56.721844 np0000007997 nova-scheduler[93866]: DEBUG cotyledon.oslo_config_glue [-] oslo_reports.log_dir = None {{(pid=93866) log_opt_values /opt/stack/data/venv/lib/python3.12/site-packages/oslo_config/cfg.py:3560}}
Aug 24 18:22:56.721844 np0000007997 nova-scheduler[93866]: DEBUG cotyledon.oslo_config_glue [-] ******************************************************************************** {{(pid=93866) log_opt_values /opt/stack/data/venv/lib/python3.12/site-packages/oslo_config/cfg.py:3567}}
Aug 24 18:22:56.721844 np0000007997 nova-scheduler[93866]: DEBUG cotyledon._service_worker [-] Run service ServiceWrapper(2) [93866] {{(pid=93866) wait_forever /opt/stack/data/venv/lib/python3.12/site-packages/cotyledon/_service_worker.py:218}}
Aug 24 18:22:56.721844 np0000007997 nova-scheduler[93866]: INFO nova.service [-] Starting scheduler node (version 33.1.0)
Aug 24 18:22:56.721844 np0000007997 nova-scheduler[93866]: INFO dbcounter [None req-d3964204-2761-4363-becb-d2ce025fe457 None None] Registered counter for database nova_cell0
Aug 24 18:22:56.736154 np0000007997 nova-scheduler[93862]: DEBUG oslo_db.sqlalchemy.engines [None req-2e3fb50e-077c-4874-bca7-a02de6871e9f None None] MySQL server mode set to STRICT_TRANS_TABLES,STRICT_ALL_TABLES,NO_ZERO_IN_DATE,NO_ZERO_DATE,ERROR_FOR_DIVISION_BY_ZERO,TRADITIONAL,NO_ENGINE_SUBSTITUTION {{(pid=93862) _check_effective_sql_mode /opt/stack/data/venv/lib/python3.12/site-packages/oslo_db/sqlalchemy/engines.py:325}}
Aug 24 18:22:56.744871 np0000007997 nova-scheduler[93864]: DEBUG oslo_db.sqlalchemy.engines [None req-046b1a42-cedb-4bab-9f86-a772edbc75e6 None None] MySQL server mode set to STRICT_TRANS_TABLES,STRICT_ALL_TABLES,NO_ZERO_IN_DATE,NO_ZERO_DATE,ERROR_FOR_DIVISION_BY_ZERO,TRADITIONAL,NO_ENGINE_SUBSTITUTION {{(pid=93864) _check_effective_sql_mode /opt/stack/data/venv/lib/python3.12/site-packages/oslo_db/sqlalchemy/engines.py:325}}
Aug 24 18:22:56.745676 np0000007997 nova-scheduler[93862]: DEBUG dbcounter [-] [93862] Writer thread running {{(pid=93862) stat_writer /opt/stack/data/venv/lib/python3.12/site-packages/dbcounter.py:102}}
Aug 24 18:22:56.748809 np0000007997 nova-scheduler[93866]: DEBUG oslo_db.sqlalchemy.engines [None req-d3964204-2761-4363-becb-d2ce025fe457 None None] MySQL server mode set to STRICT_TRANS_TABLES,STRICT_ALL_TABLES,NO_ZERO_IN_DATE,NO_ZERO_DATE,ERROR_FOR_DIVISION_BY_ZERO,TRADITIONAL,NO_ENGINE_SUBSTITUTION {{(pid=93866) _check_effective_sql_mode /opt/stack/data/venv/lib/python3.12/site-packages/oslo_db/sqlalchemy/engines.py:325}}
Aug 24 18:22:56.754110 np0000007997 nova-scheduler[93864]: DEBUG dbcounter [-] [93864] Writer thread running {{(pid=93864) stat_writer /opt/stack/data/venv/lib/python3.12/site-packages/dbcounter.py:102}}
Aug 24 18:22:56.760119 np0000007997 nova-scheduler[93866]: DEBUG dbcounter [-] [93866] Writer thread running {{(pid=93866) stat_writer /opt/stack/data/venv/lib/python3.12/site-packages/dbcounter.py:102}}
Aug 24 18:22:56.761621 np0000007997 nova-scheduler[93862]: DEBUG nova.service [None req-2e3fb50e-077c-4874-bca7-a02de6871e9f None None] Creating RPC server for service: nova-scheduler on topic: scheduler {{(pid=93862) start /opt/stack/nova/nova/service.py:262}}
Aug 24 18:22:56.763239 np0000007997 nova-scheduler[93866]: DEBUG nova.service [None req-d3964204-2761-4363-becb-d2ce025fe457 None None] Creating RPC server for service: nova-scheduler on topic: scheduler {{(pid=93866) start /opt/stack/nova/nova/service.py:262}}
Aug 24 18:22:56.770630 np0000007997 nova-scheduler[93864]: DEBUG nova.service [None req-046b1a42-cedb-4bab-9f86-a772edbc75e6 None None] Creating RPC server for service: nova-scheduler on topic: scheduler {{(pid=93864) start /opt/stack/nova/nova/service.py:262}}
Aug 24 18:22:56.790521 np0000007997 nova-scheduler[93866]: DEBUG nova.service [None req-d3964204-2761-4363-becb-d2ce025fe457 None None] Join ServiceGroup membership for this service scheduler {{(pid=93866) start /opt/stack/nova/nova/service.py:288}}
Aug 24 18:22:56.790775 np0000007997 nova-scheduler[93866]: DEBUG nova.servicegroup.drivers.db [None req-d3964204-2761-4363-becb-d2ce025fe457 None None] DB_Driver: join new ServiceGroup member np0000007997 to the scheduler group, service = {{(pid=93866) join /opt/stack/nova/nova/servicegroup/drivers/db.py:44}}
Aug 24 18:22:56.791072 np0000007997 nova-scheduler[93864]: DEBUG nova.service [None req-046b1a42-cedb-4bab-9f86-a772edbc75e6 None None] Join ServiceGroup membership for this service scheduler {{(pid=93864) start /opt/stack/nova/nova/service.py:288}}
Aug 24 18:22:56.791188 np0000007997 nova-scheduler[93862]: DEBUG nova.service [None req-2e3fb50e-077c-4874-bca7-a02de6871e9f None None] Join ServiceGroup membership for this service scheduler {{(pid=93862) start /opt/stack/nova/nova/service.py:288}}
Aug 24 18:22:56.791314 np0000007997 nova-scheduler[93864]: DEBUG nova.servicegroup.drivers.db [None req-046b1a42-cedb-4bab-9f86-a772edbc75e6 None None] DB_Driver: join new ServiceGroup member np0000007997 to the scheduler group, service = {{(pid=93864) join /opt/stack/nova/nova/servicegroup/drivers/db.py:44}}
Aug 24 18:22:56.791439 np0000007997 nova-scheduler[93862]: DEBUG nova.servicegroup.drivers.db [None req-2e3fb50e-077c-4874-bca7-a02de6871e9f None None] DB_Driver: join new ServiceGroup member np0000007997 to the scheduler group, service = {{(pid=93862) join /opt/stack/nova/nova/servicegroup/drivers/db.py:44}}
Aug 24 18:22:59.793370 np0000007997 nova-scheduler[93864]: DEBUG oslo.service.backend._threading.loopingcall [None req-29247684-13e8-4f1f-8ad7-b2679a5a1ba6 None None] Dynamic interval looping call 'nova.service.Service.periodic_tasks' sleeping for 60.00 seconds {{(pid=93864) _run_loop /opt/stack/data/venv/lib/python3.12/site-packages/oslo_service/backend/_threading/loopingcall.py:125}}
Aug 24 18:23:01.808475 np0000007997 nova-scheduler[93864]: DEBUG oslo.service.backend._threading.loopingcall [-] Fixed interval looping call 'nova.servicegroup.drivers.db.DbDriver._report_state' sleeping for 119.98 seconds {{(pid=93864) _run_loop /opt/stack/data/venv/lib/python3.12/site-packages/oslo_service/backend/_threading/loopingcall.py:125}}
Aug 24 18:23:01.808842 np0000007997 nova-scheduler[93866]: DEBUG oslo.service.backend._threading.loopingcall [-] Fixed interval looping call 'nova.servicegroup.drivers.db.DbDriver._report_state' sleeping for 119.98 seconds {{(pid=93866) _run_loop /opt/stack/data/venv/lib/python3.12/site-packages/oslo_service/backend/_threading/loopingcall.py:125}}
Aug 24 18:23:01.809357 np0000007997 nova-scheduler[93862]: DEBUG oslo.service.backend._threading.loopingcall [-] Fixed interval looping call 'nova.servicegroup.drivers.db.DbDriver._report_state' sleeping for 119.98 seconds {{(pid=93862) _run_loop /opt/stack/data/venv/lib/python3.12/site-packages/oslo_service/backend/_threading/loopingcall.py:125}}
Aug 24 18:23:05.360591 np0000007997 nova-scheduler[92659]: DEBUG dbcounter [-] [92659] Writing DB stats nova_api:SELECT=3 {{(pid=92659) stat_writer /opt/stack/data/venv/lib/python3.12/site-packages/dbcounter.py:115}}
Aug 24 18:23:05.482853 np0000007997 nova-scheduler[92659]: DEBUG dbcounter [-] [92659] Writing DB stats nova_cell0:SELECT=1 {{(pid=92659) stat_writer /opt/stack/data/venv/lib/python3.12/site-packages/dbcounter.py:115}}
Aug 24 18:23:05.487600 np0000007997 nova-scheduler[92659]: DEBUG dbcounter [-] [92659] Writing DB stats nova_cell1:SELECT=1 {{(pid=92659) stat_writer /opt/stack/data/venv/lib/python3.12/site-packages/dbcounter.py:115}}
Aug 24 18:23:11.800839 np0000007997 nova-scheduler[93864]: DEBUG dbcounter [-] [93864] Writing DB stats nova_cell0:SELECT=5,nova_cell0:INSERT=1,nova_cell0:UPDATE=1 {{(pid=93864) stat_writer /opt/stack/data/venv/lib/python3.12/site-packages/dbcounter.py:115}}
Aug 24 18:23:11.801489 np0000007997 nova-scheduler[93866]: DEBUG dbcounter [-] [93866] Writing DB stats nova_cell0:SELECT=3,nova_cell0:UPDATE=1 {{(pid=93866) stat_writer /opt/stack/data/venv/lib/python3.12/site-packages/dbcounter.py:115}}
Aug 24 18:23:11.805407 np0000007997 nova-scheduler[93862]: DEBUG dbcounter [-] [93862] Writing DB stats nova_cell0:SELECT=4,nova_cell0:INSERT=1,nova_cell0:UPDATE=1 {{(pid=93862) stat_writer /opt/stack/data/venv/lib/python3.12/site-packages/dbcounter.py:115}}
Aug 24 18:23:15.793667 np0000007997 nova-scheduler[93862]: DEBUG oslo.service.backend._threading.loopingcall [None req-581e20d5-6247-47b9-b337-bf537fd3b3c3 None None] Dynamic interval looping call 'nova.service.Service.periodic_tasks' sleeping for 60.00 seconds {{(pid=93862) _run_loop /opt/stack/data/venv/lib/python3.12/site-packages/oslo_service/backend/_threading/loopingcall.py:125}}
Aug 24 18:23:40.793836 np0000007997 nova-scheduler[93866]: DEBUG oslo.service.backend._threading.loopingcall [None req-ac0d1af5-c3ff-4992-b101-3bef5b54c3ff None None] Dynamic interval looping call 'nova.service.Service.periodic_tasks' sleeping for 60.00 seconds {{(pid=93866) _run_loop /opt/stack/data/venv/lib/python3.12/site-packages/oslo_service/backend/_threading/loopingcall.py:125}}
Aug 24 18:23:59.793828 np0000007997 nova-scheduler[93864]: DEBUG oslo.service.backend._threading.loopingcall [None req-29247684-13e8-4f1f-8ad7-b2679a5a1ba6 None None] Dynamic interval looping call 'nova.service.Service.periodic_tasks' sleeping for 60.00 seconds {{(pid=93864) _run_loop /opt/stack/data/venv/lib/python3.12/site-packages/oslo_service/backend/_threading/loopingcall.py:125}}
Aug 24 18:24:15.794181 np0000007997 nova-scheduler[93862]: DEBUG oslo.service.backend._threading.loopingcall [None req-581e20d5-6247-47b9-b337-bf537fd3b3c3 None None] Dynamic interval looping call 'nova.service.Service.periodic_tasks' sleeping for 60.00 seconds {{(pid=93862) _run_loop /opt/stack/data/venv/lib/python3.12/site-packages/oslo_service/backend/_threading/loopingcall.py:125}}
Aug 24 18:24:40.794314 np0000007997 nova-scheduler[93866]: DEBUG oslo.service.backend._threading.loopingcall [None req-ac0d1af5-c3ff-4992-b101-3bef5b54c3ff None None] Dynamic interval looping call 'nova.service.Service.periodic_tasks' sleeping for 60.00 seconds {{(pid=93866) _run_loop /opt/stack/data/venv/lib/python3.12/site-packages/oslo_service/backend/_threading/loopingcall.py:125}}
Aug 24 18:24:59.794257 np0000007997 nova-scheduler[93864]: DEBUG oslo.service.backend._threading.loopingcall [None req-29247684-13e8-4f1f-8ad7-b2679a5a1ba6 None None] Dynamic interval looping call 'nova.service.Service.periodic_tasks' sleeping for 60.00 seconds {{(pid=93864) _run_loop /opt/stack/data/venv/lib/python3.12/site-packages/oslo_service/backend/_threading/loopingcall.py:125}}
Aug 24 18:25:01.794558 np0000007997 nova-scheduler[93864]: DEBUG oslo.service.backend._threading.loopingcall [-] Fixed interval looping call 'nova.servicegroup.drivers.db.DbDriver._report_state' sleeping for 119.99 seconds {{(pid=93864) _run_loop /opt/stack/data/venv/lib/python3.12/site-packages/oslo_service/backend/_threading/loopingcall.py:125}}
Aug 24 18:25:01.795066 np0000007997 nova-scheduler[93862]: DEBUG oslo.service.backend._threading.loopingcall [-] Fixed interval looping call 'nova.servicegroup.drivers.db.DbDriver._report_state' sleeping for 119.99 seconds {{(pid=93862) _run_loop /opt/stack/data/venv/lib/python3.12/site-packages/oslo_service/backend/_threading/loopingcall.py:125}}
Aug 24 18:25:01.795684 np0000007997 nova-scheduler[93866]: DEBUG oslo.service.backend._threading.loopingcall [-] Fixed interval looping call 'nova.servicegroup.drivers.db.DbDriver._report_state' sleeping for 119.99 seconds {{(pid=93866) _run_loop /opt/stack/data/venv/lib/python3.12/site-packages/oslo_service/backend/_threading/loopingcall.py:125}}
Aug 24 18:25:11.792167 np0000007997 nova-scheduler[93864]: DEBUG dbcounter [-] [93864] Writing DB stats nova_cell0:SELECT=1,nova_cell0:UPDATE=1 {{(pid=93864) stat_writer /opt/stack/data/venv/lib/python3.12/site-packages/dbcounter.py:115}}
Aug 24 18:25:11.792625 np0000007997 nova-scheduler[93862]: DEBUG dbcounter [-] [93862] Writing DB stats nova_cell0:SELECT=1,nova_cell0:UPDATE=1 {{(pid=93862) stat_writer /opt/stack/data/venv/lib/python3.12/site-packages/dbcounter.py:115}}
Aug 24 18:25:11.793028 np0000007997 nova-scheduler[93866]: DEBUG dbcounter [-] [93866] Writing DB stats nova_cell0:SELECT=1,nova_cell0:UPDATE=1 {{(pid=93866) stat_writer /opt/stack/data/venv/lib/python3.12/site-packages/dbcounter.py:115}}
Aug 24 18:25:15.794847 np0000007997 nova-scheduler[93862]: DEBUG oslo.service.backend._threading.loopingcall [None req-581e20d5-6247-47b9-b337-bf537fd3b3c3 None None] Dynamic interval looping call 'nova.service.Service.periodic_tasks' sleeping for 60.00 seconds {{(pid=93862) _run_loop /opt/stack/data/venv/lib/python3.12/site-packages/oslo_service/backend/_threading/loopingcall.py:125}}
Aug 24 18:25:26.409185 np0000007997 nova-scheduler[93866]: DEBUG nova.scheduler.manager [None req-165fd32d-8f17-4398-b2aa-7348bb4b2615 tempest-ServerRescueNegativeTestJSON-3846761 tempest-ServerRescueNegativeTestJSON-3846761-project-member] Starting to schedule for instances: ['889cd4d3-cd26-4fca-b60d-24adcf8394e7'] {{(pid=93866) select_destinations /opt/stack/nova/nova/scheduler/manager.py:197}}
Aug 24 18:25:26.409796 np0000007997 nova-scheduler[93866]: DEBUG nova.scheduler.request_filter [None req-165fd32d-8f17-4398-b2aa-7348bb4b2615 tempest-ServerRescueNegativeTestJSON-3846761 tempest-ServerRescueNegativeTestJSON-3846761-project-member] compute_status_filter request filter added forbidden trait COMPUTE_STATUS_DISABLED {{(pid=93866) compute_status_filter /opt/stack/nova/nova/scheduler/request_filter.py:258}}
Aug 24 18:25:26.409796 np0000007997 nova-scheduler[93866]: DEBUG nova.scheduler.request_filter [None req-165fd32d-8f17-4398-b2aa-7348bb4b2615 tempest-ServerRescueNegativeTestJSON-3846761 tempest-ServerRescueNegativeTestJSON-3846761-project-member] Request filter 'compute_status_filter' took 0.0 seconds {{(pid=93866) wrapper /opt/stack/nova/nova/scheduler/request_filter.py:51}}
Aug 24 18:25:26.410000 np0000007997 nova-scheduler[93866]: DEBUG nova.scheduler.request_filter [None req-165fd32d-8f17-4398-b2aa-7348bb4b2615 tempest-ServerRescueNegativeTestJSON-3846761 tempest-ServerRescueNegativeTestJSON-3846761-project-member] Request filter 'accelerators_filter' took 0.0 seconds {{(pid=93866) wrapper /opt/stack/nova/nova/scheduler/request_filter.py:51}}
Aug 24 18:25:26.410188 np0000007997 nova-scheduler[93866]: DEBUG nova.scheduler.request_filter [None req-165fd32d-8f17-4398-b2aa-7348bb4b2615 tempest-ServerRescueNegativeTestJSON-3846761 tempest-ServerRescueNegativeTestJSON-3846761-project-member] Request filter 'packed_virtqueue_filter' took 0.0 seconds {{(pid=93866) wrapper /opt/stack/nova/nova/scheduler/request_filter.py:51}}
Aug 24 18:25:26.410503 np0000007997 nova-scheduler[93866]: DEBUG nova.scheduler.request_filter [None req-165fd32d-8f17-4398-b2aa-7348bb4b2615 tempest-ServerRescueNegativeTestJSON-3846761 tempest-ServerRescueNegativeTestJSON-3846761-project-member] Request filter 'remote_managed_ports_filter' took 0.0 seconds {{(pid=93866) wrapper /opt/stack/nova/nova/scheduler/request_filter.py:51}}
Aug 24 18:25:26.411646 np0000007997 nova-scheduler[93866]: DEBUG nova.scheduler.request_filter [None req-165fd32d-8f17-4398-b2aa-7348bb4b2615 tempest-ServerRescueNegativeTestJSON-3846761 tempest-ServerRescueNegativeTestJSON-3846761-project-member] ephemeral_encryption_filter skipped {{(pid=93866) ephemeral_encryption_filter /opt/stack/nova/nova/scheduler/request_filter.py:431}}
Aug 24 18:25:26.411851 np0000007997 nova-scheduler[93866]: DEBUG nova.scheduler.request_filter [None req-165fd32d-8f17-4398-b2aa-7348bb4b2615 tempest-ServerRescueNegativeTestJSON-3846761 tempest-ServerRescueNegativeTestJSON-3846761-project-member] virtio_sound_filter skipped {{(pid=93866) virtio_sound_filter /opt/stack/nova/nova/scheduler/request_filter.py:465}}
Aug 24 18:25:26.412011 np0000007997 nova-scheduler[93866]: DEBUG nova.scheduler.request_filter [None req-165fd32d-8f17-4398-b2aa-7348bb4b2615 tempest-ServerRescueNegativeTestJSON-3846761 tempest-ServerRescueNegativeTestJSON-3846761-project-member] tpm_secret_security_filter skipped {{(pid=93866) tpm_secret_security_filter /opt/stack/nova/nova/scheduler/request_filter.py:482}}
Aug 24 18:25:26.412431 np0000007997 nova-scheduler[93866]: DEBUG oslo_concurrency.lockutils [None req-165fd32d-8f17-4398-b2aa-7348bb4b2615 tempest-ServerRescueNegativeTestJSON-3846761 tempest-ServerRescueNegativeTestJSON-3846761-project-member] Acquiring lock "00000000-0000-0000-0000-000000000000" by "nova.context.set_target_cell..get_or_set_cached_cell_and_set_connections" {{(pid=93866) inner /opt/stack/data/venv/lib/python3.12/site-packages/oslo_concurrency/lockutils.py:512}}
Aug 24 18:25:26.412626 np0000007997 nova-scheduler[93866]: DEBUG oslo_concurrency.lockutils [None req-165fd32d-8f17-4398-b2aa-7348bb4b2615 tempest-ServerRescueNegativeTestJSON-3846761 tempest-ServerRescueNegativeTestJSON-3846761-project-member] Lock "00000000-0000-0000-0000-000000000000" acquired by "nova.context.set_target_cell..get_or_set_cached_cell_and_set_connections" :: waited 0.000s {{(pid=93866) inner /opt/stack/data/venv/lib/python3.12/site-packages/oslo_concurrency/lockutils.py:525}}
Aug 24 18:25:26.413362 np0000007997 nova-scheduler[93866]: DEBUG oslo_concurrency.lockutils [None req-165fd32d-8f17-4398-b2aa-7348bb4b2615 tempest-ServerRescueNegativeTestJSON-3846761 tempest-ServerRescueNegativeTestJSON-3846761-project-member] Lock "00000000-0000-0000-0000-000000000000" "released" by "nova.context.set_target_cell..get_or_set_cached_cell_and_set_connections" :: held 0.001s {{(pid=93866) inner /opt/stack/data/venv/lib/python3.12/site-packages/oslo_concurrency/lockutils.py:544}}
Aug 24 18:25:26.415341 np0000007997 nova-scheduler[93866]: INFO nova.thread_pool_factory [None req-165fd32d-8f17-4398-b2aa-7348bb4b2615 tempest-ServerRescueNegativeTestJSON-3846761 tempest-ServerRescueNegativeTestJSON-3846761-project-member] The cell_worker thread pool ForkProcess-3.cell_worker is initialized
Aug 24 18:25:26.415341 np0000007997 nova-scheduler[93866]: DEBUG oslo_concurrency.lockutils [None req-165fd32d-8f17-4398-b2aa-7348bb4b2615 tempest-ServerRescueNegativeTestJSON-3846761 tempest-ServerRescueNegativeTestJSON-3846761-project-member] Acquiring lock "ba96389b-21c5-4ecc-abe6-db65f72f3385" by "nova.context.set_target_cell..get_or_set_cached_cell_and_set_connections" {{(pid=93866) inner /opt/stack/data/venv/lib/python3.12/site-packages/oslo_concurrency/lockutils.py:512}}
Aug 24 18:25:26.415341 np0000007997 nova-scheduler[93866]: DEBUG oslo_concurrency.lockutils [None req-165fd32d-8f17-4398-b2aa-7348bb4b2615 tempest-ServerRescueNegativeTestJSON-3846761 tempest-ServerRescueNegativeTestJSON-3846761-project-member] Lock "ba96389b-21c5-4ecc-abe6-db65f72f3385" acquired by "nova.context.set_target_cell..get_or_set_cached_cell_and_set_connections" :: waited 0.000s {{(pid=93866) inner /opt/stack/data/venv/lib/python3.12/site-packages/oslo_concurrency/lockutils.py:525}}
Aug 24 18:25:26.416395 np0000007997 nova-scheduler[93866]: DEBUG oslo_concurrency.lockutils [None req-165fd32d-8f17-4398-b2aa-7348bb4b2615 tempest-ServerRescueNegativeTestJSON-3846761 tempest-ServerRescueNegativeTestJSON-3846761-project-member] Lock "ba96389b-21c5-4ecc-abe6-db65f72f3385" "released" by "nova.context.set_target_cell..get_or_set_cached_cell_and_set_connections" :: held 0.001s {{(pid=93866) inner /opt/stack/data/venv/lib/python3.12/site-packages/oslo_concurrency/lockutils.py:544}}
Aug 24 18:25:26.417647 np0000007997 nova-scheduler[93866]: INFO dbcounter [None req-165fd32d-8f17-4398-b2aa-7348bb4b2615 tempest-ServerRescueNegativeTestJSON-3846761 tempest-ServerRescueNegativeTestJSON-3846761-project-member] Registered counter for database nova_cell0
Aug 24 18:25:26.420919 np0000007997 nova-scheduler[93866]: INFO dbcounter [None req-165fd32d-8f17-4398-b2aa-7348bb4b2615 tempest-ServerRescueNegativeTestJSON-3846761 tempest-ServerRescueNegativeTestJSON-3846761-project-member] Registered counter for database nova_cell1
Aug 24 18:25:26.428622 np0000007997 nova-scheduler[93864]: DEBUG nova.scheduler.manager [None req-bd9450ce-f4e3-48ed-9fb1-b30b1c252240 tempest-DeleteServersTestJSON-814604534 tempest-DeleteServersTestJSON-814604534-project-member] Starting to schedule for instances: ['ad79bda8-c16d-484c-8b6f-87d8a87bf0d6'] {{(pid=93864) select_destinations /opt/stack/nova/nova/scheduler/manager.py:197}}
Aug 24 18:25:26.429584 np0000007997 nova-scheduler[93864]: DEBUG nova.scheduler.request_filter [None req-bd9450ce-f4e3-48ed-9fb1-b30b1c252240 tempest-DeleteServersTestJSON-814604534 tempest-DeleteServersTestJSON-814604534-project-member] compute_status_filter request filter added forbidden trait COMPUTE_STATUS_DISABLED {{(pid=93864) compute_status_filter /opt/stack/nova/nova/scheduler/request_filter.py:258}}
Aug 24 18:25:26.429727 np0000007997 nova-scheduler[93864]: DEBUG nova.scheduler.request_filter [None req-bd9450ce-f4e3-48ed-9fb1-b30b1c252240 tempest-DeleteServersTestJSON-814604534 tempest-DeleteServersTestJSON-814604534-project-member] Request filter 'compute_status_filter' took 0.0 seconds {{(pid=93864) wrapper /opt/stack/nova/nova/scheduler/request_filter.py:51}}
Aug 24 18:25:26.430015 np0000007997 nova-scheduler[93864]: DEBUG nova.scheduler.request_filter [None req-bd9450ce-f4e3-48ed-9fb1-b30b1c252240 tempest-DeleteServersTestJSON-814604534 tempest-DeleteServersTestJSON-814604534-project-member] Request filter 'accelerators_filter' took 0.0 seconds {{(pid=93864) wrapper /opt/stack/nova/nova/scheduler/request_filter.py:51}}
Aug 24 18:25:26.430645 np0000007997 nova-scheduler[93864]: DEBUG nova.scheduler.request_filter [None req-bd9450ce-f4e3-48ed-9fb1-b30b1c252240 tempest-DeleteServersTestJSON-814604534 tempest-DeleteServersTestJSON-814604534-project-member] Request filter 'packed_virtqueue_filter' took 0.0 seconds {{(pid=93864) wrapper /opt/stack/nova/nova/scheduler/request_filter.py:51}}
Aug 24 18:25:26.431049 np0000007997 nova-scheduler[93864]: DEBUG nova.scheduler.request_filter [None req-bd9450ce-f4e3-48ed-9fb1-b30b1c252240 tempest-DeleteServersTestJSON-814604534 tempest-DeleteServersTestJSON-814604534-project-member] Request filter 'remote_managed_ports_filter' took 0.0 seconds {{(pid=93864) wrapper /opt/stack/nova/nova/scheduler/request_filter.py:51}}
Aug 24 18:25:26.431220 np0000007997 nova-scheduler[93864]: DEBUG nova.scheduler.request_filter [None req-bd9450ce-f4e3-48ed-9fb1-b30b1c252240 tempest-DeleteServersTestJSON-814604534 tempest-DeleteServersTestJSON-814604534-project-member] ephemeral_encryption_filter skipped {{(pid=93864) ephemeral_encryption_filter /opt/stack/nova/nova/scheduler/request_filter.py:431}}
Aug 24 18:25:26.431444 np0000007997 nova-scheduler[93864]: DEBUG nova.scheduler.request_filter [None req-bd9450ce-f4e3-48ed-9fb1-b30b1c252240 tempest-DeleteServersTestJSON-814604534 tempest-DeleteServersTestJSON-814604534-project-member] virtio_sound_filter skipped {{(pid=93864) virtio_sound_filter /opt/stack/nova/nova/scheduler/request_filter.py:465}}
Aug 24 18:25:26.431627 np0000007997 nova-scheduler[93864]: DEBUG nova.scheduler.request_filter [None req-bd9450ce-f4e3-48ed-9fb1-b30b1c252240 tempest-DeleteServersTestJSON-814604534 tempest-DeleteServersTestJSON-814604534-project-member] tpm_secret_security_filter skipped {{(pid=93864) tpm_secret_security_filter /opt/stack/nova/nova/scheduler/request_filter.py:482}}
Aug 24 18:25:26.432671 np0000007997 nova-scheduler[93864]: DEBUG oslo_concurrency.lockutils [None req-bd9450ce-f4e3-48ed-9fb1-b30b1c252240 tempest-DeleteServersTestJSON-814604534 tempest-DeleteServersTestJSON-814604534-project-member] Acquiring lock "00000000-0000-0000-0000-000000000000" by "nova.context.set_target_cell..get_or_set_cached_cell_and_set_connections" {{(pid=93864) inner /opt/stack/data/venv/lib/python3.12/site-packages/oslo_concurrency/lockutils.py:512}}
Aug 24 18:25:26.432905 np0000007997 nova-scheduler[93864]: DEBUG oslo_concurrency.lockutils [None req-bd9450ce-f4e3-48ed-9fb1-b30b1c252240 tempest-DeleteServersTestJSON-814604534 tempest-DeleteServersTestJSON-814604534-project-member] Lock "00000000-0000-0000-0000-000000000000" acquired by "nova.context.set_target_cell..get_or_set_cached_cell_and_set_connections" :: waited 0.000s {{(pid=93864) inner /opt/stack/data/venv/lib/python3.12/site-packages/oslo_concurrency/lockutils.py:525}}
Aug 24 18:25:26.433469 np0000007997 nova-scheduler[93864]: DEBUG oslo_concurrency.lockutils [None req-bd9450ce-f4e3-48ed-9fb1-b30b1c252240 tempest-DeleteServersTestJSON-814604534 tempest-DeleteServersTestJSON-814604534-project-member] Lock "00000000-0000-0000-0000-000000000000" "released" by "nova.context.set_target_cell..get_or_set_cached_cell_and_set_connections" :: held 0.001s {{(pid=93864) inner /opt/stack/data/venv/lib/python3.12/site-packages/oslo_concurrency/lockutils.py:544}}
Aug 24 18:25:26.433720 np0000007997 nova-scheduler[93864]: INFO nova.thread_pool_factory [None req-bd9450ce-f4e3-48ed-9fb1-b30b1c252240 tempest-DeleteServersTestJSON-814604534 tempest-DeleteServersTestJSON-814604534-project-member] The cell_worker thread pool ForkProcess-2.cell_worker is initialized
Aug 24 18:25:26.434488 np0000007997 nova-scheduler[93864]: DEBUG oslo_concurrency.lockutils [None req-bd9450ce-f4e3-48ed-9fb1-b30b1c252240 tempest-DeleteServersTestJSON-814604534 tempest-DeleteServersTestJSON-814604534-project-member] Acquiring lock "ba96389b-21c5-4ecc-abe6-db65f72f3385" by "nova.context.set_target_cell..get_or_set_cached_cell_and_set_connections" {{(pid=93864) inner /opt/stack/data/venv/lib/python3.12/site-packages/oslo_concurrency/lockutils.py:512}}
Aug 24 18:25:26.434663 np0000007997 nova-scheduler[93864]: DEBUG oslo_concurrency.lockutils [None req-bd9450ce-f4e3-48ed-9fb1-b30b1c252240 tempest-DeleteServersTestJSON-814604534 tempest-DeleteServersTestJSON-814604534-project-member] Lock "ba96389b-21c5-4ecc-abe6-db65f72f3385" acquired by "nova.context.set_target_cell..get_or_set_cached_cell_and_set_connections" :: waited 0.000s {{(pid=93864) inner /opt/stack/data/venv/lib/python3.12/site-packages/oslo_concurrency/lockutils.py:525}}
Aug 24 18:25:26.435849 np0000007997 nova-scheduler[93864]: DEBUG oslo_concurrency.lockutils [None req-bd9450ce-f4e3-48ed-9fb1-b30b1c252240 tempest-DeleteServersTestJSON-814604534 tempest-DeleteServersTestJSON-814604534-project-member] Lock "ba96389b-21c5-4ecc-abe6-db65f72f3385" "released" by "nova.context.set_target_cell..get_or_set_cached_cell_and_set_connections" :: held 0.001s {{(pid=93864) inner /opt/stack/data/venv/lib/python3.12/site-packages/oslo_concurrency/lockutils.py:544}}
Aug 24 18:25:26.437995 np0000007997 nova-scheduler[93864]: INFO dbcounter [None req-bd9450ce-f4e3-48ed-9fb1-b30b1c252240 tempest-DeleteServersTestJSON-814604534 tempest-DeleteServersTestJSON-814604534-project-member] Registered counter for database nova_cell0
Aug 24 18:25:26.441097 np0000007997 nova-scheduler[93864]: INFO dbcounter [None req-bd9450ce-f4e3-48ed-9fb1-b30b1c252240 tempest-DeleteServersTestJSON-814604534 tempest-DeleteServersTestJSON-814604534-project-member] Registered counter for database nova_cell1
Aug 24 18:25:26.465270 np0000007997 nova-scheduler[93866]: DEBUG oslo_db.sqlalchemy.engines [None req-165fd32d-8f17-4398-b2aa-7348bb4b2615 tempest-ServerRescueNegativeTestJSON-3846761 tempest-ServerRescueNegativeTestJSON-3846761-project-member] MySQL server mode set to STRICT_TRANS_TABLES,STRICT_ALL_TABLES,NO_ZERO_IN_DATE,NO_ZERO_DATE,ERROR_FOR_DIVISION_BY_ZERO,TRADITIONAL,NO_ENGINE_SUBSTITUTION {{(pid=93866) _check_effective_sql_mode /opt/stack/data/venv/lib/python3.12/site-packages/oslo_db/sqlalchemy/engines.py:325}}
Aug 24 18:25:26.472011 np0000007997 nova-scheduler[93866]: DEBUG dbcounter [-] [93866] Writer thread running {{(pid=93866) stat_writer /opt/stack/data/venv/lib/python3.12/site-packages/dbcounter.py:102}}
Aug 24 18:25:26.475615 np0000007997 nova-scheduler[93866]: DEBUG oslo_db.sqlalchemy.engines [None req-165fd32d-8f17-4398-b2aa-7348bb4b2615 tempest-ServerRescueNegativeTestJSON-3846761 tempest-ServerRescueNegativeTestJSON-3846761-project-member] MySQL server mode set to STRICT_TRANS_TABLES,STRICT_ALL_TABLES,NO_ZERO_IN_DATE,NO_ZERO_DATE,ERROR_FOR_DIVISION_BY_ZERO,TRADITIONAL,NO_ENGINE_SUBSTITUTION {{(pid=93866) _check_effective_sql_mode /opt/stack/data/venv/lib/python3.12/site-packages/oslo_db/sqlalchemy/engines.py:325}}
Aug 24 18:25:26.483675 np0000007997 nova-scheduler[93866]: DEBUG dbcounter [-] [93866] Writer thread running {{(pid=93866) stat_writer /opt/stack/data/venv/lib/python3.12/site-packages/dbcounter.py:102}}
Aug 24 18:25:26.486070 np0000007997 nova-scheduler[93866]: DEBUG nova.scheduler.request_filter [None req-165fd32d-8f17-4398-b2aa-7348bb4b2615 tempest-ServerRescueNegativeTestJSON-3846761 tempest-ServerRescueNegativeTestJSON-3846761-project-member] Added required trait OWNER_NOVA to root provider in request spec {{(pid=93866) owner_nova_filter /opt/stack/nova/nova/scheduler/request_filter.py:580}}
Aug 24 18:25:26.486264 np0000007997 nova-scheduler[93866]: DEBUG nova.scheduler.request_filter [None req-165fd32d-8f17-4398-b2aa-7348bb4b2615 tempest-ServerRescueNegativeTestJSON-3846761 tempest-ServerRescueNegativeTestJSON-3846761-project-member] Request filter 'owner_nova_filter' took 0.1 seconds {{(pid=93866) wrapper /opt/stack/nova/nova/scheduler/request_filter.py:51}}
Aug 24 18:25:26.490197 np0000007997 nova-scheduler[93864]: DEBUG oslo_db.sqlalchemy.engines [None req-bd9450ce-f4e3-48ed-9fb1-b30b1c252240 tempest-DeleteServersTestJSON-814604534 tempest-DeleteServersTestJSON-814604534-project-member] MySQL server mode set to STRICT_TRANS_TABLES,STRICT_ALL_TABLES,NO_ZERO_IN_DATE,NO_ZERO_DATE,ERROR_FOR_DIVISION_BY_ZERO,TRADITIONAL,NO_ENGINE_SUBSTITUTION {{(pid=93864) _check_effective_sql_mode /opt/stack/data/venv/lib/python3.12/site-packages/oslo_db/sqlalchemy/engines.py:325}}
Aug 24 18:25:26.496776 np0000007997 nova-scheduler[93864]: DEBUG dbcounter [-] [93864] Writer thread running {{(pid=93864) stat_writer /opt/stack/data/venv/lib/python3.12/site-packages/dbcounter.py:102}}
Aug 24 18:25:26.500074 np0000007997 nova-scheduler[93864]: DEBUG oslo_db.sqlalchemy.engines [None req-bd9450ce-f4e3-48ed-9fb1-b30b1c252240 tempest-DeleteServersTestJSON-814604534 tempest-DeleteServersTestJSON-814604534-project-member] MySQL server mode set to STRICT_TRANS_TABLES,STRICT_ALL_TABLES,NO_ZERO_IN_DATE,NO_ZERO_DATE,ERROR_FOR_DIVISION_BY_ZERO,TRADITIONAL,NO_ENGINE_SUBSTITUTION {{(pid=93864) _check_effective_sql_mode /opt/stack/data/venv/lib/python3.12/site-packages/oslo_db/sqlalchemy/engines.py:325}}
Aug 24 18:25:26.506238 np0000007997 nova-scheduler[93864]: DEBUG dbcounter [-] [93864] Writer thread running {{(pid=93864) stat_writer /opt/stack/data/venv/lib/python3.12/site-packages/dbcounter.py:102}}
Aug 24 18:25:26.508437 np0000007997 nova-scheduler[93864]: DEBUG nova.scheduler.request_filter [None req-bd9450ce-f4e3-48ed-9fb1-b30b1c252240 tempest-DeleteServersTestJSON-814604534 tempest-DeleteServersTestJSON-814604534-project-member] Added required trait OWNER_NOVA to root provider in request spec {{(pid=93864) owner_nova_filter /opt/stack/nova/nova/scheduler/request_filter.py:580}}
Aug 24 18:25:26.508700 np0000007997 nova-scheduler[93864]: DEBUG nova.scheduler.request_filter [None req-bd9450ce-f4e3-48ed-9fb1-b30b1c252240 tempest-DeleteServersTestJSON-814604534 tempest-DeleteServersTestJSON-814604534-project-member] Request filter 'owner_nova_filter' took 0.1 seconds {{(pid=93864) wrapper /opt/stack/nova/nova/scheduler/request_filter.py:51}}
Aug 24 18:25:26.942803 np0000007997 nova-scheduler[93864]: DEBUG oslo_concurrency.lockutils [None req-bd9450ce-f4e3-48ed-9fb1-b30b1c252240 tempest-DeleteServersTestJSON-814604534 tempest-DeleteServersTestJSON-814604534-project-member] Acquiring lock "ba96389b-21c5-4ecc-abe6-db65f72f3385" by "nova.context.set_target_cell..get_or_set_cached_cell_and_set_connections" {{(pid=93864) inner /opt/stack/data/venv/lib/python3.12/site-packages/oslo_concurrency/lockutils.py:512}}
Aug 24 18:25:26.943040 np0000007997 nova-scheduler[93864]: DEBUG oslo_concurrency.lockutils [None req-bd9450ce-f4e3-48ed-9fb1-b30b1c252240 tempest-DeleteServersTestJSON-814604534 tempest-DeleteServersTestJSON-814604534-project-member] Lock "ba96389b-21c5-4ecc-abe6-db65f72f3385" acquired by "nova.context.set_target_cell..get_or_set_cached_cell_and_set_connections" :: waited 0.000s {{(pid=93864) inner /opt/stack/data/venv/lib/python3.12/site-packages/oslo_concurrency/lockutils.py:525}}
Aug 24 18:25:26.943175 np0000007997 nova-scheduler[93864]: DEBUG oslo_concurrency.lockutils [None req-bd9450ce-f4e3-48ed-9fb1-b30b1c252240 tempest-DeleteServersTestJSON-814604534 tempest-DeleteServersTestJSON-814604534-project-member] Lock "ba96389b-21c5-4ecc-abe6-db65f72f3385" "released" by "nova.context.set_target_cell..get_or_set_cached_cell_and_set_connections" :: held 0.000s {{(pid=93864) inner /opt/stack/data/venv/lib/python3.12/site-packages/oslo_concurrency/lockutils.py:544}}
Aug 24 18:25:26.961648 np0000007997 nova-scheduler[93864]: DEBUG oslo_db.sqlalchemy.engines [None req-bd9450ce-f4e3-48ed-9fb1-b30b1c252240 tempest-DeleteServersTestJSON-814604534 tempest-DeleteServersTestJSON-814604534-project-member] Parent process 92659 forked (93864) with an open database connection, which is being discarded and recreated. {{(pid=93864) checkout /opt/stack/data/venv/lib/python3.12/site-packages/oslo_db/sqlalchemy/engines.py:402}}
Aug 24 18:25:27.006876 np0000007997 nova-scheduler[93864]: DEBUG dbcounter [-] [93864] Writer thread running {{(pid=93864) stat_writer /opt/stack/data/venv/lib/python3.12/site-packages/dbcounter.py:102}}
Aug 24 18:25:27.009999 np0000007997 nova-scheduler[93864]: DEBUG oslo_concurrency.lockutils [None req-bd9450ce-f4e3-48ed-9fb1-b30b1c252240 tempest-DeleteServersTestJSON-814604534 tempest-DeleteServersTestJSON-814604534-project-member] Acquiring lock "ba96389b-21c5-4ecc-abe6-db65f72f3385" by "nova.context.set_target_cell..get_or_set_cached_cell_and_set_connections" {{(pid=93864) inner /opt/stack/data/venv/lib/python3.12/site-packages/oslo_concurrency/lockutils.py:512}}
Aug 24 18:25:27.010179 np0000007997 nova-scheduler[93864]: DEBUG oslo_concurrency.lockutils [None req-bd9450ce-f4e3-48ed-9fb1-b30b1c252240 tempest-DeleteServersTestJSON-814604534 tempest-DeleteServersTestJSON-814604534-project-member] Lock "ba96389b-21c5-4ecc-abe6-db65f72f3385" acquired by "nova.context.set_target_cell..get_or_set_cached_cell_and_set_connections" :: waited 0.000s {{(pid=93864) inner /opt/stack/data/venv/lib/python3.12/site-packages/oslo_concurrency/lockutils.py:525}}
Aug 24 18:25:27.010291 np0000007997 nova-scheduler[93864]: DEBUG oslo_concurrency.lockutils [None req-bd9450ce-f4e3-48ed-9fb1-b30b1c252240 tempest-DeleteServersTestJSON-814604534 tempest-DeleteServersTestJSON-814604534-project-member] Lock "ba96389b-21c5-4ecc-abe6-db65f72f3385" "released" by "nova.context.set_target_cell..get_or_set_cached_cell_and_set_connections" :: held 0.000s {{(pid=93864) inner /opt/stack/data/venv/lib/python3.12/site-packages/oslo_concurrency/lockutils.py:544}}
Aug 24 18:25:27.014890 np0000007997 nova-scheduler[93864]: DEBUG oslo_concurrency.lockutils [None req-bd9450ce-f4e3-48ed-9fb1-b30b1c252240 tempest-DeleteServersTestJSON-814604534 tempest-DeleteServersTestJSON-814604534-project-member] Acquiring lock "np0000007997-np0000007997" by "nova.scheduler.host_manager.HostState.update.._locked_update" {{(pid=93864) inner /opt/stack/data/venv/lib/python3.12/site-packages/oslo_concurrency/lockutils.py:512}}
Aug 24 18:25:27.015442 np0000007997 nova-scheduler[93864]: DEBUG oslo_concurrency.lockutils [None req-bd9450ce-f4e3-48ed-9fb1-b30b1c252240 tempest-DeleteServersTestJSON-814604534 tempest-DeleteServersTestJSON-814604534-project-member] Lock "np0000007997-np0000007997" acquired by "nova.scheduler.host_manager.HostState.update.._locked_update" :: waited 0.001s {{(pid=93864) inner /opt/stack/data/venv/lib/python3.12/site-packages/oslo_concurrency/lockutils.py:525}}
Aug 24 18:25:27.015903 np0000007997 nova-scheduler[93866]: DEBUG oslo_concurrency.lockutils [None req-165fd32d-8f17-4398-b2aa-7348bb4b2615 tempest-ServerRescueNegativeTestJSON-3846761 tempest-ServerRescueNegativeTestJSON-3846761-project-member] Acquiring lock "ba96389b-21c5-4ecc-abe6-db65f72f3385" by "nova.context.set_target_cell..get_or_set_cached_cell_and_set_connections" {{(pid=93866) inner /opt/stack/data/venv/lib/python3.12/site-packages/oslo_concurrency/lockutils.py:512}}
