Jun 30 17:17:18.900156 np0000004013 devstack@neutron-api.service[87408]: DEBUG neutron.api.v2.resource_helper [None req-bae3f766-59a4-45d1-aecc-d9ae9f2542a3 None None] Service CORE assigned prefix: {{(pid=87408) build_resource_info /opt/stack/neutron/neutron/api/v2/resource_helper.py:77}}
Jun 30 17:17:18.900433 np0000004013 devstack@neutron-api.service[87409]: INFO neutron.manager [None req-a705bf8c-63d4-478d-a2e4-8f872e60966c None None] Loading Plugin: auto_allocate
Jun 30 17:17:18.900640 np0000004013 devstack@neutron-api.service[87408]: INFO neutron.quota.resource_registry [None req-bae3f766-59a4-45d1-aecc-d9ae9f2542a3 None None] Creating instance of TrackedResource for resource:subnetpool
Jun 30 17:17:18.900640 np0000004013 devstack@neutron-api.service[87408]: WARNING neutron.quota.resource_registry [None req-bae3f766-59a4-45d1-aecc-d9ae9f2542a3 None None] subnetpool is already registered
Jun 30 17:17:18.900640 np0000004013 devstack@neutron-api.service[87408]: DEBUG neutron.api.extensions [None req-bae3f766-59a4-45d1-aecc-d9ae9f2542a3 None None] Extended resource: extensions {{(pid=87408) __init__ /opt/stack/neutron/neutron/api/extensions.py:156}}
Jun 30 17:17:18.900931 np0000004013 devstack@neutron-api.service[87409]: DEBUG neutron_lib.callbacks.manager [None req-a705bf8c-63d4-478d-a2e4-8f872e60966c None None] Subscribe: network precommit_update 55550000, False {{(pid=87409) subscribe /opt/stack/data/venv/lib/python3.12/site-packages/neutron_lib/callbacks/manager.py:52}}
Jun 30 17:17:18.901256 np0000004013 devstack@neutron-api.service[87408]: DEBUG neutron.api.extensions [None req-bae3f766-59a4-45d1-aecc-d9ae9f2542a3 None None] Extended resource: address-groups {{(pid=87408) __init__ /opt/stack/neutron/neutron/api/extensions.py:156}}
Jun 30 17:17:18.901857 np0000004013 devstack@neutron-api.service[87409]: DEBUG neutron_lib.callbacks.manager [None req-a705bf8c-63d4-478d-a2e4-8f872e60966c None None] Subscribe: network precommit_create 55550000, False {{(pid=87409) subscribe /opt/stack/data/venv/lib/python3.12/site-packages/neutron_lib/callbacks/manager.py:52}}
Jun 30 17:17:18.901857 np0000004013 devstack@neutron-api.service[87409]: DEBUG neutron.manager [None req-a705bf8c-63d4-478d-a2e4-8f872e60966c None None] Successfully loaded auto-allocated-topology plugin. Description: Auto Allocated Topology - aka get me a network. {{(pid=87409) _create_and_add_service_plugin /opt/stack/neutron/neutron/manager.py:236}}
Jun 30 17:17:18.901857 np0000004013 devstack@neutron-api.service[87409]: INFO neutron.manager [None req-a705bf8c-63d4-478d-a2e4-8f872e60966c None None] Loading Plugin: tag
Jun 30 17:17:18.902283 np0000004013 devstack@neutron-api.service[87408]: DEBUG neutron.api.extensions [None req-bae3f766-59a4-45d1-aecc-d9ae9f2542a3 None None] Extended resource: address-scopes {{(pid=87408) __init__ /opt/stack/neutron/neutron/api/extensions.py:156}}
Jun 30 17:17:18.902283 np0000004013 devstack@neutron-api.service[87408]: DEBUG neutron.api.extensions [None req-bae3f766-59a4-45d1-aecc-d9ae9f2542a3 None None] Extended resource: agents {{(pid=87408) __init__ /opt/stack/neutron/neutron/api/extensions.py:156}}
Jun 30 17:17:18.902283 np0000004013 devstack@neutron-api.service[87408]: DEBUG neutron.api.extensions [None req-bae3f766-59a4-45d1-aecc-d9ae9f2542a3 None None] Extended resource: auto-allocated-topology {{(pid=87408) __init__ /opt/stack/neutron/neutron/api/extensions.py:156}}
Jun 30 17:17:18.902283 np0000004013 devstack@neutron-api.service[87408]: DEBUG neutron.api.extensions [None req-bae3f766-59a4-45d1-aecc-d9ae9f2542a3 None None] Extended resource: availability_zones {{(pid=87408) __init__ /opt/stack/neutron/neutron/api/extensions.py:156}}
Jun 30 17:17:18.902283 np0000004013 devstack@neutron-api.service[87408]: DEBUG neutron.api.extensions [None req-bae3f766-59a4-45d1-aecc-d9ae9f2542a3 None None] Extended resource: dhcp-networks {{(pid=87408) __init__ /opt/stack/neutron/neutron/api/extensions.py:156}}
Jun 30 17:17:18.902283 np0000004013 devstack@neutron-api.service[87408]: DEBUG neutron.api.extensions [None req-bae3f766-59a4-45d1-aecc-d9ae9f2542a3 None None] Extended resource: dhcp-agents {{(pid=87408) __init__ /opt/stack/neutron/neutron/api/extensions.py:156}}
Jun 30 17:17:18.903084 np0000004013 devstack@neutron-api.service[87408]: DEBUG neutron.api.extensions [None req-bae3f766-59a4-45d1-aecc-d9ae9f2542a3 None None] Extended resource: routers {{(pid=87408) __init__ /opt/stack/neutron/neutron/api/extensions.py:156}}
Jun 30 17:17:18.903326 np0000004013 devstack@neutron-api.service[87409]: DEBUG neutron.manager [None req-a705bf8c-63d4-478d-a2e4-8f872e60966c None None] Successfully loaded TAG plugin. Description: Tag support {{(pid=87409) _create_and_add_service_plugin /opt/stack/neutron/neutron/manager.py:236}}
Jun 30 17:17:18.903326 np0000004013 devstack@neutron-api.service[87409]: INFO neutron.manager [None req-a705bf8c-63d4-478d-a2e4-8f872e60966c None None] Loading Plugin: timestamp
Jun 30 17:17:18.904018 np0000004013 devstack@neutron-api.service[87408]: DEBUG neutron.api.extensions [None req-bae3f766-59a4-45d1-aecc-d9ae9f2542a3 None None] Extended resource: flavors {{(pid=87408) __init__ /opt/stack/neutron/neutron/api/extensions.py:156}}
Jun 30 17:17:18.904306 np0000004013 devstack@neutron-api.service[87408]: DEBUG neutron.api.extensions [None req-bae3f766-59a4-45d1-aecc-d9ae9f2542a3 None None] Extended resource: service_profiles {{(pid=87408) __init__ /opt/stack/neutron/neutron/api/extensions.py:156}}
Jun 30 17:17:18.904672 np0000004013 devstack@neutron-api.service[87408]: DEBUG neutron.api.extensions [None req-bae3f766-59a4-45d1-aecc-d9ae9f2542a3 None None] Extended resource: next_providers {{(pid=87408) __init__ /opt/stack/neutron/neutron/api/extensions.py:156}}
Jun 30 17:17:18.905270 np0000004013 devstack@neutron-api.service[87409]: DEBUG neutron.manager [None req-a705bf8c-63d4-478d-a2e4-8f872e60966c None None] Successfully loaded timestamp plugin. Description: Adds timestamps to Neutron resources with standard attributes {{(pid=87409) _create_and_add_service_plugin /opt/stack/neutron/neutron/manager.py:236}}
Jun 30 17:17:18.905439 np0000004013 devstack@neutron-api.service[87408]: DEBUG neutron.api.extensions [None req-bae3f766-59a4-45d1-aecc-d9ae9f2542a3 None None] Extended resource: service_profiles {{(pid=87408) __init__ /opt/stack/neutron/neutron/api/extensions.py:156}}
Jun 30 17:17:18.905594 np0000004013 devstack@neutron-api.service[87409]: INFO neutron.manager [None req-a705bf8c-63d4-478d-a2e4-8f872e60966c None None] Loading Plugin: network_ip_availability
Jun 30 17:17:18.906022 np0000004013 devstack@neutron-api.service[87408]: DEBUG neutron.api.extensions [None req-bae3f766-59a4-45d1-aecc-d9ae9f2542a3 None None] Extended resource: floatingip-pools {{(pid=87408) __init__ /opt/stack/neutron/neutron/api/extensions.py:156}}
Jun 30 17:17:18.906660 np0000004013 devstack@neutron-api.service[87408]: DEBUG neutron.api.extensions [None req-bae3f766-59a4-45d1-aecc-d9ae9f2542a3 None None] Extended resource: routers {{(pid=87408) __init__ /opt/stack/neutron/neutron/api/extensions.py:156}}
Jun 30 17:17:18.907601 np0000004013 devstack@neutron-api.service[87408]: DEBUG neutron.api.extensions [None req-bae3f766-59a4-45d1-aecc-d9ae9f2542a3 None None] Extended resource: floatingips {{(pid=87408) __init__ /opt/stack/neutron/neutron/api/extensions.py:156}}
Jun 30 17:17:18.908305 np0000004013 devstack@neutron-api.service[87409]: DEBUG neutron.manager [None req-a705bf8c-63d4-478d-a2e4-8f872e60966c None None] Successfully loaded network-ip-availability plugin. Description: Provides IP availability data for each network and subnet. {{(pid=87409) _create_and_add_service_plugin /opt/stack/neutron/neutron/manager.py:236}}
Jun 30 17:17:18.908672 np0000004013 devstack@neutron-api.service[87408]: DEBUG neutron.api.extensions [None req-bae3f766-59a4-45d1-aecc-d9ae9f2542a3 None None] Extended resource: l3-routers {{(pid=87408) __init__ /opt/stack/neutron/neutron/api/extensions.py:156}}
Jun 30 17:17:18.909112 np0000004013 devstack@neutron-api.service[87409]: INFO neutron.manager [None req-a705bf8c-63d4-478d-a2e4-8f872e60966c None None] Loading Plugin: flavors
Jun 30 17:17:18.909621 np0000004013 devstack@neutron-api.service[87408]: DEBUG neutron.api.extensions [None req-bae3f766-59a4-45d1-aecc-d9ae9f2542a3 None None] Extended resource: l3-agents {{(pid=87408) __init__ /opt/stack/neutron/neutron/api/extensions.py:156}}
Jun 30 17:17:18.909621 np0000004013 devstack@neutron-api.service[87408]: DEBUG neutron.api.extensions [None req-bae3f766-59a4-45d1-aecc-d9ae9f2542a3 None None] Extended resource: network-ip-availabilities {{(pid=87408) __init__ /opt/stack/neutron/neutron/api/extensions.py:156}}
Jun 30 17:17:18.910331 np0000004013 devstack@neutron-api.service[87409]: DEBUG neutron.manager [None req-a705bf8c-63d4-478d-a2e4-8f872e60966c None None] Successfully loaded FLAVORS plugin. Description: Neutron Flavors and Service Profiles manager plugin {{(pid=87409) _create_and_add_service_plugin /opt/stack/neutron/neutron/manager.py:236}}
Jun 30 17:17:18.910331 np0000004013 devstack@neutron-api.service[87409]: INFO neutron.manager [None req-a705bf8c-63d4-478d-a2e4-8f872e60966c None None] Loading Plugin: revisions
Jun 30 17:17:18.910809 np0000004013 devstack@neutron-api.service[87408]: DEBUG neutron.api.extensions [None req-bae3f766-59a4-45d1-aecc-d9ae9f2542a3 None None] Extended resource: network-ip-availabilities {{(pid=87408) __init__ /opt/stack/neutron/neutron/api/extensions.py:156}}
Jun 30 17:17:18.911160 np0000004013 devstack@neutron-api.service[87409]: DEBUG neutron.manager [None req-a705bf8c-63d4-478d-a2e4-8f872e60966c None None] Successfully loaded revision_plugin plugin. Description: Adds revision numbers to resources. {{(pid=87409) _create_and_add_service_plugin /opt/stack/neutron/neutron/manager.py:236}}
Jun 30 17:17:18.911160 np0000004013 devstack@neutron-api.service[87409]: DEBUG oslo_concurrency.lockutils [None req-a705bf8c-63d4-478d-a2e4-8f872e60966c None None] Lock "manager" "released" by "neutron.manager.NeutronManager._create_instance" :: held 4.455s {{(pid=87409) inner /opt/stack/data/venv/lib/python3.12/site-packages/oslo_concurrency/lockutils.py:543}}
Jun 30 17:17:18.911915 np0000004013 devstack@neutron-api.service[87408]: DEBUG neutron.api.extensions [None req-bae3f766-59a4-45d1-aecc-d9ae9f2542a3 None None] Extended resource: bindings {{(pid=87408) __init__ /opt/stack/neutron/neutron/api/extensions.py:156}}
Jun 30 17:17:18.912684 np0000004013 devstack@neutron-api.service[87409]: DEBUG neutron.api.extensions [None req-a705bf8c-63d4-478d-a2e4-8f872e60966c None None] get_extension_paths = OrderedDict({'/opt/stack/neutron/neutron/extensions': 1}) {{(pid=87409) get_extensions_path /opt/stack/neutron/neutron/api/extensions.py:640}}
Jun 30 17:17:18.912684 np0000004013 devstack@neutron-api.service[87409]: INFO neutron.api.extensions [None req-a705bf8c-63d4-478d-a2e4-8f872e60966c None None] Initializing extension manager.
Jun 30 17:17:18.912684 np0000004013 devstack@neutron-api.service[87409]: DEBUG neutron.api.extensions [None req-a705bf8c-63d4-478d-a2e4-8f872e60966c None None] Loading extension file: __init__.py {{(pid=87409) _load_all_extensions_from_path /opt/stack/neutron/neutron/api/extensions.py:449}}
Jun 30 17:17:18.913245 np0000004013 devstack@neutron-api.service[87408]: DEBUG neutron.api.extensions [None req-bae3f766-59a4-45d1-aecc-d9ae9f2542a3 None None] Extended resource: quotas {{(pid=87408) __init__ /opt/stack/neutron/neutron/api/extensions.py:156}}
Jun 30 17:17:18.913496 np0000004013 devstack@neutron-api.service[87409]: DEBUG neutron.api.extensions [None req-a705bf8c-63d4-478d-a2e4-8f872e60966c None None] Loading extension file: __pycache__ {{(pid=87409) _load_all_extensions_from_path /opt/stack/neutron/neutron/api/extensions.py:449}}
Jun 30 17:17:18.913496 np0000004013 devstack@neutron-api.service[87409]: DEBUG neutron.api.extensions [None req-a705bf8c-63d4-478d-a2e4-8f872e60966c None None] Loading extension file: aap_reject_multicast.py {{(pid=87409) _load_all_extensions_from_path /opt/stack/neutron/neutron/api/extensions.py:449}}
Jun 30 17:17:18.913496 np0000004013 devstack@neutron-api.service[87409]: DEBUG neutron.api.extensions [None req-a705bf8c-63d4-478d-a2e4-8f872e60966c None None] Ext name="Allowed address pairs reject multicast extension" alias="aap-reject-multicast" description="Reject multicast addresses in Allowed Address Pairs" updated="2026-04-01T00:00:00-00:00" {{(pid=87409) _check_extension /opt/stack/neutron/neutron/api/extensions.py:415}}
Jun 30 17:17:18.914203 np0000004013 devstack@neutron-api.service[87408]: DEBUG neutron.api.extensions [None req-bae3f766-59a4-45d1-aecc-d9ae9f2542a3 None None] Extended resource: quotas {{(pid=87408) __init__ /opt/stack/neutron/neutron/api/extensions.py:156}}
Jun 30 17:17:18.914533 np0000004013 devstack@neutron-api.service[87409]: INFO neutron.api.extensions [None req-a705bf8c-63d4-478d-a2e4-8f872e60966c None None] Extension aap-reject-multicast not supported by any of loaded plugins
Jun 30 17:17:18.914533 np0000004013 devstack@neutron-api.service[87409]: DEBUG neutron.api.extensions [None req-a705bf8c-63d4-478d-a2e4-8f872e60966c None None] Loading extension file: address_group.py {{(pid=87409) _load_all_extensions_from_path /opt/stack/neutron/neutron/api/extensions.py:449}}
Jun 30 17:17:18.914817 np0000004013 devstack@neutron-api.service[87408]: DEBUG neutron.api.extensions [None req-bae3f766-59a4-45d1-aecc-d9ae9f2542a3 None None] Extended resource: rbac-policies {{(pid=87408) __init__ /opt/stack/neutron/neutron/api/extensions.py:156}}
Jun 30 17:17:18.915742 np0000004013 devstack@neutron-api.service[87409]: DEBUG neutron.api.extensions [None req-a705bf8c-63d4-478d-a2e4-8f872e60966c None None] Ext name="Address group" alias="address-group" description="Support address group" updated="2020-07-15T10:00:00-00:00" {{(pid=87409) _check_extension /opt/stack/neutron/neutron/api/extensions.py:415}}
Jun 30 17:17:18.915742 np0000004013 devstack@neutron-api.service[87409]: INFO neutron.api.extensions [None req-a705bf8c-63d4-478d-a2e4-8f872e60966c None None] Loaded extension: address-group
Jun 30 17:17:18.916552 np0000004013 devstack@neutron-api.service[87408]: DEBUG neutron.api.extensions [None req-bae3f766-59a4-45d1-aecc-d9ae9f2542a3 None None] Extended resource: default-security-group-rules {{(pid=87408) __init__ /opt/stack/neutron/neutron/api/extensions.py:156}}
Jun 30 17:17:18.916851 np0000004013 devstack@neutron-api.service[87409]: DEBUG neutron.api.extensions [None req-a705bf8c-63d4-478d-a2e4-8f872e60966c None None] Loading extension file: address_scope.py {{(pid=87409) _load_all_extensions_from_path /opt/stack/neutron/neutron/api/extensions.py:449}}
Jun 30 17:17:18.917030 np0000004013 devstack@neutron-api.service[87408]: DEBUG neutron.api.extensions [None req-bae3f766-59a4-45d1-aecc-d9ae9f2542a3 None None] Extended resource: security-groups-default-statefulness {{(pid=87408) __init__ /opt/stack/neutron/neutron/api/extensions.py:156}}
Jun 30 17:17:18.917253 np0000004013 devstack@neutron-api.service[87409]: DEBUG neutron.api.extensions [None req-a705bf8c-63d4-478d-a2e4-8f872e60966c None None] Ext name="Address scope" alias="address-scope" description="Address scopes extension." updated="2015-07-26T10:00:00-00:00" {{(pid=87409) _check_extension /opt/stack/neutron/neutron/api/extensions.py:415}}
Jun 30 17:17:18.917253 np0000004013 devstack@neutron-api.service[87409]: INFO neutron.api.extensions [None req-a705bf8c-63d4-478d-a2e4-8f872e60966c None None] Loaded extension: address-scope
Jun 30 17:17:18.917253 np0000004013 devstack@neutron-api.service[87409]: DEBUG neutron.api.extensions [None req-a705bf8c-63d4-478d-a2e4-8f872e60966c None None] Loading extension file: admin_state_down_before_update.py {{(pid=87409) _load_all_extensions_from_path /opt/stack/neutron/neutron/api/extensions.py:449}}
Jun 30 17:17:18.917632 np0000004013 devstack@neutron-api.service[87408]: DEBUG neutron.api.extensions [None req-bae3f766-59a4-45d1-aecc-d9ae9f2542a3 None None] Extended resource: security-groups {{(pid=87408) __init__ /opt/stack/neutron/neutron/api/extensions.py:156}}
Jun 30 17:17:18.917887 np0000004013 devstack@neutron-api.service[87409]: DEBUG neutron.api.extensions [None req-a705bf8c-63d4-478d-a2e4-8f872e60966c None None] Ext name="Enforce Router's Admin State Down Before Update Extension" alias="router-admin-state-down-before-update" description="Ensure that the admin state of a router is DOWN (admin_state_up=False) before updating the distributed attribute" updated="2019-07-02T15:56:00" {{(pid=87409) _check_extension /opt/stack/neutron/neutron/api/extensions.py:415}}
Jun 30 17:17:18.918542 np0000004013 devstack@neutron-api.service[87408]: DEBUG neutron.api.extensions [None req-bae3f766-59a4-45d1-aecc-d9ae9f2542a3 None None] Extended resource: security-group-rules {{(pid=87408) __init__ /opt/stack/neutron/neutron/api/extensions.py:156}}
Jun 30 17:17:18.918993 np0000004013 devstack@neutron-api.service[87409]: INFO neutron.api.extensions [None req-a705bf8c-63d4-478d-a2e4-8f872e60966c None None] Extension router-admin-state-down-before-update not supported by any of loaded plugins
Jun 30 17:17:18.918993 np0000004013 devstack@neutron-api.service[87409]: DEBUG neutron.api.extensions [None req-a705bf8c-63d4-478d-a2e4-8f872e60966c None None] Loading extension file: agent.py {{(pid=87409) _load_all_extensions_from_path /opt/stack/neutron/neutron/api/extensions.py:449}}
Jun 30 17:17:18.919408 np0000004013 devstack@neutron-api.service[87408]: DEBUG neutron.api.extensions [None req-bae3f766-59a4-45d1-aecc-d9ae9f2542a3 None None] Extended resource: service-providers {{(pid=87408) __init__ /opt/stack/neutron/neutron/api/extensions.py:156}}
Jun 30 17:17:18.919680 np0000004013 devstack@neutron-api.service[87409]: DEBUG neutron.api.extensions [None req-a705bf8c-63d4-478d-a2e4-8f872e60966c None None] Ext name="agent" alias="agent" description="The agent management extension." updated="2013-02-03T10:00:00-00:00" {{(pid=87409) _check_extension /opt/stack/neutron/neutron/api/extensions.py:415}}
Jun 30 17:17:18.920040 np0000004013 devstack@neutron-api.service[87408]: DEBUG neutron.api.extensions [None req-bae3f766-59a4-45d1-aecc-d9ae9f2542a3 None None] Extended resource: subnetpools {{(pid=87408) __init__ /opt/stack/neutron/neutron/api/extensions.py:156}}
Jun 30 17:17:18.920296 np0000004013 devstack@neutron-api.service[87409]: INFO neutron.api.extensions [None req-a705bf8c-63d4-478d-a2e4-8f872e60966c None None] Loaded extension: agent
Jun 30 17:17:18.920296 np0000004013 devstack@neutron-api.service[87409]: DEBUG neutron.api.extensions [None req-a705bf8c-63d4-478d-a2e4-8f872e60966c None None] Loading extension file: agent_resources_synced.py {{(pid=87409) _load_all_extensions_from_path /opt/stack/neutron/neutron/api/extensions.py:449}}
Jun 30 17:17:18.920551 np0000004013 devstack@neutron-api.service[87408]: DEBUG neutron.api.extensions [None req-bae3f766-59a4-45d1-aecc-d9ae9f2542a3 None None] Extended resource: subnetpools {{(pid=87408) __init__ /opt/stack/neutron/neutron/api/extensions.py:156}}
Jun 30 17:17:18.920753 np0000004013 devstack@neutron-api.service[87409]: DEBUG neutron.api.extensions [None req-a705bf8c-63d4-478d-a2e4-8f872e60966c None None] Ext name="Agent's Resource View Synced to Placement" alias="agent-resources-synced" description="Stores success/failure of last sync to Placement" updated="2018-12-19T00:00:00-00:00" {{(pid=87409) _check_extension /opt/stack/neutron/neutron/api/extensions.py:415}}
Jun 30 17:17:18.920753 np0000004013 devstack@neutron-api.service[87409]: INFO neutron.api.extensions [None req-a705bf8c-63d4-478d-a2e4-8f872e60966c None None] Extension agent-resources-synced not supported by any of loaded plugins
Jun 30 17:17:18.920753 np0000004013 devstack@neutron-api.service[87409]: DEBUG neutron.api.extensions [None req-a705bf8c-63d4-478d-a2e4-8f872e60966c None None] Loading extension file: agent_sort_key.py {{(pid=87409) _load_all_extensions_from_path /opt/stack/neutron/neutron/api/extensions.py:449}}
Jun 30 17:17:18.921178 np0000004013 devstack@neutron-api.service[87408]: DEBUG neutron.api.extensions [None req-bae3f766-59a4-45d1-aecc-d9ae9f2542a3 None None] Extended resource: tags {{(pid=87408) __init__ /opt/stack/neutron/neutron/api/extensions.py:156}}
Jun 30 17:17:18.921487 np0000004013 devstack@neutron-api.service[87409]: DEBUG neutron.api.extensions [None req-a705bf8c-63d4-478d-a2e4-8f872e60966c None None] Ext name="Agents Sort Key" alias="agent_sort_key" description="Enabling the keyword sort_key for sorting in agents." updated="2013-02-03T10:00:00-00:00" {{(pid=87409) _check_extension /opt/stack/neutron/neutron/api/extensions.py:415}}
Jun 30 17:17:18.921487 np0000004013 devstack@neutron-api.service[87409]: INFO neutron.api.extensions [None req-a705bf8c-63d4-478d-a2e4-8f872e60966c None None] Extension agent_sort_key not supported by any of loaded plugins
Jun 30 17:17:18.921757 np0000004013 devstack@neutron-api.service[87408]: DEBUG neutron.api.extensions [None req-bae3f766-59a4-45d1-aecc-d9ae9f2542a3 None None] Extended resource: tags {{(pid=87408) __init__ /opt/stack/neutron/neutron/api/extensions.py:156}}
Jun 30 17:17:18.922001 np0000004013 devstack@neutron-api.service[87409]: DEBUG neutron.api.extensions [None req-a705bf8c-63d4-478d-a2e4-8f872e60966c None None] Loading extension file: allowedaddresspairs.py {{(pid=87409) _load_all_extensions_from_path /opt/stack/neutron/neutron/api/extensions.py:449}}
Jun 30 17:17:18.922269 np0000004013 devstack@neutron-api.service[87408]: DEBUG neutron.api.extensions [None req-bae3f766-59a4-45d1-aecc-d9ae9f2542a3 None None] Extended resource: tags {{(pid=87408) __init__ /opt/stack/neutron/neutron/api/extensions.py:156}}
Jun 30 17:17:18.922424 np0000004013 devstack@neutron-api.service[87409]: DEBUG neutron.api.extensions [None req-a705bf8c-63d4-478d-a2e4-8f872e60966c None None] Ext name="Allowed Address Pairs" alias="allowed-address-pairs" description="Provides allowed address pairs" updated="2013-07-23T10:00:00-00:00" {{(pid=87409) _check_extension /opt/stack/neutron/neutron/api/extensions.py:415}}
Jun 30 17:17:18.922424 np0000004013 devstack@neutron-api.service[87409]: INFO neutron.api.extensions [None req-a705bf8c-63d4-478d-a2e4-8f872e60966c None None] Loaded extension: allowed-address-pairs
Jun 30 17:17:18.922424 np0000004013 devstack@neutron-api.service[87409]: DEBUG neutron.api.extensions [None req-a705bf8c-63d4-478d-a2e4-8f872e60966c None None] Loading extension file: auto_allocated_topology.py {{(pid=87409) _load_all_extensions_from_path /opt/stack/neutron/neutron/api/extensions.py:449}}
Jun 30 17:17:18.922751 np0000004013 devstack@neutron-api.service[87408]: DEBUG neutron.api.extensions [None req-bae3f766-59a4-45d1-aecc-d9ae9f2542a3 None None] Extended resource: tags {{(pid=87408) __init__ /opt/stack/neutron/neutron/api/extensions.py:156}}
Jun 30 17:17:18.922955 np0000004013 devstack@neutron-api.service[87409]: DEBUG neutron.api.extensions [None req-a705bf8c-63d4-478d-a2e4-8f872e60966c None None] Ext name="Auto Allocated Topology Services" alias="auto-allocated-topology" description="Auto Allocated Topology Services." updated="2016-01-01T00:00:00-00:00" {{(pid=87409) _check_extension /opt/stack/neutron/neutron/api/extensions.py:415}}
Jun 30 17:17:18.922955 np0000004013 devstack@neutron-api.service[87409]: INFO neutron.api.extensions [None req-a705bf8c-63d4-478d-a2e4-8f872e60966c None None] Loaded extension: auto-allocated-topology
Jun 30 17:17:18.922955 np0000004013 devstack@neutron-api.service[87409]: DEBUG neutron.api.extensions [None req-a705bf8c-63d4-478d-a2e4-8f872e60966c None None] Loading extension file: availability_zone.py {{(pid=87409) _load_all_extensions_from_path /opt/stack/neutron/neutron/api/extensions.py:449}}
Jun 30 17:17:18.923304 np0000004013 devstack@neutron-api.service[87408]: DEBUG neutron.api.extensions [None req-bae3f766-59a4-45d1-aecc-d9ae9f2542a3 None None] Extended resource: tags {{(pid=87408) __init__ /opt/stack/neutron/neutron/api/extensions.py:156}}
Jun 30 17:17:18.923516 np0000004013 devstack@neutron-api.service[87409]: DEBUG neutron.api.extensions [None req-a705bf8c-63d4-478d-a2e4-8f872e60966c None None] Ext name="Availability Zone" alias="availability_zone" description="The availability zone extension." updated="2015-01-01T10:00:00-00:00" {{(pid=87409) _check_extension /opt/stack/neutron/neutron/api/extensions.py:415}}
Jun 30 17:17:18.923516 np0000004013 devstack@neutron-api.service[87409]: INFO neutron.api.extensions [None req-a705bf8c-63d4-478d-a2e4-8f872e60966c None None] Loaded extension: availability_zone
Jun 30 17:17:18.923516 np0000004013 devstack@neutron-api.service[87409]: DEBUG neutron.api.extensions [None req-a705bf8c-63d4-478d-a2e4-8f872e60966c None None] Loading extension file: availability_zone_filter.py {{(pid=87409) _load_all_extensions_from_path /opt/stack/neutron/neutron/api/extensions.py:449}}
Jun 30 17:17:18.923889 np0000004013 devstack@neutron-api.service[87408]: DEBUG neutron.api.extensions [None req-bae3f766-59a4-45d1-aecc-d9ae9f2542a3 None None] Extended resource: tags {{(pid=87408) __init__ /opt/stack/neutron/neutron/api/extensions.py:156}}
Jun 30 17:17:18.924096 np0000004013 devstack@neutron-api.service[87409]: DEBUG neutron.api.extensions [None req-a705bf8c-63d4-478d-a2e4-8f872e60966c None None] Ext name="Availability Zone Filter Extension" alias="availability_zone_filter" description="Add filter parameters to AvailabilityZone resource" updated="2018-06-22T10:00:00-00:00" {{(pid=87409) _check_extension /opt/stack/neutron/neutron/api/extensions.py:415}}
Jun 30 17:17:18.924096 np0000004013 devstack@neutron-api.service[87409]: INFO neutron.api.extensions [None req-a705bf8c-63d4-478d-a2e4-8f872e60966c None None] Extension availability_zone_filter not supported by any of loaded plugins
Jun 30 17:17:18.924096 np0000004013 devstack@neutron-api.service[87409]: DEBUG neutron.api.extensions [None req-a705bf8c-63d4-478d-a2e4-8f872e60966c None None] Loading extension file: data_plane_status.py {{(pid=87409) _load_all_extensions_from_path /opt/stack/neutron/neutron/api/extensions.py:449}}
Jun 30 17:17:18.924096 np0000004013 devstack@neutron-api.service[87409]: DEBUG neutron.api.extensions [None req-a705bf8c-63d4-478d-a2e4-8f872e60966c None None] Ext name="Port data plane status extension" alias="data-plane-status" description="Expose status of underlying data plane" updated="2017-01-24T10:00:00-00:00" {{(pid=87409) _check_extension /opt/stack/neutron/neutron/api/extensions.py:415}}
Jun 30 17:17:18.924855 np0000004013 devstack@neutron-api.service[87408]: DEBUG neutron.api.extensions [None req-bae3f766-59a4-45d1-aecc-d9ae9f2542a3 None None] Extended resource: tags {{(pid=87408) __init__ /opt/stack/neutron/neutron/api/extensions.py:156}}
Jun 30 17:17:18.925195 np0000004013 devstack@neutron-api.service[87409]: INFO neutron.api.extensions [None req-a705bf8c-63d4-478d-a2e4-8f872e60966c None None] Extension data-plane-status not supported by any of loaded plugins
Jun 30 17:17:18.925195 np0000004013 devstack@neutron-api.service[87409]: DEBUG neutron.api.extensions [None req-a705bf8c-63d4-478d-a2e4-8f872e60966c None None] Loading extension file: default_subnetpools.py {{(pid=87409) _load_all_extensions_from_path /opt/stack/neutron/neutron/api/extensions.py:449}}
Jun 30 17:17:18.925195 np0000004013 devstack@neutron-api.service[87409]: DEBUG neutron.api.extensions [None req-a705bf8c-63d4-478d-a2e4-8f872e60966c None None] Ext name="Default Subnetpools" alias="default-subnetpools" description="Provides ability to mark and use a subnetpool as the default." updated="2016-02-18T18:00:00-00:00" {{(pid=87409) _check_extension /opt/stack/neutron/neutron/api/extensions.py:415}}
Jun 30 17:17:18.925195 np0000004013 devstack@neutron-api.service[87409]: INFO neutron.api.extensions [None req-a705bf8c-63d4-478d-a2e4-8f872e60966c None None] Loaded extension: default-subnetpools
Jun 30 17:17:18.925195 np0000004013 devstack@neutron-api.service[87409]: DEBUG neutron.api.extensions [None req-a705bf8c-63d4-478d-a2e4-8f872e60966c None None] Loading extension file: dhcpagentscheduler.py {{(pid=87409) _load_all_extensions_from_path /opt/stack/neutron/neutron/api/extensions.py:449}}
Jun 30 17:17:18.925504 np0000004013 devstack@neutron-api.service[87408]: DEBUG neutron.api.extensions [None req-bae3f766-59a4-45d1-aecc-d9ae9f2542a3 None None] Extended resource: tags {{(pid=87408) __init__ /opt/stack/neutron/neutron/api/extensions.py:156}}
Jun 30 17:17:18.925984 np0000004013 devstack@neutron-api.service[87409]: DEBUG neutron.api.extensions [None req-a705bf8c-63d4-478d-a2e4-8f872e60966c None None] Ext name="DHCP Agent Scheduler" alias="dhcp_agent_scheduler" description="Schedule networks among dhcp agents" updated="2013-02-07T10:00:00-00:00" {{(pid=87409) _check_extension /opt/stack/neutron/neutron/api/extensions.py:415}}
Jun 30 17:17:18.925984 np0000004013 devstack@neutron-api.service[87409]: INFO neutron.api.extensions [None req-a705bf8c-63d4-478d-a2e4-8f872e60966c None None] Loaded extension: dhcp_agent_scheduler
Jun 30 17:17:18.925984 np0000004013 devstack@neutron-api.service[87409]: DEBUG neutron.api.extensions [None req-a705bf8c-63d4-478d-a2e4-8f872e60966c None None] Loading extension file: dns.py {{(pid=87409) _load_all_extensions_from_path /opt/stack/neutron/neutron/api/extensions.py:449}}
Jun 30 17:17:18.926666 np0000004013 devstack@neutron-api.service[87408]: DEBUG neutron.api.extensions [None req-bae3f766-59a4-45d1-aecc-d9ae9f2542a3 None None] Extended resource: tags {{(pid=87408) __init__ /opt/stack/neutron/neutron/api/extensions.py:156}}
Jun 30 17:17:18.927026 np0000004013 devstack@neutron-api.service[87409]: DEBUG neutron.api.extensions [None req-a705bf8c-63d4-478d-a2e4-8f872e60966c None None] Ext name="DNS Integration" alias="dns-integration" description="Provides integration with DNS." updated="2015-08-15T18:00:00-00:00" {{(pid=87409) _check_extension /opt/stack/neutron/neutron/api/extensions.py:415}}
Jun 30 17:17:18.927026 np0000004013 devstack@neutron-api.service[87409]: INFO neutron.api.extensions [None req-a705bf8c-63d4-478d-a2e4-8f872e60966c None None] Loaded extension: dns-integration
Jun 30 17:17:18.927026 np0000004013 devstack@neutron-api.service[87409]: DEBUG neutron.api.extensions [None req-a705bf8c-63d4-478d-a2e4-8f872e60966c None None] Loading extension file: dns_domain_ports.py {{(pid=87409) _load_all_extensions_from_path /opt/stack/neutron/neutron/api/extensions.py:449}}
Jun 30 17:17:18.927026 np0000004013 devstack@neutron-api.service[87409]: DEBUG neutron.api.extensions [None req-a705bf8c-63d4-478d-a2e4-8f872e60966c None None] Ext name="dns_domain for ports" alias="dns-domain-ports" description="Allows the DNS domain to be specified for a network port." updated="2017-04-24T10:00:00-00:00" {{(pid=87409) _check_extension /opt/stack/neutron/neutron/api/extensions.py:415}}
Jun 30 17:17:18.927026 np0000004013 devstack@neutron-api.service[87409]: INFO neutron.api.extensions [None req-a705bf8c-63d4-478d-a2e4-8f872e60966c None None] Loaded extension: dns-domain-ports
Jun 30 17:17:18.927480 np0000004013 devstack@neutron-api.service[87408]: DEBUG neutron.api.extensions [None req-bae3f766-59a4-45d1-aecc-d9ae9f2542a3 None None] Extended resource: tags {{(pid=87408) __init__ /opt/stack/neutron/neutron/api/extensions.py:156}}
Jun 30 17:17:18.927699 np0000004013 devstack@neutron-api.service[87409]: DEBUG neutron.api.extensions [None req-a705bf8c-63d4-478d-a2e4-8f872e60966c None None] Loading extension file: dns_integration_domain_keywords.py {{(pid=87409) _load_all_extensions_from_path /opt/stack/neutron/neutron/api/extensions.py:449}}
Jun 30 17:17:18.927699 np0000004013 devstack@neutron-api.service[87409]: DEBUG neutron.api.extensions [None req-a705bf8c-63d4-478d-a2e4-8f872e60966c None None] Ext name="DNS domain names with keywords allowed" alias="dns-integration-domain-keywords" description="Allows to use keywords like , , and as DNS domain name" updated="2020-06-15T18:00:00-00:00" {{(pid=87409) _check_extension /opt/stack/neutron/neutron/api/extensions.py:415}}
Jun 30 17:17:18.927699 np0000004013 devstack@neutron-api.service[87409]: INFO neutron.api.extensions [None req-a705bf8c-63d4-478d-a2e4-8f872e60966c None None] Loaded extension: dns-integration-domain-keywords
Jun 30 17:17:18.927699 np0000004013 devstack@neutron-api.service[87409]: DEBUG neutron.api.extensions [None req-a705bf8c-63d4-478d-a2e4-8f872e60966c None None] Loading extension file: dvr.py {{(pid=87409) _load_all_extensions_from_path /opt/stack/neutron/neutron/api/extensions.py:449}}
Jun 30 17:17:18.927699 np0000004013 devstack@neutron-api.service[87409]: DEBUG neutron.api.extensions [None req-a705bf8c-63d4-478d-a2e4-8f872e60966c None None] Ext name="Distributed Virtual Router" alias="dvr" description="Enables configuration of Distributed Virtual Routers." updated="2014-06-1T10:00:00-00:00" {{(pid=87409) _check_extension /opt/stack/neutron/neutron/api/extensions.py:415}}
Jun 30 17:17:18.927699 np0000004013 devstack@neutron-api.service[87409]: INFO neutron.api.extensions [None req-a705bf8c-63d4-478d-a2e4-8f872e60966c None None] Extension dvr not supported by any of loaded plugins
Jun 30 17:17:18.927699 np0000004013 devstack@neutron-api.service[87409]: DEBUG neutron.api.extensions [None req-a705bf8c-63d4-478d-a2e4-8f872e60966c None None] Loading extension file: ecmp_routes.py {{(pid=87409) _load_all_extensions_from_path /opt/stack/neutron/neutron/api/extensions.py:449}}
Jun 30 17:17:18.928292 np0000004013 devstack@neutron-api.service[87409]: DEBUG neutron.api.extensions [None req-a705bf8c-63d4-478d-a2e4-8f872e60966c None None] Ext name="Equal Cost Multipath Routing" alias="ecmp_routes" description="Allows traffic to reach thesame destination via multiple different links " updated="2020-11-26T18:00:00-00:00" {{(pid=87409) _check_extension /opt/stack/neutron/neutron/api/extensions.py:415}}
Jun 30 17:17:18.928292 np0000004013 devstack@neutron-api.service[87409]: INFO neutron.api.extensions [None req-a705bf8c-63d4-478d-a2e4-8f872e60966c None None] Extension ecmp_routes not supported by any of loaded plugins
Jun 30 17:17:18.928292 np0000004013 devstack@neutron-api.service[87409]: DEBUG neutron.api.extensions [None req-a705bf8c-63d4-478d-a2e4-8f872e60966c None None] Loading extension file: empty_string_filtering.py {{(pid=87409) _load_all_extensions_from_path /opt/stack/neutron/neutron/api/extensions.py:449}}
Jun 30 17:17:18.928292 np0000004013 devstack@neutron-api.service[87409]: DEBUG neutron.api.extensions [None req-a705bf8c-63d4-478d-a2e4-8f872e60966c None None] Ext name="Empty String Filtering Extension" alias="empty-string-filtering" description="Allow filtering by attributes with empty string value" updated="2018-05-01T10:00:00-00:00" {{(pid=87409) _check_extension /opt/stack/neutron/neutron/api/extensions.py:415}}
Jun 30 17:17:18.928292 np0000004013 devstack@neutron-api.service[87409]: INFO neutron.api.extensions [None req-a705bf8c-63d4-478d-a2e4-8f872e60966c None None] Loaded extension: empty-string-filtering
Jun 30 17:17:18.928292 np0000004013 devstack@neutron-api.service[87409]: DEBUG neutron.api.extensions [None req-a705bf8c-63d4-478d-a2e4-8f872e60966c None None] Loading extension file: evpn.py {{(pid=87409) _load_all_extensions_from_path /opt/stack/neutron/neutron/api/extensions.py:449}}
Jun 30 17:17:18.928292 np0000004013 devstack@neutron-api.service[87409]: DEBUG neutron.api.extensions [None req-a705bf8c-63d4-478d-a2e4-8f872e60966c None None] Ext name="EVPN" alias="evpn" description="Router extension to support EVPN Type-5 route advertisement" updated="2026-04-28T00:00:00-00:00" {{(pid=87409) _check_extension /opt/stack/neutron/neutron/api/extensions.py:415}}
Jun 30 17:17:18.928791 np0000004013 devstack@neutron-api.service[87409]: INFO neutron.api.extensions [None req-a705bf8c-63d4-478d-a2e4-8f872e60966c None None] Extension evpn not supported by any of loaded plugins
Jun 30 17:17:18.928791 np0000004013 devstack@neutron-api.service[87409]: DEBUG neutron.api.extensions [None req-a705bf8c-63d4-478d-a2e4-8f872e60966c None None] Loading extension file: expose_l3_conntrack_helper.py {{(pid=87409) _load_all_extensions_from_path /opt/stack/neutron/neutron/api/extensions.py:449}}
Jun 30 17:17:18.928791 np0000004013 devstack@neutron-api.service[87409]: DEBUG neutron.api.extensions [None req-a705bf8c-63d4-478d-a2e4-8f872e60966c None None] Ext name="Expose CT target rules for conntrack helper" alias="expose-l3-conntrack-helper" description="Expose allow adding CT target rules for conntrack helper" updated="2019-04-04T10:00:00-00:00" {{(pid=87409) _check_extension /opt/stack/neutron/neutron/api/extensions.py:415}}
Jun 30 17:17:18.929184 np0000004013 devstack@neutron-api.service[87409]: INFO neutron.api.extensions [None req-a705bf8c-63d4-478d-a2e4-8f872e60966c None None] Extension expose-l3-conntrack-helper not supported by any of loaded plugins
Jun 30 17:17:18.929184 np0000004013 devstack@neutron-api.service[87409]: DEBUG neutron.api.extensions [None req-a705bf8c-63d4-478d-a2e4-8f872e60966c None None] Loading extension file: expose_port_forwarding_in_fip.py {{(pid=87409) _load_all_extensions_from_path /opt/stack/neutron/neutron/api/extensions.py:449}}
Jun 30 17:17:18.929963 np0000004013 devstack@neutron-api.service[87409]: DEBUG neutron.api.extensions [None req-a705bf8c-63d4-478d-a2e4-8f872e60966c None None] Ext name="Expose Floating IP port forwardings" alias="expose-port-forwarding-in-fip" description="Expose port forwarding fields in floating IP response" updated="2018-06-28T16:00:00-00:00" {{(pid=87409) _check_extension /opt/stack/neutron/neutron/api/extensions.py:415}}
Jun 30 17:17:18.929963 np0000004013 devstack@neutron-api.service[87409]: INFO neutron.api.extensions [None req-a705bf8c-63d4-478d-a2e4-8f872e60966c None None] Extension expose-port-forwarding-in-fip not supported by any of loaded plugins
Jun 30 17:17:18.929963 np0000004013 devstack@neutron-api.service[87409]: DEBUG neutron.api.extensions [None req-a705bf8c-63d4-478d-a2e4-8f872e60966c None None] Loading extension file: external_net.py {{(pid=87409) _load_all_extensions_from_path /opt/stack/neutron/neutron/api/extensions.py:449}}
Jun 30 17:17:18.930506 np0000004013 devstack@neutron-api.service[87409]: DEBUG neutron.api.extensions [None req-a705bf8c-63d4-478d-a2e4-8f872e60966c None None] Ext name="Neutron external network" alias="external-net" description="Adds external network attribute to network resource." updated="2013-01-14T10:00:00-00:00" {{(pid=87409) _check_extension /opt/stack/neutron/neutron/api/extensions.py:415}}
Jun 30 17:17:18.930506 np0000004013 devstack@neutron-api.service[87409]: INFO neutron.api.extensions [None req-a705bf8c-63d4-478d-a2e4-8f872e60966c None None] Loaded extension: external-net
Jun 30 17:17:18.930506 np0000004013 devstack@neutron-api.service[87409]: DEBUG neutron.api.extensions [None req-a705bf8c-63d4-478d-a2e4-8f872e60966c None None] Loading extension file: extra_dhcp_opt.py {{(pid=87409) _load_all_extensions_from_path /opt/stack/neutron/neutron/api/extensions.py:449}}
Jun 30 17:17:18.930939 np0000004013 devstack@neutron-api.service[87409]: DEBUG neutron.api.extensions [None req-a705bf8c-63d4-478d-a2e4-8f872e60966c None None] Ext name="Neutron Extra DHCP options" alias="extra_dhcp_opt" description="Extra options configuration for DHCP. For example PXE boot options to DHCP clients can be specified (e.g. tftp-server, server-ip-address, bootfile-name)" updated="2013-03-17T12:00:00-00:00" {{(pid=87409) _check_extension /opt/stack/neutron/neutron/api/extensions.py:415}}
Jun 30 17:17:18.931224 np0000004013 devstack@neutron-api.service[87409]: INFO neutron.api.extensions [None req-a705bf8c-63d4-478d-a2e4-8f872e60966c None None] Loaded extension: extra_dhcp_opt
Jun 30 17:17:18.931224 np0000004013 devstack@neutron-api.service[87409]: DEBUG neutron.api.extensions [None req-a705bf8c-63d4-478d-a2e4-8f872e60966c None None] Loading extension file: extraroute.py {{(pid=87409) _load_all_extensions_from_path /opt/stack/neutron/neutron/api/extensions.py:449}}
Jun 30 17:17:18.932088 np0000004013 devstack@neutron-api.service[87409]: DEBUG neutron.api.extensions [None req-a705bf8c-63d4-478d-a2e4-8f872e60966c None None] Ext name="Neutron Extra Route" alias="extraroute" description="Extra routes configuration for L3 router" updated="2013-02-01T10:00:00-00:00" {{(pid=87409) _check_extension /opt/stack/neutron/neutron/api/extensions.py:415}}
Jun 30 17:17:18.932088 np0000004013 devstack@neutron-api.service[87409]: INFO neutron.api.extensions [None req-a705bf8c-63d4-478d-a2e4-8f872e60966c None None] Loaded extension: extraroute
Jun 30 17:17:18.932088 np0000004013 devstack@neutron-api.service[87409]: DEBUG neutron.api.extensions [None req-a705bf8c-63d4-478d-a2e4-8f872e60966c None None] Loading extension file: extraroute_atomic.py {{(pid=87409) _load_all_extensions_from_path /opt/stack/neutron/neutron/api/extensions.py:449}}
Jun 30 17:17:18.932450 np0000004013 devstack@neutron-api.service[87409]: DEBUG neutron.api.extensions [None req-a705bf8c-63d4-478d-a2e4-8f872e60966c None None] Ext name="Atomically add/remove extra routes" alias="extraroute-atomic" description="Edit extra routes of a router on server side by atomically adding/removing extra routes" updated="2019-07-10T00:00:00+00:00" {{(pid=87409) _check_extension /opt/stack/neutron/neutron/api/extensions.py:415}}
Jun 30 17:17:18.932450 np0000004013 devstack@neutron-api.service[87409]: INFO neutron.api.extensions [None req-a705bf8c-63d4-478d-a2e4-8f872e60966c None None] Loaded extension: extraroute-atomic
Jun 30 17:17:18.932750 np0000004013 devstack@neutron-api.service[87409]: DEBUG neutron.api.extensions [None req-a705bf8c-63d4-478d-a2e4-8f872e60966c None None] Loading extension file: filter_validation.py {{(pid=87409) _load_all_extensions_from_path /opt/stack/neutron/neutron/api/extensions.py:449}}
Jun 30 17:17:18.933199 np0000004013 devstack@neutron-api.service[87409]: DEBUG neutron.api.extensions [None req-a705bf8c-63d4-478d-a2e4-8f872e60966c None None] Ext name="Filter parameters validation" alias="filter-validation" description="Provides validation on filter parameters." updated="2018-07-04T10:00:00-00:00" {{(pid=87409) _check_extension /opt/stack/neutron/neutron/api/extensions.py:415}}
Jun 30 17:17:18.933199 np0000004013 devstack@neutron-api.service[87409]: INFO neutron.api.extensions [None req-a705bf8c-63d4-478d-a2e4-8f872e60966c None None] Loaded extension: filter-validation
Jun 30 17:17:18.933984 np0000004013 devstack@neutron-api.service[87409]: DEBUG neutron.api.extensions [None req-a705bf8c-63d4-478d-a2e4-8f872e60966c None None] Loading extension file: fip_pf_description.py {{(pid=87409) _load_all_extensions_from_path /opt/stack/neutron/neutron/api/extensions.py:449}}
Jun 30 17:17:18.933984 np0000004013 devstack@neutron-api.service[87409]: DEBUG neutron.api.extensions [None req-a705bf8c-63d4-478d-a2e4-8f872e60966c None None] Ext name="Floating IP Port Forwarding new attribute description" alias="floating-ip-port-forwarding-description" description="Add a description field to Port Forwarding rules" updated="2019-11-01T10:00:00-00:00" {{(pid=87409) _check_extension /opt/stack/neutron/neutron/api/extensions.py:415}}
Jun 30 17:17:18.933984 np0000004013 devstack@neutron-api.service[87409]: INFO neutron.api.extensions [None req-a705bf8c-63d4-478d-a2e4-8f872e60966c None None] Extension floating-ip-port-forwarding-description not supported by any of loaded plugins
Jun 30 17:17:18.933984 np0000004013 devstack@neutron-api.service[87409]: DEBUG neutron.api.extensions [None req-a705bf8c-63d4-478d-a2e4-8f872e60966c None None] Loading extension file: fip_pf_detail.py {{(pid=87409) _load_all_extensions_from_path /opt/stack/neutron/neutron/api/extensions.py:449}}
Jun 30 17:17:18.934430 np0000004013 devstack@neutron-api.service[87409]: DEBUG neutron.api.extensions [None req-a705bf8c-63d4-478d-a2e4-8f872e60966c None None] Ext name="Floating IP port forwarding detail" alias="floating-ip-port-forwarding-detail" description="Allow list floating ip return more port forwarding data, include'id' and 'internal_port_id'" updated="2022-05-06T10:00:00-00:00" {{(pid=87409) _check_extension /opt/stack/neutron/neutron/api/extensions.py:415}}
Jun 30 17:17:18.934692 np0000004013 devstack@neutron-api.service[87409]: INFO neutron.api.extensions [None req-a705bf8c-63d4-478d-a2e4-8f872e60966c None None] Loaded extension: floating-ip-port-forwarding-detail
Jun 30 17:17:18.934692 np0000004013 devstack@neutron-api.service[87409]: DEBUG neutron.api.extensions [None req-a705bf8c-63d4-478d-a2e4-8f872e60966c None None] Loading extension file: fip_pf_port_range.py {{(pid=87409) _load_all_extensions_from_path /opt/stack/neutron/neutron/api/extensions.py:449}}
Jun 30 17:17:18.935208 np0000004013 devstack@neutron-api.service[87409]: DEBUG neutron.api.extensions [None req-a705bf8c-63d4-478d-a2e4-8f872e60966c None None] Ext name="Floating IP Port Forwarding support port ranges" alias="floating-ip-port-forwarding-port-ranges" description="Add support to port ranges" updated="2020-07-01T10:00:00-00:00" {{(pid=87409) _check_extension /opt/stack/neutron/neutron/api/extensions.py:415}}
Jun 30 17:17:18.935796 np0000004013 devstack@neutron-api.service[87408]: DEBUG neutron_lib.callbacks.manager [None req-bae3f766-59a4-45d1-aecc-d9ae9f2542a3 None None] Publish callbacks ['neutron.plugins.ml2.drivers.ovn.mech_driver.mech_driver.OVNMechanismDriver.pre_fork_initialize-226516'] for process (None), before_spawn {{(pid=87408) _notify_loop /opt/stack/data/venv/lib/python3.12/site-packages/neutron_lib/callbacks/manager.py:184}}
Jun 30 17:17:18.936093 np0000004013 devstack@neutron-api.service[87409]: INFO neutron.api.extensions [None req-a705bf8c-63d4-478d-a2e4-8f872e60966c None None] Extension floating-ip-port-forwarding-port-ranges not supported by any of loaded plugins
Jun 30 17:17:18.936093 np0000004013 devstack@neutron-api.service[87409]: DEBUG neutron.api.extensions [None req-a705bf8c-63d4-478d-a2e4-8f872e60966c None None] Loading extension file: fip_port_details.py {{(pid=87409) _load_all_extensions_from_path /opt/stack/neutron/neutron/api/extensions.py:449}}
Jun 30 17:17:18.936398 np0000004013 devstack@neutron-api.service[87408]: DEBUG oslo_concurrency.processutils [None req-bae3f766-59a4-45d1-aecc-d9ae9f2542a3 None None] Running cmd (subprocess): ovsdb-client transact ssl:10.4.3.24:6641 --timeout 180 -p /opt/stack/data/CA/int-ca/private/devstack-cert.key -c /opt/stack/data/CA/int-ca/devstack-cert.crt -C /opt/stack/data/CA/int-ca/ca-chain.pem ["OVN_Northbound", {"op": "wait", "timeout": 0, "table": "Port_Group", "where": [["name", "==", "neutron_pg_drop"]], "until": "==", "rows": []}, {"op": "insert", "table": "ACL", "row": {"action": "drop", "direction": "to-lport", "match": "outport == @neutron_pg_drop && ip", "priority": 1001}, "uuid-name": "droptoport"}, {"op": "insert", "table": "ACL", "row": {"action": "drop", "direction": "from-lport", "match": "inport == @neutron_pg_drop && ip", "priority": 1001}, "uuid-name": "dropfromport"}, {"op": "insert", "table": "Port_Group", "row": {"name": "neutron_pg_drop", "acls": ["set", [["named-uuid", "droptoport"], ["named-uuid", "dropfromport"]]]}}] {{(pid=87408) execute /opt/stack/data/venv/lib/python3.12/site-packages/oslo_concurrency/processutils.py:440}}
Jun 30 17:17:18.936637 np0000004013 devstack@neutron-api.service[87409]: DEBUG neutron.api.extensions [None req-a705bf8c-63d4-478d-a2e4-8f872e60966c None None] Ext name="Floating IP Port Details Extension" alias="fip-port-details" description="Add port_details attribute to Floating IP resource" updated="2018-04-09T10:00:00-00:00" {{(pid=87409) _check_extension /opt/stack/neutron/neutron/api/extensions.py:415}}
Jun 30 17:17:18.936637 np0000004013 devstack@neutron-api.service[87409]: INFO neutron.api.extensions [None req-a705bf8c-63d4-478d-a2e4-8f872e60966c None None] Loaded extension: fip-port-details
Jun 30 17:17:18.936637 np0000004013 devstack@neutron-api.service[87409]: DEBUG neutron.api.extensions [None req-a705bf8c-63d4-478d-a2e4-8f872e60966c None None] Loading extension file: flavors.py {{(pid=87409) _load_all_extensions_from_path /opt/stack/neutron/neutron/api/extensions.py:449}}
Jun 30 17:17:18.936637 np0000004013 devstack@neutron-api.service[87409]: DEBUG neutron.api.extensions [None req-a705bf8c-63d4-478d-a2e4-8f872e60966c None None] Ext name="Neutron Service Flavors" alias="flavors" description="Flavor specification for Neutron advanced services." updated="2015-09-17T10:00:00-00:00" {{(pid=87409) _check_extension /opt/stack/neutron/neutron/api/extensions.py:415}}
Jun 30 17:17:18.937197 np0000004013 devstack@neutron-api.service[87409]: INFO neutron.api.extensions [None req-a705bf8c-63d4-478d-a2e4-8f872e60966c None None] Loaded extension: flavors
Jun 30 17:17:18.937197 np0000004013 devstack@neutron-api.service[87409]: DEBUG neutron.api.extensions [None req-a705bf8c-63d4-478d-a2e4-8f872e60966c None None] Loading extension file: floating_ip_port_forwarding.py {{(pid=87409) _load_all_extensions_from_path /opt/stack/neutron/neutron/api/extensions.py:449}}
Jun 30 17:17:18.937715 np0000004013 devstack@neutron-api.service[87409]: DEBUG neutron.api.extensions [None req-a705bf8c-63d4-478d-a2e4-8f872e60966c None None] Ext name="Floating IP Port Forwarding" alias="floating-ip-port-forwarding" description="Allow port forwarding from floating IP port to an internal port" updated="2018-01-19T10:00:00-00:00" {{(pid=87409) _check_extension /opt/stack/neutron/neutron/api/extensions.py:415}}
Jun 30 17:17:18.937715 np0000004013 devstack@neutron-api.service[87409]: INFO neutron.api.extensions [None req-a705bf8c-63d4-478d-a2e4-8f872e60966c None None] Extension floating-ip-port-forwarding not supported by any of loaded plugins
