Aug 25 05:36:57.976228 np0000008048 devstack@c-api.service[97147]: DEBUG cinder.api.middleware.request_id [None req-64a1e0ae-8a3b-4086-b361-7cd66818ef08 None None] RequestId filter calling following filter/app {{(pid=97147) _context_setter /opt/stack/cinder/cinder/api/middleware/request_id.py:62}}
Aug 25 05:36:57.978021 np0000008048 devstack@c-api.service[97147]: INFO cinder.api.openstack.wsgi [None req-64a1e0ae-8a3b-4086-b361-7cd66818ef08 tempest-SnapshotMetadataTestJSON-1190765012 tempest-SnapshotMetadataTestJSON-1190765012-project-member] GET https://10.4.3.203/volume/v3/snapshots/6719a946-d846-40e6-b392-d3b789f79394
Aug 25 05:36:57.978362 np0000008048 devstack@c-api.service[97147]: DEBUG cinder.api.openstack.wsgi [None req-64a1e0ae-8a3b-4086-b361-7cd66818ef08 tempest-SnapshotMetadataTestJSON-1190765012 tempest-SnapshotMetadataTestJSON-1190765012-project-member] Empty body provided in request {{(pid=97147) get_body /opt/stack/cinder/cinder/api/openstack/wsgi.py:725}}
Aug 25 05:36:57.978719 np0000008048 devstack@c-api.service[97147]: DEBUG cinder.api.openstack.wsgi [None req-64a1e0ae-8a3b-4086-b361-7cd66818ef08 tempest-SnapshotMetadataTestJSON-1190765012 tempest-SnapshotMetadataTestJSON-1190765012-project-member] Calling method 'show' {{(pid=97147) _process_stack /opt/stack/cinder/cinder/api/openstack/wsgi.py:878}}
Aug 25 05:36:57.985185 np0000008048 devstack@c-api.service[97147]: INFO cinder.api.openstack.wsgi [None req-64a1e0ae-8a3b-4086-b361-7cd66818ef08 tempest-SnapshotMetadataTestJSON-1190765012 tempest-SnapshotMetadataTestJSON-1190765012-project-member] https://10.4.3.203/volume/v3/snapshots/6719a946-d846-40e6-b392-d3b789f79394 returned with HTTP 404
Aug 25 05:36:57.985877 np0000008048 devstack@c-api.service[97147]: [pid: 97147|app: 0|req: 105/314] 10.4.3.203 () {66 vars in 1354 bytes} [Tue Aug 25 05:36:57 2026] GET /volume/v3/snapshots/6719a946-d846-40e6-b392-d3b789f79394 => generated 111 bytes in 11 msecs (HTTP/1.1 404) 7 headers in 292 bytes (1 switches on core 0)
Aug 25 05:36:57.995386 np0000008048 devstack@c-api.service[97146]: DEBUG cinder.api.middleware.request_id [None req-209e468b-5da1-4496-9a84-bcdad6b1270e None None] RequestId filter calling following filter/app {{(pid=97146) _context_setter /opt/stack/cinder/cinder/api/middleware/request_id.py:62}}
Aug 25 05:36:57.998011 np0000008048 devstack@c-api.service[97146]: INFO cinder.api.openstack.wsgi [None req-209e468b-5da1-4496-9a84-bcdad6b1270e tempest-SnapshotMetadataTestJSON-1190765012 tempest-SnapshotMetadataTestJSON-1190765012-project-member] GET https://10.4.3.203/volume/v3/volumes/4b54a7bb-e1a2-4f72-843b-6d4d04e46f6b
Aug 25 05:36:57.998597 np0000008048 devstack@c-api.service[97146]: DEBUG cinder.api.openstack.wsgi [None req-209e468b-5da1-4496-9a84-bcdad6b1270e tempest-SnapshotMetadataTestJSON-1190765012 tempest-SnapshotMetadataTestJSON-1190765012-project-member] Empty body provided in request {{(pid=97146) get_body /opt/stack/cinder/cinder/api/openstack/wsgi.py:725}}
Aug 25 05:36:57.998895 np0000008048 devstack@c-api.service[97146]: DEBUG cinder.api.openstack.wsgi [None req-209e468b-5da1-4496-9a84-bcdad6b1270e tempest-SnapshotMetadataTestJSON-1190765012 tempest-SnapshotMetadataTestJSON-1190765012-project-member] Calling method 'show' {{(pid=97146) _process_stack /opt/stack/cinder/cinder/api/openstack/wsgi.py:878}}
Aug 25 05:36:58.006114 np0000008048 devstack@c-api.service[97146]: /opt/stack/data/venv/lib/python3.12/site-packages/oslo_context/context.py:102: DeprecationWarning: Policy enforcement is depending on the value of is_admin. This key is deprecated. Please update your policy file to use the standard policy values.
Aug 25 05:36:58.006114 np0000008048 devstack@c-api.service[97146]: warnings.warn(
Aug 25 05:36:58.013354 np0000008048 devstack@c-api.service[97146]: INFO cinder.volume.api [None req-209e468b-5da1-4496-9a84-bcdad6b1270e tempest-SnapshotMetadataTestJSON-1190765012 tempest-SnapshotMetadataTestJSON-1190765012-project-member] Volume info retrieved successfully.
Aug 25 05:36:58.017295 np0000008048 devstack@c-api.service[97146]: INFO cinder.api.openstack.wsgi [None req-209e468b-5da1-4496-9a84-bcdad6b1270e tempest-SnapshotMetadataTestJSON-1190765012 tempest-SnapshotMetadataTestJSON-1190765012-project-member] https://10.4.3.203/volume/v3/volumes/4b54a7bb-e1a2-4f72-843b-6d4d04e46f6b returned with HTTP 200
Aug 25 05:36:58.017699 np0000008048 devstack@c-api.service[97146]: [pid: 97146|app: 0|req: 103/315] 10.4.3.203 () {66 vars in 1348 bytes} [Tue Aug 25 05:36:57 2026] GET /volume/v3/volumes/4b54a7bb-e1a2-4f72-843b-6d4d04e46f6b => generated 848 bytes in 23 msecs (HTTP/1.1 200) 7 headers in 285 bytes (1 switches on core 0)
Aug 25 05:36:58.029965 np0000008048 devstack@c-api.service[97148]: DEBUG cinder.api.middleware.request_id [None req-b55c6f82-d176-460b-b1ac-dc08b904d70d None None] RequestId filter calling following filter/app {{(pid=97148) _context_setter /opt/stack/cinder/cinder/api/middleware/request_id.py:62}}
Aug 25 05:36:58.033307 np0000008048 devstack@c-api.service[97148]: INFO cinder.api.openstack.wsgi [None req-b55c6f82-d176-460b-b1ac-dc08b904d70d tempest-SnapshotMetadataTestJSON-1190765012 tempest-SnapshotMetadataTestJSON-1190765012-project-member] DELETE https://10.4.3.203/volume/v3/volumes/4b54a7bb-e1a2-4f72-843b-6d4d04e46f6b
Aug 25 05:36:58.033523 np0000008048 devstack@c-api.service[97148]: DEBUG cinder.api.openstack.wsgi [None req-b55c6f82-d176-460b-b1ac-dc08b904d70d tempest-SnapshotMetadataTestJSON-1190765012 tempest-SnapshotMetadataTestJSON-1190765012-project-member] Empty body provided in request {{(pid=97148) get_body /opt/stack/cinder/cinder/api/openstack/wsgi.py:725}}
Aug 25 05:36:58.033723 np0000008048 devstack@c-api.service[97148]: DEBUG cinder.api.openstack.wsgi [None req-b55c6f82-d176-460b-b1ac-dc08b904d70d tempest-SnapshotMetadataTestJSON-1190765012 tempest-SnapshotMetadataTestJSON-1190765012-project-member] Calling method 'delete' {{(pid=97148) _process_stack /opt/stack/cinder/cinder/api/openstack/wsgi.py:878}}
Aug 25 05:36:58.033878 np0000008048 devstack@c-api.service[97148]: INFO cinder.api.v3.volumes [None req-b55c6f82-d176-460b-b1ac-dc08b904d70d tempest-SnapshotMetadataTestJSON-1190765012 tempest-SnapshotMetadataTestJSON-1190765012-project-member] Delete volume with id: 4b54a7bb-e1a2-4f72-843b-6d4d04e46f6b
Aug 25 05:36:58.050616 np0000008048 devstack@c-api.service[97148]: /opt/stack/data/venv/lib/python3.12/site-packages/oslo_context/context.py:102: DeprecationWarning: Policy enforcement is depending on the value of is_admin. This key is deprecated. Please update your policy file to use the standard policy values.
Aug 25 05:36:58.050616 np0000008048 devstack@c-api.service[97148]: warnings.warn(
Aug 25 05:36:58.051117 np0000008048 devstack@c-api.service[97148]: INFO cinder.volume.api [None req-b55c6f82-d176-460b-b1ac-dc08b904d70d tempest-SnapshotMetadataTestJSON-1190765012 tempest-SnapshotMetadataTestJSON-1190765012-project-member] Volume info retrieved successfully.
Aug 25 05:36:58.074371 np0000008048 devstack@c-api.service[97148]: INFO cinder.volume.api [None req-b55c6f82-d176-460b-b1ac-dc08b904d70d tempest-SnapshotMetadataTestJSON-1190765012 tempest-SnapshotMetadataTestJSON-1190765012-project-member] Delete volume request issued successfully.
Aug 25 05:36:58.074631 np0000008048 devstack@c-api.service[97148]: INFO cinder.api.openstack.wsgi [None req-b55c6f82-d176-460b-b1ac-dc08b904d70d tempest-SnapshotMetadataTestJSON-1190765012 tempest-SnapshotMetadataTestJSON-1190765012-project-member] https://10.4.3.203/volume/v3/volumes/4b54a7bb-e1a2-4f72-843b-6d4d04e46f6b returned with HTTP 202
Aug 25 05:36:58.075279 np0000008048 devstack@c-api.service[97148]: [pid: 97148|app: 0|req: 108/316] 10.4.3.203 () {66 vars in 1351 bytes} [Tue Aug 25 05:36:58 2026] DELETE /volume/v3/volumes/4b54a7bb-e1a2-4f72-843b-6d4d04e46f6b => generated 0 bytes in 46 msecs (HTTP/1.1 202) 6 headers in 233 bytes (1 switches on core 0)
Aug 25 05:36:58.084224 np0000008048 devstack@c-api.service[97147]: DEBUG cinder.api.middleware.request_id [None req-0d8eb52c-89c2-4a7e-8aba-ea25269faea3 None None] RequestId filter calling following filter/app {{(pid=97147) _context_setter /opt/stack/cinder/cinder/api/middleware/request_id.py:62}}
Aug 25 05:36:58.088759 np0000008048 devstack@c-api.service[97147]: INFO cinder.api.openstack.wsgi [None req-0d8eb52c-89c2-4a7e-8aba-ea25269faea3 tempest-SnapshotMetadataTestJSON-1190765012 tempest-SnapshotMetadataTestJSON-1190765012-project-member] GET https://10.4.3.203/volume/v3/volumes/4b54a7bb-e1a2-4f72-843b-6d4d04e46f6b
Aug 25 05:36:58.088759 np0000008048 devstack@c-api.service[97147]: DEBUG cinder.api.openstack.wsgi [None req-0d8eb52c-89c2-4a7e-8aba-ea25269faea3 tempest-SnapshotMetadataTestJSON-1190765012 tempest-SnapshotMetadataTestJSON-1190765012-project-member] Empty body provided in request {{(pid=97147) get_body /opt/stack/cinder/cinder/api/openstack/wsgi.py:725}}
Aug 25 05:36:58.088759 np0000008048 devstack@c-api.service[97147]: DEBUG cinder.api.openstack.wsgi [None req-0d8eb52c-89c2-4a7e-8aba-ea25269faea3 tempest-SnapshotMetadataTestJSON-1190765012 tempest-SnapshotMetadataTestJSON-1190765012-project-member] Calling method 'show' {{(pid=97147) _process_stack /opt/stack/cinder/cinder/api/openstack/wsgi.py:878}}
Aug 25 05:36:58.097136 np0000008048 devstack@c-api.service[97147]: /opt/stack/data/venv/lib/python3.12/site-packages/oslo_context/context.py:102: DeprecationWarning: Policy enforcement is depending on the value of is_admin. This key is deprecated. Please update your policy file to use the standard policy values.
Aug 25 05:36:58.097136 np0000008048 devstack@c-api.service[97147]: warnings.warn(
Aug 25 05:36:58.103920 np0000008048 devstack@c-api.service[97147]: INFO cinder.volume.api [None req-0d8eb52c-89c2-4a7e-8aba-ea25269faea3 tempest-SnapshotMetadataTestJSON-1190765012 tempest-SnapshotMetadataTestJSON-1190765012-project-member] Volume info retrieved successfully.
Aug 25 05:36:58.115929 np0000008048 devstack@c-api.service[97147]: INFO cinder.api.openstack.wsgi [None req-0d8eb52c-89c2-4a7e-8aba-ea25269faea3 tempest-SnapshotMetadataTestJSON-1190765012 tempest-SnapshotMetadataTestJSON-1190765012-project-member] https://10.4.3.203/volume/v3/volumes/4b54a7bb-e1a2-4f72-843b-6d4d04e46f6b returned with HTTP 200
Aug 25 05:36:58.116879 np0000008048 devstack@c-api.service[97147]: [pid: 97147|app: 0|req: 106/317] 10.4.3.203 () {66 vars in 1348 bytes} [Tue Aug 25 05:36:58 2026] GET /volume/v3/volumes/4b54a7bb-e1a2-4f72-843b-6d4d04e46f6b => generated 847 bytes in 33 msecs (HTTP/1.1 200) 7 headers in 285 bytes (1 switches on core 0)
Aug 25 05:36:59.133918 np0000008048 devstack@c-api.service[97146]: DEBUG cinder.api.middleware.request_id [None req-bbd9c71f-033f-478d-9b3c-2b65df3e96b0 None None] RequestId filter calling following filter/app {{(pid=97146) _context_setter /opt/stack/cinder/cinder/api/middleware/request_id.py:62}}
Aug 25 05:36:59.139444 np0000008048 devstack@c-api.service[97146]: INFO cinder.api.openstack.wsgi [None req-bbd9c71f-033f-478d-9b3c-2b65df3e96b0 tempest-SnapshotMetadataTestJSON-1190765012 tempest-SnapshotMetadataTestJSON-1190765012-project-member] GET https://10.4.3.203/volume/v3/volumes/4b54a7bb-e1a2-4f72-843b-6d4d04e46f6b
Aug 25 05:36:59.139747 np0000008048 devstack@c-api.service[97146]: DEBUG cinder.api.openstack.wsgi [None req-bbd9c71f-033f-478d-9b3c-2b65df3e96b0 tempest-SnapshotMetadataTestJSON-1190765012 tempest-SnapshotMetadataTestJSON-1190765012-project-member] Empty body provided in request {{(pid=97146) get_body /opt/stack/cinder/cinder/api/openstack/wsgi.py:725}}
Aug 25 05:36:59.139947 np0000008048 devstack@c-api.service[97146]: DEBUG cinder.api.openstack.wsgi [None req-bbd9c71f-033f-478d-9b3c-2b65df3e96b0 tempest-SnapshotMetadataTestJSON-1190765012 tempest-SnapshotMetadataTestJSON-1190765012-project-member] Calling method 'show' {{(pid=97146) _process_stack /opt/stack/cinder/cinder/api/openstack/wsgi.py:878}}
Aug 25 05:36:59.150592 np0000008048 devstack@c-api.service[97146]: INFO cinder.api.openstack.wsgi [None req-bbd9c71f-033f-478d-9b3c-2b65df3e96b0 tempest-SnapshotMetadataTestJSON-1190765012 tempest-SnapshotMetadataTestJSON-1190765012-project-member] https://10.4.3.203/volume/v3/volumes/4b54a7bb-e1a2-4f72-843b-6d4d04e46f6b returned with HTTP 404
Aug 25 05:36:59.151432 np0000008048 devstack@c-api.service[97146]: [pid: 97146|app: 0|req: 104/318] 10.4.3.203 () {66 vars in 1348 bytes} [Tue Aug 25 05:36:59 2026] GET /volume/v3/volumes/4b54a7bb-e1a2-4f72-843b-6d4d04e46f6b => generated 109 bytes in 18 msecs (HTTP/1.1 404) 7 headers in 292 bytes (1 switches on core 0)
Aug 25 05:37:02.087821 np0000008048 devstack@c-api.service[97148]: DEBUG cinder.api.middleware.request_id [req-ca8c7404-327a-4af9-bf5c-8deecb9dd8a5 req-08eb8c9e-b874-482b-857b-f16c2bdc2a4c None None] RequestId filter calling following filter/app {{(pid=97148) _context_setter /opt/stack/cinder/cinder/api/middleware/request_id.py:62}}
Aug 25 05:37:02.092274 np0000008048 devstack@c-api.service[97148]: INFO cinder.api.openstack.wsgi [req-ca8c7404-327a-4af9-bf5c-8deecb9dd8a5 req-08eb8c9e-b874-482b-857b-f16c2bdc2a4c tempest-ServerActionsTestOtherB-1026894314 tempest-ServerActionsTestOtherB-1026894314-project-member] DELETE https://10.4.3.203/volume/v3/attachments/731e1b3c-1f68-4048-8756-11df9fada3c4
Aug 25 05:37:02.092639 np0000008048 devstack@c-api.service[97148]: DEBUG cinder.api.openstack.wsgi [req-ca8c7404-327a-4af9-bf5c-8deecb9dd8a5 req-08eb8c9e-b874-482b-857b-f16c2bdc2a4c tempest-ServerActionsTestOtherB-1026894314 tempest-ServerActionsTestOtherB-1026894314-project-member] Empty body provided in request {{(pid=97148) get_body /opt/stack/cinder/cinder/api/openstack/wsgi.py:725}}
Aug 25 05:37:02.092886 np0000008048 devstack@c-api.service[97148]: DEBUG cinder.api.openstack.wsgi [req-ca8c7404-327a-4af9-bf5c-8deecb9dd8a5 req-08eb8c9e-b874-482b-857b-f16c2bdc2a4c tempest-ServerActionsTestOtherB-1026894314 tempest-ServerActionsTestOtherB-1026894314-project-member] Calling method 'version_select' {{(pid=97148) _process_stack /opt/stack/cinder/cinder/api/openstack/wsgi.py:878}}
Aug 25 05:37:02.121566 np0000008048 devstack@c-api.service[97148]: /opt/stack/data/venv/lib/python3.12/site-packages/oslo_context/context.py:102: DeprecationWarning: Policy enforcement is depending on the value of is_admin. This key is deprecated. Please update your policy file to use the standard policy values.
Aug 25 05:37:02.121566 np0000008048 devstack@c-api.service[97148]: warnings.warn(
Aug 25 05:37:02.190482 np0000008048 devstack@c-api.service[97148]: INFO cinder.api.openstack.wsgi [req-ca8c7404-327a-4af9-bf5c-8deecb9dd8a5 req-08eb8c9e-b874-482b-857b-f16c2bdc2a4c tempest-ServerActionsTestOtherB-1026894314 tempest-ServerActionsTestOtherB-1026894314-project-member] https://10.4.3.203/volume/v3/attachments/731e1b3c-1f68-4048-8756-11df9fada3c4 returned with HTTP 200
Aug 25 05:37:02.191053 np0000008048 devstack@c-api.service[97148]: [pid: 97148|app: 0|req: 109/319] 10.4.3.203 () {72 vars in 1673 bytes} [Tue Aug 25 05:37:02 2026] DELETE /volume/v3/attachments/731e1b3c-1f68-4048-8756-11df9fada3c4 => generated 19 bytes in 104 msecs (HTTP/1.1 200) 7 headers in 285 bytes (1 switches on core 0)
Aug 25 05:37:02.773461 np0000008048 devstack@c-api.service[97147]: DEBUG cinder.api.middleware.request_id [None req-5783ad36-d8de-40d5-93a8-efa261087dcc None None] RequestId filter calling following filter/app {{(pid=97147) _context_setter /opt/stack/cinder/cinder/api/middleware/request_id.py:62}}
Aug 25 05:37:03.024512 np0000008048 devstack@c-api.service[97147]: INFO cinder.api.openstack.wsgi [None req-5783ad36-d8de-40d5-93a8-efa261087dcc tempest-VolumesCloneNegativeTest-1292102038 tempest-VolumesCloneNegativeTest-1292102038-project-member] POST https://10.4.3.203/volume/v3/volumes
Aug 25 05:37:03.025038 np0000008048 devstack@c-api.service[97147]: DEBUG cinder.api.openstack.wsgi [None req-5783ad36-d8de-40d5-93a8-efa261087dcc tempest-VolumesCloneNegativeTest-1292102038 tempest-VolumesCloneNegativeTest-1292102038-project-member] Action: 'create', calling method: create, body: {"volume": {"size": 2, "name": "tempest-VolumesCloneNegativeTest-Volume-1871824521"}} {{(pid=97147) _process_stack /opt/stack/cinder/cinder/api/openstack/wsgi.py:876}}
Aug 25 05:37:03.027510 np0000008048 devstack@c-api.service[97147]: DEBUG cinder.api.v3.volumes [None req-5783ad36-d8de-40d5-93a8-efa261087dcc tempest-VolumesCloneNegativeTest-1292102038 tempest-VolumesCloneNegativeTest-1292102038-project-member] Create volume request body: {'volume': {'size': 2, 'name': 'tempest-VolumesCloneNegativeTest-Volume-1871824521'}} {{(pid=97147) create /opt/stack/cinder/cinder/api/v3/volumes.py:368}}
Aug 25 05:37:03.027510 np0000008048 devstack@c-api.service[97147]: INFO cinder.api.v3.volumes [None req-5783ad36-d8de-40d5-93a8-efa261087dcc tempest-VolumesCloneNegativeTest-1292102038 tempest-VolumesCloneNegativeTest-1292102038-project-member] Create volume of 2 GB
Aug 25 05:37:03.034070 np0000008048 devstack@c-api.service[97147]: INFO cinder.volume.api [None req-5783ad36-d8de-40d5-93a8-efa261087dcc tempest-VolumesCloneNegativeTest-1292102038 tempest-VolumesCloneNegativeTest-1292102038-project-member] Availability Zones retrieved successfully.
Aug 25 05:37:03.041661 np0000008048 devstack@c-api.service[97147]: DEBUG cinder.volume.api [None req-5783ad36-d8de-40d5-93a8-efa261087dcc tempest-VolumesCloneNegativeTest-1292102038 tempest-VolumesCloneNegativeTest-1292102038-project-member] Flow 'volume_create_api' (39f1df9c-c430-4951-8a5c-3872045485e2) transitioned into state 'RUNNING' from state 'PENDING' {{(pid=97147) _flow_receiver /opt/stack/data/venv/lib/python3.12/site-packages/taskflow/listeners/logging.py:160}}
Aug 25 05:37:03.043228 np0000008048 devstack@c-api.service[97147]: DEBUG cinder.volume.api [None req-5783ad36-d8de-40d5-93a8-efa261087dcc tempest-VolumesCloneNegativeTest-1292102038 tempest-VolumesCloneNegativeTest-1292102038-project-member] Task 'cinder.volume.flows.api.create_volume.ExtractVolumeRequestTask;volume:create' (4400d005-e9e8-41e1-b87a-9b3a29bbe4fe) transitioned into state 'RUNNING' from state 'PENDING' {{(pid=97147) _task_receiver /opt/stack/data/venv/lib/python3.12/site-packages/taskflow/listeners/logging.py:242}}
Aug 25 05:37:03.045211 np0000008048 devstack@c-api.service[97147]: DEBUG cinder.volume.flows.api.create_volume [None req-5783ad36-d8de-40d5-93a8-efa261087dcc tempest-VolumesCloneNegativeTest-1292102038 tempest-VolumesCloneNegativeTest-1292102038-project-member] Validating volume size '2' using validate_int {{(pid=97147) _extract_size /opt/stack/cinder/cinder/volume/flows/api/create_volume.py:226}}
Aug 25 05:37:03.085455 np0000008048 devstack@c-api.service[97147]: DEBUG cinder.volume.api [None req-5783ad36-d8de-40d5-93a8-efa261087dcc tempest-VolumesCloneNegativeTest-1292102038 tempest-VolumesCloneNegativeTest-1292102038-project-member] Task 'cinder.volume.flows.api.create_volume.ExtractVolumeRequestTask;volume:create' (4400d005-e9e8-41e1-b87a-9b3a29bbe4fe) transitioned into state 'SUCCESS' from state 'RUNNING' with result '{'size': 2, 'snapshot_id': None, 'source_volid': None, 'volume_type': VolumeType(created_at=2026-08-25T05:33:28Z,deleted=False,deleted_at=None,description=None,extra_specs={volume_backend_name='storpool'},id=a410cf75-ad01-43cc-8874-12cd0c4ec495,is_public=True,name='storpool',projects=[],qos_specs=,qos_specs_id=None,updated_at=None), 'volume_type_id': 'a410cf75-ad01-43cc-8874-12cd0c4ec495', 'encryption_key_id': None, 'qos_specs': None, 'consistencygroup_id': None, 'cgsnapshot_id': None, 'group_id': None, 'replication_status': 'disabled', 'refresh_az': False, 'backup_id': None, 'multiattach': False, 'availability_zones': ['nova']}' {{(pid=97147) _task_receiver /opt/stack/data/venv/lib/python3.12/site-packages/taskflow/listeners/logging.py:218}}
Aug 25 05:37:03.086599 np0000008048 devstack@c-api.service[97147]: DEBUG cinder.volume.api [None req-5783ad36-d8de-40d5-93a8-efa261087dcc tempest-VolumesCloneNegativeTest-1292102038 tempest-VolumesCloneNegativeTest-1292102038-project-member] Task 'cinder.volume.flows.api.create_volume.QuotaReserveTask;volume:create' (62d3242b-dc6d-4033-a722-68bb10ba4198) transitioned into state 'RUNNING' from state 'PENDING' {{(pid=97147) _task_receiver /opt/stack/data/venv/lib/python3.12/site-packages/taskflow/listeners/logging.py:242}}
Aug 25 05:37:03.165499 np0000008048 devstack@c-api.service[97146]: DEBUG cinder.api.middleware.request_id [None req-7e4f4dc0-966c-4311-97c1-fd81d413bee4 None None] RequestId filter calling following filter/app {{(pid=97146) _context_setter /opt/stack/cinder/cinder/api/middleware/request_id.py:62}}
Aug 25 05:37:03.167932 np0000008048 devstack@c-api.service[97146]: INFO cinder.api.openstack.wsgi [None req-7e4f4dc0-966c-4311-97c1-fd81d413bee4 tempest-ServerActionsTestOtherB-1026894314 tempest-ServerActionsTestOtherB-1026894314-project-member] GET https://10.4.3.203/volume/v3/volumes/5e8046c3-2bbb-40d8-9dc8-c3e027206e4e
Aug 25 05:37:03.168741 np0000008048 devstack@c-api.service[97146]: DEBUG cinder.api.openstack.wsgi [None req-7e4f4dc0-966c-4311-97c1-fd81d413bee4 tempest-ServerActionsTestOtherB-1026894314 tempest-ServerActionsTestOtherB-1026894314-project-member] Empty body provided in request {{(pid=97146) get_body /opt/stack/cinder/cinder/api/openstack/wsgi.py:725}}
Aug 25 05:37:03.169087 np0000008048 devstack@c-api.service[97146]: DEBUG cinder.api.openstack.wsgi [None req-7e4f4dc0-966c-4311-97c1-fd81d413bee4 tempest-ServerActionsTestOtherB-1026894314 tempest-ServerActionsTestOtherB-1026894314-project-member] Calling method 'show' {{(pid=97146) _process_stack /opt/stack/cinder/cinder/api/openstack/wsgi.py:878}}
Aug 25 05:37:03.178678 np0000008048 devstack@c-api.service[97146]: /opt/stack/data/venv/lib/python3.12/site-packages/oslo_context/context.py:102: DeprecationWarning: Policy enforcement is depending on the value of is_admin. This key is deprecated. Please update your policy file to use the standard policy values.
Aug 25 05:37:03.178678 np0000008048 devstack@c-api.service[97146]: warnings.warn(
Aug 25 05:37:03.193099 np0000008048 devstack@c-api.service[97146]: INFO cinder.volume.api [None req-7e4f4dc0-966c-4311-97c1-fd81d413bee4 tempest-ServerActionsTestOtherB-1026894314 tempest-ServerActionsTestOtherB-1026894314-project-member] Volume info retrieved successfully.
Aug 25 05:37:03.200888 np0000008048 devstack@c-api.service[97146]: INFO cinder.api.openstack.wsgi [None req-7e4f4dc0-966c-4311-97c1-fd81d413bee4 tempest-ServerActionsTestOtherB-1026894314 tempest-ServerActionsTestOtherB-1026894314-project-member] https://10.4.3.203/volume/v3/volumes/5e8046c3-2bbb-40d8-9dc8-c3e027206e4e returned with HTTP 200
Aug 25 05:37:03.201790 np0000008048 devstack@c-api.service[97146]: [pid: 97146|app: 0|req: 105/320] 10.4.3.203 () {66 vars in 1348 bytes} [Tue Aug 25 05:37:03 2026] GET /volume/v3/volumes/5e8046c3-2bbb-40d8-9dc8-c3e027206e4e => generated 845 bytes in 38 msecs (HTTP/1.1 200) 7 headers in 285 bytes (2 switches on core 0)
Aug 25 05:37:03.205835 np0000008048 devstack@c-api.service[97147]: DEBUG cinder.quota [None req-5783ad36-d8de-40d5-93a8-efa261087dcc tempest-VolumesCloneNegativeTest-1292102038 tempest-VolumesCloneNegativeTest-1292102038-project-member] Created reservations ['8443b0bf-eaa2-4424-a4fe-1c16367fa35d', 'e5afb136-95f3-47c3-b954-723d814a1b5a', '91acb7ba-a13d-43ad-bbb4-a26a85974684', 'a63ca5e1-c740-47f5-9251-991aef9e2990'] {{(pid=97147) reserve /opt/stack/cinder/cinder/quota.py:752}}
Aug 25 05:37:03.207106 np0000008048 devstack@c-api.service[97147]: DEBUG cinder.volume.api [None req-5783ad36-d8de-40d5-93a8-efa261087dcc tempest-VolumesCloneNegativeTest-1292102038 tempest-VolumesCloneNegativeTest-1292102038-project-member] Task 'cinder.volume.flows.api.create_volume.QuotaReserveTask;volume:create' (62d3242b-dc6d-4033-a722-68bb10ba4198) transitioned into state 'SUCCESS' from state 'RUNNING' with result '{'reservations': ['8443b0bf-eaa2-4424-a4fe-1c16367fa35d', 'e5afb136-95f3-47c3-b954-723d814a1b5a', '91acb7ba-a13d-43ad-bbb4-a26a85974684', 'a63ca5e1-c740-47f5-9251-991aef9e2990']}' {{(pid=97147) _task_receiver /opt/stack/data/venv/lib/python3.12/site-packages/taskflow/listeners/logging.py:218}}
Aug 25 05:37:03.208447 np0000008048 devstack@c-api.service[97147]: DEBUG cinder.volume.api [None req-5783ad36-d8de-40d5-93a8-efa261087dcc tempest-VolumesCloneNegativeTest-1292102038 tempest-VolumesCloneNegativeTest-1292102038-project-member] Task 'cinder.volume.flows.api.create_volume.EntryCreateTask;volume:create' (50a94e78-0d20-4b76-a835-fe29604be531) transitioned into state 'RUNNING' from state 'PENDING' {{(pid=97147) _task_receiver /opt/stack/data/venv/lib/python3.12/site-packages/taskflow/listeners/logging.py:242}}
Aug 25 05:37:03.242397 np0000008048 devstack@c-api.service[97147]: DEBUG cinder.volume.api [None req-5783ad36-d8de-40d5-93a8-efa261087dcc tempest-VolumesCloneNegativeTest-1292102038 tempest-VolumesCloneNegativeTest-1292102038-project-member] Task 'cinder.volume.flows.api.create_volume.EntryCreateTask;volume:create' (50a94e78-0d20-4b76-a835-fe29604be531) transitioned into state 'SUCCESS' from state 'RUNNING' with result '{'volume_id': '4c0184fe-ca47-41a2-8c93-03dfe7b3eacd', 'volume_properties': VolumeProperties(attach_status='detached',availability_zone='nova',cgsnapshot_id=None,consistencygroup_id=None,display_description=None,display_name='tempest-VolumesCloneNegativeTest-Volume-1871824521',encryption_key_id=None,group_id=None,group_type_id=,metadata={},multiattach=False,project_id='5ecc3bfaff30427c9da4e9f0d4480976',qos_specs=None,replication_status=,reservations=['8443b0bf-eaa2-4424-a4fe-1c16367fa35d','e5afb136-95f3-47c3-b954-723d814a1b5a','91acb7ba-a13d-43ad-bbb4-a26a85974684','a63ca5e1-c740-47f5-9251-991aef9e2990'],size=2,snapshot_id=None,source_replicaid=,source_volid=None,status='creating',user_id='8e635a2b38654cf3aa76dc3493fb0e7b',volume_type_id=a410cf75-ad01-43cc-8874-12cd0c4ec495), 'volume': Volume(_name_id=None,admin_metadata=,attach_status='detached',availability_zone='nova',bootable=False,cluster=,cluster_name=None,consistencygroup=,consistencygroup_id=None,created_at=2026-08-25T05:37:03Z,deleted=False,deleted_at=None,display_description=None,display_name='tempest-VolumesCloneNegativeTest-Volume-1871824521',ec2_id=None,encryption_key_id=None,glance_metadata=,group=,group_id=None,host=None,id=4c0184fe-ca47-41a2-8c93-03dfe7b3eacd,launched_at=None,metadata={},migration_status=None,multiattach=False,previous_status=None,project_id='5ecc3bfaff30427c9da4e9f0d4480976',provider_auth=None,provider_geometry=None,provider_id=None,provider_location=None,replication_driver_data=None,replication_extended_status=None,replication_status=None,scheduled_at=None,service_uuid=None,shared_targets=True,size=2,snapshot_id=None,snapshots=,source_volid=None,status='creating',terminated_at=None,updated_at=None,use_quota=True,user_id='8e635a2b38654cf3aa76dc3493fb0e7b',volume_attachment=VolumeAttachmentList,volume_type=VolumeType(a410cf75-ad01-43cc-8874-12cd0c4ec495),volume_type_id=a410cf75-ad01-43cc-8874-12cd0c4ec495)}' {{(pid=97147) _task_receiver /opt/stack/data/venv/lib/python3.12/site-packages/taskflow/listeners/logging.py:218}}
Aug 25 05:37:03.242397 np0000008048 devstack@c-api.service[97147]: DEBUG cinder.volume.api [None req-5783ad36-d8de-40d5-93a8-efa261087dcc tempest-VolumesCloneNegativeTest-1292102038 tempest-VolumesCloneNegativeTest-1292102038-project-member] Task 'cinder.volume.flows.api.create_volume.QuotaCommitTask;volume:create' (1dec95d0-5bac-4793-bfde-fe646549bf13) transitioned into state 'RUNNING' from state 'PENDING' {{(pid=97147) _task_receiver /opt/stack/data/venv/lib/python3.12/site-packages/taskflow/listeners/logging.py:242}}
Aug 25 05:37:03.251134 np0000008048 devstack@c-api.service[97148]: DEBUG cinder.api.middleware.request_id [None req-aaec1206-5698-4a3b-acac-bddcb895c9aa None None] RequestId filter calling following filter/app {{(pid=97148) _context_setter /opt/stack/cinder/cinder/api/middleware/request_id.py:62}}
Aug 25 05:37:03.253621 np0000008048 devstack@c-api.service[97148]: INFO cinder.api.openstack.wsgi [None req-aaec1206-5698-4a3b-acac-bddcb895c9aa tempest-ServerActionsTestOtherB-1026894314 tempest-ServerActionsTestOtherB-1026894314-project-member] GET https://10.4.3.203/volume/v3/volumes/5e8046c3-2bbb-40d8-9dc8-c3e027206e4e
Aug 25 05:37:03.254103 np0000008048 devstack@c-api.service[97148]: DEBUG cinder.api.openstack.wsgi [None req-aaec1206-5698-4a3b-acac-bddcb895c9aa tempest-ServerActionsTestOtherB-1026894314 tempest-ServerActionsTestOtherB-1026894314-project-member] Empty body provided in request {{(pid=97148) get_body /opt/stack/cinder/cinder/api/openstack/wsgi.py:725}}
Aug 25 05:37:03.254376 np0000008048 devstack@c-api.service[97148]: DEBUG cinder.api.openstack.wsgi [None req-aaec1206-5698-4a3b-acac-bddcb895c9aa tempest-ServerActionsTestOtherB-1026894314 tempest-ServerActionsTestOtherB-1026894314-project-member] Calling method 'show' {{(pid=97148) _process_stack /opt/stack/cinder/cinder/api/openstack/wsgi.py:878}}
Aug 25 05:37:03.265695 np0000008048 devstack@c-api.service[97148]: /opt/stack/data/venv/lib/python3.12/site-packages/oslo_context/context.py:102: DeprecationWarning: Policy enforcement is depending on the value of is_admin. This key is deprecated. Please update your policy file to use the standard policy values.
Aug 25 05:37:03.265695 np0000008048 devstack@c-api.service[97148]: warnings.warn(
Aug 25 05:37:03.271014 np0000008048 devstack@c-api.service[97147]: DEBUG cinder.volume.api [None req-5783ad36-d8de-40d5-93a8-efa261087dcc tempest-VolumesCloneNegativeTest-1292102038 tempest-VolumesCloneNegativeTest-1292102038-project-member] Task 'cinder.volume.flows.api.create_volume.QuotaCommitTask;volume:create' (1dec95d0-5bac-4793-bfde-fe646549bf13) transitioned into state 'SUCCESS' from state 'RUNNING' with result '{'volume_properties': VolumeProperties(attach_status='detached',availability_zone='nova',cgsnapshot_id=None,consistencygroup_id=None,display_description=None,display_name='tempest-VolumesCloneNegativeTest-Volume-1871824521',encryption_key_id=None,group_id=None,group_type_id=,metadata={},multiattach=False,project_id='5ecc3bfaff30427c9da4e9f0d4480976',qos_specs=None,replication_status=,reservations=['8443b0bf-eaa2-4424-a4fe-1c16367fa35d','e5afb136-95f3-47c3-b954-723d814a1b5a','91acb7ba-a13d-43ad-bbb4-a26a85974684','a63ca5e1-c740-47f5-9251-991aef9e2990'],size=2,snapshot_id=None,source_replicaid=,source_volid=None,status='creating',user_id='8e635a2b38654cf3aa76dc3493fb0e7b',volume_type_id=a410cf75-ad01-43cc-8874-12cd0c4ec495)}' {{(pid=97147) _task_receiver /opt/stack/data/venv/lib/python3.12/site-packages/taskflow/listeners/logging.py:218}}
Aug 25 05:37:03.272020 np0000008048 devstack@c-api.service[97147]: DEBUG cinder.volume.api [None req-5783ad36-d8de-40d5-93a8-efa261087dcc tempest-VolumesCloneNegativeTest-1292102038 tempest-VolumesCloneNegativeTest-1292102038-project-member] Task 'cinder.volume.flows.api.create_volume.VolumeCastTask;volume:create' (2cbba2f9-df52-42c8-a16f-4ecae31c956d) transitioned into state 'RUNNING' from state 'PENDING' {{(pid=97147) _task_receiver /opt/stack/data/venv/lib/python3.12/site-packages/taskflow/listeners/logging.py:242}}
Aug 25 05:37:03.273852 np0000008048 devstack@c-api.service[97148]: INFO cinder.volume.api [None req-aaec1206-5698-4a3b-acac-bddcb895c9aa tempest-ServerActionsTestOtherB-1026894314 tempest-ServerActionsTestOtherB-1026894314-project-member] Volume info retrieved successfully.
Aug 25 05:37:03.285838 np0000008048 devstack@c-api.service[97148]: INFO cinder.api.openstack.wsgi [None req-aaec1206-5698-4a3b-acac-bddcb895c9aa tempest-ServerActionsTestOtherB-1026894314 tempest-ServerActionsTestOtherB-1026894314-project-member] https://10.4.3.203/volume/v3/volumes/5e8046c3-2bbb-40d8-9dc8-c3e027206e4e returned with HTTP 200
Aug 25 05:37:03.286578 np0000008048 devstack@c-api.service[97148]: [pid: 97148|app: 0|req: 110/321] 10.4.3.203 () {66 vars in 1348 bytes} [Tue Aug 25 05:37:03 2026] GET /volume/v3/volumes/5e8046c3-2bbb-40d8-9dc8-c3e027206e4e => generated 845 bytes in 36 msecs (HTTP/1.1 200) 7 headers in 285 bytes (1 switches on core 0)
Aug 25 05:37:03.290106 np0000008048 devstack@c-api.service[97147]: DEBUG cinder.volume.api [None req-5783ad36-d8de-40d5-93a8-efa261087dcc tempest-VolumesCloneNegativeTest-1292102038 tempest-VolumesCloneNegativeTest-1292102038-project-member] Task 'cinder.volume.flows.api.create_volume.VolumeCastTask;volume:create' (2cbba2f9-df52-42c8-a16f-4ecae31c956d) transitioned into state 'SUCCESS' from state 'RUNNING' with result 'None' {{(pid=97147) _task_receiver /opt/stack/data/venv/lib/python3.12/site-packages/taskflow/listeners/logging.py:218}}
Aug 25 05:37:03.291848 np0000008048 devstack@c-api.service[97147]: DEBUG cinder.volume.api [None req-5783ad36-d8de-40d5-93a8-efa261087dcc tempest-VolumesCloneNegativeTest-1292102038 tempest-VolumesCloneNegativeTest-1292102038-project-member] Flow 'volume_create_api' (39f1df9c-c430-4951-8a5c-3872045485e2) transitioned into state 'SUCCESS' from state 'RUNNING' {{(pid=97147) _flow_receiver /opt/stack/data/venv/lib/python3.12/site-packages/taskflow/listeners/logging.py:160}}
Aug 25 05:37:03.292331 np0000008048 devstack@c-api.service[97147]: INFO cinder.volume.api [None req-5783ad36-d8de-40d5-93a8-efa261087dcc tempest-VolumesCloneNegativeTest-1292102038 tempest-VolumesCloneNegativeTest-1292102038-project-member] Create volume request issued successfully.
Aug 25 05:37:03.293245 np0000008048 devstack@c-api.service[97147]: INFO cinder.api.openstack.wsgi [None req-5783ad36-d8de-40d5-93a8-efa261087dcc tempest-VolumesCloneNegativeTest-1292102038 tempest-VolumesCloneNegativeTest-1292102038-project-member] https://10.4.3.203/volume/v3/volumes returned with HTTP 202
Aug 25 05:37:03.293894 np0000008048 devstack@c-api.service[97147]: [pid: 97147|app: 0|req: 107/322] 10.4.3.203 () {68 vars in 1258 bytes} [Tue Aug 25 05:37:02 2026] POST /volume/v3/volumes => generated 755 bytes in 526 msecs (HTTP/1.1 202) 7 headers in 291 bytes (1 switches on core 0)
Aug 25 05:37:03.311676 np0000008048 devstack@c-api.service[97146]: DEBUG cinder.api.middleware.request_id [None req-be064acd-dead-4c76-9c6e-4dc5e8e1fc4f None None] RequestId filter calling following filter/app {{(pid=97146) _context_setter /opt/stack/cinder/cinder/api/middleware/request_id.py:62}}
Aug 25 05:37:03.312579 np0000008048 devstack@c-api.service[97148]: DEBUG cinder.api.middleware.request_id [None req-d80ce108-73eb-4848-b0f8-cb2fa1c2528a None None] RequestId filter calling following filter/app {{(pid=97148) _context_setter /opt/stack/cinder/cinder/api/middleware/request_id.py:62}}
Aug 25 05:37:03.315834 np0000008048 devstack@c-api.service[97148]: INFO cinder.api.openstack.wsgi [None req-d80ce108-73eb-4848-b0f8-cb2fa1c2528a tempest-ServerActionsTestOtherB-1026894314 tempest-ServerActionsTestOtherB-1026894314-project-member] DELETE https://10.4.3.203/volume/v3/volumes/5e8046c3-2bbb-40d8-9dc8-c3e027206e4e
Aug 25 05:37:03.315949 np0000008048 devstack@c-api.service[97146]: INFO cinder.api.openstack.wsgi [None req-be064acd-dead-4c76-9c6e-4dc5e8e1fc4f tempest-VolumesCloneNegativeTest-1292102038 tempest-VolumesCloneNegativeTest-1292102038-project-member] GET https://10.4.3.203/volume/v3/volumes/4c0184fe-ca47-41a2-8c93-03dfe7b3eacd
Aug 25 05:37:03.316141 np0000008048 devstack@c-api.service[97148]: DEBUG cinder.api.openstack.wsgi [None req-d80ce108-73eb-4848-b0f8-cb2fa1c2528a tempest-ServerActionsTestOtherB-1026894314 tempest-ServerActionsTestOtherB-1026894314-project-member] Empty body provided in request {{(pid=97148) get_body /opt/stack/cinder/cinder/api/openstack/wsgi.py:725}}
Aug 25 05:37:03.316210 np0000008048 devstack@c-api.service[97146]: DEBUG cinder.api.openstack.wsgi [None req-be064acd-dead-4c76-9c6e-4dc5e8e1fc4f tempest-VolumesCloneNegativeTest-1292102038 tempest-VolumesCloneNegativeTest-1292102038-project-member] Empty body provided in request {{(pid=97146) get_body /opt/stack/cinder/cinder/api/openstack/wsgi.py:725}}
Aug 25 05:37:03.316210 np0000008048 devstack@c-api.service[97146]: DEBUG cinder.api.openstack.wsgi [None req-be064acd-dead-4c76-9c6e-4dc5e8e1fc4f tempest-VolumesCloneNegativeTest-1292102038 tempest-VolumesCloneNegativeTest-1292102038-project-member] Calling method 'show' {{(pid=97146) _process_stack /opt/stack/cinder/cinder/api/openstack/wsgi.py:878}}
Aug 25 05:37:03.316835 np0000008048 devstack@c-api.service[97148]: DEBUG cinder.api.openstack.wsgi [None req-d80ce108-73eb-4848-b0f8-cb2fa1c2528a tempest-ServerActionsTestOtherB-1026894314 tempest-ServerActionsTestOtherB-1026894314-project-member] Calling method 'delete' {{(pid=97148) _process_stack /opt/stack/cinder/cinder/api/openstack/wsgi.py:878}}
Aug 25 05:37:03.316938 np0000008048 devstack@c-api.service[97148]: INFO cinder.api.v3.volumes [None req-d80ce108-73eb-4848-b0f8-cb2fa1c2528a tempest-ServerActionsTestOtherB-1026894314 tempest-ServerActionsTestOtherB-1026894314-project-member] Delete volume with id: 5e8046c3-2bbb-40d8-9dc8-c3e027206e4e
Aug 25 05:37:03.324623 np0000008048 devstack@c-api.service[97146]: /opt/stack/data/venv/lib/python3.12/site-packages/oslo_context/context.py:102: DeprecationWarning: Policy enforcement is depending on the value of is_admin. This key is deprecated. Please update your policy file to use the standard policy values.
Aug 25 05:37:03.324623 np0000008048 devstack@c-api.service[97146]: warnings.warn(
Aug 25 05:37:03.329070 np0000008048 devstack@c-api.service[97148]: /opt/stack/data/venv/lib/python3.12/site-packages/oslo_context/context.py:102: DeprecationWarning: Policy enforcement is depending on the value of is_admin. This key is deprecated. Please update your policy file to use the standard policy values.
Aug 25 05:37:03.329070 np0000008048 devstack@c-api.service[97148]: warnings.warn(
Aug 25 05:37:03.329761 np0000008048 devstack@c-api.service[97146]: INFO cinder.volume.api [None req-be064acd-dead-4c76-9c6e-4dc5e8e1fc4f tempest-VolumesCloneNegativeTest-1292102038 tempest-VolumesCloneNegativeTest-1292102038-project-member] Volume info retrieved successfully.
Aug 25 05:37:03.329848 np0000008048 devstack@c-api.service[97148]: INFO cinder.volume.api [None req-d80ce108-73eb-4848-b0f8-cb2fa1c2528a tempest-ServerActionsTestOtherB-1026894314 tempest-ServerActionsTestOtherB-1026894314-project-member] Volume info retrieved successfully.
Aug 25 05:37:03.335217 np0000008048 devstack@c-api.service[97146]: INFO cinder.api.openstack.wsgi [None req-be064acd-dead-4c76-9c6e-4dc5e8e1fc4f tempest-VolumesCloneNegativeTest-1292102038 tempest-VolumesCloneNegativeTest-1292102038-project-member] https://10.4.3.203/volume/v3/volumes/4c0184fe-ca47-41a2-8c93-03dfe7b3eacd returned with HTTP 200
Aug 25 05:37:03.335668 np0000008048 devstack@c-api.service[97146]: [pid: 97146|app: 0|req: 106/323] 10.4.3.203 () {66 vars in 1348 bytes} [Tue Aug 25 05:37:03 2026] GET /volume/v3/volumes/4c0184fe-ca47-41a2-8c93-03dfe7b3eacd => generated 823 bytes in 24 msecs (HTTP/1.1 200) 7 headers in 285 bytes (1 switches on core 0)
Aug 25 05:37:03.356250 np0000008048 devstack@c-api.service[97148]: INFO cinder.volume.api [None req-d80ce108-73eb-4848-b0f8-cb2fa1c2528a tempest-ServerActionsTestOtherB-1026894314 tempest-ServerActionsTestOtherB-1026894314-project-member] Delete volume request issued successfully.
Aug 25 05:37:03.356529 np0000008048 devstack@c-api.service[97148]: INFO cinder.api.openstack.wsgi [None req-d80ce108-73eb-4848-b0f8-cb2fa1c2528a tempest-ServerActionsTestOtherB-1026894314 tempest-ServerActionsTestOtherB-1026894314-project-member] https://10.4.3.203/volume/v3/volumes/5e8046c3-2bbb-40d8-9dc8-c3e027206e4e returned with HTTP 202
Aug 25 05:37:03.357056 np0000008048 devstack@c-api.service[97148]: [pid: 97148|app: 0|req: 111/324] 10.4.3.203 () {66 vars in 1351 bytes} [Tue Aug 25 05:37:03 2026] DELETE /volume/v3/volumes/5e8046c3-2bbb-40d8-9dc8-c3e027206e4e => generated 0 bytes in 45 msecs (HTTP/1.1 202) 6 headers in 233 bytes (1 switches on core 0)
Aug 25 05:37:03.369869 np0000008048 devstack@c-api.service[97147]: DEBUG cinder.api.middleware.request_id [None req-81922e58-e496-4911-8953-5c93617de4d0 None None] RequestId filter calling following filter/app {{(pid=97147) _context_setter /opt/stack/cinder/cinder/api/middleware/request_id.py:62}}
Aug 25 05:37:03.372615 np0000008048 devstack@c-api.service[97147]: INFO cinder.api.openstack.wsgi [None req-81922e58-e496-4911-8953-5c93617de4d0 tempest-ServerActionsTestOtherB-1026894314 tempest-ServerActionsTestOtherB-1026894314-project-member] GET https://10.4.3.203/volume/v3/volumes/5e8046c3-2bbb-40d8-9dc8-c3e027206e4e
Aug 25 05:37:03.372937 np0000008048 devstack@c-api.service[97147]: DEBUG cinder.api.openstack.wsgi [None req-81922e58-e496-4911-8953-5c93617de4d0 tempest-ServerActionsTestOtherB-1026894314 tempest-ServerActionsTestOtherB-1026894314-project-member] Empty body provided in request {{(pid=97147) get_body /opt/stack/cinder/cinder/api/openstack/wsgi.py:725}}
Aug 25 05:37:03.373464 np0000008048 devstack@c-api.service[97147]: DEBUG cinder.api.openstack.wsgi [None req-81922e58-e496-4911-8953-5c93617de4d0 tempest-ServerActionsTestOtherB-1026894314 tempest-ServerActionsTestOtherB-1026894314-project-member] Calling method 'show' {{(pid=97147) _process_stack /opt/stack/cinder/cinder/api/openstack/wsgi.py:878}}
Aug 25 05:37:03.384974 np0000008048 devstack@c-api.service[97147]: /opt/stack/data/venv/lib/python3.12/site-packages/oslo_context/context.py:102: DeprecationWarning: Policy enforcement is depending on the value of is_admin. This key is deprecated. Please update your policy file to use the standard policy values.
Aug 25 05:37:03.384974 np0000008048 devstack@c-api.service[97147]: warnings.warn(
Aug 25 05:37:03.392967 np0000008048 devstack@c-api.service[97147]: INFO cinder.volume.api [None req-81922e58-e496-4911-8953-5c93617de4d0 tempest-ServerActionsTestOtherB-1026894314 tempest-ServerActionsTestOtherB-1026894314-project-member] Volume info retrieved successfully.
Aug 25 05:37:03.400943 np0000008048 devstack@c-api.service[97147]: INFO cinder.api.openstack.wsgi [None req-81922e58-e496-4911-8953-5c93617de4d0 tempest-ServerActionsTestOtherB-1026894314 tempest-ServerActionsTestOtherB-1026894314-project-member] https://10.4.3.203/volume/v3/volumes/5e8046c3-2bbb-40d8-9dc8-c3e027206e4e returned with HTTP 200
Aug 25 05:37:03.401615 np0000008048 devstack@c-api.service[97147]: [pid: 97147|app: 0|req: 108/325] 10.4.3.203 () {66 vars in 1348 bytes} [Tue Aug 25 05:37:03 2026] GET /volume/v3/volumes/5e8046c3-2bbb-40d8-9dc8-c3e027206e4e => generated 844 bytes in 32 msecs (HTTP/1.1 200) 7 headers in 285 bytes (1 switches on core 0)
Aug 25 05:37:04.352825 np0000008048 devstack@c-api.service[97146]: DEBUG cinder.api.middleware.request_id [None req-5072caf7-46a5-4de3-bfd6-df2947ef455f None None] RequestId filter calling following filter/app {{(pid=97146) _context_setter /opt/stack/cinder/cinder/api/middleware/request_id.py:62}}
Aug 25 05:37:04.355344 np0000008048 devstack@c-api.service[97146]: INFO cinder.api.openstack.wsgi [None req-5072caf7-46a5-4de3-bfd6-df2947ef455f tempest-VolumesCloneNegativeTest-1292102038 tempest-VolumesCloneNegativeTest-1292102038-project-member] GET https://10.4.3.203/volume/v3/volumes/4c0184fe-ca47-41a2-8c93-03dfe7b3eacd
Aug 25 05:37:04.355828 np0000008048 devstack@c-api.service[97146]: DEBUG cinder.api.openstack.wsgi [None req-5072caf7-46a5-4de3-bfd6-df2947ef455f tempest-VolumesCloneNegativeTest-1292102038 tempest-VolumesCloneNegativeTest-1292102038-project-member] Empty body provided in request {{(pid=97146) get_body /opt/stack/cinder/cinder/api/openstack/wsgi.py:725}}
Aug 25 05:37:04.356291 np0000008048 devstack@c-api.service[97146]: DEBUG cinder.api.openstack.wsgi [None req-5072caf7-46a5-4de3-bfd6-df2947ef455f tempest-VolumesCloneNegativeTest-1292102038 tempest-VolumesCloneNegativeTest-1292102038-project-member] Calling method 'show' {{(pid=97146) _process_stack /opt/stack/cinder/cinder/api/openstack/wsgi.py:878}}
Aug 25 05:37:04.367377 np0000008048 devstack@c-api.service[97146]: /opt/stack/data/venv/lib/python3.12/site-packages/oslo_context/context.py:102: DeprecationWarning: Policy enforcement is depending on the value of is_admin. This key is deprecated. Please update your policy file to use the standard policy values.
Aug 25 05:37:04.367377 np0000008048 devstack@c-api.service[97146]: warnings.warn(
Aug 25 05:37:04.373035 np0000008048 devstack@c-api.service[97146]: INFO cinder.volume.api [None req-5072caf7-46a5-4de3-bfd6-df2947ef455f tempest-VolumesCloneNegativeTest-1292102038 tempest-VolumesCloneNegativeTest-1292102038-project-member] Volume info retrieved successfully.
Aug 25 05:37:04.379029 np0000008048 devstack@c-api.service[97146]: INFO cinder.api.openstack.wsgi [None req-5072caf7-46a5-4de3-bfd6-df2947ef455f tempest-VolumesCloneNegativeTest-1292102038 tempest-VolumesCloneNegativeTest-1292102038-project-member] https://10.4.3.203/volume/v3/volumes/4c0184fe-ca47-41a2-8c93-03dfe7b3eacd returned with HTTP 200
Aug 25 05:37:04.379755 np0000008048 devstack@c-api.service[97146]: [pid: 97146|app: 0|req: 107/326] 10.4.3.203 () {66 vars in 1348 bytes} [Tue Aug 25 05:37:04 2026] GET /volume/v3/volumes/4c0184fe-ca47-41a2-8c93-03dfe7b3eacd => generated 848 bytes in 27 msecs (HTTP/1.1 200) 7 headers in 285 bytes (1 switches on core 0)
Aug 25 05:37:04.406341 np0000008048 devstack@c-api.service[97148]: DEBUG cinder.api.middleware.request_id [None req-c2060271-0cb8-4346-943b-27cc2f7d8dd7 None None] RequestId filter calling following filter/app {{(pid=97148) _context_setter /opt/stack/cinder/cinder/api/middleware/request_id.py:62}}
Aug 25 05:37:04.410312 np0000008048 devstack@c-api.service[97148]: INFO cinder.api.openstack.wsgi [None req-c2060271-0cb8-4346-943b-27cc2f7d8dd7 tempest-VolumesCloneNegativeTest-1292102038 tempest-VolumesCloneNegativeTest-1292102038-project-member] POST https://10.4.3.203/volume/v3/volumes
Aug 25 05:37:04.411789 np0000008048 devstack@c-api.service[97148]: DEBUG cinder.api.openstack.wsgi [None req-c2060271-0cb8-4346-943b-27cc2f7d8dd7 tempest-VolumesCloneNegativeTest-1292102038 tempest-VolumesCloneNegativeTest-1292102038-project-member] Action: 'create', calling method: create, body: {"volume": {"size": 1, "source_volid": "4c0184fe-ca47-41a2-8c93-03dfe7b3eacd"}} {{(pid=97148) _process_stack /opt/stack/cinder/cinder/api/openstack/wsgi.py:876}}
Aug 25 05:37:04.414107 np0000008048 devstack@c-api.service[97148]: DEBUG cinder.api.v3.volumes [None req-c2060271-0cb8-4346-943b-27cc2f7d8dd7 tempest-VolumesCloneNegativeTest-1292102038 tempest-VolumesCloneNegativeTest-1292102038-project-member] Create volume request body: {'volume': {'size': 1, 'source_volid': '4c0184fe-ca47-41a2-8c93-03dfe7b3eacd'}} {{(pid=97148) create /opt/stack/cinder/cinder/api/v3/volumes.py:368}}
Aug 25 05:37:04.418834 np0000008048 devstack@c-api.service[97147]: DEBUG cinder.api.middleware.request_id [None req-6dcb3103-a48f-4ddb-bbbc-d42195ef630a None None] RequestId filter calling following filter/app {{(pid=97147) _context_setter /opt/stack/cinder/cinder/api/middleware/request_id.py:62}}
Aug 25 05:37:04.422757 np0000008048 devstack@c-api.service[97147]: INFO cinder.api.openstack.wsgi [None req-6dcb3103-a48f-4ddb-bbbc-d42195ef630a tempest-ServerActionsTestOtherB-1026894314 tempest-ServerActionsTestOtherB-1026894314-project-member] GET https://10.4.3.203/volume/v3/volumes/5e8046c3-2bbb-40d8-9dc8-c3e027206e4e
Aug 25 05:37:04.422940 np0000008048 devstack@c-api.service[97147]: DEBUG cinder.api.openstack.wsgi [None req-6dcb3103-a48f-4ddb-bbbc-d42195ef630a tempest-ServerActionsTestOtherB-1026894314 tempest-ServerActionsTestOtherB-1026894314-project-member] Empty body provided in request {{(pid=97147) get_body /opt/stack/cinder/cinder/api/openstack/wsgi.py:725}}
Aug 25 05:37:04.423495 np0000008048 devstack@c-api.service[97147]: DEBUG cinder.api.openstack.wsgi [None req-6dcb3103-a48f-4ddb-bbbc-d42195ef630a tempest-ServerActionsTestOtherB-1026894314 tempest-ServerActionsTestOtherB-1026894314-project-member] Calling method 'show' {{(pid=97147) _process_stack /opt/stack/cinder/cinder/api/openstack/wsgi.py:878}}
Aug 25 05:37:04.431136 np0000008048 devstack@c-api.service[97148]: /opt/stack/data/venv/lib/python3.12/site-packages/oslo_context/context.py:102: DeprecationWarning: Policy enforcement is depending on the value of is_admin. This key is deprecated. Please update your policy file to use the standard policy values.
Aug 25 05:37:04.431136 np0000008048 devstack@c-api.service[97148]: warnings.warn(
Aug 25 05:37:04.431136 np0000008048 devstack@c-api.service[97148]: INFO cinder.volume.api [None req-c2060271-0cb8-4346-943b-27cc2f7d8dd7 tempest-VolumesCloneNegativeTest-1292102038 tempest-VolumesCloneNegativeTest-1292102038-project-member] Volume retrieved successfully.
Aug 25 05:37:04.431136 np0000008048 devstack@c-api.service[97148]: INFO cinder.api.v3.volumes [None req-c2060271-0cb8-4346-943b-27cc2f7d8dd7 tempest-VolumesCloneNegativeTest-1292102038 tempest-VolumesCloneNegativeTest-1292102038-project-member] Create volume of 1 GB
Aug 25 05:37:04.432385 np0000008048 devstack@c-api.service[97147]: INFO cinder.api.openstack.wsgi [None req-6dcb3103-a48f-4ddb-bbbc-d42195ef630a tempest-ServerActionsTestOtherB-1026894314 tempest-ServerActionsTestOtherB-1026894314-project-member] https://10.4.3.203/volume/v3/volumes/5e8046c3-2bbb-40d8-9dc8-c3e027206e4e returned with HTTP 404
Aug 25 05:37:04.433389 np0000008048 devstack@c-api.service[97147]: [pid: 97147|app: 0|req: 109/327] 10.4.3.203 () {66 vars in 1348 bytes} [Tue Aug 25 05:37:04 2026] GET /volume/v3/volumes/5e8046c3-2bbb-40d8-9dc8-c3e027206e4e => generated 109 bytes in 15 msecs (HTTP/1.1 404) 7 headers in 292 bytes (1 switches on core 0)
