Aug 25 05:39:50.485847 np0000008048 devstack@g-api.service[99865]: [pid: 99865|app: 0|req: 90/275] 127.0.0.1 () {44 vars in 1055 bytes} [Tue Aug 25 05:39:50 2026] GET /v2/schemas/image => generated 6083 bytes in 261 msecs (HTTP/1.1 200) 4 headers in 158 bytes (1 switches on core 0)
Aug 25 05:39:50.497824 np0000008048 devstack@g-api.service[99864]: DEBUG glance.api.middleware.version_negotiation [None req-cf4dffb0-f7a5-4788-9d90-ce4bbda1a1dd tempest-TestMinimumBasicScenario-1483769769 tempest-TestMinimumBasicScenario-1483769769-project-member] Determining version of request: POST /v2/images Accept: */* {{(pid=99864) process_request /opt/stack/glance/glance/api/middleware/version_negotiation.py:44}}
Aug 25 05:39:50.498305 np0000008048 devstack@g-api.service[99864]: DEBUG glance.api.middleware.version_negotiation [None req-cf4dffb0-f7a5-4788-9d90-ce4bbda1a1dd tempest-TestMinimumBasicScenario-1483769769 tempest-TestMinimumBasicScenario-1483769769-project-member] Using url versioning {{(pid=99864) process_request /opt/stack/glance/glance/api/middleware/version_negotiation.py:57}}
Aug 25 05:39:50.498305 np0000008048 devstack@g-api.service[99864]: DEBUG glance.api.middleware.version_negotiation [None req-cf4dffb0-f7a5-4788-9d90-ce4bbda1a1dd tempest-TestMinimumBasicScenario-1483769769 tempest-TestMinimumBasicScenario-1483769769-project-member] Matched version: v2 {{(pid=99864) process_request /opt/stack/glance/glance/api/middleware/version_negotiation.py:69}}
Aug 25 05:39:50.499004 np0000008048 devstack@g-api.service[99864]: DEBUG glance.api.middleware.version_negotiation [None req-cf4dffb0-f7a5-4788-9d90-ce4bbda1a1dd tempest-TestMinimumBasicScenario-1483769769 tempest-TestMinimumBasicScenario-1483769769-project-member] new path /v2/images {{(pid=99864) process_request /opt/stack/glance/glance/api/middleware/version_negotiation.py:70}}
Aug 25 05:39:51.156961 np0000008048 devstack@g-api.service[99864]: [pid: 99864|app: 0|req: 93/276] 127.0.0.1 () {46 vars in 1055 bytes} [Tue Aug 25 05:39:50 2026] POST /v2/images => generated 649 bytes in 660 msecs (HTTP/1.1 201) 6 headers in 315 bytes (1 switches on core 0)
Aug 25 05:39:51.173405 np0000008048 devstack@g-api.service[99866]: DEBUG glance.api.middleware.version_negotiation [None req-cf4dffb0-f7a5-4788-9d90-ce4bbda1a1dd tempest-TestMinimumBasicScenario-1483769769 tempest-TestMinimumBasicScenario-1483769769-project-member] Determining version of request: GET /v2/schemas/image Accept: */* {{(pid=99866) process_request /opt/stack/glance/glance/api/middleware/version_negotiation.py:44}}
Aug 25 05:39:51.173405 np0000008048 devstack@g-api.service[99866]: DEBUG glance.api.middleware.version_negotiation [None req-cf4dffb0-f7a5-4788-9d90-ce4bbda1a1dd tempest-TestMinimumBasicScenario-1483769769 tempest-TestMinimumBasicScenario-1483769769-project-member] Using url versioning {{(pid=99866) process_request /opt/stack/glance/glance/api/middleware/version_negotiation.py:57}}
Aug 25 05:39:51.173405 np0000008048 devstack@g-api.service[99866]: DEBUG glance.api.middleware.version_negotiation [None req-cf4dffb0-f7a5-4788-9d90-ce4bbda1a1dd tempest-TestMinimumBasicScenario-1483769769 tempest-TestMinimumBasicScenario-1483769769-project-member] Matched version: v2 {{(pid=99866) process_request /opt/stack/glance/glance/api/middleware/version_negotiation.py:69}}
Aug 25 05:39:51.173405 np0000008048 devstack@g-api.service[99866]: DEBUG glance.api.middleware.version_negotiation [None req-cf4dffb0-f7a5-4788-9d90-ce4bbda1a1dd tempest-TestMinimumBasicScenario-1483769769 tempest-TestMinimumBasicScenario-1483769769-project-member] new path /v2/schemas/image {{(pid=99866) process_request /opt/stack/glance/glance/api/middleware/version_negotiation.py:70}}
Aug 25 05:39:51.180308 np0000008048 devstack@g-api.service[99866]: [pid: 99866|app: 0|req: 94/277] 127.0.0.1 () {44 vars in 1055 bytes} [Tue Aug 25 05:39:51 2026] GET /v2/schemas/image => generated 6083 bytes in 9 msecs (HTTP/1.1 200) 4 headers in 158 bytes (1 switches on core 0)
Aug 25 05:39:51.194787 np0000008048 devstack@g-api.service[99865]: DEBUG glance.api.middleware.version_negotiation [None req-6249ce43-a99c-42b6-aca3-caf1dd2712f3 tempest-VolumesActionsTest-1690136726 tempest-VolumesActionsTest-1690136726-project-member] Determining version of request: GET /v2/images/2cf0a9f1-afb7-4a7c-bf00-bc97d15c6dca Accept: application/json {{(pid=99865) process_request /opt/stack/glance/glance/api/middleware/version_negotiation.py:44}}
Aug 25 05:39:51.194787 np0000008048 devstack@g-api.service[99865]: DEBUG glance.api.middleware.version_negotiation [None req-6249ce43-a99c-42b6-aca3-caf1dd2712f3 tempest-VolumesActionsTest-1690136726 tempest-VolumesActionsTest-1690136726-project-member] Using url versioning {{(pid=99865) process_request /opt/stack/glance/glance/api/middleware/version_negotiation.py:57}}
Aug 25 05:39:51.195099 np0000008048 devstack@g-api.service[99865]: DEBUG glance.api.middleware.version_negotiation [None req-6249ce43-a99c-42b6-aca3-caf1dd2712f3 tempest-VolumesActionsTest-1690136726 tempest-VolumesActionsTest-1690136726-project-member] Matched version: v2 {{(pid=99865) process_request /opt/stack/glance/glance/api/middleware/version_negotiation.py:69}}
Aug 25 05:39:51.195244 np0000008048 devstack@g-api.service[99865]: DEBUG glance.api.middleware.version_negotiation [None req-6249ce43-a99c-42b6-aca3-caf1dd2712f3 tempest-VolumesActionsTest-1690136726 tempest-VolumesActionsTest-1690136726-project-member] new path /v2/images/2cf0a9f1-afb7-4a7c-bf00-bc97d15c6dca {{(pid=99865) process_request /opt/stack/glance/glance/api/middleware/version_negotiation.py:70}}
Aug 25 05:39:51.217810 np0000008048 devstack@g-api.service[99865]: [pid: 99865|app: 0|req: 91/278] 127.0.0.1 () {40 vars in 838 bytes} [Tue Aug 25 05:39:51 2026] GET /v2/images/2cf0a9f1-afb7-4a7c-bf00-bc97d15c6dca => generated 649 bytes in 24 msecs (HTTP/1.1 200) 4 headers in 157 bytes (1 switches on core 0)
Aug 25 05:39:51.598734 np0000008048 devstack@g-api.service[99864]: DEBUG glance.api.middleware.version_negotiation [None req-6249ce43-a99c-42b6-aca3-caf1dd2712f3 tempest-VolumesActionsTest-1690136726 tempest-VolumesActionsTest-1690136726-project-member] Determining version of request: PUT /v2/images/2cf0a9f1-afb7-4a7c-bf00-bc97d15c6dca/file Accept: */* {{(pid=99864) process_request /opt/stack/glance/glance/api/middleware/version_negotiation.py:44}}
Aug 25 05:39:51.598734 np0000008048 devstack@g-api.service[99864]: DEBUG glance.api.middleware.version_negotiation [None req-6249ce43-a99c-42b6-aca3-caf1dd2712f3 tempest-VolumesActionsTest-1690136726 tempest-VolumesActionsTest-1690136726-project-member] Using url versioning {{(pid=99864) process_request /opt/stack/glance/glance/api/middleware/version_negotiation.py:57}}
Aug 25 05:39:51.599940 np0000008048 devstack@g-api.service[99864]: DEBUG glance.api.middleware.version_negotiation [None req-6249ce43-a99c-42b6-aca3-caf1dd2712f3 tempest-VolumesActionsTest-1690136726 tempest-VolumesActionsTest-1690136726-project-member] Matched version: v2 {{(pid=99864) process_request /opt/stack/glance/glance/api/middleware/version_negotiation.py:69}}
Aug 25 05:39:51.599940 np0000008048 devstack@g-api.service[99864]: DEBUG glance.api.middleware.version_negotiation [None req-6249ce43-a99c-42b6-aca3-caf1dd2712f3 tempest-VolumesActionsTest-1690136726 tempest-VolumesActionsTest-1690136726-project-member] new path /v2/images/2cf0a9f1-afb7-4a7c-bf00-bc97d15c6dca/file {{(pid=99864) process_request /opt/stack/glance/glance/api/middleware/version_negotiation.py:70}}
Aug 25 05:39:52.187068 np0000008048 devstack@g-api.service[99864]: INFO glance.api.v2.image_data [None req-6249ce43-a99c-42b6-aca3-caf1dd2712f3 tempest-VolumesActionsTest-1690136726 tempest-VolumesActionsTest-1690136726-project-member] Unable to create trust: no such option collect_timing in group [keystone_authtoken] Use the existing user token.
Aug 25 05:39:52.226545 np0000008048 devstack@g-api.service[99866]: DEBUG glance.api.middleware.version_negotiation [None req-6249ce43-a99c-42b6-aca3-caf1dd2712f3 tempest-VolumesActionsTest-1690136726 tempest-VolumesActionsTest-1690136726-project-member] Determining version of request: GET /v2/images/2cf0a9f1-afb7-4a7c-bf00-bc97d15c6dca Accept: application/json {{(pid=99866) process_request /opt/stack/glance/glance/api/middleware/version_negotiation.py:44}}
Aug 25 05:39:52.227012 np0000008048 devstack@g-api.service[99866]: DEBUG glance.api.middleware.version_negotiation [None req-6249ce43-a99c-42b6-aca3-caf1dd2712f3 tempest-VolumesActionsTest-1690136726 tempest-VolumesActionsTest-1690136726-project-member] Using url versioning {{(pid=99866) process_request /opt/stack/glance/glance/api/middleware/version_negotiation.py:57}}
Aug 25 05:39:52.227012 np0000008048 devstack@g-api.service[99866]: DEBUG glance.api.middleware.version_negotiation [None req-6249ce43-a99c-42b6-aca3-caf1dd2712f3 tempest-VolumesActionsTest-1690136726 tempest-VolumesActionsTest-1690136726-project-member] Matched version: v2 {{(pid=99866) process_request /opt/stack/glance/glance/api/middleware/version_negotiation.py:69}}
Aug 25 05:39:52.227012 np0000008048 devstack@g-api.service[99866]: DEBUG glance.api.middleware.version_negotiation [None req-6249ce43-a99c-42b6-aca3-caf1dd2712f3 tempest-VolumesActionsTest-1690136726 tempest-VolumesActionsTest-1690136726-project-member] new path /v2/images/2cf0a9f1-afb7-4a7c-bf00-bc97d15c6dca {{(pid=99866) process_request /opt/stack/glance/glance/api/middleware/version_negotiation.py:70}}
Aug 25 05:39:52.237141 np0000008048 devstack@g-api.service[99866]: [pid: 99866|app: 0|req: 95/279] 127.0.0.1 () {40 vars in 838 bytes} [Tue Aug 25 05:39:52 2026] GET /v2/images/2cf0a9f1-afb7-4a7c-bf00-bc97d15c6dca => generated 649 bytes in 11 msecs (HTTP/1.1 200) 4 headers in 157 bytes (1 switches on core 0)
Aug 25 05:39:52.717511 np0000008048 devstack@g-api.service[99864]: DEBUG glance.location [None req-6249ce43-a99c-42b6-aca3-caf1dd2712f3 tempest-VolumesActionsTest-1690136726 tempest-VolumesActionsTest-1690136726-project-member] Enabling in-flight format inspection for raw {{(pid=99864) set_data /opt/stack/glance/glance/location.py:596}}
Aug 25 05:39:52.718086 np0000008048 devstack@g-api.service[99864]: DEBUG glance_store.backend [None req-6249ce43-a99c-42b6-aca3-caf1dd2712f3 tempest-VolumesActionsTest-1690136726 tempest-VolumesActionsTest-1690136726-project-member] Attempting to import store swift {{(pid=99864) _load_store /opt/stack/data/venv/lib/python3.12/site-packages/glance_store/backend.py:215}}
Aug 25 05:39:52.720033 np0000008048 devstack@g-api.service[99864]: DEBUG glance_store.capabilities [None req-6249ce43-a99c-42b6-aca3-caf1dd2712f3 tempest-VolumesActionsTest-1690136726 tempest-VolumesActionsTest-1690136726-project-member] Store glance_store._drivers.swift.store.SingleTenantStore doesn't support updating dynamic storage capabilities. Please overwrite 'update_capabilities' method of the store to implement updating logics if needed. {{(pid=99864) update_capabilities /opt/stack/data/venv/lib/python3.12/site-packages/glance_store/capabilities.py:91}}
Aug 25 05:39:52.720141 np0000008048 devstack@g-api.service[99864]: DEBUG glance_store.driver [None req-6249ce43-a99c-42b6-aca3-caf1dd2712f3 tempest-VolumesActionsTest-1690136726 tempest-VolumesActionsTest-1690136726-project-member] Late loading location class glance_store._drivers.swift.store.StoreLocation {{(pid=99864) get_store_location_class /opt/stack/data/venv/lib/python3.12/site-packages/glance_store/driver.py:134}}
Aug 25 05:39:52.720252 np0000008048 devstack@g-api.service[99864]: DEBUG glance_store.location [None req-6249ce43-a99c-42b6-aca3-caf1dd2712f3 tempest-VolumesActionsTest-1690136726 tempest-VolumesActionsTest-1690136726-project-member] Registering scheme swift+https with {'store': , 'location_class': , 'store_entry': 'swift'} {{(pid=99864) register_scheme_map /opt/stack/data/venv/lib/python3.12/site-packages/glance_store/location.py:146}}
Aug 25 05:39:52.720387 np0000008048 devstack@g-api.service[99864]: DEBUG glance_store.location [None req-6249ce43-a99c-42b6-aca3-caf1dd2712f3 tempest-VolumesActionsTest-1690136726 tempest-VolumesActionsTest-1690136726-project-member] Registering scheme swift+https with {'store': , 'location_class': , 'store_entry': 'swift'} {{(pid=99864) register_scheme_map /opt/stack/data/venv/lib/python3.12/site-packages/glance_store/location.py:146}}
Aug 25 05:39:52.720639 np0000008048 devstack@g-api.service[99864]: DEBUG glance_store.location [None req-6249ce43-a99c-42b6-aca3-caf1dd2712f3 tempest-VolumesActionsTest-1690136726 tempest-VolumesActionsTest-1690136726-project-member] Registering scheme swift with {'store': , 'location_class': , 'store_entry': 'swift'} {{(pid=99864) register_scheme_map /opt/stack/data/venv/lib/python3.12/site-packages/glance_store/location.py:146}}
Aug 25 05:39:52.720781 np0000008048 devstack@g-api.service[99864]: DEBUG glance_store.location [None req-6249ce43-a99c-42b6-aca3-caf1dd2712f3 tempest-VolumesActionsTest-1690136726 tempest-VolumesActionsTest-1690136726-project-member] Registering scheme swift+https with {'store': , 'location_class': , 'store_entry': 'swift'} {{(pid=99864) register_scheme_map /opt/stack/data/venv/lib/python3.12/site-packages/glance_store/location.py:146}}
Aug 25 05:39:52.720911 np0000008048 devstack@g-api.service[99864]: DEBUG glance_store.location [None req-6249ce43-a99c-42b6-aca3-caf1dd2712f3 tempest-VolumesActionsTest-1690136726 tempest-VolumesActionsTest-1690136726-project-member] Registering scheme swift with {'store': , 'location_class': , 'store_entry': 'swift'} {{(pid=99864) register_scheme_map /opt/stack/data/venv/lib/python3.12/site-packages/glance_store/location.py:146}}
Aug 25 05:39:52.721036 np0000008048 devstack@g-api.service[99864]: DEBUG glance_store.location [None req-6249ce43-a99c-42b6-aca3-caf1dd2712f3 tempest-VolumesActionsTest-1690136726 tempest-VolumesActionsTest-1690136726-project-member] Registering scheme swift+http with {'store': , 'location_class': , 'store_entry': 'swift'} {{(pid=99864) register_scheme_map /opt/stack/data/venv/lib/python3.12/site-packages/glance_store/location.py:146}}
Aug 25 05:39:52.721171 np0000008048 devstack@g-api.service[99864]: DEBUG glance_store.location [None req-6249ce43-a99c-42b6-aca3-caf1dd2712f3 tempest-VolumesActionsTest-1690136726 tempest-VolumesActionsTest-1690136726-project-member] Registering scheme swift+https with {'store': , 'location_class': , 'store_entry': 'swift'} {{(pid=99864) register_scheme_map /opt/stack/data/venv/lib/python3.12/site-packages/glance_store/location.py:146}}
Aug 25 05:39:52.721304 np0000008048 devstack@g-api.service[99864]: DEBUG glance_store.location [None req-6249ce43-a99c-42b6-aca3-caf1dd2712f3 tempest-VolumesActionsTest-1690136726 tempest-VolumesActionsTest-1690136726-project-member] Registering scheme swift with {'store': , 'location_class': , 'store_entry': 'swift'} {{(pid=99864) register_scheme_map /opt/stack/data/venv/lib/python3.12/site-packages/glance_store/location.py:146}}
Aug 25 05:39:52.721457 np0000008048 devstack@g-api.service[99864]: DEBUG glance_store.location [None req-6249ce43-a99c-42b6-aca3-caf1dd2712f3 tempest-VolumesActionsTest-1690136726 tempest-VolumesActionsTest-1690136726-project-member] Registering scheme swift+http with {'store': , 'location_class': , 'store_entry': 'swift'} {{(pid=99864) register_scheme_map /opt/stack/data/venv/lib/python3.12/site-packages/glance_store/location.py:146}}
Aug 25 05:39:52.721603 np0000008048 devstack@g-api.service[99864]: DEBUG glance_store.location [None req-6249ce43-a99c-42b6-aca3-caf1dd2712f3 tempest-VolumesActionsTest-1690136726 tempest-VolumesActionsTest-1690136726-project-member] Registering scheme swift+config with {'store': , 'location_class': , 'store_entry': 'swift'} {{(pid=99864) register_scheme_map /opt/stack/data/venv/lib/python3.12/site-packages/glance_store/location.py:146}}
Aug 25 05:39:52.859632 np0000008048 devstack@g-api.service[99865]: DEBUG glance.api.middleware.version_negotiation [None req-96a82561-7db2-4934-82a5-a22d3af2075a tempest-VolumesActionsTest-1690136726 tempest-VolumesActionsTest-1690136726-project-member] Determining version of request: GET /v2/images/d7890703-2413-4144-a7d2-798d4aa22791 Accept: */* {{(pid=99865) process_request /opt/stack/glance/glance/api/middleware/version_negotiation.py:44}}
Aug 25 05:39:52.860031 np0000008048 devstack@g-api.service[99865]: DEBUG glance.api.middleware.version_negotiation [None req-96a82561-7db2-4934-82a5-a22d3af2075a tempest-VolumesActionsTest-1690136726 tempest-VolumesActionsTest-1690136726-project-member] Using url versioning {{(pid=99865) process_request /opt/stack/glance/glance/api/middleware/version_negotiation.py:57}}
Aug 25 05:39:52.860031 np0000008048 devstack@g-api.service[99865]: DEBUG glance.api.middleware.version_negotiation [None req-96a82561-7db2-4934-82a5-a22d3af2075a tempest-VolumesActionsTest-1690136726 tempest-VolumesActionsTest-1690136726-project-member] Matched version: v2 {{(pid=99865) process_request /opt/stack/glance/glance/api/middleware/version_negotiation.py:69}}
Aug 25 05:39:52.860031 np0000008048 devstack@g-api.service[99865]: DEBUG glance.api.middleware.version_negotiation [None req-96a82561-7db2-4934-82a5-a22d3af2075a tempest-VolumesActionsTest-1690136726 tempest-VolumesActionsTest-1690136726-project-member] new path /v2/images/d7890703-2413-4144-a7d2-798d4aa22791 {{(pid=99865) process_request /opt/stack/glance/glance/api/middleware/version_negotiation.py:70}}
Aug 25 05:39:52.879032 np0000008048 devstack@g-api.service[99865]: [pid: 99865|app: 0|req: 92/280] 127.0.0.1 () {44 vars in 1115 bytes} [Tue Aug 25 05:39:52 2026] GET /v2/images/d7890703-2413-4144-a7d2-798d4aa22791 => generated 1044 bytes in 20 msecs (HTTP/1.1 200) 4 headers in 158 bytes (1 switches on core 0)
Aug 25 05:39:52.917175 np0000008048 devstack@g-api.service[99866]: DEBUG glance.api.middleware.version_negotiation [None req-37550142-6c2d-444b-927b-3d09b50fd25f tempest-VolumesActionsTest-1690136726 tempest-VolumesActionsTest-1690136726-project-member] Determining version of request: GET /v2/schemas/image Accept: */* {{(pid=99866) process_request /opt/stack/glance/glance/api/middleware/version_negotiation.py:44}}
Aug 25 05:39:52.917741 np0000008048 devstack@g-api.service[99866]: DEBUG glance.api.middleware.version_negotiation [None req-37550142-6c2d-444b-927b-3d09b50fd25f tempest-VolumesActionsTest-1690136726 tempest-VolumesActionsTest-1690136726-project-member] Using url versioning {{(pid=99866) process_request /opt/stack/glance/glance/api/middleware/version_negotiation.py:57}}
Aug 25 05:39:52.917741 np0000008048 devstack@g-api.service[99866]: DEBUG glance.api.middleware.version_negotiation [None req-37550142-6c2d-444b-927b-3d09b50fd25f tempest-VolumesActionsTest-1690136726 tempest-VolumesActionsTest-1690136726-project-member] Matched version: v2 {{(pid=99866) process_request /opt/stack/glance/glance/api/middleware/version_negotiation.py:69}}
Aug 25 05:39:52.917741 np0000008048 devstack@g-api.service[99866]: DEBUG glance.api.middleware.version_negotiation [None req-37550142-6c2d-444b-927b-3d09b50fd25f tempest-VolumesActionsTest-1690136726 tempest-VolumesActionsTest-1690136726-project-member] new path /v2/schemas/image {{(pid=99866) process_request /opt/stack/glance/glance/api/middleware/version_negotiation.py:70}}
Aug 25 05:39:52.921569 np0000008048 devstack@g-api.service[99866]: [pid: 99866|app: 0|req: 96/281] 127.0.0.1 () {44 vars in 1055 bytes} [Tue Aug 25 05:39:52 2026] GET /v2/schemas/image => generated 6083 bytes in 4 msecs (HTTP/1.1 200) 4 headers in 158 bytes (1 switches on core 0)
Aug 25 05:39:52.951703 np0000008048 devstack@g-api.service[99864]: DEBUG swiftclient [None req-6249ce43-a99c-42b6-aca3-caf1dd2712f3 tempest-VolumesActionsTest-1690136726 tempest-VolumesActionsTest-1690136726-project-member] REQ: curl -i https://10.4.3.203:8080/v1/AUTH_60e2c0405c2f443f8f83865aa7a60e78/glance -I -H "X-Auth-Token: gAAAAABqjSqoi7JB..." {{(pid=99864) http_log /opt/stack/data/venv/lib/python3.12/site-packages/swiftclient/client.py:160}}
Aug 25 05:39:52.951827 np0000008048 devstack@g-api.service[99864]: DEBUG swiftclient [None req-6249ce43-a99c-42b6-aca3-caf1dd2712f3 tempest-VolumesActionsTest-1690136726 tempest-VolumesActionsTest-1690136726-project-member] RESP STATUS: 204 No Content {{(pid=99864) http_log /opt/stack/data/venv/lib/python3.12/site-packages/swiftclient/client.py:161}}
Aug 25 05:39:52.952027 np0000008048 devstack@g-api.service[99864]: DEBUG swiftclient [None req-6249ce43-a99c-42b6-aca3-caf1dd2712f3 tempest-VolumesActionsTest-1690136726 tempest-VolumesActionsTest-1690136726-project-member] RESP HEADERS: {'Date': 'Tue, 25 Aug 2026 05:39:52 GMT', 'Server': 'Apache/2.4.58 (Ubuntu)', 'Content-Type': 'text/plain; charset=utf-8', 'X-Container-Object-Count': '5', 'X-Container-Bytes-Used': '86048768', 'X-Timestamp': '1787636019.03869', 'Last-Modified': 'Tue, 25 Aug 2026 05:33:39 GMT', 'Accept-Ranges': 'bytes', 'X-Storage-Policy': 'Policy-0', 'X-Container-Sharding': 'False', 'Vary': 'Accept', 'X-Trans-Id': 'tx7c93e25c62984470b1214-006a8d2aa8', 'X-Openstack-Request-Id': 'tx7c93e25c62984470b1214-006a8d2aa8', 'Connection': 'close'} {{(pid=99864) http_log /opt/stack/data/venv/lib/python3.12/site-packages/swiftclient/client.py:162}}
Aug 25 05:39:52.952385 np0000008048 devstack@g-api.service[99864]: DEBUG glance_store._drivers.swift.store [None req-6249ce43-a99c-42b6-aca3-caf1dd2712f3 tempest-VolumesActionsTest-1690136726 tempest-VolumesActionsTest-1690136726-project-member] Adding image object '2cf0a9f1-afb7-4a7c-bf00-bc97d15c6dca' to Swift {{(pid=99864) add /opt/stack/data/venv/lib/python3.12/site-packages/glance_store/_drivers/swift/store.py:970}}
Aug 25 05:39:52.952555 np0000008048 devstack@g-api.service[99864]: DEBUG glance_store._drivers.swift.store [None req-6249ce43-a99c-42b6-aca3-caf1dd2712f3 tempest-VolumesActionsTest-1690136726 tempest-VolumesActionsTest-1690136726-project-member] Cannot determine image size because it is either not provided in the request or chunked-transfer encoding is used. Adding image as a segmented object to Swift. {{(pid=99864) add /opt/stack/data/venv/lib/python3.12/site-packages/glance_store/_drivers/swift/store.py:994}}
Aug 25 05:39:52.961763 np0000008048 devstack@g-api.service[99864]: DEBUG oslo_utils.imageutils.format_inspector [None req-6249ce43-a99c-42b6-aca3-caf1dd2712f3 tempest-VolumesActionsTest-1690136726 tempest-VolumesActionsTest-1690136726-project-member] Format inspector for vmdk does not match, excluding from consideration (Signature KDMV not found: b'\x00\x00\x00\x00') {{(pid=99864) _process_chunk /opt/stack/data/venv/lib/python3.12/site-packages/oslo_utils/imageutils/format_inspector.py:1758}}
Aug 25 05:39:52.963957 np0000008048 devstack@g-api.service[99864]: DEBUG oslo_utils.imageutils.format_inspector [None req-6249ce43-a99c-42b6-aca3-caf1dd2712f3 tempest-VolumesActionsTest-1690136726 tempest-VolumesActionsTest-1690136726-project-member] Format inspector for vhdx does not match, excluding from consideration (Region signature not found at 30000) {{(pid=99864) _process_chunk /opt/stack/data/venv/lib/python3.12/site-packages/oslo_utils/imageutils/format_inspector.py:1758}}
Aug 25 05:39:53.252197 np0000008048 devstack@g-api.service[99865]: DEBUG glance.api.middleware.version_negotiation [None req-1175fb4f-6ca7-4f1f-a214-91e2a3e788df tempest-VolumesBackupsTest-1192254866 tempest-VolumesBackupsTest-1192254866-project-member] Determining version of request: GET /v2/images/2cf0a9f1-afb7-4a7c-bf00-bc97d15c6dca Accept: application/json {{(pid=99865) process_request /opt/stack/glance/glance/api/middleware/version_negotiation.py:44}}
Aug 25 05:39:53.252197 np0000008048 devstack@g-api.service[99865]: DEBUG glance.api.middleware.version_negotiation [None req-1175fb4f-6ca7-4f1f-a214-91e2a3e788df tempest-VolumesBackupsTest-1192254866 tempest-VolumesBackupsTest-1192254866-project-member] Using url versioning {{(pid=99865) process_request /opt/stack/glance/glance/api/middleware/version_negotiation.py:57}}
Aug 25 05:39:53.252197 np0000008048 devstack@g-api.service[99865]: DEBUG glance.api.middleware.version_negotiation [None req-1175fb4f-6ca7-4f1f-a214-91e2a3e788df tempest-VolumesBackupsTest-1192254866 tempest-VolumesBackupsTest-1192254866-project-member] Matched version: v2 {{(pid=99865) process_request /opt/stack/glance/glance/api/middleware/version_negotiation.py:69}}
Aug 25 05:39:53.252197 np0000008048 devstack@g-api.service[99865]: DEBUG glance.api.middleware.version_negotiation [None req-1175fb4f-6ca7-4f1f-a214-91e2a3e788df tempest-VolumesBackupsTest-1192254866 tempest-VolumesBackupsTest-1192254866-project-member] new path /v2/images/2cf0a9f1-afb7-4a7c-bf00-bc97d15c6dca {{(pid=99865) process_request /opt/stack/glance/glance/api/middleware/version_negotiation.py:70}}
Aug 25 05:39:53.288450 np0000008048 devstack@g-api.service[99865]: [pid: 99865|app: 0|req: 93/282] 127.0.0.1 () {40 vars in 838 bytes} [Tue Aug 25 05:39:53 2026] GET /v2/images/2cf0a9f1-afb7-4a7c-bf00-bc97d15c6dca => generated 649 bytes in 37 msecs (HTTP/1.1 200) 4 headers in 157 bytes (1 switches on core 0)
Aug 25 05:39:54.301751 np0000008048 devstack@g-api.service[99866]: DEBUG glance.api.middleware.version_negotiation [None req-1175fb4f-6ca7-4f1f-a214-91e2a3e788df tempest-VolumesBackupsTest-1192254866 tempest-VolumesBackupsTest-1192254866-project-member] Determining version of request: GET /v2/images/2cf0a9f1-afb7-4a7c-bf00-bc97d15c6dca Accept: application/json {{(pid=99866) process_request /opt/stack/glance/glance/api/middleware/version_negotiation.py:44}}
Aug 25 05:39:54.301751 np0000008048 devstack@g-api.service[99866]: DEBUG glance.api.middleware.version_negotiation [None req-1175fb4f-6ca7-4f1f-a214-91e2a3e788df tempest-VolumesBackupsTest-1192254866 tempest-VolumesBackupsTest-1192254866-project-member] Using url versioning {{(pid=99866) process_request /opt/stack/glance/glance/api/middleware/version_negotiation.py:57}}
Aug 25 05:39:54.302365 np0000008048 devstack@g-api.service[99866]: DEBUG glance.api.middleware.version_negotiation [None req-1175fb4f-6ca7-4f1f-a214-91e2a3e788df tempest-VolumesBackupsTest-1192254866 tempest-VolumesBackupsTest-1192254866-project-member] Matched version: v2 {{(pid=99866) process_request /opt/stack/glance/glance/api/middleware/version_negotiation.py:69}}
Aug 25 05:39:54.302365 np0000008048 devstack@g-api.service[99866]: DEBUG glance.api.middleware.version_negotiation [None req-1175fb4f-6ca7-4f1f-a214-91e2a3e788df tempest-VolumesBackupsTest-1192254866 tempest-VolumesBackupsTest-1192254866-project-member] new path /v2/images/2cf0a9f1-afb7-4a7c-bf00-bc97d15c6dca {{(pid=99866) process_request /opt/stack/glance/glance/api/middleware/version_negotiation.py:70}}
Aug 25 05:39:54.330210 np0000008048 devstack@g-api.service[99866]: [pid: 99866|app: 0|req: 97/283] 127.0.0.1 () {40 vars in 838 bytes} [Tue Aug 25 05:39:54 2026] GET /v2/images/2cf0a9f1-afb7-4a7c-bf00-bc97d15c6dca => generated 649 bytes in 29 msecs (HTTP/1.1 200) 4 headers in 157 bytes (1 switches on core 0)
Aug 25 05:39:55.346904 np0000008048 devstack@g-api.service[99865]: DEBUG glance.api.middleware.version_negotiation [None req-935df906-8786-4471-a657-eef5f89bba46 tempest-VolumesActionsTest-1690136726 tempest-VolumesActionsTest-1690136726-project-member] Determining version of request: GET /v2/images/2cf0a9f1-afb7-4a7c-bf00-bc97d15c6dca Accept: application/json {{(pid=99865) process_request /opt/stack/glance/glance/api/middleware/version_negotiation.py:44}}
Aug 25 05:39:55.347579 np0000008048 devstack@g-api.service[99865]: DEBUG glance.api.middleware.version_negotiation [None req-935df906-8786-4471-a657-eef5f89bba46 tempest-VolumesActionsTest-1690136726 tempest-VolumesActionsTest-1690136726-project-member] Using url versioning {{(pid=99865) process_request /opt/stack/glance/glance/api/middleware/version_negotiation.py:57}}
Aug 25 05:39:55.349867 np0000008048 devstack@g-api.service[99865]: DEBUG glance.api.middleware.version_negotiation [None req-935df906-8786-4471-a657-eef5f89bba46 tempest-VolumesActionsTest-1690136726 tempest-VolumesActionsTest-1690136726-project-member] Matched version: v2 {{(pid=99865) process_request /opt/stack/glance/glance/api/middleware/version_negotiation.py:69}}
Aug 25 05:39:55.351689 np0000008048 devstack@g-api.service[99865]: DEBUG glance.api.middleware.version_negotiation [None req-935df906-8786-4471-a657-eef5f89bba46 tempest-VolumesActionsTest-1690136726 tempest-VolumesActionsTest-1690136726-project-member] new path /v2/images/2cf0a9f1-afb7-4a7c-bf00-bc97d15c6dca {{(pid=99865) process_request /opt/stack/glance/glance/api/middleware/version_negotiation.py:70}}
Aug 25 05:39:55.380862 np0000008048 devstack@g-api.service[99865]: [pid: 99865|app: 0|req: 94/284] 127.0.0.1 () {40 vars in 838 bytes} [Tue Aug 25 05:39:55 2026] GET /v2/images/2cf0a9f1-afb7-4a7c-bf00-bc97d15c6dca => generated 649 bytes in 35 msecs (HTTP/1.1 200) 4 headers in 157 bytes (1 switches on core 0)
Aug 25 05:39:55.846307 np0000008048 devstack@g-api.service[99864]: DEBUG swiftclient [None req-6249ce43-a99c-42b6-aca3-caf1dd2712f3 tempest-VolumesActionsTest-1690136726 tempest-VolumesActionsTest-1690136726-project-member] REQ: curl -i https://10.4.3.203:8080/v1/AUTH_60e2c0405c2f443f8f83865aa7a60e78/glance/2cf0a9f1-afb7-4a7c-bf00-bc97d15c6dca-00001 -X PUT -H "X-Auth-Token: gAAAAABqjSqoi7JB..." {{(pid=99864) http_log /opt/stack/data/venv/lib/python3.12/site-packages/swiftclient/client.py:160}}
Aug 25 05:39:55.846998 np0000008048 devstack@g-api.service[99864]: DEBUG swiftclient [None req-6249ce43-a99c-42b6-aca3-caf1dd2712f3 tempest-VolumesActionsTest-1690136726 tempest-VolumesActionsTest-1690136726-project-member] RESP STATUS: 201 Created {{(pid=99864) http_log /opt/stack/data/venv/lib/python3.12/site-packages/swiftclient/client.py:161}}
Aug 25 05:39:55.847704 np0000008048 devstack@g-api.service[99864]: DEBUG swiftclient [None req-6249ce43-a99c-42b6-aca3-caf1dd2712f3 tempest-VolumesActionsTest-1690136726 tempest-VolumesActionsTest-1690136726-project-member] RESP HEADERS: {'Date': 'Tue, 25 Aug 2026 05:39:55 GMT', 'Server': 'Apache/2.4.58 (Ubuntu)', 'Content-Type': 'text/html; charset=UTF-8', 'Content-Length': '0', 'Etag': 'eda9a9889837ac4bc81d6387d92c1bec', 'Last-Modified': 'Tue, 25 Aug 2026 05:39:53 GMT', 'X-Trans-Id': 'tx528fdf075b584b2bb714a-006a8d2aa8', 'X-Openstack-Request-Id': 'tx528fdf075b584b2bb714a-006a8d2aa8', 'Connection': 'close'} {{(pid=99864) http_log /opt/stack/data/venv/lib/python3.12/site-packages/swiftclient/client.py:162}}
Aug 25 05:39:55.850902 np0000008048 devstack@g-api.service[99864]: DEBUG glance_store._drivers.swift.store [None req-6249ce43-a99c-42b6-aca3-caf1dd2712f3 tempest-VolumesActionsTest-1690136726 tempest-VolumesActionsTest-1690136726-project-member] Wrote chunk 2cf0a9f1-afb7-4a7c-bf00-bc97d15c6dca-00001 (1/?) of length 204800000 to Swift returning MD5 of content: eda9a9889837ac4bc81d6387d92c1bec {{(pid=99864) add /opt/stack/data/venv/lib/python3.12/site-packages/glance_store/_drivers/swift/store.py:1059}}
Aug 25 05:39:56.391595 np0000008048 devstack@g-api.service[99866]: DEBUG glance.api.middleware.version_negotiation [None req-4271a0fd-7e10-448c-9411-9f78588d7ff0 tempest-VolumesActionsTest-1690136726 tempest-VolumesActionsTest-1690136726-project-member] Determining version of request: GET /v2/images/2cf0a9f1-afb7-4a7c-bf00-bc97d15c6dca Accept: application/json {{(pid=99866) process_request /opt/stack/glance/glance/api/middleware/version_negotiation.py:44}}
Aug 25 05:39:56.392051 np0000008048 devstack@g-api.service[99866]: DEBUG glance.api.middleware.version_negotiation [None req-4271a0fd-7e10-448c-9411-9f78588d7ff0 tempest-VolumesActionsTest-1690136726 tempest-VolumesActionsTest-1690136726-project-member] Using url versioning {{(pid=99866) process_request /opt/stack/glance/glance/api/middleware/version_negotiation.py:57}}
Aug 25 05:39:56.392051 np0000008048 devstack@g-api.service[99866]: DEBUG glance.api.middleware.version_negotiation [None req-4271a0fd-7e10-448c-9411-9f78588d7ff0 tempest-VolumesActionsTest-1690136726 tempest-VolumesActionsTest-1690136726-project-member] Matched version: v2 {{(pid=99866) process_request /opt/stack/glance/glance/api/middleware/version_negotiation.py:69}}
Aug 25 05:39:56.392173 np0000008048 devstack@g-api.service[99866]: DEBUG glance.api.middleware.version_negotiation [None req-4271a0fd-7e10-448c-9411-9f78588d7ff0 tempest-VolumesActionsTest-1690136726 tempest-VolumesActionsTest-1690136726-project-member] new path /v2/images/2cf0a9f1-afb7-4a7c-bf00-bc97d15c6dca {{(pid=99866) process_request /opt/stack/glance/glance/api/middleware/version_negotiation.py:70}}
Aug 25 05:39:56.413558 np0000008048 devstack@g-api.service[99866]: [pid: 99866|app: 0|req: 98/285] 127.0.0.1 () {40 vars in 838 bytes} [Tue Aug 25 05:39:56 2026] GET /v2/images/2cf0a9f1-afb7-4a7c-bf00-bc97d15c6dca => generated 649 bytes in 22 msecs (HTTP/1.1 200) 4 headers in 157 bytes (1 switches on core 0)
Aug 25 05:39:57.424024 np0000008048 devstack@g-api.service[99865]: DEBUG glance.api.middleware.version_negotiation [None req-4675e6d1-d316-4d39-8e94-1786330cc8ff tempest-VolumesActionsTest-1690136726 tempest-VolumesActionsTest-1690136726-project-member] Determining version of request: GET /v2/images/2cf0a9f1-afb7-4a7c-bf00-bc97d15c6dca Accept: application/json {{(pid=99865) process_request /opt/stack/glance/glance/api/middleware/version_negotiation.py:44}}
Aug 25 05:39:57.424462 np0000008048 devstack@g-api.service[99865]: DEBUG glance.api.middleware.version_negotiation [None req-4675e6d1-d316-4d39-8e94-1786330cc8ff tempest-VolumesActionsTest-1690136726 tempest-VolumesActionsTest-1690136726-project-member] Using url versioning {{(pid=99865) process_request /opt/stack/glance/glance/api/middleware/version_negotiation.py:57}}
Aug 25 05:39:57.424462 np0000008048 devstack@g-api.service[99865]: DEBUG glance.api.middleware.version_negotiation [None req-4675e6d1-d316-4d39-8e94-1786330cc8ff tempest-VolumesActionsTest-1690136726 tempest-VolumesActionsTest-1690136726-project-member] Matched version: v2 {{(pid=99865) process_request /opt/stack/glance/glance/api/middleware/version_negotiation.py:69}}
Aug 25 05:39:57.424462 np0000008048 devstack@g-api.service[99865]: DEBUG glance.api.middleware.version_negotiation [None req-4675e6d1-d316-4d39-8e94-1786330cc8ff tempest-VolumesActionsTest-1690136726 tempest-VolumesActionsTest-1690136726-project-member] new path /v2/images/2cf0a9f1-afb7-4a7c-bf00-bc97d15c6dca {{(pid=99865) process_request /opt/stack/glance/glance/api/middleware/version_negotiation.py:70}}
Aug 25 05:39:57.448102 np0000008048 devstack@g-api.service[99865]: [pid: 99865|app: 0|req: 95/286] 127.0.0.1 () {40 vars in 838 bytes} [Tue Aug 25 05:39:57 2026] GET /v2/images/2cf0a9f1-afb7-4a7c-bf00-bc97d15c6dca => generated 649 bytes in 24 msecs (HTTP/1.1 200) 4 headers in 157 bytes (1 switches on core 0)
Aug 25 05:39:58.459564 np0000008048 devstack@g-api.service[99866]: DEBUG glance.api.middleware.version_negotiation [None req-921ddc2d-3069-4c84-a9f3-7865c0b3fb3d tempest-VolumesActionsTest-1690136726 tempest-VolumesActionsTest-1690136726-project-member] Determining version of request: GET /v2/images/2cf0a9f1-afb7-4a7c-bf00-bc97d15c6dca Accept: application/json {{(pid=99866) process_request /opt/stack/glance/glance/api/middleware/version_negotiation.py:44}}
Aug 25 05:39:58.460056 np0000008048 devstack@g-api.service[99866]: DEBUG glance.api.middleware.version_negotiation [None req-921ddc2d-3069-4c84-a9f3-7865c0b3fb3d tempest-VolumesActionsTest-1690136726 tempest-VolumesActionsTest-1690136726-project-member] Using url versioning {{(pid=99866) process_request /opt/stack/glance/glance/api/middleware/version_negotiation.py:57}}
Aug 25 05:39:58.460056 np0000008048 devstack@g-api.service[99866]: DEBUG glance.api.middleware.version_negotiation [None req-921ddc2d-3069-4c84-a9f3-7865c0b3fb3d tempest-VolumesActionsTest-1690136726 tempest-VolumesActionsTest-1690136726-project-member] Matched version: v2 {{(pid=99866) process_request /opt/stack/glance/glance/api/middleware/version_negotiation.py:69}}
Aug 25 05:39:58.460056 np0000008048 devstack@g-api.service[99866]: DEBUG glance.api.middleware.version_negotiation [None req-921ddc2d-3069-4c84-a9f3-7865c0b3fb3d tempest-VolumesActionsTest-1690136726 tempest-VolumesActionsTest-1690136726-project-member] new path /v2/images/2cf0a9f1-afb7-4a7c-bf00-bc97d15c6dca {{(pid=99866) process_request /opt/stack/glance/glance/api/middleware/version_negotiation.py:70}}
Aug 25 05:39:58.475225 np0000008048 devstack@g-api.service[99866]: [pid: 99866|app: 0|req: 99/287] 127.0.0.1 () {40 vars in 838 bytes} [Tue Aug 25 05:39:58 2026] GET /v2/images/2cf0a9f1-afb7-4a7c-bf00-bc97d15c6dca => generated 649 bytes in 16 msecs (HTTP/1.1 200) 4 headers in 157 bytes (1 switches on core 0)
Aug 25 05:39:58.663288 np0000008048 devstack@g-api.service[99864]: DEBUG swiftclient [None req-6249ce43-a99c-42b6-aca3-caf1dd2712f3 tempest-VolumesActionsTest-1690136726 tempest-VolumesActionsTest-1690136726-project-member] REQ: curl -i https://10.4.3.203:8080/v1/AUTH_60e2c0405c2f443f8f83865aa7a60e78/glance/2cf0a9f1-afb7-4a7c-bf00-bc97d15c6dca-00002 -X PUT -H "X-Auth-Token: gAAAAABqjSqoi7JB..." {{(pid=99864) http_log /opt/stack/data/venv/lib/python3.12/site-packages/swiftclient/client.py:160}}
Aug 25 05:39:58.663720 np0000008048 devstack@g-api.service[99864]: DEBUG swiftclient [None req-6249ce43-a99c-42b6-aca3-caf1dd2712f3 tempest-VolumesActionsTest-1690136726 tempest-VolumesActionsTest-1690136726-project-member] RESP STATUS: 201 Created {{(pid=99864) http_log /opt/stack/data/venv/lib/python3.12/site-packages/swiftclient/client.py:161}}
Aug 25 05:39:58.664341 np0000008048 devstack@g-api.service[99864]: DEBUG swiftclient [None req-6249ce43-a99c-42b6-aca3-caf1dd2712f3 tempest-VolumesActionsTest-1690136726 tempest-VolumesActionsTest-1690136726-project-member] RESP HEADERS: {'Date': 'Tue, 25 Aug 2026 05:39:58 GMT', 'Server': 'Apache/2.4.58 (Ubuntu)', 'Content-Type': 'text/html; charset=UTF-8', 'Content-Length': '0', 'Etag': 'eda9a9889837ac4bc81d6387d92c1bec', 'Last-Modified': 'Tue, 25 Aug 2026 05:39:56 GMT', 'X-Trans-Id': 'txf55b3fd2195b46d59045c-006a8d2aab', 'X-Openstack-Request-Id': 'txf55b3fd2195b46d59045c-006a8d2aab', 'Connection': 'close'} {{(pid=99864) http_log /opt/stack/data/venv/lib/python3.12/site-packages/swiftclient/client.py:162}}
Aug 25 05:39:58.664341 np0000008048 devstack@g-api.service[99864]: DEBUG glance_store._drivers.swift.store [None req-6249ce43-a99c-42b6-aca3-caf1dd2712f3 tempest-VolumesActionsTest-1690136726 tempest-VolumesActionsTest-1690136726-project-member] Wrote chunk 2cf0a9f1-afb7-4a7c-bf00-bc97d15c6dca-00002 (2/?) of length 204800000 to Swift returning MD5 of content: eda9a9889837ac4bc81d6387d92c1bec {{(pid=99864) add /opt/stack/data/venv/lib/python3.12/site-packages/glance_store/_drivers/swift/store.py:1059}}
Aug 25 05:39:59.490579 np0000008048 devstack@g-api.service[99865]: DEBUG glance.api.middleware.version_negotiation [None req-b82b2dac-7cc3-40c0-a179-d5c1e8ab9567 tempest-VolumesActionsTest-1690136726 tempest-VolumesActionsTest-1690136726-project-member] Determining version of request: GET /v2/images/2cf0a9f1-afb7-4a7c-bf00-bc97d15c6dca Accept: application/json {{(pid=99865) process_request /opt/stack/glance/glance/api/middleware/version_negotiation.py:44}}
Aug 25 05:39:59.491184 np0000008048 devstack@g-api.service[99865]: DEBUG glance.api.middleware.version_negotiation [None req-b82b2dac-7cc3-40c0-a179-d5c1e8ab9567 tempest-VolumesActionsTest-1690136726 tempest-VolumesActionsTest-1690136726-project-member] Using url versioning {{(pid=99865) process_request /opt/stack/glance/glance/api/middleware/version_negotiation.py:57}}
Aug 25 05:39:59.492539 np0000008048 devstack@g-api.service[99865]: DEBUG glance.api.middleware.version_negotiation [None req-b82b2dac-7cc3-40c0-a179-d5c1e8ab9567 tempest-VolumesActionsTest-1690136726 tempest-VolumesActionsTest-1690136726-project-member] Matched version: v2 {{(pid=99865) process_request /opt/stack/glance/glance/api/middleware/version_negotiation.py:69}}
Aug 25 05:39:59.492539 np0000008048 devstack@g-api.service[99865]: DEBUG glance.api.middleware.version_negotiation [None req-b82b2dac-7cc3-40c0-a179-d5c1e8ab9567 tempest-VolumesActionsTest-1690136726 tempest-VolumesActionsTest-1690136726-project-member] new path /v2/images/2cf0a9f1-afb7-4a7c-bf00-bc97d15c6dca {{(pid=99865) process_request /opt/stack/glance/glance/api/middleware/version_negotiation.py:70}}
Aug 25 05:39:59.508124 np0000008048 devstack@g-api.service[99865]: [pid: 99865|app: 0|req: 96/288] 127.0.0.1 () {40 vars in 838 bytes} [Tue Aug 25 05:39:59 2026] GET /v2/images/2cf0a9f1-afb7-4a7c-bf00-bc97d15c6dca => generated 649 bytes in 19 msecs (HTTP/1.1 200) 4 headers in 157 bytes (1 switches on core 0)
Aug 25 05:40:00.517573 np0000008048 devstack@g-api.service[99866]: DEBUG glance.api.middleware.version_negotiation [None req-c820c468-73f8-402e-9a25-c4edc0adc08a tempest-VolumesActionsTest-1690136726 tempest-VolumesActionsTest-1690136726-project-member] Determining version of request: GET /v2/images/2cf0a9f1-afb7-4a7c-bf00-bc97d15c6dca Accept: application/json {{(pid=99866) process_request /opt/stack/glance/glance/api/middleware/version_negotiation.py:44}}
Aug 25 05:40:00.518792 np0000008048 devstack@g-api.service[99866]: DEBUG glance.api.middleware.version_negotiation [None req-c820c468-73f8-402e-9a25-c4edc0adc08a tempest-VolumesActionsTest-1690136726 tempest-VolumesActionsTest-1690136726-project-member] Using url versioning {{(pid=99866) process_request /opt/stack/glance/glance/api/middleware/version_negotiation.py:57}}
Aug 25 05:40:00.519786 np0000008048 devstack@g-api.service[99866]: DEBUG glance.api.middleware.version_negotiation [None req-c820c468-73f8-402e-9a25-c4edc0adc08a tempest-VolumesActionsTest-1690136726 tempest-VolumesActionsTest-1690136726-project-member] Matched version: v2 {{(pid=99866) process_request /opt/stack/glance/glance/api/middleware/version_negotiation.py:69}}
Aug 25 05:40:00.519786 np0000008048 devstack@g-api.service[99866]: DEBUG glance.api.middleware.version_negotiation [None req-c820c468-73f8-402e-9a25-c4edc0adc08a tempest-VolumesActionsTest-1690136726 tempest-VolumesActionsTest-1690136726-project-member] new path /v2/images/2cf0a9f1-afb7-4a7c-bf00-bc97d15c6dca {{(pid=99866) process_request /opt/stack/glance/glance/api/middleware/version_negotiation.py:70}}
Aug 25 05:40:00.536540 np0000008048 devstack@g-api.service[99866]: [pid: 99866|app: 0|req: 100/289] 127.0.0.1 () {40 vars in 838 bytes} [Tue Aug 25 05:40:00 2026] GET /v2/images/2cf0a9f1-afb7-4a7c-bf00-bc97d15c6dca => generated 649 bytes in 19 msecs (HTTP/1.1 200) 4 headers in 157 bytes (1 switches on core 0)
Aug 25 05:40:01.549017 np0000008048 devstack@g-api.service[99865]: DEBUG glance.api.middleware.version_negotiation [None req-1aa552fd-2dec-445b-861c-b70fd41a067a tempest-VolumesActionsTest-1690136726 tempest-VolumesActionsTest-1690136726-project-member] Determining version of request: GET /v2/images/2cf0a9f1-afb7-4a7c-bf00-bc97d15c6dca Accept: application/json {{(pid=99865) process_request /opt/stack/glance/glance/api/middleware/version_negotiation.py:44}}
Aug 25 05:40:01.549860 np0000008048 devstack@g-api.service[99865]: DEBUG glance.api.middleware.version_negotiation [None req-1aa552fd-2dec-445b-861c-b70fd41a067a tempest-VolumesActionsTest-1690136726 tempest-VolumesActionsTest-1690136726-project-member] Using url versioning {{(pid=99865) process_request /opt/stack/glance/glance/api/middleware/version_negotiation.py:57}}
Aug 25 05:40:01.549860 np0000008048 devstack@g-api.service[99865]: DEBUG glance.api.middleware.version_negotiation [None req-1aa552fd-2dec-445b-861c-b70fd41a067a tempest-VolumesActionsTest-1690136726 tempest-VolumesActionsTest-1690136726-project-member] Matched version: v2 {{(pid=99865) process_request /opt/stack/glance/glance/api/middleware/version_negotiation.py:69}}
Aug 25 05:40:01.549860 np0000008048 devstack@g-api.service[99865]: DEBUG glance.api.middleware.version_negotiation [None req-1aa552fd-2dec-445b-861c-b70fd41a067a tempest-VolumesActionsTest-1690136726 tempest-VolumesActionsTest-1690136726-project-member] new path /v2/images/2cf0a9f1-afb7-4a7c-bf00-bc97d15c6dca {{(pid=99865) process_request /opt/stack/glance/glance/api/middleware/version_negotiation.py:70}}
Aug 25 05:40:01.562820 np0000008048 devstack@g-api.service[99865]: [pid: 99865|app: 0|req: 97/290] 127.0.0.1 () {40 vars in 838 bytes} [Tue Aug 25 05:40:01 2026] GET /v2/images/2cf0a9f1-afb7-4a7c-bf00-bc97d15c6dca => generated 649 bytes in 14 msecs (HTTP/1.1 200) 4 headers in 157 bytes (1 switches on core 0)
Aug 25 05:40:01.601805 np0000008048 devstack@g-api.service[99864]: DEBUG swiftclient [None req-6249ce43-a99c-42b6-aca3-caf1dd2712f3 tempest-VolumesActionsTest-1690136726 tempest-VolumesActionsTest-1690136726-project-member] REQ: curl -i https://10.4.3.203:8080/v1/AUTH_60e2c0405c2f443f8f83865aa7a60e78/glance/2cf0a9f1-afb7-4a7c-bf00-bc97d15c6dca-00003 -X PUT -H "X-Auth-Token: gAAAAABqjSqoi7JB..." {{(pid=99864) http_log /opt/stack/data/venv/lib/python3.12/site-packages/swiftclient/client.py:160}}
Aug 25 05:40:01.602292 np0000008048 devstack@g-api.service[99864]: DEBUG swiftclient [None req-6249ce43-a99c-42b6-aca3-caf1dd2712f3 tempest-VolumesActionsTest-1690136726 tempest-VolumesActionsTest-1690136726-project-member] RESP STATUS: 201 Created {{(pid=99864) http_log /opt/stack/data/venv/lib/python3.12/site-packages/swiftclient/client.py:161}}
Aug 25 05:40:01.602292 np0000008048 devstack@g-api.service[99864]: DEBUG swiftclient [None req-6249ce43-a99c-42b6-aca3-caf1dd2712f3 tempest-VolumesActionsTest-1690136726 tempest-VolumesActionsTest-1690136726-project-member] RESP HEADERS: {'Date': 'Tue, 25 Aug 2026 05:40:01 GMT', 'Server': 'Apache/2.4.58 (Ubuntu)', 'Content-Type': 'text/html; charset=UTF-8', 'Content-Length': '0', 'Etag': 'eda9a9889837ac4bc81d6387d92c1bec', 'Last-Modified': 'Tue, 25 Aug 2026 05:39:59 GMT', 'X-Trans-Id': 'tx230e1154573a4bd5ab2ef-006a8d2aae', 'X-Openstack-Request-Id': 'tx230e1154573a4bd5ab2ef-006a8d2aae', 'Connection': 'close'} {{(pid=99864) http_log /opt/stack/data/venv/lib/python3.12/site-packages/swiftclient/client.py:162}}
Aug 25 05:40:01.602292 np0000008048 devstack@g-api.service[99864]: DEBUG glance_store._drivers.swift.store [None req-6249ce43-a99c-42b6-aca3-caf1dd2712f3 tempest-VolumesActionsTest-1690136726 tempest-VolumesActionsTest-1690136726-project-member] Wrote chunk 2cf0a9f1-afb7-4a7c-bf00-bc97d15c6dca-00003 (3/?) of length 204800000 to Swift returning MD5 of content: eda9a9889837ac4bc81d6387d92c1bec {{(pid=99864) add /opt/stack/data/venv/lib/python3.12/site-packages/glance_store/_drivers/swift/store.py:1059}}
Aug 25 05:40:02.574372 np0000008048 devstack@g-api.service[99866]: DEBUG glance.api.middleware.version_negotiation [None req-e8738a74-7e85-469f-999c-f532bfaf17fd tempest-VolumesActionsTest-1690136726 tempest-VolumesActionsTest-1690136726-project-member] Determining version of request: GET /v2/images/2cf0a9f1-afb7-4a7c-bf00-bc97d15c6dca Accept: application/json {{(pid=99866) process_request /opt/stack/glance/glance/api/middleware/version_negotiation.py:44}}
Aug 25 05:40:02.574372 np0000008048 devstack@g-api.service[99866]: DEBUG glance.api.middleware.version_negotiation [None req-e8738a74-7e85-469f-999c-f532bfaf17fd tempest-VolumesActionsTest-1690136726 tempest-VolumesActionsTest-1690136726-project-member] Using url versioning {{(pid=99866) process_request /opt/stack/glance/glance/api/middleware/version_negotiation.py:57}}
Aug 25 05:40:02.574372 np0000008048 devstack@g-api.service[99866]: DEBUG glance.api.middleware.version_negotiation [None req-e8738a74-7e85-469f-999c-f532bfaf17fd tempest-VolumesActionsTest-1690136726 tempest-VolumesActionsTest-1690136726-project-member] Matched version: v2 {{(pid=99866) process_request /opt/stack/glance/glance/api/middleware/version_negotiation.py:69}}
Aug 25 05:40:02.574372 np0000008048 devstack@g-api.service[99866]: DEBUG glance.api.middleware.version_negotiation [None req-e8738a74-7e85-469f-999c-f532bfaf17fd tempest-VolumesActionsTest-1690136726 tempest-VolumesActionsTest-1690136726-project-member] new path /v2/images/2cf0a9f1-afb7-4a7c-bf00-bc97d15c6dca {{(pid=99866) process_request /opt/stack/glance/glance/api/middleware/version_negotiation.py:70}}
Aug 25 05:40:02.586477 np0000008048 devstack@g-api.service[99866]: [pid: 99866|app: 0|req: 101/291] 127.0.0.1 () {40 vars in 838 bytes} [Tue Aug 25 05:40:02 2026] GET /v2/images/2cf0a9f1-afb7-4a7c-bf00-bc97d15c6dca => generated 649 bytes in 12 msecs (HTTP/1.1 200) 4 headers in 157 bytes (1 switches on core 0)
Aug 25 05:40:02.714684 np0000008048 devstack@g-api.service[99864]: DEBUG dbcounter [-] [99864] Writing DB stats glance:SELECT=36,glance:INSERT=2,glance:UPDATE=1 {{(pid=99864) stat_writer /opt/stack/data/venv/lib/python3.12/site-packages/dbcounter.py:115}}
Aug 25 05:40:03.601044 np0000008048 devstack@g-api.service[99865]: DEBUG glance.api.middleware.version_negotiation [None req-7ea5feed-b82f-4641-afb7-8d6ec3548b8d tempest-VolumesActionsTest-1690136726 tempest-VolumesActionsTest-1690136726-project-member] Determining version of request: GET /v2/images/2cf0a9f1-afb7-4a7c-bf00-bc97d15c6dca Accept: application/json {{(pid=99865) process_request /opt/stack/glance/glance/api/middleware/version_negotiation.py:44}}
Aug 25 05:40:03.601694 np0000008048 devstack@g-api.service[99865]: DEBUG glance.api.middleware.version_negotiation [None req-7ea5feed-b82f-4641-afb7-8d6ec3548b8d tempest-VolumesActionsTest-1690136726 tempest-VolumesActionsTest-1690136726-project-member] Using url versioning {{(pid=99865) process_request /opt/stack/glance/glance/api/middleware/version_negotiation.py:57}}
