Jun 18 19:08:15.472582 np0000003176 devstack@neutron-api.service[89963]: DEBUG neutron_lib.callbacks.manager [None req-ac453516-0a8f-40d2-af1e-072f31b82b8c None None] Subscribe: > logging-plugin after_init 55550000, False {{(pid=89963) subscribe /opt/stack/data/venv/lib/python3.12/site-packages/neutron_lib/callbacks/manager.py:52}}
Jun 18 19:08:15.473377 np0000003176 devstack@neutron-api.service[89963]: INFO neutron.services.logapi.drivers.ovn.driver [None req-ac453516-0a8f-40d2-af1e-072f31b82b8c None None] OVN logging driver registered
Jun 18 19:08:15.473377 np0000003176 devstack@neutron-api.service[89963]: DEBUG neutron_lib.callbacks.manager [None req-ac453516-0a8f-40d2-af1e-072f31b82b8c None None] Subscribe: ._register_pvlan_driver at 0x77eede931a80> pvlan_plugin before_spawn 55550000, False {{(pid=89963) subscribe /opt/stack/data/venv/lib/python3.12/site-packages/neutron_lib/callbacks/manager.py:52}}
Jun 18 19:08:15.473377 np0000003176 devstack@neutron-api.service[89963]: DEBUG neutron_lib.callbacks.manager [None req-ac453516-0a8f-40d2-af1e-072f31b82b8c None None] Subscribe: process after_init 55550000, False {{(pid=89963) subscribe /opt/stack/data/venv/lib/python3.12/site-packages/neutron_lib/callbacks/manager.py:52}}
Jun 18 19:08:15.475302 np0000003176 devstack@neutron-api.service[89963]: DEBUG neutron.plugins.ml2.plugin [None req-ac453516-0a8f-40d2-af1e-072f31b82b8c None None] neutron.plugins.ml2.plugin.Ml2Plugin method _start_rpc_notifiers called with arguments () {} {{(pid=89963) wrapper /opt/stack/data/venv/lib/python3.12/site-packages/oslo_log/helpers.py:77}}
Jun 18 19:08:15.475302 np0000003176 devstack@neutron-api.service[89963]: DEBUG neutron_lib.callbacks.manager [None req-ac453516-0a8f-40d2-af1e-072f31b82b8c None None] Subscribe: > port after_create 55550000, False {{(pid=89963) subscribe /opt/stack/data/venv/lib/python3.12/site-packages/neutron_lib/callbacks/manager.py:52}}
Jun 18 19:08:15.475302 np0000003176 devstack@neutron-api.service[89963]: DEBUG neutron_lib.callbacks.manager [None req-ac453516-0a8f-40d2-af1e-072f31b82b8c None None] Subscribe: > port after_update 55550000, False {{(pid=89963) subscribe /opt/stack/data/venv/lib/python3.12/site-packages/neutron_lib/callbacks/manager.py:52}}
Jun 18 19:08:15.475652 np0000003176 devstack@neutron-api.service[89963]: DEBUG neutron_lib.callbacks.manager [None req-ac453516-0a8f-40d2-af1e-072f31b82b8c None None] Subscribe: > port after_delete 55550000, False {{(pid=89963) subscribe /opt/stack/data/venv/lib/python3.12/site-packages/neutron_lib/callbacks/manager.py:52}}
Jun 18 19:08:15.475652 np0000003176 devstack@neutron-api.service[89963]: DEBUG neutron_lib.callbacks.manager [None req-ac453516-0a8f-40d2-af1e-072f31b82b8c None None] Subscribe: > subnet after_create 55550000, False {{(pid=89963) subscribe /opt/stack/data/venv/lib/python3.12/site-packages/neutron_lib/callbacks/manager.py:52}}
Jun 18 19:08:15.475652 np0000003176 devstack@neutron-api.service[89963]: DEBUG neutron_lib.callbacks.manager [None req-ac453516-0a8f-40d2-af1e-072f31b82b8c None None] Subscribe: > subnet after_update 55550000, False {{(pid=89963) subscribe /opt/stack/data/venv/lib/python3.12/site-packages/neutron_lib/callbacks/manager.py:52}}
Jun 18 19:08:15.475856 np0000003176 devstack@neutron-api.service[89963]: DEBUG neutron_lib.callbacks.manager [None req-ac453516-0a8f-40d2-af1e-072f31b82b8c None None] Subscribe: > subnet after_delete 55550000, False {{(pid=89963) subscribe /opt/stack/data/venv/lib/python3.12/site-packages/neutron_lib/callbacks/manager.py:52}}
Jun 18 19:08:15.476289 np0000003176 devstack@neutron-api.service[89963]: DEBUG neutron_lib.callbacks.manager [None req-ac453516-0a8f-40d2-af1e-072f31b82b8c None None] Subscribe: > network after_create 55550000, False {{(pid=89963) subscribe /opt/stack/data/venv/lib/python3.12/site-packages/neutron_lib/callbacks/manager.py:52}}
Jun 18 19:08:15.476289 np0000003176 devstack@neutron-api.service[89963]: DEBUG neutron_lib.callbacks.manager [None req-ac453516-0a8f-40d2-af1e-072f31b82b8c None None] Subscribe: > network after_update 55550000, False {{(pid=89963) subscribe /opt/stack/data/venv/lib/python3.12/site-packages/neutron_lib/callbacks/manager.py:52}}
Jun 18 19:08:15.476289 np0000003176 devstack@neutron-api.service[89963]: DEBUG neutron_lib.callbacks.manager [None req-ac453516-0a8f-40d2-af1e-072f31b82b8c None None] Subscribe: > network after_delete 55550000, False {{(pid=89963) subscribe /opt/stack/data/venv/lib/python3.12/site-packages/neutron_lib/callbacks/manager.py:52}}
Jun 18 19:08:15.476516 np0000003176 devstack@neutron-api.service[89963]: DEBUG neutron_lib.callbacks.manager [None req-ac453516-0a8f-40d2-af1e-072f31b82b8c None None] Subscribe: > security_group after_create 55550000, False {{(pid=89963) subscribe /opt/stack/data/venv/lib/python3.12/site-packages/neutron_lib/callbacks/manager.py:52}}
Jun 18 19:08:15.476636 np0000003176 devstack@neutron-api.service[89963]: DEBUG neutron_lib.callbacks.manager [None req-ac453516-0a8f-40d2-af1e-072f31b82b8c None None] Subscribe: > security_group after_update 55550000, False {{(pid=89963) subscribe /opt/stack/data/venv/lib/python3.12/site-packages/neutron_lib/callbacks/manager.py:52}}
Jun 18 19:08:15.476729 np0000003176 devstack@neutron-api.service[89963]: DEBUG neutron_lib.callbacks.manager [None req-ac453516-0a8f-40d2-af1e-072f31b82b8c None None] Subscribe: > security_group after_delete 55550000, False {{(pid=89963) subscribe /opt/stack/data/venv/lib/python3.12/site-packages/neutron_lib/callbacks/manager.py:52}}
Jun 18 19:08:15.476894 np0000003176 devstack@neutron-api.service[89963]: DEBUG neutron_lib.callbacks.manager [None req-ac453516-0a8f-40d2-af1e-072f31b82b8c None None] Subscribe: > security_group_rule after_create 55550000, False {{(pid=89963) subscribe /opt/stack/data/venv/lib/python3.12/site-packages/neutron_lib/callbacks/manager.py:52}}
Jun 18 19:08:15.477044 np0000003176 devstack@neutron-api.service[89963]: DEBUG neutron_lib.callbacks.manager [None req-ac453516-0a8f-40d2-af1e-072f31b82b8c None None] Subscribe: > security_group_rule after_update 55550000, False {{(pid=89963) subscribe /opt/stack/data/venv/lib/python3.12/site-packages/neutron_lib/callbacks/manager.py:52}}
Jun 18 19:08:15.477205 np0000003176 devstack@neutron-api.service[89963]: DEBUG neutron_lib.callbacks.manager [None req-ac453516-0a8f-40d2-af1e-072f31b82b8c None None] Subscribe: > security_group_rule after_delete 55550000, False {{(pid=89963) subscribe /opt/stack/data/venv/lib/python3.12/site-packages/neutron_lib/callbacks/manager.py:52}}
Jun 18 19:08:15.477386 np0000003176 devstack@neutron-api.service[89963]: DEBUG neutron_lib.callbacks.manager [None req-ac453516-0a8f-40d2-af1e-072f31b82b8c None None] Subscribe: > address_group after_create 55550000, False {{(pid=89963) subscribe /opt/stack/data/venv/lib/python3.12/site-packages/neutron_lib/callbacks/manager.py:52}}
Jun 18 19:08:15.477489 np0000003176 devstack@neutron-api.service[89963]: DEBUG neutron_lib.callbacks.manager [None req-ac453516-0a8f-40d2-af1e-072f31b82b8c None None] Subscribe: > address_group after_update 55550000, False {{(pid=89963) subscribe /opt/stack/data/venv/lib/python3.12/site-packages/neutron_lib/callbacks/manager.py:52}}
Jun 18 19:08:15.477672 np0000003176 devstack@neutron-api.service[89963]: DEBUG neutron_lib.callbacks.manager [None req-ac453516-0a8f-40d2-af1e-072f31b82b8c None None] Subscribe: > address_group after_delete 55550000, False {{(pid=89963) subscribe /opt/stack/data/venv/lib/python3.12/site-packages/neutron_lib/callbacks/manager.py:52}}
Jun 18 19:08:15.477783 np0000003176 devstack@neutron-api.service[89963]: DEBUG neutron.plugins.ml2.ovo_rpc [None req-ac453516-0a8f-40d2-af1e-072f31b82b8c None None] ML2 OVO RPC backend initialized. {{(pid=89963) __init__ /opt/stack/neutron/neutron/plugins/ml2/ovo_rpc.py:117}}
Jun 18 19:08:15.479048 np0000003176 devstack@neutron-api.service[89963]: INFO neutron.quota [None req-ac453516-0a8f-40d2-af1e-072f31b82b8c None None] Loaded quota_driver: .
Jun 18 19:08:15.479140 np0000003176 devstack@neutron-api.service[89963]: INFO neutron.plugins.ml2.plugin [None req-ac453516-0a8f-40d2-af1e-072f31b82b8c None None] Modular L2 Plugin initialization complete
Jun 18 19:08:15.479294 np0000003176 devstack@neutron-api.service[89963]: DEBUG neutron.manager [None req-ac453516-0a8f-40d2-af1e-072f31b82b8c None None] Loading services supported by the core plugin {{(pid=89963) _load_services_from_core_plugin /opt/stack/neutron/neutron/manager.py:170}}
Jun 18 19:08:15.479391 np0000003176 devstack@neutron-api.service[89963]: INFO neutron.plugins.ml2.managers [None req-ac453516-0a8f-40d2-af1e-072f31b82b8c None None] Got port-security extension from driver 'port_security'
Jun 18 19:08:15.479659 np0000003176 devstack@neutron-api.service[89963]: DEBUG neutron.manager [None req-ac453516-0a8f-40d2-af1e-072f31b82b8c None None] Loading service plugins: ['ovn-router', 'auto_allocate', 'tag', 'timestamp', 'network_ip_availability', 'flavors', 'revisions'] {{(pid=89963) _load_service_plugins /opt/stack/neutron/neutron/manager.py:195}}
Jun 18 19:08:15.479760 np0000003176 devstack@neutron-api.service[89963]: INFO neutron.manager [None req-ac453516-0a8f-40d2-af1e-072f31b82b8c None None] Loading Plugin: ovn-router
Jun 18 19:08:15.491261 np0000003176 devstack@neutron-api.service[89963]: DEBUG neutron_lib.callbacks.manager [None req-ac453516-0a8f-40d2-af1e-072f31b82b8c None None] Subscribe: > router before_delete 55550000, False {{(pid=89963) subscribe /opt/stack/data/venv/lib/python3.12/site-packages/neutron_lib/callbacks/manager.py:52}}
Jun 18 19:08:15.491385 np0000003176 devstack@neutron-api.service[89963]: DEBUG neutron_lib.callbacks.manager [None req-ac453516-0a8f-40d2-af1e-072f31b82b8c None None] Subscribe: port before_update 55550000, False {{(pid=89963) subscribe /opt/stack/data/venv/lib/python3.12/site-packages/neutron_lib/callbacks/manager.py:52}}
Jun 18 19:08:15.491492 np0000003176 devstack@neutron-api.service[89963]: DEBUG neutron_lib.callbacks.manager [None req-ac453516-0a8f-40d2-af1e-072f31b82b8c None None] Subscribe: port after_update 55550000, False {{(pid=89963) subscribe /opt/stack/data/venv/lib/python3.12/site-packages/neutron_lib/callbacks/manager.py:52}}
Jun 18 19:08:15.491626 np0000003176 devstack@neutron-api.service[89963]: DEBUG neutron_lib.callbacks.manager [None req-ac453516-0a8f-40d2-af1e-072f31b82b8c None None] Subscribe: > port precommit_delete 55550000, False {{(pid=89963) subscribe /opt/stack/data/venv/lib/python3.12/site-packages/neutron_lib/callbacks/manager.py:52}}
Jun 18 19:08:15.491626 np0000003176 devstack@neutron-api.service[89963]: DEBUG neutron_lib.callbacks.manager [None req-ac453516-0a8f-40d2-af1e-072f31b82b8c None None] Subscribe: port before_update 55550000, False {{(pid=89963) subscribe /opt/stack/data/venv/lib/python3.12/site-packages/neutron_lib/callbacks/manager.py:52}}
Jun 18 19:08:15.492218 np0000003176 devstack@neutron-api.service[89963]: DEBUG neutron_lib.callbacks.manager [None req-ac453516-0a8f-40d2-af1e-072f31b82b8c None None] Subscribe: port before_delete 55550000, False {{(pid=89963) subscribe /opt/stack/data/venv/lib/python3.12/site-packages/neutron_lib/callbacks/manager.py:52}}
Jun 18 19:08:15.492218 np0000003176 devstack@neutron-api.service[89963]: DEBUG neutron_lib.callbacks.manager [None req-ac453516-0a8f-40d2-af1e-072f31b82b8c None None] Subscribe: > router precommit_create 55550000, False {{(pid=89963) subscribe /opt/stack/data/venv/lib/python3.12/site-packages/neutron_lib/callbacks/manager.py:52}}
Jun 18 19:08:15.492218 np0000003176 devstack@neutron-api.service[89963]: DEBUG neutron_lib.callbacks.manager [None req-ac453516-0a8f-40d2-af1e-072f31b82b8c None None] Subscribe: > router precommit_create 55550000, False {{(pid=89963) subscribe /opt/stack/data/venv/lib/python3.12/site-packages/neutron_lib/callbacks/manager.py:52}}
Jun 18 19:08:15.492218 np0000003176 devstack@neutron-api.service[89963]: DEBUG neutron_lib.callbacks.manager [None req-ac453516-0a8f-40d2-af1e-072f31b82b8c None None] Subscribe: > router precommit_update 55550000, False {{(pid=89963) subscribe /opt/stack/data/venv/lib/python3.12/site-packages/neutron_lib/callbacks/manager.py:52}}
Jun 18 19:08:15.492609 np0000003176 devstack@neutron-api.service[89963]: DEBUG neutron_lib.callbacks.manager [None req-ac453516-0a8f-40d2-af1e-072f31b82b8c None None] Subscribe: subnet after_update 55550000, False {{(pid=89963) subscribe /opt/stack/data/venv/lib/python3.12/site-packages/neutron_lib/callbacks/manager.py:52}}
Jun 18 19:08:15.492609 np0000003176 devstack@neutron-api.service[89963]: DEBUG neutron.quota.resource_registry [None req-ac453516-0a8f-40d2-af1e-072f31b82b8c None None] Tracking information for resource: router configured {{(pid=89963) set_tracked_resource /opt/stack/neutron/neutron/quota/resource_registry.py:203}}
Jun 18 19:08:15.492609 np0000003176 devstack@neutron-api.service[89963]: DEBUG neutron.quota.resource_registry [None req-ac453516-0a8f-40d2-af1e-072f31b82b8c None None] Tracking information for resource: floatingip configured {{(pid=89963) set_tracked_resource /opt/stack/neutron/neutron/quota/resource_registry.py:203}}
Jun 18 19:08:15.492609 np0000003176 devstack@neutron-api.service[89963]: INFO neutron.services.ovn_l3.plugin [None req-ac453516-0a8f-40d2-af1e-072f31b82b8c None None] Starting OVNL3RouterPlugin
Jun 18 19:08:15.492855 np0000003176 devstack@neutron-api.service[89963]: DEBUG neutron_lib.callbacks.manager [None req-ac453516-0a8f-40d2-af1e-072f31b82b8c None None] Subscribe: > port_forwarding_plugin after_init 55550000, False {{(pid=89963) subscribe /opt/stack/data/venv/lib/python3.12/site-packages/neutron_lib/callbacks/manager.py:52}}
Jun 18 19:08:15.493032 np0000003176 devstack@neutron-api.service[89963]: DEBUG neutron_lib.callbacks.manager [None req-ac453516-0a8f-40d2-af1e-072f31b82b8c None None] Subscribe: > router before_create 55550100, False {{(pid=89963) subscribe /opt/stack/data/venv/lib/python3.12/site-packages/neutron_lib/callbacks/manager.py:52}}
Jun 18 19:08:15.493152 np0000003176 devstack@neutron-api.service[89963]: DEBUG neutron_lib.callbacks.manager [None req-ac453516-0a8f-40d2-af1e-072f31b82b8c None None] Subscribe: > router precommit_delete 55550100, False {{(pid=89963) subscribe /opt/stack/data/venv/lib/python3.12/site-packages/neutron_lib/callbacks/manager.py:52}}
Jun 18 19:08:15.493262 np0000003176 devstack@neutron-api.service[89963]: DEBUG neutron_lib.callbacks.manager [None req-ac453516-0a8f-40d2-af1e-072f31b82b8c None None] Subscribe: > router precommit_create 55550100, False {{(pid=89963) subscribe /opt/stack/data/venv/lib/python3.12/site-packages/neutron_lib/callbacks/manager.py:52}}
Jun 18 19:08:15.493689 np0000003176 devstack@neutron-api.service[89963]: DEBUG neutron_lib.callbacks.manager [None req-ac453516-0a8f-40d2-af1e-072f31b82b8c None None] Subscribe: > router precommit_update 55550100, False {{(pid=89963) subscribe /opt/stack/data/venv/lib/python3.12/site-packages/neutron_lib/callbacks/manager.py:52}}
Jun 18 19:08:15.496651 np0000003176 devstack@neutron-api.service[89963]: DEBUG neutron.services.provider_configuration [None req-ac453516-0a8f-40d2-af1e-072f31b82b8c None None] Service providers = [] {{(pid=89963) parse_service_provider_opt /opt/stack/neutron/neutron/services/provider_configuration.py:170}}
Jun 18 19:08:15.496802 np0000003176 devstack@neutron-api.service[89963]: DEBUG neutron.db.servicetype_db [None req-ac453516-0a8f-40d2-af1e-072f31b82b8c None None] Adding provider configuration for service L3_ROUTER_NAT {{(pid=89963) add_provider_configuration /opt/stack/neutron/neutron/db/servicetype_db.py:45}}
Jun 18 19:08:15.498379 np0000003176 devstack@neutron-api.service[89963]: DEBUG neutron_lib.callbacks.manager [None req-ac453516-0a8f-40d2-af1e-072f31b82b8c None None] Subscribe: > router precommit_create 55549900, False {{(pid=89963) subscribe /opt/stack/data/venv/lib/python3.12/site-packages/neutron_lib/callbacks/manager.py:52}}
Jun 18 19:08:15.498458 np0000003176 devstack@neutron-api.service[89963]: DEBUG neutron_lib.callbacks.manager [None req-ac453516-0a8f-40d2-af1e-072f31b82b8c None None] Subscribe: > router_interface after_create 55550000, False {{(pid=89963) subscribe /opt/stack/data/venv/lib/python3.12/site-packages/neutron_lib/callbacks/manager.py:52}}
Jun 18 19:08:15.498554 np0000003176 devstack@neutron-api.service[89963]: DEBUG neutron_lib.callbacks.manager [None req-ac453516-0a8f-40d2-af1e-072f31b82b8c None None] Subscribe: > floatingip after_create 55550000, False {{(pid=89963) subscribe /opt/stack/data/venv/lib/python3.12/site-packages/neutron_lib/callbacks/manager.py:52}}
Jun 18 19:08:15.498651 np0000003176 devstack@neutron-api.service[89963]: DEBUG neutron_lib.callbacks.manager [None req-ac453516-0a8f-40d2-af1e-072f31b82b8c None None] Subscribe: > floatingip precommit_create 55550000, False {{(pid=89963) subscribe /opt/stack/data/venv/lib/python3.12/site-packages/neutron_lib/callbacks/manager.py:52}}
Jun 18 19:08:15.498747 np0000003176 devstack@neutron-api.service[89963]: DEBUG neutron_lib.callbacks.manager [None req-ac453516-0a8f-40d2-af1e-072f31b82b8c None None] Subscribe: > floatingip precommit_update 55550000, False {{(pid=89963) subscribe /opt/stack/data/venv/lib/python3.12/site-packages/neutron_lib/callbacks/manager.py:52}}
Jun 18 19:08:15.498863 np0000003176 devstack@neutron-api.service[89963]: DEBUG neutron_lib.callbacks.manager [None req-ac453516-0a8f-40d2-af1e-072f31b82b8c None None] Subscribe: > floatingip after_delete 55550000, False {{(pid=89963) subscribe /opt/stack/data/venv/lib/python3.12/site-packages/neutron_lib/callbacks/manager.py:52}}
Jun 18 19:08:15.499499 np0000003176 devstack@neutron-api.service[89963]: DEBUG neutron_lib.callbacks.manager [None req-ac453516-0a8f-40d2-af1e-072f31b82b8c None None] Subscribe: > floatingip after_status_update 55550000, False {{(pid=89963) subscribe /opt/stack/data/venv/lib/python3.12/site-packages/neutron_lib/callbacks/manager.py:52}}
Jun 18 19:08:15.499499 np0000003176 devstack@neutron-api.service[89963]: DEBUG neutron_lib.callbacks.manager [None req-ac453516-0a8f-40d2-af1e-072f31b82b8c None None] Subscribe: > floatingip after_update 55550000, False {{(pid=89963) subscribe /opt/stack/data/venv/lib/python3.12/site-packages/neutron_lib/callbacks/manager.py:52}}
Jun 18 19:08:15.499499 np0000003176 devstack@neutron-api.service[89963]: DEBUG neutron_lib.callbacks.manager [None req-ac453516-0a8f-40d2-af1e-072f31b82b8c None None] Subscribe: > port_forwarding after_create 55550000, False {{(pid=89963) subscribe /opt/stack/data/venv/lib/python3.12/site-packages/neutron_lib/callbacks/manager.py:52}}
Jun 18 19:08:15.499499 np0000003176 devstack@neutron-api.service[89963]: DEBUG neutron_lib.callbacks.manager [None req-ac453516-0a8f-40d2-af1e-072f31b82b8c None None] Subscribe: > router_interface after_delete 55550000, False {{(pid=89963) subscribe /opt/stack/data/venv/lib/python3.12/site-packages/neutron_lib/callbacks/manager.py:52}}
Jun 18 19:08:15.499729 np0000003176 devstack@neutron-api.service[89963]: DEBUG neutron_lib.callbacks.manager [None req-ac453516-0a8f-40d2-af1e-072f31b82b8c None None] Subscribe: > router after_create 55550000, False {{(pid=89963) subscribe /opt/stack/data/venv/lib/python3.12/site-packages/neutron_lib/callbacks/manager.py:52}}
Jun 18 19:08:15.499729 np0000003176 devstack@neutron-api.service[89963]: DEBUG neutron_lib.callbacks.manager [None req-ac453516-0a8f-40d2-af1e-072f31b82b8c None None] Subscribe: > router precommit_create 55550000, False {{(pid=89963) subscribe /opt/stack/data/venv/lib/python3.12/site-packages/neutron_lib/callbacks/manager.py:52}}
Jun 18 19:08:15.499729 np0000003176 devstack@neutron-api.service[89963]: DEBUG neutron_lib.callbacks.manager [None req-ac453516-0a8f-40d2-af1e-072f31b82b8c None None] Subscribe: > router after_delete 55550000, False {{(pid=89963) subscribe /opt/stack/data/venv/lib/python3.12/site-packages/neutron_lib/callbacks/manager.py:52}}
Jun 18 19:08:15.499729 np0000003176 devstack@neutron-api.service[89963]: DEBUG neutron_lib.callbacks.manager [None req-ac453516-0a8f-40d2-af1e-072f31b82b8c None None] Subscribe: > router after_update 55550000, False {{(pid=89963) subscribe /opt/stack/data/venv/lib/python3.12/site-packages/neutron_lib/callbacks/manager.py:52}}
Jun 18 19:08:15.499729 np0000003176 devstack@neutron-api.service[89963]: DEBUG neutron.services.service_base [None req-ac453516-0a8f-40d2-af1e-072f31b82b8c None None] Loaded 'neutron.services.ovn_l3.service_providers.ovn.OvnDriver' provider for service L3_ROUTER_NAT {{(pid=89963) load_drivers /opt/stack/neutron/neutron/services/service_base.py:49}}
Jun 18 19:08:15.499932 np0000003176 devstack@neutron-api.service[89963]: DEBUG neutron_lib.callbacks.manager [None req-ac453516-0a8f-40d2-af1e-072f31b82b8c None None] Subscribe: > process after_init 55550001, True {{(pid=89963) subscribe /opt/stack/data/venv/lib/python3.12/site-packages/neutron_lib/callbacks/manager.py:52}}
Jun 18 19:08:15.499992 np0000003176 devstack@neutron-api.service[89963]: DEBUG neutron.manager [None req-ac453516-0a8f-40d2-af1e-072f31b82b8c None None] Successfully loaded L3_ROUTER_NAT plugin. Description: L3 Router Service Plugin for basic L3 forwarding using OVN {{(pid=89963) _create_and_add_service_plugin /opt/stack/neutron/neutron/manager.py:239}}
Jun 18 19:08:15.500082 np0000003176 devstack@neutron-api.service[89963]: INFO neutron.manager [None req-ac453516-0a8f-40d2-af1e-072f31b82b8c None None] Loading Plugin: auto_allocate
Jun 18 19:08:15.501087 np0000003176 devstack@neutron-api.service[89963]: DEBUG neutron_lib.callbacks.manager [None req-ac453516-0a8f-40d2-af1e-072f31b82b8c None None] Subscribe: network precommit_update 55550000, False {{(pid=89963) subscribe /opt/stack/data/venv/lib/python3.12/site-packages/neutron_lib/callbacks/manager.py:52}}
Jun 18 19:08:15.501189 np0000003176 devstack@neutron-api.service[89963]: DEBUG neutron_lib.callbacks.manager [None req-ac453516-0a8f-40d2-af1e-072f31b82b8c None None] Subscribe: network precommit_create 55550000, False {{(pid=89963) subscribe /opt/stack/data/venv/lib/python3.12/site-packages/neutron_lib/callbacks/manager.py:52}}
Jun 18 19:08:15.501469 np0000003176 devstack@neutron-api.service[89963]: DEBUG neutron.manager [None req-ac453516-0a8f-40d2-af1e-072f31b82b8c None None] Successfully loaded auto-allocated-topology plugin. Description: Auto Allocated Topology - aka get me a network. {{(pid=89963) _create_and_add_service_plugin /opt/stack/neutron/neutron/manager.py:239}}
Jun 18 19:08:15.501469 np0000003176 devstack@neutron-api.service[89963]: INFO neutron.manager [None req-ac453516-0a8f-40d2-af1e-072f31b82b8c None None] Loading Plugin: tag
Jun 18 19:08:15.504305 np0000003176 devstack@neutron-api.service[89963]: DEBUG neutron.manager [None req-ac453516-0a8f-40d2-af1e-072f31b82b8c None None] Successfully loaded TAG plugin. Description: Tag support {{(pid=89963) _create_and_add_service_plugin /opt/stack/neutron/neutron/manager.py:239}}
Jun 18 19:08:15.504383 np0000003176 devstack@neutron-api.service[89963]: INFO neutron.manager [None req-ac453516-0a8f-40d2-af1e-072f31b82b8c None None] Loading Plugin: timestamp
Jun 18 19:08:15.505812 np0000003176 devstack@neutron-api.service[89963]: DEBUG neutron.manager [None req-ac453516-0a8f-40d2-af1e-072f31b82b8c None None] Successfully loaded timestamp plugin. Description: Adds timestamps to Neutron resources with standard attributes {{(pid=89963) _create_and_add_service_plugin /opt/stack/neutron/neutron/manager.py:239}}
Jun 18 19:08:15.505812 np0000003176 devstack@neutron-api.service[89963]: INFO neutron.manager [None req-ac453516-0a8f-40d2-af1e-072f31b82b8c None None] Loading Plugin: network_ip_availability
Jun 18 19:08:15.507359 np0000003176 devstack@neutron-api.service[89963]: DEBUG neutron.manager [None req-ac453516-0a8f-40d2-af1e-072f31b82b8c None None] Successfully loaded network-ip-availability plugin. Description: Provides IP availability data for each network and subnet. {{(pid=89963) _create_and_add_service_plugin /opt/stack/neutron/neutron/manager.py:239}}
Jun 18 19:08:15.507425 np0000003176 devstack@neutron-api.service[89963]: INFO neutron.manager [None req-ac453516-0a8f-40d2-af1e-072f31b82b8c None None] Loading Plugin: flavors
Jun 18 19:08:15.508295 np0000003176 devstack@neutron-api.service[89963]: DEBUG neutron.manager [None req-ac453516-0a8f-40d2-af1e-072f31b82b8c None None] Successfully loaded FLAVORS plugin. Description: Neutron Flavors and Service Profiles manager plugin {{(pid=89963) _create_and_add_service_plugin /opt/stack/neutron/neutron/manager.py:239}}
Jun 18 19:08:15.508378 np0000003176 devstack@neutron-api.service[89963]: INFO neutron.manager [None req-ac453516-0a8f-40d2-af1e-072f31b82b8c None None] Loading Plugin: revisions
Jun 18 19:08:15.508985 np0000003176 devstack@neutron-api.service[89962]: INFO neutron.plugins.ml2.drivers.type_vlan [None req-1414cc39-e666-4f10-8e26-179db2643809 None None] VlanTypeDriver initialization complete
Jun 18 19:08:15.509264 np0000003176 devstack@neutron-api.service[89962]: INFO neutron.plugins.ml2.managers [None req-1414cc39-e666-4f10-8e26-179db2643809 None None] Initializing extension driver 'port_security'
Jun 18 19:08:15.509264 np0000003176 devstack@neutron-api.service[89962]: INFO neutron.plugins.ml2.extensions.port_security [None req-1414cc39-e666-4f10-8e26-179db2643809 None None] PortSecurityExtensionDriver initialization complete
Jun 18 19:08:15.509264 np0000003176 devstack@neutron-api.service[89962]: INFO neutron.plugins.ml2.managers [None req-1414cc39-e666-4f10-8e26-179db2643809 None None] Initializing extension driver 'qos'
Jun 18 19:08:15.509264 np0000003176 devstack@neutron-api.service[89962]: DEBUG neutron.plugins.ml2.extensions.qos [None req-1414cc39-e666-4f10-8e26-179db2643809 None None] QosExtensionDriver initialization complete {{(pid=89962) initialize /opt/stack/neutron/neutron/plugins/ml2/extensions/qos.py:31}}
Jun 18 19:08:15.509574 np0000003176 devstack@neutron-api.service[89962]: INFO neutron.plugins.ml2.managers [None req-1414cc39-e666-4f10-8e26-179db2643809 None None] Initializing mechanism driver 'ovn'
Jun 18 19:08:15.509574 np0000003176 devstack@neutron-api.service[89962]: INFO neutron.plugins.ml2.drivers.ovn.mech_driver.mech_driver [None req-1414cc39-e666-4f10-8e26-179db2643809 None None] Starting OVNMechanismDriver
Jun 18 19:08:15.509698 np0000003176 devstack@neutron-api.service[89963]: DEBUG neutron.manager [None req-ac453516-0a8f-40d2-af1e-072f31b82b8c None None] Successfully loaded revision_plugin plugin. Description: Adds revision numbers to resources. {{(pid=89963) _create_and_add_service_plugin /opt/stack/neutron/neutron/manager.py:239}}
Jun 18 19:08:15.509743 np0000003176 devstack@neutron-api.service[89963]: DEBUG oslo_concurrency.lockutils [None req-ac453516-0a8f-40d2-af1e-072f31b82b8c None None] Lock "manager" "released" by "neutron.manager.NeutronManager._create_instance" :: held 4.134s {{(pid=89963) inner /opt/stack/data/venv/lib/python3.12/site-packages/oslo_concurrency/lockutils.py:543}}
Jun 18 19:08:15.509991 np0000003176 devstack@neutron-api.service[89963]: DEBUG neutron.api.extensions [None req-ac453516-0a8f-40d2-af1e-072f31b82b8c None None] get_extension_paths = OrderedDict({'/opt/stack/neutron/neutron/extensions': 1}) {{(pid=89963) get_extensions_path /opt/stack/neutron/neutron/api/extensions.py:640}}
Jun 18 19:08:15.510087 np0000003176 devstack@neutron-api.service[89963]: INFO neutron.api.extensions [None req-ac453516-0a8f-40d2-af1e-072f31b82b8c None None] Initializing extension manager.
Jun 18 19:08:15.510349 np0000003176 devstack@neutron-api.service[89963]: DEBUG neutron.api.extensions [None req-ac453516-0a8f-40d2-af1e-072f31b82b8c None None] Loading extension file: __init__.py {{(pid=89963) _load_all_extensions_from_path /opt/stack/neutron/neutron/api/extensions.py:449}}
Jun 18 19:08:15.510454 np0000003176 devstack@neutron-api.service[89963]: DEBUG neutron.api.extensions [None req-ac453516-0a8f-40d2-af1e-072f31b82b8c None None] Loading extension file: __pycache__ {{(pid=89963) _load_all_extensions_from_path /opt/stack/neutron/neutron/api/extensions.py:449}}
Jun 18 19:08:15.510576 np0000003176 devstack@neutron-api.service[89963]: DEBUG neutron.api.extensions [None req-ac453516-0a8f-40d2-af1e-072f31b82b8c None None] Loading extension file: aap_reject_multicast.py {{(pid=89963) _load_all_extensions_from_path /opt/stack/neutron/neutron/api/extensions.py:449}}
Jun 18 19:08:15.510921 np0000003176 devstack@neutron-api.service[89963]: DEBUG neutron.api.extensions [None req-ac453516-0a8f-40d2-af1e-072f31b82b8c None None] Ext name="Allowed address pairs reject multicast extension" alias="aap-reject-multicast" description="Reject multicast addresses in Allowed Address Pairs" updated="2026-04-01T00:00:00-00:00" {{(pid=89963) _check_extension /opt/stack/neutron/neutron/api/extensions.py:415}}
Jun 18 19:08:15.511099 np0000003176 devstack@neutron-api.service[89962]: DEBUG neutron_lib.callbacks.manager [None req-1414cc39-e666-4f10-8e26-179db2643809 None None] Subscribe: > process before_spawn 55550000, False {{(pid=89962) subscribe /opt/stack/data/venv/lib/python3.12/site-packages/neutron_lib/callbacks/manager.py:52}}
Jun 18 19:08:15.511165 np0000003176 devstack@neutron-api.service[89963]: INFO neutron.api.extensions [None req-ac453516-0a8f-40d2-af1e-072f31b82b8c None None] Extension aap-reject-multicast not supported by any of loaded plugins
Jun 18 19:08:15.511235 np0000003176 devstack@neutron-api.service[89963]: DEBUG neutron.api.extensions [None req-ac453516-0a8f-40d2-af1e-072f31b82b8c None None] Loading extension file: address_group.py {{(pid=89963) _load_all_extensions_from_path /opt/stack/neutron/neutron/api/extensions.py:449}}
Jun 18 19:08:15.511268 np0000003176 devstack@neutron-api.service[89962]: DEBUG neutron_lib.callbacks.manager [None req-1414cc39-e666-4f10-8e26-179db2643809 None None] Subscribe: > process after_init 55550000, True {{(pid=89962) subscribe /opt/stack/data/venv/lib/python3.12/site-packages/neutron_lib/callbacks/manager.py:52}}
Jun 18 19:08:15.511396 np0000003176 devstack@neutron-api.service[89962]: DEBUG neutron_lib.callbacks.manager [None req-1414cc39-e666-4f10-8e26-179db2643809 None None] Subscribe: > segment after_create 55550000, False {{(pid=89962) subscribe /opt/stack/data/venv/lib/python3.12/site-packages/neutron_lib/callbacks/manager.py:52}}
Jun 18 19:08:15.511901 np0000003176 devstack@neutron-api.service[89962]: DEBUG neutron_lib.callbacks.manager [None req-1414cc39-e666-4f10-8e26-179db2643809 None None] Subscribe: > segment after_create 55550000, False {{(pid=89962) subscribe /opt/stack/data/venv/lib/python3.12/site-packages/neutron_lib/callbacks/manager.py:52}}
Jun 18 19:08:15.511981 np0000003176 devstack@neutron-api.service[89963]: DEBUG neutron.api.extensions [None req-ac453516-0a8f-40d2-af1e-072f31b82b8c None None] Ext name="Address group" alias="address-group" description="Support address group" updated="2020-07-15T10:00:00-00:00" {{(pid=89963) _check_extension /opt/stack/neutron/neutron/api/extensions.py:415}}
Jun 18 19:08:15.512073 np0000003176 devstack@neutron-api.service[89962]: DEBUG neutron_lib.callbacks.manager [None req-1414cc39-e666-4f10-8e26-179db2643809 None None] Subscribe: > segment after_delete 55550000, False {{(pid=89962) subscribe /opt/stack/data/venv/lib/python3.12/site-packages/neutron_lib/callbacks/manager.py:52}}
Jun 18 19:08:15.512073 np0000003176 devstack@neutron-api.service[89962]: DEBUG neutron_lib.callbacks.manager [None req-1414cc39-e666-4f10-8e26-179db2643809 None None] Subscribe: > allowed_address_pair before_create 55550000, False {{(pid=89962) subscribe /opt/stack/data/venv/lib/python3.12/site-packages/neutron_lib/callbacks/manager.py:52}}
Jun 18 19:08:15.512212 np0000003176 devstack@neutron-api.service[89963]: INFO neutron.api.extensions [None req-ac453516-0a8f-40d2-af1e-072f31b82b8c None None] Loaded extension: address-group
Jun 18 19:08:15.512350 np0000003176 devstack@neutron-api.service[89962]: DEBUG neutron_lib.callbacks.manager [None req-1414cc39-e666-4f10-8e26-179db2643809 None None] Subscribe: > security_group precommit_create 55550000, False {{(pid=89962) subscribe /opt/stack/data/venv/lib/python3.12/site-packages/neutron_lib/callbacks/manager.py:52}}
Jun 18 19:08:15.512436 np0000003176 devstack@neutron-api.service[89963]: DEBUG neutron.api.extensions [None req-ac453516-0a8f-40d2-af1e-072f31b82b8c None None] Loading extension file: address_scope.py {{(pid=89963) _load_all_extensions_from_path /opt/stack/neutron/neutron/api/extensions.py:449}}
Jun 18 19:08:15.512519 np0000003176 devstack@neutron-api.service[89962]: DEBUG neutron_lib.callbacks.manager [None req-1414cc39-e666-4f10-8e26-179db2643809 None None] Subscribe: > security_group after_update 55550000, False {{(pid=89962) subscribe /opt/stack/data/venv/lib/python3.12/site-packages/neutron_lib/callbacks/manager.py:52}}
Jun 18 19:08:15.512519 np0000003176 devstack@neutron-api.service[89962]: DEBUG neutron_lib.callbacks.manager [None req-1414cc39-e666-4f10-8e26-179db2643809 None None] Subscribe: > security_group after_create 55550000, False {{(pid=89962) subscribe /opt/stack/data/venv/lib/python3.12/site-packages/neutron_lib/callbacks/manager.py:52}}
Jun 18 19:08:15.512519 np0000003176 devstack@neutron-api.service[89962]: DEBUG neutron_lib.callbacks.manager [None req-1414cc39-e666-4f10-8e26-179db2643809 None None] Subscribe: > security_group precommit_delete 55550000, False {{(pid=89962) subscribe /opt/stack/data/venv/lib/python3.12/site-packages/neutron_lib/callbacks/manager.py:52}}
Jun 18 19:08:15.512519 np0000003176 devstack@neutron-api.service[89962]: DEBUG neutron_lib.callbacks.manager [None req-1414cc39-e666-4f10-8e26-179db2643809 None None] Subscribe: > security_group after_delete 55550000, False {{(pid=89962) subscribe /opt/stack/data/venv/lib/python3.12/site-packages/neutron_lib/callbacks/manager.py:52}}
Jun 18 19:08:15.512803 np0000003176 devstack@neutron-api.service[89962]: DEBUG neutron_lib.callbacks.manager [None req-1414cc39-e666-4f10-8e26-179db2643809 None None] Subscribe: > security_group_rule precommit_create 55550000, False {{(pid=89962) subscribe /opt/stack/data/venv/lib/python3.12/site-packages/neutron_lib/callbacks/manager.py:52}}
Jun 18 19:08:15.512803 np0000003176 devstack@neutron-api.service[89962]: DEBUG neutron_lib.callbacks.manager [None req-1414cc39-e666-4f10-8e26-179db2643809 None None] Subscribe: > security_group_rule after_create 55550000, False {{(pid=89962) subscribe /opt/stack/data/venv/lib/python3.12/site-packages/neutron_lib/callbacks/manager.py:52}}
Jun 18 19:08:15.512803 np0000003176 devstack@neutron-api.service[89962]: DEBUG neutron_lib.callbacks.manager [None req-1414cc39-e666-4f10-8e26-179db2643809 None None] Subscribe: > security_group_rule before_delete 55550000, False {{(pid=89962) subscribe /opt/stack/data/venv/lib/python3.12/site-packages/neutron_lib/callbacks/manager.py:52}}
Jun 18 19:08:15.512803 np0000003176 devstack@neutron-api.service[89962]: DEBUG neutron_lib.callbacks.manager [None req-1414cc39-e666-4f10-8e26-179db2643809 None None] Subscribe: > address_group after_create 55550000, False {{(pid=89962) subscribe /opt/stack/data/venv/lib/python3.12/site-packages/neutron_lib/callbacks/manager.py:52}}
Jun 18 19:08:15.513000 np0000003176 devstack@neutron-api.service[89962]: DEBUG neutron_lib.callbacks.manager [None req-1414cc39-e666-4f10-8e26-179db2643809 None None] Subscribe: > address_group after_update 55550000, False {{(pid=89962) subscribe /opt/stack/data/venv/lib/python3.12/site-packages/neutron_lib/callbacks/manager.py:52}}
Jun 18 19:08:15.513000 np0000003176 devstack@neutron-api.service[89962]: DEBUG neutron_lib.callbacks.manager [None req-1414cc39-e666-4f10-8e26-179db2643809 None None] Subscribe: > address_group after_delete 55550000, False {{(pid=89962) subscribe /opt/stack/data/venv/lib/python3.12/site-packages/neutron_lib/callbacks/manager.py:52}}
Jun 18 19:08:15.513098 np0000003176 devstack@neutron-api.service[89962]: DEBUG neutron_lib.callbacks.manager [None req-1414cc39-e666-4f10-8e26-179db2643809 None None] Subscribe: > qos_plugin after_init 55550000, False {{(pid=89962) subscribe /opt/stack/data/venv/lib/python3.12/site-packages/neutron_lib/callbacks/manager.py:52}}
Jun 18 19:08:15.513191 np0000003176 devstack@neutron-api.service[89963]: DEBUG neutron.api.extensions [None req-ac453516-0a8f-40d2-af1e-072f31b82b8c None None] Ext name="Address scope" alias="address-scope" description="Address scopes extension." updated="2015-07-26T10:00:00-00:00" {{(pid=89963) _check_extension /opt/stack/neutron/neutron/api/extensions.py:415}}
Jun 18 19:08:15.513249 np0000003176 devstack@neutron-api.service[89962]: DEBUG neutron_lib.callbacks.manager [None req-1414cc39-e666-4f10-8e26-179db2643809 None None] Subscribe: > trunk_plugin after_init 55550000, False {{(pid=89962) subscribe /opt/stack/data/venv/lib/python3.12/site-packages/neutron_lib/callbacks/manager.py:52}}
Jun 18 19:08:15.513392 np0000003176 devstack@neutron-api.service[89963]: INFO neutron.api.extensions [None req-ac453516-0a8f-40d2-af1e-072f31b82b8c None None] Loaded extension: address-scope
Jun 18 19:08:15.513458 np0000003176 devstack@neutron-api.service[89962]: DEBUG neutron_lib.callbacks.manager [None req-1414cc39-e666-4f10-8e26-179db2643809 None None] Subscribe: > logging-plugin after_init 55550000, False {{(pid=89962) subscribe /opt/stack/data/venv/lib/python3.12/site-packages/neutron_lib/callbacks/manager.py:52}}
Jun 18 19:08:15.513513 np0000003176 devstack@neutron-api.service[89963]: DEBUG neutron.api.extensions [None req-ac453516-0a8f-40d2-af1e-072f31b82b8c None None] Loading extension file: admin_state_down_before_update.py {{(pid=89963) _load_all_extensions_from_path /opt/stack/neutron/neutron/api/extensions.py:449}}
Jun 18 19:08:15.513718 np0000003176 devstack@neutron-api.service[89963]: DEBUG neutron.api.extensions [None req-ac453516-0a8f-40d2-af1e-072f31b82b8c None None] Ext name="Enforce Router's Admin State Down Before Update Extension" alias="router-admin-state-down-before-update" description="Ensure that the admin state of a router is DOWN (admin_state_up=False) before updating the distributed attribute" updated="2019-07-02T15:56:00" {{(pid=89963) _check_extension /opt/stack/neutron/neutron/api/extensions.py:415}}
Jun 18 19:08:15.513899 np0000003176 devstack@neutron-api.service[89963]: INFO neutron.api.extensions [None req-ac453516-0a8f-40d2-af1e-072f31b82b8c None None] Extension router-admin-state-down-before-update not supported by any of loaded plugins
Jun 18 19:08:15.513968 np0000003176 devstack@neutron-api.service[89963]: DEBUG neutron.api.extensions [None req-ac453516-0a8f-40d2-af1e-072f31b82b8c None None] Loading extension file: agent.py {{(pid=89963) _load_all_extensions_from_path /opt/stack/neutron/neutron/api/extensions.py:449}}
Jun 18 19:08:15.514027 np0000003176 devstack@neutron-api.service[89962]: INFO neutron.services.logapi.drivers.ovn.driver [None req-1414cc39-e666-4f10-8e26-179db2643809 None None] OVN logging driver registered
Jun 18 19:08:15.514027 np0000003176 devstack@neutron-api.service[89962]: DEBUG neutron_lib.callbacks.manager [None req-1414cc39-e666-4f10-8e26-179db2643809 None None] Subscribe: ._register_pvlan_driver at 0x77eede936520> pvlan_plugin before_spawn 55550000, False {{(pid=89962) subscribe /opt/stack/data/venv/lib/python3.12/site-packages/neutron_lib/callbacks/manager.py:52}}
Jun 18 19:08:15.514202 np0000003176 devstack@neutron-api.service[89962]: DEBUG neutron_lib.callbacks.manager [None req-1414cc39-e666-4f10-8e26-179db2643809 None None] Subscribe: process after_init 55550000, False {{(pid=89962) subscribe /opt/stack/data/venv/lib/python3.12/site-packages/neutron_lib/callbacks/manager.py:52}}
Jun 18 19:08:15.515131 np0000003176 devstack@neutron-api.service[89963]: DEBUG neutron.api.extensions [None req-ac453516-0a8f-40d2-af1e-072f31b82b8c None None] Ext name="agent" alias="agent" description="The agent management extension." updated="2013-02-03T10:00:00-00:00" {{(pid=89963) _check_extension /opt/stack/neutron/neutron/api/extensions.py:415}}
Jun 18 19:08:15.515346 np0000003176 devstack@neutron-api.service[89963]: INFO neutron.api.extensions [None req-ac453516-0a8f-40d2-af1e-072f31b82b8c None None] Loaded extension: agent
Jun 18 19:08:15.515346 np0000003176 devstack@neutron-api.service[89963]: DEBUG neutron.api.extensions [None req-ac453516-0a8f-40d2-af1e-072f31b82b8c None None] Loading extension file: agent_resources_synced.py {{(pid=89963) _load_all_extensions_from_path /opt/stack/neutron/neutron/api/extensions.py:449}}
Jun 18 19:08:15.515625 np0000003176 devstack@neutron-api.service[89963]: DEBUG neutron.api.extensions [None req-ac453516-0a8f-40d2-af1e-072f31b82b8c None None] Ext name="Agent's Resource View Synced to Placement" alias="agent-resources-synced" description="Stores success/failure of last sync to Placement" updated="2018-12-19T00:00:00-00:00" {{(pid=89963) _check_extension /opt/stack/neutron/neutron/api/extensions.py:415}}
Jun 18 19:08:15.515754 np0000003176 devstack@neutron-api.service[89962]: DEBUG neutron.plugins.ml2.plugin [None req-1414cc39-e666-4f10-8e26-179db2643809 None None] neutron.plugins.ml2.plugin.Ml2Plugin method _start_rpc_notifiers called with arguments () {} {{(pid=89962) wrapper /opt/stack/data/venv/lib/python3.12/site-packages/oslo_log/helpers.py:77}}
Jun 18 19:08:15.515983 np0000003176 devstack@neutron-api.service[89963]: INFO neutron.api.extensions [None req-ac453516-0a8f-40d2-af1e-072f31b82b8c None None] Extension agent-resources-synced not supported by any of loaded plugins
Jun 18 19:08:15.515983 np0000003176 devstack@neutron-api.service[89963]: DEBUG neutron.api.extensions [None req-ac453516-0a8f-40d2-af1e-072f31b82b8c None None] Loading extension file: agent_sort_key.py {{(pid=89963) _load_all_extensions_from_path /opt/stack/neutron/neutron/api/extensions.py:449}}
Jun 18 19:08:15.516223 np0000003176 devstack@neutron-api.service[89962]: DEBUG neutron_lib.callbacks.manager [None req-1414cc39-e666-4f10-8e26-179db2643809 None None] Subscribe: > port after_create 55550000, False {{(pid=89962) subscribe /opt/stack/data/venv/lib/python3.12/site-packages/neutron_lib/callbacks/manager.py:52}}
Jun 18 19:08:15.516573 np0000003176 devstack@neutron-api.service[89963]: DEBUG neutron.api.extensions [None req-ac453516-0a8f-40d2-af1e-072f31b82b8c None None] Ext name="Agents Sort Key" alias="agent_sort_key" description="Enabling the keyword sort_key for sorting in agents." updated="2013-02-03T10:00:00-00:00" {{(pid=89963) _check_extension /opt/stack/neutron/neutron/api/extensions.py:415}}
Jun 18 19:08:15.516926 np0000003176 devstack@neutron-api.service[89962]: DEBUG neutron_lib.callbacks.manager [None req-1414cc39-e666-4f10-8e26-179db2643809 None None] Subscribe: > port after_update 55550000, False {{(pid=89962) subscribe /opt/stack/data/venv/lib/python3.12/site-packages/neutron_lib/callbacks/manager.py:52}}
Jun 18 19:08:15.516926 np0000003176 devstack@neutron-api.service[89962]: DEBUG neutron_lib.callbacks.manager [None req-1414cc39-e666-4f10-8e26-179db2643809 None None] Subscribe: > port after_delete 55550000, False {{(pid=89962) subscribe /opt/stack/data/venv/lib/python3.12/site-packages/neutron_lib/callbacks/manager.py:52}}
Jun 18 19:08:15.517155 np0000003176 devstack@neutron-api.service[89963]: INFO neutron.api.extensions [None req-ac453516-0a8f-40d2-af1e-072f31b82b8c None None] Extension agent_sort_key not supported by any of loaded plugins
Jun 18 19:08:15.517360 np0000003176 devstack@neutron-api.service[89962]: DEBUG neutron_lib.callbacks.manager [None req-1414cc39-e666-4f10-8e26-179db2643809 None None] Subscribe: > subnet after_create 55550000, False {{(pid=89962) subscribe /opt/stack/data/venv/lib/python3.12/site-packages/neutron_lib/callbacks/manager.py:52}}
Jun 18 19:08:15.517441 np0000003176 devstack@neutron-api.service[89963]: DEBUG neutron.api.extensions [None req-ac453516-0a8f-40d2-af1e-072f31b82b8c None None] Loading extension file: allowedaddresspairs.py {{(pid=89963) _load_all_extensions_from_path /opt/stack/neutron/neutron/api/extensions.py:449}}
Jun 18 19:08:15.517624 np0000003176 devstack@neutron-api.service[89962]: DEBUG neutron_lib.callbacks.manager [None req-1414cc39-e666-4f10-8e26-179db2643809 None None] Subscribe: > subnet after_update 55550000, False {{(pid=89962) subscribe /opt/stack/data/venv/lib/python3.12/site-packages/neutron_lib/callbacks/manager.py:52}}
Jun 18 19:08:15.517624 np0000003176 devstack@neutron-api.service[89962]: DEBUG neutron_lib.callbacks.manager [None req-1414cc39-e666-4f10-8e26-179db2643809 None None] Subscribe: > subnet after_delete 55550000, False {{(pid=89962) subscribe /opt/stack/data/venv/lib/python3.12/site-packages/neutron_lib/callbacks/manager.py:52}}
Jun 18 19:08:15.517624 np0000003176 devstack@neutron-api.service[89962]: DEBUG neutron_lib.callbacks.manager [None req-1414cc39-e666-4f10-8e26-179db2643809 None None] Subscribe: > network after_create 55550000, False {{(pid=89962) subscribe /opt/stack/data/venv/lib/python3.12/site-packages/neutron_lib/callbacks/manager.py:52}}
Jun 18 19:08:15.517624 np0000003176 devstack@neutron-api.service[89962]: DEBUG neutron_lib.callbacks.manager [None req-1414cc39-e666-4f10-8e26-179db2643809 None None] Subscribe: > network after_update 55550000, False {{(pid=89962) subscribe /opt/stack/data/venv/lib/python3.12/site-packages/neutron_lib/callbacks/manager.py:52}}
Jun 18 19:08:15.518609 np0000003176 devstack@neutron-api.service[89962]: DEBUG neutron_lib.callbacks.manager [None req-1414cc39-e666-4f10-8e26-179db2643809 None None] Subscribe: > network after_delete 55550000, False {{(pid=89962) subscribe /opt/stack/data/venv/lib/python3.12/site-packages/neutron_lib/callbacks/manager.py:52}}
Jun 18 19:08:15.518609 np0000003176 devstack@neutron-api.service[89962]: DEBUG neutron_lib.callbacks.manager [None req-1414cc39-e666-4f10-8e26-179db2643809 None None] Subscribe: > security_group after_create 55550000, False {{(pid=89962) subscribe /opt/stack/data/venv/lib/python3.12/site-packages/neutron_lib/callbacks/manager.py:52}}
Jun 18 19:08:15.518609 np0000003176 devstack@neutron-api.service[89962]: DEBUG neutron_lib.callbacks.manager [None req-1414cc39-e666-4f10-8e26-179db2643809 None None] Subscribe: > security_group after_update 55550000, False {{(pid=89962) subscribe /opt/stack/data/venv/lib/python3.12/site-packages/neutron_lib/callbacks/manager.py:52}}
Jun 18 19:08:15.518609 np0000003176 devstack@neutron-api.service[89962]: DEBUG neutron_lib.callbacks.manager [None req-1414cc39-e666-4f10-8e26-179db2643809 None None] Subscribe: > security_group after_delete 55550000, False {{(pid=89962) subscribe /opt/stack/data/venv/lib/python3.12/site-packages/neutron_lib/callbacks/manager.py:52}}
Jun 18 19:08:15.519069 np0000003176 devstack@neutron-api.service[89962]: DEBUG neutron_lib.callbacks.manager [None req-1414cc39-e666-4f10-8e26-179db2643809 None None] Subscribe: > security_group_rule after_create 55550000, False {{(pid=89962) subscribe /opt/stack/data/venv/lib/python3.12/site-packages/neutron_lib/callbacks/manager.py:52}}
Jun 18 19:08:15.519195 np0000003176 devstack@neutron-api.service[89963]: DEBUG neutron.api.extensions [None req-ac453516-0a8f-40d2-af1e-072f31b82b8c None None] Ext name="Allowed Address Pairs" alias="allowed-address-pairs" description="Provides allowed address pairs" updated="2013-07-23T10:00:00-00:00" {{(pid=89963) _check_extension /opt/stack/neutron/neutron/api/extensions.py:415}}
Jun 18 19:08:15.519288 np0000003176 devstack@neutron-api.service[89962]: DEBUG neutron_lib.callbacks.manager [None req-1414cc39-e666-4f10-8e26-179db2643809 None None] Subscribe: > security_group_rule after_update 55550000, False {{(pid=89962) subscribe /opt/stack/data/venv/lib/python3.12/site-packages/neutron_lib/callbacks/manager.py:52}}
Jun 18 19:08:15.519288 np0000003176 devstack@neutron-api.service[89962]: DEBUG neutron_lib.callbacks.manager [None req-1414cc39-e666-4f10-8e26-179db2643809 None None] Subscribe: > security_group_rule after_delete 55550000, False {{(pid=89962) subscribe /opt/stack/data/venv/lib/python3.12/site-packages/neutron_lib/callbacks/manager.py:52}}
Jun 18 19:08:15.519412 np0000003176 devstack@neutron-api.service[89963]: INFO neutron.api.extensions [None req-ac453516-0a8f-40d2-af1e-072f31b82b8c None None] Loaded extension: allowed-address-pairs
Jun 18 19:08:15.519481 np0000003176 devstack@neutron-api.service[89962]: DEBUG neutron_lib.callbacks.manager [None req-1414cc39-e666-4f10-8e26-179db2643809 None None] Subscribe: > address_group after_create 55550000, False {{(pid=89962) subscribe /opt/stack/data/venv/lib/python3.12/site-packages/neutron_lib/callbacks/manager.py:52}}
Jun 18 19:08:15.519592 np0000003176 devstack@neutron-api.service[89963]: DEBUG neutron.api.extensions [None req-ac453516-0a8f-40d2-af1e-072f31b82b8c None None] Loading extension file: auto_allocated_topology.py {{(pid=89963) _load_all_extensions_from_path /opt/stack/neutron/neutron/api/extensions.py:449}}
Jun 18 19:08:15.519651 np0000003176 devstack@neutron-api.service[89962]: DEBUG neutron_lib.callbacks.manager [None req-1414cc39-e666-4f10-8e26-179db2643809 None None] Subscribe: > address_group after_update 55550000, False {{(pid=89962) subscribe /opt/stack/data/venv/lib/python3.12/site-packages/neutron_lib/callbacks/manager.py:52}}
Jun 18 19:08:15.519651 np0000003176 devstack@neutron-api.service[89962]: DEBUG neutron_lib.callbacks.manager [None req-1414cc39-e666-4f10-8e26-179db2643809 None None] Subscribe: > address_group after_delete 55550000, False {{(pid=89962) subscribe /opt/stack/data/venv/lib/python3.12/site-packages/neutron_lib/callbacks/manager.py:52}}
