Aug 26 03:05:40.078794 np0000008129 devstack@n-api.service[87503]: DEBUG nova.policy [None req-ea3e79a6-1f0e-49ff-aad6-1d1b6e1b7468 tempest-VolumesAssistedSnapshotsTest-1397871169 tempest-VolumesAssistedSnapshotsTest-1397871169-project-member] Policy check for os_compute_api:os-extended-server-attributes failed with credentials {'is_admin': False, 'user_id': '417d3d4cd5cf4c43874edb62174c8b16', 'user_domain_id': 'default', 'system_scope': None, 'domain_id': None, 'project_id': 'b490c10f95564001a20dfd510dcd1107', 'project_domain_id': 'default', 'roles': ['member', 'reader'], 'is_admin_project': True, 'service_user_id': None, 'service_user_domain_id': None, 'service_project_id': None, 'service_project_domain_id': None, 'service_roles': []} {{(pid=87503) authorize /opt/stack/nova/nova/policy.py:202}}
Aug 26 03:05:40.079541 np0000008129 devstack@n-api.service[87506]: DEBUG oslo_concurrency.lockutils [None req-e386ec37-7bbc-427e-afcb-d1da7a49064c tempest-TestMultiAttachVolumeSwap-1298750748 tempest-TestMultiAttachVolumeSwap-1298750748-project-member] Acquiring lock "85c37d42-94f0-402f-9147-66baad35a11a" by "nova.context.set_target_cell..get_or_set_cached_cell_and_set_connections" {{(pid=87506) inner /opt/stack/data/venv/lib/python3.12/site-packages/oslo_concurrency/lockutils.py:512}}
Aug 26 03:05:40.080178 np0000008129 devstack@n-api.service[87506]: DEBUG oslo_concurrency.lockutils [None req-e386ec37-7bbc-427e-afcb-d1da7a49064c tempest-TestMultiAttachVolumeSwap-1298750748 tempest-TestMultiAttachVolumeSwap-1298750748-project-member] Lock "85c37d42-94f0-402f-9147-66baad35a11a" acquired by "nova.context.set_target_cell..get_or_set_cached_cell_and_set_connections" :: waited 0.001s {{(pid=87506) inner /opt/stack/data/venv/lib/python3.12/site-packages/oslo_concurrency/lockutils.py:525}}
Aug 26 03:05:40.080549 np0000008129 devstack@n-api.service[87506]: DEBUG oslo_concurrency.lockutils [None req-e386ec37-7bbc-427e-afcb-d1da7a49064c tempest-TestMultiAttachVolumeSwap-1298750748 tempest-TestMultiAttachVolumeSwap-1298750748-project-member] Lock "85c37d42-94f0-402f-9147-66baad35a11a" "released" by "nova.context.set_target_cell..get_or_set_cached_cell_and_set_connections" :: held 0.001s {{(pid=87506) inner /opt/stack/data/venv/lib/python3.12/site-packages/oslo_concurrency/lockutils.py:544}}
Aug 26 03:05:40.091828 np0000008129 devstack@n-api.service[87506]: WARNING neutronclient.v2_0.client [None req-e386ec37-7bbc-427e-afcb-d1da7a49064c tempest-TestMultiAttachVolumeSwap-1298750748 tempest-TestMultiAttachVolumeSwap-1298750748-project-member] The python binding code in neutronclient is deprecated in favor of OpenstackSDK, please use that as this will be removed in a future release.
Aug 26 03:05:40.099115 np0000008129 devstack@n-api.service[87503]: INFO nova.api.openstack.requestlog [None req-ea3e79a6-1f0e-49ff-aad6-1d1b6e1b7468 tempest-VolumesAssistedSnapshotsTest-1397871169 tempest-VolumesAssistedSnapshotsTest-1397871169-project-member] 10.4.3.149 "GET /compute/v2.1/servers/1958f58a-80fc-43da-bd77-8e6c33b7c59f" status: 200 len: 1369 microversion: 2.1 time: 0.368887
Aug 26 03:05:40.099433 np0000008129 devstack@n-api.service[87503]: [pid: 87503|app: 0|req: 23/89] 10.4.3.149 () {66 vars in 1354 bytes} [Wed Aug 26 03:05:39 2026] GET /compute/v2.1/servers/1958f58a-80fc-43da-bd77-8e6c33b7c59f => generated 1369 bytes in 370 msecs (HTTP/1.1 200) 9 headers in 358 bytes (1 switches on core 0)
Aug 26 03:05:40.204368 np0000008129 devstack@n-api.service[87506]: DEBUG nova.network.neutron [None req-e386ec37-7bbc-427e-afcb-d1da7a49064c tempest-TestMultiAttachVolumeSwap-1298750748 tempest-TestMultiAttachVolumeSwap-1298750748-project-member] validate_networks() for [('0338452c-c465-4e11-8cb9-807fd7473191', None, None, None, None, None)] {{(pid=87506) validate_networks /opt/stack/nova/nova/network/neutron.py:2686}}
Aug 26 03:05:40.205856 np0000008129 devstack@n-api.service[87506]: WARNING neutronclient.v2_0.client [None req-e386ec37-7bbc-427e-afcb-d1da7a49064c tempest-TestMultiAttachVolumeSwap-1298750748 tempest-TestMultiAttachVolumeSwap-1298750748-project-member] The python binding code in neutronclient is deprecated in favor of OpenstackSDK, please use that as this will be removed in a future release.
Aug 26 03:05:40.211669 np0000008129 devstack@n-api.service[87504]: DEBUG nova.policy [None req-955460ce-85e2-4d6e-801d-ab36b0b2394f tempest-ServerRescueNegativeTestJSON-1231323861 tempest-ServerRescueNegativeTestJSON-1231323861-project-member] Policy check for os_compute_api:os-extended-server-attributes failed with credentials {'is_admin': False, 'user_id': 'f2311435e6e944deb5106097d3445311', 'user_domain_id': 'default', 'system_scope': None, 'domain_id': None, 'project_id': '269c0632e69d44d1bc90aa6807f6d0e4', 'project_domain_id': 'default', 'roles': ['member', 'reader'], 'is_admin_project': True, 'service_user_id': None, 'service_user_domain_id': None, 'service_project_id': None, 'service_project_domain_id': None, 'service_roles': []} {{(pid=87504) authorize /opt/stack/nova/nova/policy.py:202}}
Aug 26 03:05:40.223324 np0000008129 devstack@n-api.service[87504]: INFO nova.api.openstack.requestlog [None req-955460ce-85e2-4d6e-801d-ab36b0b2394f tempest-ServerRescueNegativeTestJSON-1231323861 tempest-ServerRescueNegativeTestJSON-1231323861-project-member] 10.4.3.149 "GET /compute/v2.1/servers/e5739bf7-6eea-4f76-8899-4852b71e165a" status: 200 len: 1496 microversion: 2.1 time: 0.325829
Aug 26 03:05:40.223914 np0000008129 devstack@n-api.service[87504]: [pid: 87504|app: 0|req: 24/90] 10.4.3.149 () {66 vars in 1354 bytes} [Wed Aug 26 03:05:39 2026] GET /compute/v2.1/servers/e5739bf7-6eea-4f76-8899-4852b71e165a => generated 1496 bytes in 327 msecs (HTTP/1.1 200) 9 headers in 358 bytes (1 switches on core 0)
Aug 26 03:05:40.247624 np0000008129 devstack@n-api.service[87505]: DEBUG nova.api.openstack.wsgi [None req-3ceed084-ffcf-4e29-93fd-c779ccc50352 tempest-ServerRescueNegativeTestJSON-1231323861 tempest-ServerRescueNegativeTestJSON-1231323861-project-member] Action: 'create', calling method: >, body: {"volumeAttachment": {"volumeId": "9c4ddd6a-b74d-417b-9f5e-94f73f78dd6d"}} {{(pid=87505) _process_stack /opt/stack/nova/nova/api/openstack/wsgi.py:549}}
Aug 26 03:05:40.250190 np0000008129 devstack@n-api.service[87505]: DEBUG nova.compute.api [None req-3ceed084-ffcf-4e29-93fd-c779ccc50352 tempest-ServerRescueNegativeTestJSON-1231323861 tempest-ServerRescueNegativeTestJSON-1231323861-project-member] [instance: e5739bf7-6eea-4f76-8899-4852b71e165a] Fetching instance by UUID {{(pid=87505) get /opt/stack/nova/nova/compute/api.py:3068}}
Aug 26 03:05:40.258719 np0000008129 devstack@n-api.service[87505]: DEBUG oslo_concurrency.lockutils [None req-3ceed084-ffcf-4e29-93fd-c779ccc50352 tempest-ServerRescueNegativeTestJSON-1231323861 tempest-ServerRescueNegativeTestJSON-1231323861-project-member] Acquiring lock "85c37d42-94f0-402f-9147-66baad35a11a" by "nova.context.set_target_cell..get_or_set_cached_cell_and_set_connections" {{(pid=87505) inner /opt/stack/data/venv/lib/python3.12/site-packages/oslo_concurrency/lockutils.py:512}}
Aug 26 03:05:40.258719 np0000008129 devstack@n-api.service[87505]: DEBUG oslo_concurrency.lockutils [None req-3ceed084-ffcf-4e29-93fd-c779ccc50352 tempest-ServerRescueNegativeTestJSON-1231323861 tempest-ServerRescueNegativeTestJSON-1231323861-project-member] Lock "85c37d42-94f0-402f-9147-66baad35a11a" acquired by "nova.context.set_target_cell..get_or_set_cached_cell_and_set_connections" :: waited 0.000s {{(pid=87505) inner /opt/stack/data/venv/lib/python3.12/site-packages/oslo_concurrency/lockutils.py:525}}
Aug 26 03:05:40.259308 np0000008129 devstack@n-api.service[87505]: DEBUG oslo_concurrency.lockutils [None req-3ceed084-ffcf-4e29-93fd-c779ccc50352 tempest-ServerRescueNegativeTestJSON-1231323861 tempest-ServerRescueNegativeTestJSON-1231323861-project-member] Lock "85c37d42-94f0-402f-9147-66baad35a11a" "released" by "nova.context.set_target_cell..get_or_set_cached_cell_and_set_connections" :: held 0.000s {{(pid=87505) inner /opt/stack/data/venv/lib/python3.12/site-packages/oslo_concurrency/lockutils.py:544}}
Aug 26 03:05:40.259308 np0000008129 devstack@n-api.service[87505]: DEBUG oslo_concurrency.lockutils [None req-3ceed084-ffcf-4e29-93fd-c779ccc50352 tempest-ServerRescueNegativeTestJSON-1231323861 tempest-ServerRescueNegativeTestJSON-1231323861-project-member] Acquiring lock "85c37d42-94f0-402f-9147-66baad35a11a" by "nova.context.set_target_cell..get_or_set_cached_cell_and_set_connections" {{(pid=87505) inner /opt/stack/data/venv/lib/python3.12/site-packages/oslo_concurrency/lockutils.py:512}}
Aug 26 03:05:40.259435 np0000008129 devstack@n-api.service[87505]: DEBUG oslo_concurrency.lockutils [None req-3ceed084-ffcf-4e29-93fd-c779ccc50352 tempest-ServerRescueNegativeTestJSON-1231323861 tempest-ServerRescueNegativeTestJSON-1231323861-project-member] Lock "85c37d42-94f0-402f-9147-66baad35a11a" acquired by "nova.context.set_target_cell..get_or_set_cached_cell_and_set_connections" :: waited 0.000s {{(pid=87505) inner /opt/stack/data/venv/lib/python3.12/site-packages/oslo_concurrency/lockutils.py:525}}
Aug 26 03:05:40.259913 np0000008129 devstack@n-api.service[87505]: DEBUG oslo_concurrency.lockutils [None req-3ceed084-ffcf-4e29-93fd-c779ccc50352 tempest-ServerRescueNegativeTestJSON-1231323861 tempest-ServerRescueNegativeTestJSON-1231323861-project-member] Lock "85c37d42-94f0-402f-9147-66baad35a11a" "released" by "nova.context.set_target_cell..get_or_set_cached_cell_and_set_connections" :: held 0.000s {{(pid=87505) inner /opt/stack/data/venv/lib/python3.12/site-packages/oslo_concurrency/lockutils.py:544}}
Aug 26 03:05:40.262778 np0000008129 devstack@n-api.service[87503]: DEBUG nova.api.openstack.wsgi [req-973b1c5a-061e-4f2f-8904-4575df05f9bf req-b038a15b-d7ec-4a48-b2e2-7e1ae2f09f2b service nova] Action: 'create', calling method: >, body: {"events": [{"name": "network-changed", "server_uuid": "1958f58a-80fc-43da-bd77-8e6c33b7c59f", "tag": "1983c914-9dcc-4de6-ae8e-69caa5dd261a"}]} {{(pid=87503) _process_stack /opt/stack/nova/nova/api/openstack/wsgi.py:549}}
Aug 26 03:05:40.272523 np0000008129 devstack@n-api.service[87503]: DEBUG oslo_concurrency.lockutils [req-973b1c5a-061e-4f2f-8904-4575df05f9bf req-b038a15b-d7ec-4a48-b2e2-7e1ae2f09f2b service nova] Acquiring lock "85c37d42-94f0-402f-9147-66baad35a11a" by "nova.context.set_target_cell..get_or_set_cached_cell_and_set_connections" {{(pid=87503) inner /opt/stack/data/venv/lib/python3.12/site-packages/oslo_concurrency/lockutils.py:512}}
Aug 26 03:05:40.272650 np0000008129 devstack@n-api.service[87503]: DEBUG oslo_concurrency.lockutils [req-973b1c5a-061e-4f2f-8904-4575df05f9bf req-b038a15b-d7ec-4a48-b2e2-7e1ae2f09f2b service nova] Lock "85c37d42-94f0-402f-9147-66baad35a11a" acquired by "nova.context.set_target_cell..get_or_set_cached_cell_and_set_connections" :: waited 0.000s {{(pid=87503) inner /opt/stack/data/venv/lib/python3.12/site-packages/oslo_concurrency/lockutils.py:525}}
Aug 26 03:05:40.272930 np0000008129 devstack@n-api.service[87503]: DEBUG oslo_concurrency.lockutils [req-973b1c5a-061e-4f2f-8904-4575df05f9bf req-b038a15b-d7ec-4a48-b2e2-7e1ae2f09f2b service nova] Lock "85c37d42-94f0-402f-9147-66baad35a11a" "released" by "nova.context.set_target_cell..get_or_set_cached_cell_and_set_connections" :: held 0.000s {{(pid=87503) inner /opt/stack/data/venv/lib/python3.12/site-packages/oslo_concurrency/lockutils.py:544}}
Aug 26 03:05:40.284778 np0000008129 devstack@n-api.service[87503]: INFO nova.api.openstack.compute.server_external_events [req-973b1c5a-061e-4f2f-8904-4575df05f9bf req-b038a15b-d7ec-4a48-b2e2-7e1ae2f09f2b service nova] Creating event network-changed:1983c914-9dcc-4de6-ae8e-69caa5dd261a for instance 1958f58a-80fc-43da-bd77-8e6c33b7c59f on np0000008129
Aug 26 03:05:40.286137 np0000008129 devstack@n-api.service[87503]: DEBUG nova.compute.rpcapi [req-973b1c5a-061e-4f2f-8904-4575df05f9bf req-b038a15b-d7ec-4a48-b2e2-7e1ae2f09f2b service nova] RPC: Sending the message to topic: compute-alt {{(pid=87503) prepare_for_alt_rpcserver /opt/stack/nova/nova/compute/rpcapi.py:595}}
Aug 26 03:05:40.291227 np0000008129 devstack@n-api.service[87503]: INFO nova.api.openstack.requestlog [req-973b1c5a-061e-4f2f-8904-4575df05f9bf req-b038a15b-d7ec-4a48-b2e2-7e1ae2f09f2b service nova] 10.4.3.149 "POST /compute/v2.1/os-server-external-events" status: 200 len: 179 microversion: 2.1 time: 0.033750
Aug 26 03:05:40.292030 np0000008129 devstack@n-api.service[87503]: [pid: 87503|app: 0|req: 24/91] 10.4.3.149 () {72 vars in 1432 bytes} [Wed Aug 26 03:05:40 2026] POST /compute/v2.1/os-server-external-events => generated 179 bytes in 35 msecs (HTTP/1.1 200) 9 headers in 357 bytes (1 switches on core 0)
Aug 26 03:05:40.307169 np0000008129 devstack@n-api.service[87505]: INFO nova.api.openstack.wsgi [None req-3ceed084-ffcf-4e29-93fd-c779ccc50352 tempest-ServerRescueNegativeTestJSON-1231323861 tempest-ServerRescueNegativeTestJSON-1231323861-project-member] HTTP exception thrown: Cannot 'attach_volume' instance e5739bf7-6eea-4f76-8899-4852b71e165a while it is in vm_state rescued
Aug 26 03:05:40.307426 np0000008129 devstack@n-api.service[87505]: DEBUG nova.api.openstack.wsgi [None req-3ceed084-ffcf-4e29-93fd-c779ccc50352 tempest-ServerRescueNegativeTestJSON-1231323861 tempest-ServerRescueNegativeTestJSON-1231323861-project-member] Returning 409 to user: Cannot 'attach_volume' instance e5739bf7-6eea-4f76-8899-4852b71e165a while it is in vm_state rescued {{(pid=87505) __call__ /opt/stack/nova/nova/api/openstack/wsgi.py:908}}
Aug 26 03:05:40.307833 np0000008129 devstack@n-api.service[87505]: INFO nova.api.openstack.requestlog [None req-3ceed084-ffcf-4e29-93fd-c779ccc50352 tempest-ServerRescueNegativeTestJSON-1231323861 tempest-ServerRescueNegativeTestJSON-1231323861-project-member] 10.4.3.149 "POST /compute/v2.1/servers/e5739bf7-6eea-4f76-8899-4852b71e165a/os-volume_attachments" status: 409 len: 152 microversion: 2.1 time: 0.063788
Aug 26 03:05:40.308082 np0000008129 devstack@n-api.service[87505]: [pid: 87505|app: 0|req: 22/92] 10.4.3.149 () {68 vars in 1441 bytes} [Wed Aug 26 03:05:40 2026] POST /compute/v2.1/servers/e5739bf7-6eea-4f76-8899-4852b71e165a/os-volume_attachments => generated 152 bytes in 64 msecs (HTTP/1.1 409) 9 headers in 378 bytes (1 switches on core 0)
Aug 26 03:05:40.330026 np0000008129 devstack@n-api.service[87504]: DEBUG nova.api.openstack.wsgi [None req-68fe3ec9-706c-4cfd-accb-759f0abb90ee tempest-ServerRescueNegativeTestJSON-1231323861 tempest-ServerRescueNegativeTestJSON-1231323861-project-member] Action: 'action', calling method: >, body: {"unrescue": {}} {{(pid=87504) _process_stack /opt/stack/nova/nova/api/openstack/wsgi.py:549}}
Aug 26 03:05:40.332865 np0000008129 devstack@n-api.service[87504]: DEBUG nova.compute.api [None req-68fe3ec9-706c-4cfd-accb-759f0abb90ee tempest-ServerRescueNegativeTestJSON-1231323861 tempest-ServerRescueNegativeTestJSON-1231323861-project-member] [instance: e5739bf7-6eea-4f76-8899-4852b71e165a] Fetching instance by UUID {{(pid=87504) get /opt/stack/nova/nova/compute/api.py:3068}}
Aug 26 03:05:40.338383 np0000008129 devstack@n-api.service[87504]: DEBUG oslo_concurrency.lockutils [None req-68fe3ec9-706c-4cfd-accb-759f0abb90ee tempest-ServerRescueNegativeTestJSON-1231323861 tempest-ServerRescueNegativeTestJSON-1231323861-project-member] Acquiring lock "85c37d42-94f0-402f-9147-66baad35a11a" by "nova.context.set_target_cell..get_or_set_cached_cell_and_set_connections" {{(pid=87504) inner /opt/stack/data/venv/lib/python3.12/site-packages/oslo_concurrency/lockutils.py:512}}
Aug 26 03:05:40.338507 np0000008129 devstack@n-api.service[87504]: DEBUG oslo_concurrency.lockutils [None req-68fe3ec9-706c-4cfd-accb-759f0abb90ee tempest-ServerRescueNegativeTestJSON-1231323861 tempest-ServerRescueNegativeTestJSON-1231323861-project-member] Lock "85c37d42-94f0-402f-9147-66baad35a11a" acquired by "nova.context.set_target_cell..get_or_set_cached_cell_and_set_connections" :: waited 0.000s {{(pid=87504) inner /opt/stack/data/venv/lib/python3.12/site-packages/oslo_concurrency/lockutils.py:525}}
Aug 26 03:05:40.338695 np0000008129 devstack@n-api.service[87504]: DEBUG oslo_concurrency.lockutils [None req-68fe3ec9-706c-4cfd-accb-759f0abb90ee tempest-ServerRescueNegativeTestJSON-1231323861 tempest-ServerRescueNegativeTestJSON-1231323861-project-member] Lock "85c37d42-94f0-402f-9147-66baad35a11a" "released" by "nova.context.set_target_cell..get_or_set_cached_cell_and_set_connections" :: held 0.000s {{(pid=87504) inner /opt/stack/data/venv/lib/python3.12/site-packages/oslo_concurrency/lockutils.py:544}}
Aug 26 03:05:40.339653 np0000008129 devstack@n-api.service[87504]: DEBUG oslo_concurrency.lockutils [None req-68fe3ec9-706c-4cfd-accb-759f0abb90ee tempest-ServerRescueNegativeTestJSON-1231323861 tempest-ServerRescueNegativeTestJSON-1231323861-project-member] Acquiring lock "85c37d42-94f0-402f-9147-66baad35a11a" by "nova.context.set_target_cell..get_or_set_cached_cell_and_set_connections" {{(pid=87504) inner /opt/stack/data/venv/lib/python3.12/site-packages/oslo_concurrency/lockutils.py:512}}
Aug 26 03:05:40.339653 np0000008129 devstack@n-api.service[87504]: DEBUG oslo_concurrency.lockutils [None req-68fe3ec9-706c-4cfd-accb-759f0abb90ee tempest-ServerRescueNegativeTestJSON-1231323861 tempest-ServerRescueNegativeTestJSON-1231323861-project-member] Lock "85c37d42-94f0-402f-9147-66baad35a11a" acquired by "nova.context.set_target_cell..get_or_set_cached_cell_and_set_connections" :: waited 0.000s {{(pid=87504) inner /opt/stack/data/venv/lib/python3.12/site-packages/oslo_concurrency/lockutils.py:525}}
Aug 26 03:05:40.340253 np0000008129 devstack@n-api.service[87504]: DEBUG oslo_concurrency.lockutils [None req-68fe3ec9-706c-4cfd-accb-759f0abb90ee tempest-ServerRescueNegativeTestJSON-1231323861 tempest-ServerRescueNegativeTestJSON-1231323861-project-member] Lock "85c37d42-94f0-402f-9147-66baad35a11a" "released" by "nova.context.set_target_cell..get_or_set_cached_cell_and_set_connections" :: held 0.001s {{(pid=87504) inner /opt/stack/data/venv/lib/python3.12/site-packages/oslo_concurrency/lockutils.py:544}}
Aug 26 03:05:40.407691 np0000008129 devstack@n-api.service[87504]: INFO nova.api.openstack.requestlog [None req-68fe3ec9-706c-4cfd-accb-759f0abb90ee tempest-ServerRescueNegativeTestJSON-1231323861 tempest-ServerRescueNegativeTestJSON-1231323861-project-member] 10.4.3.149 "POST /compute/v2.1/servers/e5739bf7-6eea-4f76-8899-4852b71e165a/action" status: 202 len: 0 microversion: 2.1 time: 0.080852
Aug 26 03:05:40.408580 np0000008129 devstack@n-api.service[87504]: [pid: 87504|app: 0|req: 25/93] 10.4.3.149 () {68 vars in 1396 bytes} [Wed Aug 26 03:05:40 2026] POST /compute/v2.1/servers/e5739bf7-6eea-4f76-8899-4852b71e165a/action => generated 0 bytes in 82 msecs (HTTP/1.1 202) 9 headers in 361 bytes (1 switches on core 0)
Aug 26 03:05:40.422466 np0000008129 devstack@n-api.service[87503]: DEBUG nova.api.openstack.wsgi [None req-b1f446ad-0c24-413d-b791-3adc8f317baf tempest-ServerRescueNegativeTestJSON-1231323861 tempest-ServerRescueNegativeTestJSON-1231323861-project-member] Calling method '>' {{(pid=87503) _process_stack /opt/stack/nova/nova/api/openstack/wsgi.py:551}}
Aug 26 03:05:40.424424 np0000008129 devstack@n-api.service[87503]: DEBUG nova.compute.api [None req-b1f446ad-0c24-413d-b791-3adc8f317baf tempest-ServerRescueNegativeTestJSON-1231323861 tempest-ServerRescueNegativeTestJSON-1231323861-project-member] [instance: e5739bf7-6eea-4f76-8899-4852b71e165a] Fetching instance by UUID {{(pid=87503) get /opt/stack/nova/nova/compute/api.py:3068}}
Aug 26 03:05:40.431084 np0000008129 devstack@n-api.service[87503]: DEBUG oslo_concurrency.lockutils [None req-b1f446ad-0c24-413d-b791-3adc8f317baf tempest-ServerRescueNegativeTestJSON-1231323861 tempest-ServerRescueNegativeTestJSON-1231323861-project-member] Acquiring lock "85c37d42-94f0-402f-9147-66baad35a11a" by "nova.context.set_target_cell..get_or_set_cached_cell_and_set_connections" {{(pid=87503) inner /opt/stack/data/venv/lib/python3.12/site-packages/oslo_concurrency/lockutils.py:512}}
Aug 26 03:05:40.431615 np0000008129 devstack@n-api.service[87503]: DEBUG oslo_concurrency.lockutils [None req-b1f446ad-0c24-413d-b791-3adc8f317baf tempest-ServerRescueNegativeTestJSON-1231323861 tempest-ServerRescueNegativeTestJSON-1231323861-project-member] Lock "85c37d42-94f0-402f-9147-66baad35a11a" acquired by "nova.context.set_target_cell..get_or_set_cached_cell_and_set_connections" :: waited 0.001s {{(pid=87503) inner /opt/stack/data/venv/lib/python3.12/site-packages/oslo_concurrency/lockutils.py:525}}
Aug 26 03:05:40.431959 np0000008129 devstack@n-api.service[87503]: DEBUG oslo_concurrency.lockutils [None req-b1f446ad-0c24-413d-b791-3adc8f317baf tempest-ServerRescueNegativeTestJSON-1231323861 tempest-ServerRescueNegativeTestJSON-1231323861-project-member] Lock "85c37d42-94f0-402f-9147-66baad35a11a" "released" by "nova.context.set_target_cell..get_or_set_cached_cell_and_set_connections" :: held 0.000s {{(pid=87503) inner /opt/stack/data/venv/lib/python3.12/site-packages/oslo_concurrency/lockutils.py:544}}
Aug 26 03:05:40.432596 np0000008129 devstack@n-api.service[87503]: DEBUG oslo_concurrency.lockutils [None req-b1f446ad-0c24-413d-b791-3adc8f317baf tempest-ServerRescueNegativeTestJSON-1231323861 tempest-ServerRescueNegativeTestJSON-1231323861-project-member] Acquiring lock "85c37d42-94f0-402f-9147-66baad35a11a" by "nova.context.set_target_cell..get_or_set_cached_cell_and_set_connections" {{(pid=87503) inner /opt/stack/data/venv/lib/python3.12/site-packages/oslo_concurrency/lockutils.py:512}}
Aug 26 03:05:40.433073 np0000008129 devstack@n-api.service[87503]: DEBUG oslo_concurrency.lockutils [None req-b1f446ad-0c24-413d-b791-3adc8f317baf tempest-ServerRescueNegativeTestJSON-1231323861 tempest-ServerRescueNegativeTestJSON-1231323861-project-member] Lock "85c37d42-94f0-402f-9147-66baad35a11a" acquired by "nova.context.set_target_cell..get_or_set_cached_cell_and_set_connections" :: waited 0.000s {{(pid=87503) inner /opt/stack/data/venv/lib/python3.12/site-packages/oslo_concurrency/lockutils.py:525}}
Aug 26 03:05:40.433454 np0000008129 devstack@n-api.service[87503]: DEBUG oslo_concurrency.lockutils [None req-b1f446ad-0c24-413d-b791-3adc8f317baf tempest-ServerRescueNegativeTestJSON-1231323861 tempest-ServerRescueNegativeTestJSON-1231323861-project-member] Lock "85c37d42-94f0-402f-9147-66baad35a11a" "released" by "nova.context.set_target_cell..get_or_set_cached_cell_and_set_connections" :: held 0.000s {{(pid=87503) inner /opt/stack/data/venv/lib/python3.12/site-packages/oslo_concurrency/lockutils.py:544}}
Aug 26 03:05:40.462838 np0000008129 devstack@n-api.service[87503]: WARNING neutronclient.v2_0.client [None req-b1f446ad-0c24-413d-b791-3adc8f317baf tempest-ServerRescueNegativeTestJSON-1231323861 tempest-ServerRescueNegativeTestJSON-1231323861-project-member] The python binding code in neutronclient is deprecated in favor of OpenstackSDK, please use that as this will be removed in a future release.
Aug 26 03:05:40.528880 np0000008129 devstack@n-api.service[87506]: WARNING neutronclient.v2_0.client [None req-e386ec37-7bbc-427e-afcb-d1da7a49064c tempest-TestMultiAttachVolumeSwap-1298750748 tempest-TestMultiAttachVolumeSwap-1298750748-project-member] The python binding code in neutronclient is deprecated in favor of OpenstackSDK, please use that as this will be removed in a future release.
Aug 26 03:05:40.644712 np0000008129 devstack@n-api.service[87503]: DEBUG nova.policy [None req-b1f446ad-0c24-413d-b791-3adc8f317baf tempest-ServerRescueNegativeTestJSON-1231323861 tempest-ServerRescueNegativeTestJSON-1231323861-project-member] Policy check for os_compute_api:os-extended-server-attributes failed with credentials {'is_admin': False, 'user_id': 'f2311435e6e944deb5106097d3445311', 'user_domain_id': 'default', 'system_scope': None, 'domain_id': None, 'project_id': '269c0632e69d44d1bc90aa6807f6d0e4', 'project_domain_id': 'default', 'roles': ['member', 'reader'], 'is_admin_project': True, 'service_user_id': None, 'service_user_domain_id': None, 'service_project_id': None, 'service_project_domain_id': None, 'service_roles': []} {{(pid=87503) authorize /opt/stack/nova/nova/policy.py:202}}
Aug 26 03:05:40.657268 np0000008129 devstack@n-api.service[87503]: INFO nova.api.openstack.requestlog [None req-b1f446ad-0c24-413d-b791-3adc8f317baf tempest-ServerRescueNegativeTestJSON-1231323861 tempest-ServerRescueNegativeTestJSON-1231323861-project-member] 10.4.3.149 "GET /compute/v2.1/servers/e5739bf7-6eea-4f76-8899-4852b71e165a" status: 200 len: 1504 microversion: 2.1 time: 0.238317
Aug 26 03:05:40.657758 np0000008129 devstack@n-api.service[87503]: [pid: 87503|app: 0|req: 25/94] 10.4.3.149 () {66 vars in 1354 bytes} [Wed Aug 26 03:05:40 2026] GET /compute/v2.1/servers/e5739bf7-6eea-4f76-8899-4852b71e165a => generated 1504 bytes in 241 msecs (HTTP/1.1 200) 9 headers in 358 bytes (1 switches on core 0)
Aug 26 03:05:40.757918 np0000008129 devstack@n-api.service[87506]: DEBUG nova.virt.hardware [None req-e386ec37-7bbc-427e-afcb-d1da7a49064c tempest-TestMultiAttachVolumeSwap-1298750748 tempest-TestMultiAttachVolumeSwap-1298750748-project-member] Flavor limits 0:0:0 {{(pid=87506) get_cpu_topology_constraints /opt/stack/nova/nova/virt/hardware.py:516}}
Aug 26 03:05:40.758162 np0000008129 devstack@n-api.service[87506]: DEBUG nova.virt.hardware [None req-e386ec37-7bbc-427e-afcb-d1da7a49064c tempest-TestMultiAttachVolumeSwap-1298750748 tempest-TestMultiAttachVolumeSwap-1298750748-project-member] Image limits 0:0:0 {{(pid=87506) get_cpu_topology_constraints /opt/stack/nova/nova/virt/hardware.py:520}}
Aug 26 03:05:40.758418 np0000008129 devstack@n-api.service[87506]: DEBUG nova.virt.hardware [None req-e386ec37-7bbc-427e-afcb-d1da7a49064c tempest-TestMultiAttachVolumeSwap-1298750748 tempest-TestMultiAttachVolumeSwap-1298750748-project-member] Flavor pref 0:0:0 {{(pid=87506) get_cpu_topology_constraints /opt/stack/nova/nova/virt/hardware.py:556}}
Aug 26 03:05:40.758645 np0000008129 devstack@n-api.service[87506]: DEBUG nova.virt.hardware [None req-e386ec37-7bbc-427e-afcb-d1da7a49064c tempest-TestMultiAttachVolumeSwap-1298750748 tempest-TestMultiAttachVolumeSwap-1298750748-project-member] Image pref 0:0:0 {{(pid=87506) get_cpu_topology_constraints /opt/stack/nova/nova/virt/hardware.py:560}}
Aug 26 03:05:40.758912 np0000008129 devstack@n-api.service[87506]: DEBUG nova.virt.hardware [None req-e386ec37-7bbc-427e-afcb-d1da7a49064c tempest-TestMultiAttachVolumeSwap-1298750748 tempest-TestMultiAttachVolumeSwap-1298750748-project-member] Chose sockets=0, cores=0, threads=0; limits were sockets=65536, cores=65536, threads=65536 {{(pid=87506) get_cpu_topology_constraints /opt/stack/nova/nova/virt/hardware.py:598}}
Aug 26 03:05:40.767350 np0000008129 devstack@n-api.service[87506]: DEBUG oslo_concurrency.lockutils [None req-e386ec37-7bbc-427e-afcb-d1da7a49064c tempest-TestMultiAttachVolumeSwap-1298750748 tempest-TestMultiAttachVolumeSwap-1298750748-project-member] Acquiring lock "00000000-0000-0000-0000-000000000000" by "nova.context.set_target_cell..get_or_set_cached_cell_and_set_connections" {{(pid=87506) inner /opt/stack/data/venv/lib/python3.12/site-packages/oslo_concurrency/lockutils.py:512}}
Aug 26 03:05:40.767943 np0000008129 devstack@n-api.service[87506]: DEBUG oslo_concurrency.lockutils [None req-e386ec37-7bbc-427e-afcb-d1da7a49064c tempest-TestMultiAttachVolumeSwap-1298750748 tempest-TestMultiAttachVolumeSwap-1298750748-project-member] Lock "00000000-0000-0000-0000-000000000000" acquired by "nova.context.set_target_cell..get_or_set_cached_cell_and_set_connections" :: waited 0.000s {{(pid=87506) inner /opt/stack/data/venv/lib/python3.12/site-packages/oslo_concurrency/lockutils.py:525}}
Aug 26 03:05:40.768891 np0000008129 devstack@n-api.service[87506]: DEBUG oslo_concurrency.lockutils [None req-e386ec37-7bbc-427e-afcb-d1da7a49064c tempest-TestMultiAttachVolumeSwap-1298750748 tempest-TestMultiAttachVolumeSwap-1298750748-project-member] Lock "00000000-0000-0000-0000-000000000000" "released" by "nova.context.set_target_cell..get_or_set_cached_cell_and_set_connections" :: held 0.000s {{(pid=87506) inner /opt/stack/data/venv/lib/python3.12/site-packages/oslo_concurrency/lockutils.py:544}}
Aug 26 03:05:40.769842 np0000008129 devstack@n-api.service[87506]: DEBUG oslo_concurrency.lockutils [None req-e386ec37-7bbc-427e-afcb-d1da7a49064c tempest-TestMultiAttachVolumeSwap-1298750748 tempest-TestMultiAttachVolumeSwap-1298750748-project-member] Acquiring lock "85c37d42-94f0-402f-9147-66baad35a11a" by "nova.context.set_target_cell..get_or_set_cached_cell_and_set_connections" {{(pid=87506) inner /opt/stack/data/venv/lib/python3.12/site-packages/oslo_concurrency/lockutils.py:512}}
Aug 26 03:05:40.769842 np0000008129 devstack@n-api.service[87506]: DEBUG oslo_concurrency.lockutils [None req-e386ec37-7bbc-427e-afcb-d1da7a49064c tempest-TestMultiAttachVolumeSwap-1298750748 tempest-TestMultiAttachVolumeSwap-1298750748-project-member] Lock "85c37d42-94f0-402f-9147-66baad35a11a" acquired by "nova.context.set_target_cell..get_or_set_cached_cell_and_set_connections" :: waited 0.000s {{(pid=87506) inner /opt/stack/data/venv/lib/python3.12/site-packages/oslo_concurrency/lockutils.py:525}}
Aug 26 03:05:40.769842 np0000008129 devstack@n-api.service[87506]: DEBUG oslo_concurrency.lockutils [None req-e386ec37-7bbc-427e-afcb-d1da7a49064c tempest-TestMultiAttachVolumeSwap-1298750748 tempest-TestMultiAttachVolumeSwap-1298750748-project-member] Lock "85c37d42-94f0-402f-9147-66baad35a11a" "released" by "nova.context.set_target_cell..get_or_set_cached_cell_and_set_connections" :: held 0.000s {{(pid=87506) inner /opt/stack/data/venv/lib/python3.12/site-packages/oslo_concurrency/lockutils.py:544}}
Aug 26 03:05:40.789387 np0000008129 devstack@n-api.service[87506]: DEBUG nova.quota [None req-e386ec37-7bbc-427e-afcb-d1da7a49064c tempest-TestMultiAttachVolumeSwap-1298750748 tempest-TestMultiAttachVolumeSwap-1298750748-project-member] Getting quotas for project 1c75440421794afb95a05762ebd0a241. Resources: {'ram', 'cores', 'instances'} {{(pid=87506) _get_quotas /opt/stack/nova/nova/quota.py:389}}
Aug 26 03:05:40.792474 np0000008129 devstack@n-api.service[87506]: DEBUG nova.quota [None req-e386ec37-7bbc-427e-afcb-d1da7a49064c tempest-TestMultiAttachVolumeSwap-1298750748 tempest-TestMultiAttachVolumeSwap-1298750748-project-member] Getting quotas for user 96e30bb180394b44b631c28539db4caa and project 1c75440421794afb95a05762ebd0a241. Resources: {'ram', 'cores', 'instances'} {{(pid=87506) _get_quotas /opt/stack/nova/nova/quota.py:379}}
Aug 26 03:05:40.801573 np0000008129 devstack@n-api.service[87506]: DEBUG nova.compute.api [None req-e386ec37-7bbc-427e-afcb-d1da7a49064c tempest-TestMultiAttachVolumeSwap-1298750748 tempest-TestMultiAttachVolumeSwap-1298750748-project-member] Going to run 2 instances... {{(pid=87506) _provision_instances /opt/stack/nova/nova/compute/api.py:1480}}
Aug 26 03:05:40.803538 np0000008129 devstack@n-api.service[87506]: DEBUG nova.compute.api [None req-e386ec37-7bbc-427e-afcb-d1da7a49064c tempest-TestMultiAttachVolumeSwap-1298750748 tempest-TestMultiAttachVolumeSwap-1298750748-project-member] [instance: b5caaaf4-6246-4db6-a84f-e05b09dc8683] block_device_mapping [BlockDeviceMapping(attachment_id=,boot_index=0,connection_info=None,created_at=,delete_on_termination=True,deleted=,deleted_at=,destination_type='local',device_name=None,device_type='disk',disk_bus=None,encrypted=False,encryption_format=None,encryption_options=None,encryption_secret_uuid=None,guest_format=None,id=,image_id='3bad4a98-90a2-4a14-b30c-37d1d48acb25',instance=,instance_uuid=,no_device=False,snapshot_id=None,source_type='image',tag=None,updated_at=,uuid=,volume_id=None,volume_size=None,volume_type=None)] {{(pid=87506) _bdm_validate_set_size_and_instance /opt/stack/nova/nova/compute/api.py:1942}}
Aug 26 03:05:40.853042 np0000008129 devstack@n-api.service[87506]: DEBUG nova.compute.api [None req-e386ec37-7bbc-427e-afcb-d1da7a49064c tempest-TestMultiAttachVolumeSwap-1298750748 tempest-TestMultiAttachVolumeSwap-1298750748-project-member] [instance: a7d377dc-7ada-4955-ad7f-3d49e0fa3bef] block_device_mapping [BlockDeviceMapping(attachment_id=,boot_index=0,connection_info=None,created_at=,delete_on_termination=True,deleted=,deleted_at=,destination_type='local',device_name=None,device_type='disk',disk_bus=None,encrypted=False,encryption_format=None,encryption_options=None,encryption_secret_uuid=None,guest_format=None,id=,image_id='3bad4a98-90a2-4a14-b30c-37d1d48acb25',instance=,instance_uuid=b5caaaf4-6246-4db6-a84f-e05b09dc8683,no_device=False,snapshot_id=None,source_type='image',tag=None,updated_at=,uuid=,volume_id=None,volume_size=None,volume_type=None)] {{(pid=87506) _bdm_validate_set_size_and_instance /opt/stack/nova/nova/compute/api.py:1942}}
Aug 26 03:05:40.945169 np0000008129 devstack@n-api.service[87506]: INFO nova.api.openstack.requestlog [None req-e386ec37-7bbc-427e-afcb-d1da7a49064c tempest-TestMultiAttachVolumeSwap-1298750748 tempest-TestMultiAttachVolumeSwap-1298750748-project-member] 10.4.3.149 "POST /compute/v2.1/servers" status: 202 len: 32 microversion: 2.60 time: 1.042419
Aug 26 03:05:40.945944 np0000008129 devstack@n-api.service[87506]: [pid: 87506|app: 0|req: 23/95] 10.4.3.149 () {70 vars in 1306 bytes} [Wed Aug 26 03:05:39 2026] POST /compute/v2.1/servers => generated 32 bytes in 1043 msecs (HTTP/1.1 202) 9 headers in 364 bytes (1 switches on core 0)
Aug 26 03:05:40.962299 np0000008129 devstack@n-api.service[87505]: DEBUG nova.api.openstack.wsgi [None req-944f5d91-26a3-4f09-a31d-ce5d84fa1d35 tempest-TestMultiAttachVolumeSwap-1298750748 tempest-TestMultiAttachVolumeSwap-1298750748-project-member] Calling method '>' {{(pid=87505) _process_stack /opt/stack/nova/nova/api/openstack/wsgi.py:551}}
Aug 26 03:05:40.972005 np0000008129 devstack@n-api.service[87505]: DEBUG nova.policy [None req-944f5d91-26a3-4f09-a31d-ce5d84fa1d35 tempest-TestMultiAttachVolumeSwap-1298750748 tempest-TestMultiAttachVolumeSwap-1298750748-project-member] Policy check for os_compute_api:servers:allow_all_filters failed with credentials {'is_admin': False, 'user_id': '96e30bb180394b44b631c28539db4caa', 'user_domain_id': 'default', 'system_scope': None, 'domain_id': None, 'project_id': '1c75440421794afb95a05762ebd0a241', 'project_domain_id': 'default', 'roles': ['member', 'reader'], 'is_admin_project': True, 'service_user_id': None, 'service_user_domain_id': None, 'service_project_id': None, 'service_project_domain_id': None, 'service_roles': []} {{(pid=87505) authorize /opt/stack/nova/nova/policy.py:202}}
Aug 26 03:05:40.972505 np0000008129 devstack@n-api.service[87505]: DEBUG nova.compute.api [None req-944f5d91-26a3-4f09-a31d-ce5d84fa1d35 tempest-TestMultiAttachVolumeSwap-1298750748 tempest-TestMultiAttachVolumeSwap-1298750748-project-member] Searching by: {'deleted': False, 'project_id': '1c75440421794afb95a05762ebd0a241'} {{(pid=87505) get_all /opt/stack/nova/nova/compute/api.py:3110}}
Aug 26 03:05:40.997471 np0000008129 devstack@n-api.service[87505]: DEBUG oslo_concurrency.lockutils [None req-944f5d91-26a3-4f09-a31d-ce5d84fa1d35 tempest-TestMultiAttachVolumeSwap-1298750748 tempest-TestMultiAttachVolumeSwap-1298750748-project-member] Acquiring lock "00000000-0000-0000-0000-000000000000" by "nova.context.set_target_cell..get_or_set_cached_cell_and_set_connections" {{(pid=87505) inner /opt/stack/data/venv/lib/python3.12/site-packages/oslo_concurrency/lockutils.py:512}}
Aug 26 03:05:40.997867 np0000008129 devstack@n-api.service[87505]: DEBUG oslo_concurrency.lockutils [None req-944f5d91-26a3-4f09-a31d-ce5d84fa1d35 tempest-TestMultiAttachVolumeSwap-1298750748 tempest-TestMultiAttachVolumeSwap-1298750748-project-member] Lock "00000000-0000-0000-0000-000000000000" acquired by "nova.context.set_target_cell..get_or_set_cached_cell_and_set_connections" :: waited 0.000s {{(pid=87505) inner /opt/stack/data/venv/lib/python3.12/site-packages/oslo_concurrency/lockutils.py:525}}
Aug 26 03:05:40.998123 np0000008129 devstack@n-api.service[87505]: DEBUG oslo_concurrency.lockutils [None req-944f5d91-26a3-4f09-a31d-ce5d84fa1d35 tempest-TestMultiAttachVolumeSwap-1298750748 tempest-TestMultiAttachVolumeSwap-1298750748-project-member] Lock "00000000-0000-0000-0000-000000000000" "released" by "nova.context.set_target_cell..get_or_set_cached_cell_and_set_connections" :: held 0.000s {{(pid=87505) inner /opt/stack/data/venv/lib/python3.12/site-packages/oslo_concurrency/lockutils.py:544}}
Aug 26 03:05:40.998581 np0000008129 devstack@n-api.service[87505]: DEBUG oslo_concurrency.lockutils [None req-944f5d91-26a3-4f09-a31d-ce5d84fa1d35 tempest-TestMultiAttachVolumeSwap-1298750748 tempest-TestMultiAttachVolumeSwap-1298750748-project-member] Acquiring lock "85c37d42-94f0-402f-9147-66baad35a11a" by "nova.context.set_target_cell..get_or_set_cached_cell_and_set_connections" {{(pid=87505) inner /opt/stack/data/venv/lib/python3.12/site-packages/oslo_concurrency/lockutils.py:512}}
Aug 26 03:05:40.998859 np0000008129 devstack@n-api.service[87505]: DEBUG oslo_concurrency.lockutils [None req-944f5d91-26a3-4f09-a31d-ce5d84fa1d35 tempest-TestMultiAttachVolumeSwap-1298750748 tempest-TestMultiAttachVolumeSwap-1298750748-project-member] Lock "85c37d42-94f0-402f-9147-66baad35a11a" acquired by "nova.context.set_target_cell..get_or_set_cached_cell_and_set_connections" :: waited 0.000s {{(pid=87505) inner /opt/stack/data/venv/lib/python3.12/site-packages/oslo_concurrency/lockutils.py:525}}
Aug 26 03:05:40.999134 np0000008129 devstack@n-api.service[87505]: DEBUG oslo_concurrency.lockutils [None req-944f5d91-26a3-4f09-a31d-ce5d84fa1d35 tempest-TestMultiAttachVolumeSwap-1298750748 tempest-TestMultiAttachVolumeSwap-1298750748-project-member] Lock "85c37d42-94f0-402f-9147-66baad35a11a" "released" by "nova.context.set_target_cell..get_or_set_cached_cell_and_set_connections" :: held 0.000s {{(pid=87505) inner /opt/stack/data/venv/lib/python3.12/site-packages/oslo_concurrency/lockutils.py:544}}
Aug 26 03:05:41.076963 np0000008129 devstack@n-api.service[87505]: INFO nova.api.openstack.requestlog [None req-944f5d91-26a3-4f09-a31d-ce5d84fa1d35 tempest-TestMultiAttachVolumeSwap-1298750748 tempest-TestMultiAttachVolumeSwap-1298750748-project-member] 10.4.3.149 "GET /compute/v2.1/servers" status: 200 len: 677 microversion: 2.60 time: 0.119418
Aug 26 03:05:41.077370 np0000008129 devstack@n-api.service[87505]: [pid: 87505|app: 0|req: 23/96] 10.4.3.149 () {68 vars in 1284 bytes} [Wed Aug 26 03:05:40 2026] GET /compute/v2.1/servers => generated 677 bytes in 120 msecs (HTTP/1.1 200) 9 headers in 359 bytes (1 switches on core 0)
Aug 26 03:05:41.101321 np0000008129 devstack@n-api.service[87504]: DEBUG nova.api.openstack.wsgi [None req-2917e330-4546-42e8-a668-dc89131c45b9 tempest-TestMultiAttachVolumeSwap-1298750748 tempest-TestMultiAttachVolumeSwap-1298750748-project-member] Calling method '>' {{(pid=87504) _process_stack /opt/stack/nova/nova/api/openstack/wsgi.py:551}}
Aug 26 03:05:41.103470 np0000008129 devstack@n-api.service[87504]: DEBUG nova.compute.api [None req-2917e330-4546-42e8-a668-dc89131c45b9 tempest-TestMultiAttachVolumeSwap-1298750748 tempest-TestMultiAttachVolumeSwap-1298750748-project-member] [instance: a7d377dc-7ada-4955-ad7f-3d49e0fa3bef] Fetching instance by UUID {{(pid=87504) get /opt/stack/nova/nova/compute/api.py:3068}}
Aug 26 03:05:41.122623 np0000008129 devstack@n-api.service[87503]: DEBUG nova.api.openstack.wsgi [None req-95358ded-c9c8-41ab-9da1-5b6ff97f6a7b tempest-VolumesAssistedSnapshotsTest-1397871169 tempest-VolumesAssistedSnapshotsTest-1397871169-project-member] Calling method '>' {{(pid=87503) _process_stack /opt/stack/nova/nova/api/openstack/wsgi.py:551}}
Aug 26 03:05:41.125350 np0000008129 devstack@n-api.service[87503]: DEBUG nova.compute.api [None req-95358ded-c9c8-41ab-9da1-5b6ff97f6a7b tempest-VolumesAssistedSnapshotsTest-1397871169 tempest-VolumesAssistedSnapshotsTest-1397871169-project-member] [instance: 1958f58a-80fc-43da-bd77-8e6c33b7c59f] Fetching instance by UUID {{(pid=87503) get /opt/stack/nova/nova/compute/api.py:3068}}
Aug 26 03:05:41.128554 np0000008129 devstack@n-api.service[87504]: WARNING neutronclient.v2_0.client [None req-2917e330-4546-42e8-a668-dc89131c45b9 tempest-TestMultiAttachVolumeSwap-1298750748 tempest-TestMultiAttachVolumeSwap-1298750748-project-member] The python binding code in neutronclient is deprecated in favor of OpenstackSDK, please use that as this will be removed in a future release.
Aug 26 03:05:41.132587 np0000008129 devstack@n-api.service[87503]: DEBUG oslo_concurrency.lockutils [None req-95358ded-c9c8-41ab-9da1-5b6ff97f6a7b tempest-VolumesAssistedSnapshotsTest-1397871169 tempest-VolumesAssistedSnapshotsTest-1397871169-project-member] Acquiring lock "85c37d42-94f0-402f-9147-66baad35a11a" by "nova.context.set_target_cell..get_or_set_cached_cell_and_set_connections" {{(pid=87503) inner /opt/stack/data/venv/lib/python3.12/site-packages/oslo_concurrency/lockutils.py:512}}
Aug 26 03:05:41.133664 np0000008129 devstack@n-api.service[87503]: DEBUG oslo_concurrency.lockutils [None req-95358ded-c9c8-41ab-9da1-5b6ff97f6a7b tempest-VolumesAssistedSnapshotsTest-1397871169 tempest-VolumesAssistedSnapshotsTest-1397871169-project-member] Lock "85c37d42-94f0-402f-9147-66baad35a11a" acquired by "nova.context.set_target_cell..get_or_set_cached_cell_and_set_connections" :: waited 0.000s {{(pid=87503) inner /opt/stack/data/venv/lib/python3.12/site-packages/oslo_concurrency/lockutils.py:525}}
Aug 26 03:05:41.133664 np0000008129 devstack@n-api.service[87503]: DEBUG oslo_concurrency.lockutils [None req-95358ded-c9c8-41ab-9da1-5b6ff97f6a7b tempest-VolumesAssistedSnapshotsTest-1397871169 tempest-VolumesAssistedSnapshotsTest-1397871169-project-member] Lock "85c37d42-94f0-402f-9147-66baad35a11a" "released" by "nova.context.set_target_cell..get_or_set_cached_cell_and_set_connections" :: held 0.000s {{(pid=87503) inner /opt/stack/data/venv/lib/python3.12/site-packages/oslo_concurrency/lockutils.py:544}}
Aug 26 03:05:41.134502 np0000008129 devstack@n-api.service[87503]: DEBUG oslo_concurrency.lockutils [None req-95358ded-c9c8-41ab-9da1-5b6ff97f6a7b tempest-VolumesAssistedSnapshotsTest-1397871169 tempest-VolumesAssistedSnapshotsTest-1397871169-project-member] Acquiring lock "85c37d42-94f0-402f-9147-66baad35a11a" by "nova.context.set_target_cell..get_or_set_cached_cell_and_set_connections" {{(pid=87503) inner /opt/stack/data/venv/lib/python3.12/site-packages/oslo_concurrency/lockutils.py:512}}
Aug 26 03:05:41.135572 np0000008129 devstack@n-api.service[87503]: DEBUG oslo_concurrency.lockutils [None req-95358ded-c9c8-41ab-9da1-5b6ff97f6a7b tempest-VolumesAssistedSnapshotsTest-1397871169 tempest-VolumesAssistedSnapshotsTest-1397871169-project-member] Lock "85c37d42-94f0-402f-9147-66baad35a11a" acquired by "nova.context.set_target_cell..get_or_set_cached_cell_and_set_connections" :: waited 0.001s {{(pid=87503) inner /opt/stack/data/venv/lib/python3.12/site-packages/oslo_concurrency/lockutils.py:525}}
Aug 26 03:05:41.136225 np0000008129 devstack@n-api.service[87503]: DEBUG oslo_concurrency.lockutils [None req-95358ded-c9c8-41ab-9da1-5b6ff97f6a7b tempest-VolumesAssistedSnapshotsTest-1397871169 tempest-VolumesAssistedSnapshotsTest-1397871169-project-member] Lock "85c37d42-94f0-402f-9147-66baad35a11a" "released" by "nova.context.set_target_cell..get_or_set_cached_cell_and_set_connections" :: held 0.001s {{(pid=87503) inner /opt/stack/data/venv/lib/python3.12/site-packages/oslo_concurrency/lockutils.py:544}}
Aug 26 03:05:41.163573 np0000008129 devstack@n-api.service[87503]: WARNING neutronclient.v2_0.client [None req-95358ded-c9c8-41ab-9da1-5b6ff97f6a7b tempest-VolumesAssistedSnapshotsTest-1397871169 tempest-VolumesAssistedSnapshotsTest-1397871169-project-member] The python binding code in neutronclient is deprecated in favor of OpenstackSDK, please use that as this will be removed in a future release.
Aug 26 03:05:41.193613 np0000008129 devstack@n-api.service[87504]: DEBUG nova.policy [None req-2917e330-4546-42e8-a668-dc89131c45b9 tempest-TestMultiAttachVolumeSwap-1298750748 tempest-TestMultiAttachVolumeSwap-1298750748-project-member] Policy check for os_compute_api:os-extended-server-attributes failed with credentials {'is_admin': False, 'user_id': '96e30bb180394b44b631c28539db4caa', 'user_domain_id': 'default', 'system_scope': None, 'domain_id': None, 'project_id': '1c75440421794afb95a05762ebd0a241', 'project_domain_id': 'default', 'roles': ['member', 'reader'], 'is_admin_project': True, 'service_user_id': None, 'service_user_domain_id': None, 'service_project_id': None, 'service_project_domain_id': None, 'service_roles': []} {{(pid=87504) authorize /opt/stack/nova/nova/policy.py:202}}
Aug 26 03:05:41.201783 np0000008129 devstack@n-api.service[87504]: DEBUG nova.policy [None req-2917e330-4546-42e8-a668-dc89131c45b9 tempest-TestMultiAttachVolumeSwap-1298750748 tempest-TestMultiAttachVolumeSwap-1298750748-project-member] Policy check for os_compute_api:servers:show:host_status failed with credentials {'is_admin': False, 'user_id': '96e30bb180394b44b631c28539db4caa', 'user_domain_id': 'default', 'system_scope': None, 'domain_id': None, 'project_id': '1c75440421794afb95a05762ebd0a241', 'project_domain_id': 'default', 'roles': ['member', 'reader'], 'is_admin_project': True, 'service_user_id': None, 'service_user_domain_id': None, 'service_project_id': None, 'service_project_domain_id': None, 'service_roles': []} {{(pid=87504) authorize /opt/stack/nova/nova/policy.py:202}}
Aug 26 03:05:41.202809 np0000008129 devstack@n-api.service[87504]: DEBUG nova.policy [None req-2917e330-4546-42e8-a668-dc89131c45b9 tempest-TestMultiAttachVolumeSwap-1298750748 tempest-TestMultiAttachVolumeSwap-1298750748-project-member] Policy check for os_compute_api:servers:show:host_status:unknown-only failed with credentials {'is_admin': False, 'user_id': '96e30bb180394b44b631c28539db4caa', 'user_domain_id': 'default', 'system_scope': None, 'domain_id': None, 'project_id': '1c75440421794afb95a05762ebd0a241', 'project_domain_id': 'default', 'roles': ['member', 'reader'], 'is_admin_project': True, 'service_user_id': None, 'service_user_domain_id': None, 'service_project_id': None, 'service_project_domain_id': None, 'service_roles': []} {{(pid=87504) authorize /opt/stack/nova/nova/policy.py:202}}
Aug 26 03:05:41.212254 np0000008129 devstack@n-api.service[87504]: INFO nova.api.openstack.requestlog [None req-2917e330-4546-42e8-a668-dc89131c45b9 tempest-TestMultiAttachVolumeSwap-1298750748 tempest-TestMultiAttachVolumeSwap-1298750748-project-member] 10.4.3.149 "GET /compute/v2.1/servers/a7d377dc-7ada-4955-ad7f-3d49e0fa3bef" status: 200 len: 1331 microversion: 2.60 time: 0.110209
Aug 26 03:05:41.212684 np0000008129 devstack@n-api.service[87504]: [pid: 87504|app: 0|req: 26/97] 10.4.3.149 () {68 vars in 1395 bytes} [Wed Aug 26 03:05:41 2026] GET /compute/v2.1/servers/a7d377dc-7ada-4955-ad7f-3d49e0fa3bef => generated 1331 bytes in 115 msecs (HTTP/1.1 200) 9 headers in 360 bytes (1 switches on core 0)
Aug 26 03:05:41.447123 np0000008129 devstack@n-api.service[87503]: DEBUG nova.policy [None req-95358ded-c9c8-41ab-9da1-5b6ff97f6a7b tempest-VolumesAssistedSnapshotsTest-1397871169 tempest-VolumesAssistedSnapshotsTest-1397871169-project-member] Policy check for os_compute_api:os-extended-server-attributes failed with credentials {'is_admin': False, 'user_id': '417d3d4cd5cf4c43874edb62174c8b16', 'user_domain_id': 'default', 'system_scope': None, 'domain_id': None, 'project_id': 'b490c10f95564001a20dfd510dcd1107', 'project_domain_id': 'default', 'roles': ['member', 'reader'], 'is_admin_project': True, 'service_user_id': None, 'service_user_domain_id': None, 'service_project_id': None, 'service_project_domain_id': None, 'service_roles': []} {{(pid=87503) authorize /opt/stack/nova/nova/policy.py:202}}
Aug 26 03:05:41.460693 np0000008129 devstack@n-api.service[87503]: INFO nova.api.openstack.requestlog [None req-95358ded-c9c8-41ab-9da1-5b6ff97f6a7b tempest-VolumesAssistedSnapshotsTest-1397871169 tempest-VolumesAssistedSnapshotsTest-1397871169-project-member] 10.4.3.149 "GET /compute/v2.1/servers/1958f58a-80fc-43da-bd77-8e6c33b7c59f" status: 200 len: 1369 microversion: 2.1 time: 0.340820
Aug 26 03:05:41.461167 np0000008129 devstack@n-api.service[87503]: [pid: 87503|app: 0|req: 26/98] 10.4.3.149 () {66 vars in 1354 bytes} [Wed Aug 26 03:05:41 2026] GET /compute/v2.1/servers/1958f58a-80fc-43da-bd77-8e6c33b7c59f => generated 1369 bytes in 342 msecs (HTTP/1.1 200) 9 headers in 358 bytes (2 switches on core 0)
Aug 26 03:05:41.677987 np0000008129 devstack@n-api.service[87505]: DEBUG nova.api.openstack.wsgi [None req-4dea3449-6c2e-488b-8036-10da4143f7e7 tempest-ServerRescueNegativeTestJSON-1231323861 tempest-ServerRescueNegativeTestJSON-1231323861-project-member] Calling method '>' {{(pid=87505) _process_stack /opt/stack/nova/nova/api/openstack/wsgi.py:551}}
Aug 26 03:05:41.680039 np0000008129 devstack@n-api.service[87505]: DEBUG nova.compute.api [None req-4dea3449-6c2e-488b-8036-10da4143f7e7 tempest-ServerRescueNegativeTestJSON-1231323861 tempest-ServerRescueNegativeTestJSON-1231323861-project-member] [instance: e5739bf7-6eea-4f76-8899-4852b71e165a] Fetching instance by UUID {{(pid=87505) get /opt/stack/nova/nova/compute/api.py:3068}}
Aug 26 03:05:41.684301 np0000008129 devstack@n-api.service[87505]: DEBUG oslo_concurrency.lockutils [None req-4dea3449-6c2e-488b-8036-10da4143f7e7 tempest-ServerRescueNegativeTestJSON-1231323861 tempest-ServerRescueNegativeTestJSON-1231323861-project-member] Acquiring lock "85c37d42-94f0-402f-9147-66baad35a11a" by "nova.context.set_target_cell..get_or_set_cached_cell_and_set_connections" {{(pid=87505) inner /opt/stack/data/venv/lib/python3.12/site-packages/oslo_concurrency/lockutils.py:512}}
