Aug 26 03:02:52.895049 np0000008129 nova-conductor[99100]: DEBUG cotyledon.oslo_config_glue [-] vnc.vencrypt_client_cert = None {{(pid=99100) log_opt_values /opt/stack/data/venv/lib/python3.12/site-packages/oslo_config/cfg.py:3560}}
Aug 26 03:02:52.895049 np0000008129 nova-conductor[99100]: DEBUG cotyledon.oslo_config_glue [-] vnc.vencrypt_client_key = None {{(pid=99100) log_opt_values /opt/stack/data/venv/lib/python3.12/site-packages/oslo_config/cfg.py:3560}}
Aug 26 03:02:52.895049 np0000008129 nova-conductor[99100]: DEBUG cotyledon.oslo_config_glue [-] workarounds.disable_compute_service_check_for_ffu = False {{(pid=99100) log_opt_values /opt/stack/data/venv/lib/python3.12/site-packages/oslo_config/cfg.py:3560}}
Aug 26 03:02:52.895049 np0000008129 nova-conductor[99100]: DEBUG cotyledon.oslo_config_glue [-] workarounds.disable_deep_image_inspection = False {{(pid=99100) log_opt_values /opt/stack/data/venv/lib/python3.12/site-packages/oslo_config/cfg.py:3560}}
Aug 26 03:02:52.895272 np0000008129 nova-conductor[99100]: DEBUG cotyledon.oslo_config_glue [-] workarounds.disable_fallback_pcpu_query = False {{(pid=99100) log_opt_values /opt/stack/data/venv/lib/python3.12/site-packages/oslo_config/cfg.py:3560}}
Aug 26 03:02:52.895272 np0000008129 nova-conductor[99100]: DEBUG cotyledon.oslo_config_glue [-] workarounds.disable_group_policy_check_upcall = False {{(pid=99100) log_opt_values /opt/stack/data/venv/lib/python3.12/site-packages/oslo_config/cfg.py:3560}}
Aug 26 03:02:52.895272 np0000008129 nova-conductor[99100]: DEBUG cotyledon.oslo_config_glue [-] workarounds.disable_libvirt_livesnapshot = False {{(pid=99100) log_opt_values /opt/stack/data/venv/lib/python3.12/site-packages/oslo_config/cfg.py:3560}}
Aug 26 03:02:52.895272 np0000008129 nova-conductor[99100]: DEBUG cotyledon.oslo_config_glue [-] workarounds.disable_rootwrap = False {{(pid=99100) log_opt_values /opt/stack/data/venv/lib/python3.12/site-packages/oslo_config/cfg.py:3560}}
Aug 26 03:02:52.895272 np0000008129 nova-conductor[99100]: DEBUG cotyledon.oslo_config_glue [-] workarounds.enable_numa_live_migration = False {{(pid=99100) log_opt_values /opt/stack/data/venv/lib/python3.12/site-packages/oslo_config/cfg.py:3560}}
Aug 26 03:02:52.895272 np0000008129 nova-conductor[99100]: DEBUG cotyledon.oslo_config_glue [-] workarounds.enable_qemu_monitor_announce_self = False {{(pid=99100) log_opt_values /opt/stack/data/venv/lib/python3.12/site-packages/oslo_config/cfg.py:3560}}
Aug 26 03:02:52.895272 np0000008129 nova-conductor[99100]: DEBUG cotyledon.oslo_config_glue [-] workarounds.ensure_libvirt_rbd_instance_dir_cleanup = False {{(pid=99100) log_opt_values /opt/stack/data/venv/lib/python3.12/site-packages/oslo_config/cfg.py:3560}}
Aug 26 03:02:52.895272 np0000008129 nova-conductor[99100]: DEBUG cotyledon.oslo_config_glue [-] workarounds.handle_virt_lifecycle_events = True {{(pid=99100) log_opt_values /opt/stack/data/venv/lib/python3.12/site-packages/oslo_config/cfg.py:3560}}
Aug 26 03:02:52.895272 np0000008129 nova-conductor[99100]: DEBUG cotyledon.oslo_config_glue [-] workarounds.libvirt_disable_apic = False {{(pid=99100) log_opt_values /opt/stack/data/venv/lib/python3.12/site-packages/oslo_config/cfg.py:3560}}
Aug 26 03:02:52.895520 np0000008129 nova-conductor[99100]: DEBUG cotyledon.oslo_config_glue [-] workarounds.never_download_image_if_on_rbd = False {{(pid=99100) log_opt_values /opt/stack/data/venv/lib/python3.12/site-packages/oslo_config/cfg.py:3560}}
Aug 26 03:02:52.895520 np0000008129 nova-conductor[99100]: DEBUG cotyledon.oslo_config_glue [-] workarounds.qemu_monitor_announce_self_count = 3 {{(pid=99100) log_opt_values /opt/stack/data/venv/lib/python3.12/site-packages/oslo_config/cfg.py:3560}}
Aug 26 03:02:52.895520 np0000008129 nova-conductor[99100]: DEBUG cotyledon.oslo_config_glue [-] workarounds.qemu_monitor_announce_self_interval = 1 {{(pid=99100) log_opt_values /opt/stack/data/venv/lib/python3.12/site-packages/oslo_config/cfg.py:3560}}
Aug 26 03:02:52.895520 np0000008129 nova-conductor[99100]: DEBUG cotyledon.oslo_config_glue [-] workarounds.reserve_disk_resource_for_image_cache = False {{(pid=99100) log_opt_values /opt/stack/data/venv/lib/python3.12/site-packages/oslo_config/cfg.py:3560}}
Aug 26 03:02:52.895520 np0000008129 nova-conductor[99100]: DEBUG cotyledon.oslo_config_glue [-] workarounds.skip_cpu_compare_at_startup = False {{(pid=99100) log_opt_values /opt/stack/data/venv/lib/python3.12/site-packages/oslo_config/cfg.py:3560}}
Aug 26 03:02:52.895520 np0000008129 nova-conductor[99100]: DEBUG cotyledon.oslo_config_glue [-] workarounds.skip_cpu_compare_on_dest = False {{(pid=99100) log_opt_values /opt/stack/data/venv/lib/python3.12/site-packages/oslo_config/cfg.py:3560}}
Aug 26 03:02:52.895520 np0000008129 nova-conductor[99100]: DEBUG cotyledon.oslo_config_glue [-] workarounds.skip_hypervisor_version_check_on_lm = False {{(pid=99100) log_opt_values /opt/stack/data/venv/lib/python3.12/site-packages/oslo_config/cfg.py:3560}}
Aug 26 03:02:52.895520 np0000008129 nova-conductor[99100]: DEBUG cotyledon.oslo_config_glue [-] workarounds.skip_reserve_in_use_ironic_nodes = False {{(pid=99100) log_opt_values /opt/stack/data/venv/lib/python3.12/site-packages/oslo_config/cfg.py:3560}}
Aug 26 03:02:52.895520 np0000008129 nova-conductor[99100]: DEBUG cotyledon.oslo_config_glue [-] workarounds.unified_limits_count_pcpu_as_vcpu = False {{(pid=99100) log_opt_values /opt/stack/data/venv/lib/python3.12/site-packages/oslo_config/cfg.py:3560}}
Aug 26 03:02:52.895779 np0000008129 nova-conductor[99100]: DEBUG cotyledon.oslo_config_glue [-] workarounds.wait_for_vif_plugged_event_during_hard_reboot = [] {{(pid=99100) log_opt_values /opt/stack/data/venv/lib/python3.12/site-packages/oslo_config/cfg.py:3560}}
Aug 26 03:02:52.895779 np0000008129 nova-conductor[99100]: DEBUG cotyledon.oslo_config_glue [-] wsgi.api_paste_config = /etc/nova/api-paste.ini {{(pid=99100) log_opt_values /opt/stack/data/venv/lib/python3.12/site-packages/oslo_config/cfg.py:3560}}
Aug 26 03:02:52.895779 np0000008129 nova-conductor[99100]: DEBUG cotyledon.oslo_config_glue [-] wsgi.secure_proxy_ssl_header = None {{(pid=99100) log_opt_values /opt/stack/data/venv/lib/python3.12/site-packages/oslo_config/cfg.py:3560}}
Aug 26 03:02:52.895779 np0000008129 nova-conductor[99100]: DEBUG cotyledon.oslo_config_glue [-] zvm.ca_file = None {{(pid=99100) log_opt_values /opt/stack/data/venv/lib/python3.12/site-packages/oslo_config/cfg.py:3560}}
Aug 26 03:02:52.895779 np0000008129 nova-conductor[99100]: DEBUG cotyledon.oslo_config_glue [-] zvm.cloud_connector_url = None {{(pid=99100) log_opt_values /opt/stack/data/venv/lib/python3.12/site-packages/oslo_config/cfg.py:3560}}
Aug 26 03:02:52.895779 np0000008129 nova-conductor[99100]: DEBUG cotyledon.oslo_config_glue [-] zvm.image_tmp_path = /opt/stack/data/nova/images {{(pid=99100) log_opt_values /opt/stack/data/venv/lib/python3.12/site-packages/oslo_config/cfg.py:3560}}
Aug 26 03:02:52.895779 np0000008129 nova-conductor[99100]: DEBUG cotyledon.oslo_config_glue [-] zvm.reachable_timeout = 300 {{(pid=99100) log_opt_values /opt/stack/data/venv/lib/python3.12/site-packages/oslo_config/cfg.py:3560}}
Aug 26 03:02:52.895779 np0000008129 nova-conductor[99100]: DEBUG cotyledon.oslo_config_glue [-] oslo_versionedobjects.fatal_exception_format_errors = False {{(pid=99100) log_opt_values /opt/stack/data/venv/lib/python3.12/site-packages/oslo_config/cfg.py:3560}}
Aug 26 03:02:52.895779 np0000008129 nova-conductor[99100]: DEBUG cotyledon.oslo_config_glue [-] oslo_middleware.http_basic_auth_user_file = /etc/htpasswd {{(pid=99100) log_opt_values /opt/stack/data/venv/lib/python3.12/site-packages/oslo_config/cfg.py:3560}}
Aug 26 03:02:52.896083 np0000008129 nova-conductor[99100]: DEBUG cotyledon.oslo_config_glue [-] profiler.connection_string = messaging:// {{(pid=99100) log_opt_values /opt/stack/data/venv/lib/python3.12/site-packages/oslo_config/cfg.py:3560}}
Aug 26 03:02:52.896083 np0000008129 nova-conductor[99100]: DEBUG cotyledon.oslo_config_glue [-] profiler.enabled = False {{(pid=99100) log_opt_values /opt/stack/data/venv/lib/python3.12/site-packages/oslo_config/cfg.py:3560}}
Aug 26 03:02:52.896083 np0000008129 nova-conductor[99100]: DEBUG cotyledon.oslo_config_glue [-] profiler.es_doc_type = notification {{(pid=99100) log_opt_values /opt/stack/data/venv/lib/python3.12/site-packages/oslo_config/cfg.py:3560}}
Aug 26 03:02:52.896083 np0000008129 nova-conductor[99100]: DEBUG cotyledon.oslo_config_glue [-] profiler.es_scroll_size = 10000 {{(pid=99100) log_opt_values /opt/stack/data/venv/lib/python3.12/site-packages/oslo_config/cfg.py:3560}}
Aug 26 03:02:52.896083 np0000008129 nova-conductor[99100]: DEBUG cotyledon.oslo_config_glue [-] profiler.es_scroll_time = 2m {{(pid=99100) log_opt_values /opt/stack/data/venv/lib/python3.12/site-packages/oslo_config/cfg.py:3560}}
Aug 26 03:02:52.896083 np0000008129 nova-conductor[99100]: DEBUG cotyledon.oslo_config_glue [-] profiler.filter_error_trace = False {{(pid=99100) log_opt_values /opt/stack/data/venv/lib/python3.12/site-packages/oslo_config/cfg.py:3560}}
Aug 26 03:02:52.896083 np0000008129 nova-conductor[99100]: DEBUG cotyledon.oslo_config_glue [-] profiler.hmac_keys = **** {{(pid=99100) log_opt_values /opt/stack/data/venv/lib/python3.12/site-packages/oslo_config/cfg.py:3560}}
Aug 26 03:02:52.896083 np0000008129 nova-conductor[99100]: DEBUG cotyledon.oslo_config_glue [-] profiler.sentinel_service_name = mymaster {{(pid=99100) log_opt_values /opt/stack/data/venv/lib/python3.12/site-packages/oslo_config/cfg.py:3560}}
Aug 26 03:02:52.896083 np0000008129 nova-conductor[99100]: DEBUG cotyledon.oslo_config_glue [-] profiler.socket_timeout = 0.1 {{(pid=99100) log_opt_values /opt/stack/data/venv/lib/python3.12/site-packages/oslo_config/cfg.py:3560}}
Aug 26 03:02:52.896387 np0000008129 nova-conductor[99100]: DEBUG cotyledon.oslo_config_glue [-] profiler.trace_requests = False {{(pid=99100) log_opt_values /opt/stack/data/venv/lib/python3.12/site-packages/oslo_config/cfg.py:3560}}
Aug 26 03:02:52.896387 np0000008129 nova-conductor[99100]: DEBUG cotyledon.oslo_config_glue [-] profiler.trace_sqlalchemy = False {{(pid=99100) log_opt_values /opt/stack/data/venv/lib/python3.12/site-packages/oslo_config/cfg.py:3560}}
Aug 26 03:02:52.896387 np0000008129 nova-conductor[99100]: DEBUG cotyledon.oslo_config_glue [-] profiler_jaeger.process_tags = {} {{(pid=99100) log_opt_values /opt/stack/data/venv/lib/python3.12/site-packages/oslo_config/cfg.py:3560}}
Aug 26 03:02:52.896387 np0000008129 nova-conductor[99100]: DEBUG cotyledon.oslo_config_glue [-] profiler_jaeger.service_name_prefix = None {{(pid=99100) log_opt_values /opt/stack/data/venv/lib/python3.12/site-packages/oslo_config/cfg.py:3560}}
Aug 26 03:02:52.896387 np0000008129 nova-conductor[99100]: DEBUG cotyledon.oslo_config_glue [-] profiler_otlp.service_name_prefix = None {{(pid=99100) log_opt_values /opt/stack/data/venv/lib/python3.12/site-packages/oslo_config/cfg.py:3560}}
Aug 26 03:02:52.896387 np0000008129 nova-conductor[99100]: DEBUG cotyledon.oslo_config_glue [-] oslo_messaging_rabbit.amqp_auto_delete = False {{(pid=99100) log_opt_values /opt/stack/data/venv/lib/python3.12/site-packages/oslo_config/cfg.py:3560}}
Aug 26 03:02:52.896387 np0000008129 nova-conductor[99100]: DEBUG cotyledon.oslo_config_glue [-] oslo_messaging_rabbit.amqp_durable_queues = False {{(pid=99100) log_opt_values /opt/stack/data/venv/lib/python3.12/site-packages/oslo_config/cfg.py:3560}}
Aug 26 03:02:52.896387 np0000008129 nova-conductor[99100]: DEBUG cotyledon.oslo_config_glue [-] oslo_messaging_rabbit.conn_pool_min_size = 2 {{(pid=99100) log_opt_values /opt/stack/data/venv/lib/python3.12/site-packages/oslo_config/cfg.py:3560}}
Aug 26 03:02:52.896387 np0000008129 nova-conductor[99100]: DEBUG cotyledon.oslo_config_glue [-] oslo_messaging_rabbit.conn_pool_ttl = 1200 {{(pid=99100) log_opt_values /opt/stack/data/venv/lib/python3.12/site-packages/oslo_config/cfg.py:3560}}
Aug 26 03:02:52.896693 np0000008129 nova-conductor[99100]: DEBUG cotyledon.oslo_config_glue [-] oslo_messaging_rabbit.direct_mandatory_flag = True {{(pid=99100) log_opt_values /opt/stack/data/venv/lib/python3.12/site-packages/oslo_config/cfg.py:3560}}
Aug 26 03:02:52.896693 np0000008129 nova-conductor[99100]: DEBUG cotyledon.oslo_config_glue [-] oslo_messaging_rabbit.enable_cancel_on_failover = False {{(pid=99100) log_opt_values /opt/stack/data/venv/lib/python3.12/site-packages/oslo_config/cfg.py:3560}}
Aug 26 03:02:52.896693 np0000008129 nova-conductor[99100]: DEBUG cotyledon.oslo_config_glue [-] oslo_messaging_rabbit.heartbeat_rate = 3 {{(pid=99100) log_opt_values /opt/stack/data/venv/lib/python3.12/site-packages/oslo_config/cfg.py:3560}}
Aug 26 03:02:52.896693 np0000008129 nova-conductor[99100]: DEBUG cotyledon.oslo_config_glue [-] oslo_messaging_rabbit.heartbeat_timeout_threshold = 60 {{(pid=99100) log_opt_values /opt/stack/data/venv/lib/python3.12/site-packages/oslo_config/cfg.py:3560}}
Aug 26 03:02:52.896693 np0000008129 nova-conductor[99100]: DEBUG cotyledon.oslo_config_glue [-] oslo_messaging_rabbit.hostname = np0000008129 {{(pid=99100) log_opt_values /opt/stack/data/venv/lib/python3.12/site-packages/oslo_config/cfg.py:3560}}
Aug 26 03:02:52.896693 np0000008129 nova-conductor[99100]: DEBUG cotyledon.oslo_config_glue [-] oslo_messaging_rabbit.kombu_compression = None {{(pid=99100) log_opt_values /opt/stack/data/venv/lib/python3.12/site-packages/oslo_config/cfg.py:3560}}
Aug 26 03:02:52.896693 np0000008129 nova-conductor[99100]: DEBUG cotyledon.oslo_config_glue [-] oslo_messaging_rabbit.kombu_failover_strategy = round-robin {{(pid=99100) log_opt_values /opt/stack/data/venv/lib/python3.12/site-packages/oslo_config/cfg.py:3560}}
Aug 26 03:02:52.896693 np0000008129 nova-conductor[99100]: DEBUG cotyledon.oslo_config_glue [-] oslo_messaging_rabbit.kombu_missing_consumer_retry_timeout = 60 {{(pid=99100) log_opt_values /opt/stack/data/venv/lib/python3.12/site-packages/oslo_config/cfg.py:3560}}
Aug 26 03:02:52.896693 np0000008129 nova-conductor[99100]: DEBUG cotyledon.oslo_config_glue [-] oslo_messaging_rabbit.kombu_reconnect_delay = 1.0 {{(pid=99100) log_opt_values /opt/stack/data/venv/lib/python3.12/site-packages/oslo_config/cfg.py:3560}}
Aug 26 03:02:52.897012 np0000008129 nova-conductor[99100]: DEBUG cotyledon.oslo_config_glue [-] oslo_messaging_rabbit.kombu_reconnect_splay = 0.0 {{(pid=99100) log_opt_values /opt/stack/data/venv/lib/python3.12/site-packages/oslo_config/cfg.py:3560}}
Aug 26 03:02:52.897012 np0000008129 nova-conductor[99100]: DEBUG cotyledon.oslo_config_glue [-] oslo_messaging_rabbit.processname = nova-conductor {{(pid=99100) log_opt_values /opt/stack/data/venv/lib/python3.12/site-packages/oslo_config/cfg.py:3560}}
Aug 26 03:02:52.897012 np0000008129 nova-conductor[99100]: DEBUG cotyledon.oslo_config_glue [-] oslo_messaging_rabbit.rabbit_ha_queues = False {{(pid=99100) log_opt_values /opt/stack/data/venv/lib/python3.12/site-packages/oslo_config/cfg.py:3560}}
Aug 26 03:02:52.897012 np0000008129 nova-conductor[99100]: DEBUG cotyledon.oslo_config_glue [-] oslo_messaging_rabbit.rabbit_interval_max = 30 {{(pid=99100) log_opt_values /opt/stack/data/venv/lib/python3.12/site-packages/oslo_config/cfg.py:3560}}
Aug 26 03:02:52.897012 np0000008129 nova-conductor[99100]: DEBUG cotyledon.oslo_config_glue [-] oslo_messaging_rabbit.rabbit_login_method = AMQPLAIN {{(pid=99100) log_opt_values /opt/stack/data/venv/lib/python3.12/site-packages/oslo_config/cfg.py:3560}}
Aug 26 03:02:52.897012 np0000008129 nova-conductor[99100]: DEBUG cotyledon.oslo_config_glue [-] oslo_messaging_rabbit.rabbit_qos_prefetch_count = 0 {{(pid=99100) log_opt_values /opt/stack/data/venv/lib/python3.12/site-packages/oslo_config/cfg.py:3560}}
Aug 26 03:02:52.897012 np0000008129 nova-conductor[99100]: DEBUG cotyledon.oslo_config_glue [-] oslo_messaging_rabbit.rabbit_quorum_delivery_limit = 0 {{(pid=99100) log_opt_values /opt/stack/data/venv/lib/python3.12/site-packages/oslo_config/cfg.py:3560}}
Aug 26 03:02:52.897012 np0000008129 nova-conductor[99100]: DEBUG cotyledon.oslo_config_glue [-] oslo_messaging_rabbit.rabbit_quorum_max_memory_bytes = 0 {{(pid=99100) log_opt_values /opt/stack/data/venv/lib/python3.12/site-packages/oslo_config/cfg.py:3560}}
Aug 26 03:02:52.897012 np0000008129 nova-conductor[99100]: DEBUG cotyledon.oslo_config_glue [-] oslo_messaging_rabbit.rabbit_quorum_max_memory_length = 0 {{(pid=99100) log_opt_values /opt/stack/data/venv/lib/python3.12/site-packages/oslo_config/cfg.py:3560}}
Aug 26 03:02:52.897224 np0000008129 nova-conductor[99100]: DEBUG cotyledon.oslo_config_glue [-] oslo_messaging_rabbit.rabbit_quorum_queue = False {{(pid=99100) log_opt_values /opt/stack/data/venv/lib/python3.12/site-packages/oslo_config/cfg.py:3560}}
Aug 26 03:02:52.897224 np0000008129 nova-conductor[99100]: DEBUG cotyledon.oslo_config_glue [-] oslo_messaging_rabbit.rabbit_retry_backoff = 2 {{(pid=99100) log_opt_values /opt/stack/data/venv/lib/python3.12/site-packages/oslo_config/cfg.py:3560}}
Aug 26 03:02:52.897224 np0000008129 nova-conductor[99100]: DEBUG cotyledon.oslo_config_glue [-] oslo_messaging_rabbit.rabbit_retry_interval = 1 {{(pid=99100) log_opt_values /opt/stack/data/venv/lib/python3.12/site-packages/oslo_config/cfg.py:3560}}
Aug 26 03:02:52.897224 np0000008129 nova-conductor[99100]: DEBUG cotyledon.oslo_config_glue [-] oslo_messaging_rabbit.rabbit_stream_fanout = False {{(pid=99100) log_opt_values /opt/stack/data/venv/lib/python3.12/site-packages/oslo_config/cfg.py:3560}}
Aug 26 03:02:52.897224 np0000008129 nova-conductor[99100]: DEBUG cotyledon.oslo_config_glue [-] oslo_messaging_rabbit.rabbit_transient_queues_ttl = 1800 {{(pid=99100) log_opt_values /opt/stack/data/venv/lib/python3.12/site-packages/oslo_config/cfg.py:3560}}
Aug 26 03:02:52.897224 np0000008129 nova-conductor[99100]: DEBUG cotyledon.oslo_config_glue [-] oslo_messaging_rabbit.rabbit_transient_quorum_queue = False {{(pid=99100) log_opt_values /opt/stack/data/venv/lib/python3.12/site-packages/oslo_config/cfg.py:3560}}
Aug 26 03:02:52.897224 np0000008129 nova-conductor[99100]: DEBUG cotyledon.oslo_config_glue [-] oslo_messaging_rabbit.rpc_conn_pool_size = 30 {{(pid=99100) log_opt_values /opt/stack/data/venv/lib/python3.12/site-packages/oslo_config/cfg.py:3560}}
Aug 26 03:02:52.897224 np0000008129 nova-conductor[99100]: DEBUG cotyledon.oslo_config_glue [-] oslo_messaging_rabbit.ssl = False {{(pid=99100) log_opt_values /opt/stack/data/venv/lib/python3.12/site-packages/oslo_config/cfg.py:3560}}
Aug 26 03:02:52.897224 np0000008129 nova-conductor[99100]: DEBUG cotyledon.oslo_config_glue [-] oslo_messaging_rabbit.ssl_ca_file = {{(pid=99100) log_opt_values /opt/stack/data/venv/lib/python3.12/site-packages/oslo_config/cfg.py:3560}}
Aug 26 03:02:52.897407 np0000008129 nova-conductor[99100]: DEBUG cotyledon.oslo_config_glue [-] oslo_messaging_rabbit.ssl_cert_file = {{(pid=99100) log_opt_values /opt/stack/data/venv/lib/python3.12/site-packages/oslo_config/cfg.py:3560}}
Aug 26 03:02:52.897407 np0000008129 nova-conductor[99100]: DEBUG cotyledon.oslo_config_glue [-] oslo_messaging_rabbit.ssl_enforce_fips_mode = False {{(pid=99100) log_opt_values /opt/stack/data/venv/lib/python3.12/site-packages/oslo_config/cfg.py:3560}}
Aug 26 03:02:52.897407 np0000008129 nova-conductor[99100]: DEBUG cotyledon.oslo_config_glue [-] oslo_messaging_rabbit.ssl_enforce_hostname_verification = True {{(pid=99100) log_opt_values /opt/stack/data/venv/lib/python3.12/site-packages/oslo_config/cfg.py:3560}}
Aug 26 03:02:52.897407 np0000008129 nova-conductor[99100]: DEBUG cotyledon.oslo_config_glue [-] oslo_messaging_rabbit.ssl_key_file = {{(pid=99100) log_opt_values /opt/stack/data/venv/lib/python3.12/site-packages/oslo_config/cfg.py:3560}}
Aug 26 03:02:52.897407 np0000008129 nova-conductor[99100]: DEBUG cotyledon.oslo_config_glue [-] oslo_messaging_rabbit.ssl_version = {{(pid=99100) log_opt_values /opt/stack/data/venv/lib/python3.12/site-packages/oslo_config/cfg.py:3560}}
Aug 26 03:02:52.897407 np0000008129 nova-conductor[99100]: DEBUG cotyledon.oslo_config_glue [-] oslo_messaging_rabbit.use_queue_manager = False {{(pid=99100) log_opt_values /opt/stack/data/venv/lib/python3.12/site-packages/oslo_config/cfg.py:3560}}
Aug 26 03:02:52.897407 np0000008129 nova-conductor[99100]: DEBUG cotyledon.oslo_config_glue [-] oslo_messaging_notifications.driver = ['messagingv2'] {{(pid=99100) log_opt_values /opt/stack/data/venv/lib/python3.12/site-packages/oslo_config/cfg.py:3560}}
Aug 26 03:02:52.897407 np0000008129 nova-conductor[99100]: DEBUG cotyledon.oslo_config_glue [-] oslo_messaging_notifications.retry = -1 {{(pid=99100) log_opt_values /opt/stack/data/venv/lib/python3.12/site-packages/oslo_config/cfg.py:3560}}
Aug 26 03:02:52.897407 np0000008129 nova-conductor[99100]: DEBUG cotyledon.oslo_config_glue [-] oslo_messaging_notifications.topics = ['notifications'] {{(pid=99100) log_opt_values /opt/stack/data/venv/lib/python3.12/site-packages/oslo_config/cfg.py:3560}}
Aug 26 03:02:52.897583 np0000008129 nova-conductor[99094]: INFO dbcounter [None req-90ef1c7d-36ca-4caf-b745-b136eb00ce96 None None] Registered counter for database nova_cell0
Aug 26 03:02:52.897621 np0000008129 nova-conductor[99100]: DEBUG cotyledon.oslo_config_glue [-] oslo_messaging_notifications.transport_url = **** {{(pid=99100) log_opt_values /opt/stack/data/venv/lib/python3.12/site-packages/oslo_config/cfg.py:3560}}
Aug 26 03:02:52.897621 np0000008129 nova-conductor[99100]: DEBUG cotyledon.oslo_config_glue [-] oslo_limit.auth_section = None {{(pid=99100) log_opt_values /opt/stack/data/venv/lib/python3.12/site-packages/oslo_config/cfg.py:3560}}
Aug 26 03:02:52.897621 np0000008129 nova-conductor[99100]: DEBUG cotyledon.oslo_config_glue [-] oslo_limit.auth_type = None {{(pid=99100) log_opt_values /opt/stack/data/venv/lib/python3.12/site-packages/oslo_config/cfg.py:3560}}
Aug 26 03:02:52.897621 np0000008129 nova-conductor[99100]: DEBUG cotyledon.oslo_config_glue [-] oslo_limit.cafile = None {{(pid=99100) log_opt_values /opt/stack/data/venv/lib/python3.12/site-packages/oslo_config/cfg.py:3560}}
Aug 26 03:02:52.897621 np0000008129 nova-conductor[99100]: DEBUG cotyledon.oslo_config_glue [-] oslo_limit.certfile = None {{(pid=99100) log_opt_values /opt/stack/data/venv/lib/python3.12/site-packages/oslo_config/cfg.py:3560}}
Aug 26 03:02:52.897621 np0000008129 nova-conductor[99100]: DEBUG cotyledon.oslo_config_glue [-] oslo_limit.collect_timing = False {{(pid=99100) log_opt_values /opt/stack/data/venv/lib/python3.12/site-packages/oslo_config/cfg.py:3560}}
Aug 26 03:02:52.897621 np0000008129 nova-conductor[99100]: DEBUG cotyledon.oslo_config_glue [-] oslo_limit.connect_retries = None {{(pid=99100) log_opt_values /opt/stack/data/venv/lib/python3.12/site-packages/oslo_config/cfg.py:3560}}
Aug 26 03:02:52.897621 np0000008129 nova-conductor[99100]: DEBUG cotyledon.oslo_config_glue [-] oslo_limit.connect_retry_delay = None {{(pid=99100) log_opt_values /opt/stack/data/venv/lib/python3.12/site-packages/oslo_config/cfg.py:3560}}
Aug 26 03:02:52.897621 np0000008129 nova-conductor[99100]: DEBUG cotyledon.oslo_config_glue [-] oslo_limit.endpoint_id = None {{(pid=99100) log_opt_values /opt/stack/data/venv/lib/python3.12/site-packages/oslo_config/cfg.py:3560}}
Aug 26 03:02:52.897802 np0000008129 nova-conductor[99100]: DEBUG cotyledon.oslo_config_glue [-] oslo_limit.endpoint_interface = public {{(pid=99100) log_opt_values /opt/stack/data/venv/lib/python3.12/site-packages/oslo_config/cfg.py:3560}}
Aug 26 03:02:52.897802 np0000008129 nova-conductor[99100]: DEBUG cotyledon.oslo_config_glue [-] oslo_limit.endpoint_override = None {{(pid=99100) log_opt_values /opt/stack/data/venv/lib/python3.12/site-packages/oslo_config/cfg.py:3560}}
Aug 26 03:02:52.897802 np0000008129 nova-conductor[99100]: DEBUG cotyledon.oslo_config_glue [-] oslo_limit.endpoint_region_name = None {{(pid=99100) log_opt_values /opt/stack/data/venv/lib/python3.12/site-packages/oslo_config/cfg.py:3560}}
Aug 26 03:02:52.897802 np0000008129 nova-conductor[99100]: DEBUG cotyledon.oslo_config_glue [-] oslo_limit.endpoint_service_name = None {{(pid=99100) log_opt_values /opt/stack/data/venv/lib/python3.12/site-packages/oslo_config/cfg.py:3560}}
Aug 26 03:02:52.897802 np0000008129 nova-conductor[99100]: DEBUG cotyledon.oslo_config_glue [-] oslo_limit.endpoint_service_type = None {{(pid=99100) log_opt_values /opt/stack/data/venv/lib/python3.12/site-packages/oslo_config/cfg.py:3560}}
Aug 26 03:02:52.897802 np0000008129 nova-conductor[99100]: DEBUG cotyledon.oslo_config_glue [-] oslo_limit.insecure = False {{(pid=99100) log_opt_values /opt/stack/data/venv/lib/python3.12/site-packages/oslo_config/cfg.py:3560}}
Aug 26 03:02:52.897802 np0000008129 nova-conductor[99100]: DEBUG cotyledon.oslo_config_glue [-] oslo_limit.keyfile = None {{(pid=99100) log_opt_values /opt/stack/data/venv/lib/python3.12/site-packages/oslo_config/cfg.py:3560}}
Aug 26 03:02:52.897802 np0000008129 nova-conductor[99100]: DEBUG cotyledon.oslo_config_glue [-] oslo_limit.max_version = None {{(pid=99100) log_opt_values /opt/stack/data/venv/lib/python3.12/site-packages/oslo_config/cfg.py:3560}}
Aug 26 03:02:52.897802 np0000008129 nova-conductor[99100]: DEBUG cotyledon.oslo_config_glue [-] oslo_limit.min_version = None {{(pid=99100) log_opt_values /opt/stack/data/venv/lib/python3.12/site-packages/oslo_config/cfg.py:3560}}
Aug 26 03:02:52.898027 np0000008129 nova-conductor[99100]: DEBUG cotyledon.oslo_config_glue [-] oslo_limit.region_name = None {{(pid=99100) log_opt_values /opt/stack/data/venv/lib/python3.12/site-packages/oslo_config/cfg.py:3560}}
Aug 26 03:02:52.898027 np0000008129 nova-conductor[99100]: DEBUG cotyledon.oslo_config_glue [-] oslo_limit.retriable_status_codes = None {{(pid=99100) log_opt_values /opt/stack/data/venv/lib/python3.12/site-packages/oslo_config/cfg.py:3560}}
Aug 26 03:02:52.898027 np0000008129 nova-conductor[99100]: DEBUG cotyledon.oslo_config_glue [-] oslo_limit.service_name = None {{(pid=99100) log_opt_values /opt/stack/data/venv/lib/python3.12/site-packages/oslo_config/cfg.py:3560}}
Aug 26 03:02:52.898027 np0000008129 nova-conductor[99100]: DEBUG cotyledon.oslo_config_glue [-] oslo_limit.service_type = None {{(pid=99100) log_opt_values /opt/stack/data/venv/lib/python3.12/site-packages/oslo_config/cfg.py:3560}}
Aug 26 03:02:52.898027 np0000008129 nova-conductor[99100]: DEBUG cotyledon.oslo_config_glue [-] oslo_limit.split_loggers = False {{(pid=99100) log_opt_values /opt/stack/data/venv/lib/python3.12/site-packages/oslo_config/cfg.py:3560}}
Aug 26 03:02:52.898027 np0000008129 nova-conductor[99100]: DEBUG cotyledon.oslo_config_glue [-] oslo_limit.status_code_retries = None {{(pid=99100) log_opt_values /opt/stack/data/venv/lib/python3.12/site-packages/oslo_config/cfg.py:3560}}
Aug 26 03:02:52.898027 np0000008129 nova-conductor[99100]: DEBUG cotyledon.oslo_config_glue [-] oslo_limit.status_code_retry_delay = None {{(pid=99100) log_opt_values /opt/stack/data/venv/lib/python3.12/site-packages/oslo_config/cfg.py:3560}}
Aug 26 03:02:52.898027 np0000008129 nova-conductor[99100]: DEBUG cotyledon.oslo_config_glue [-] oslo_limit.timeout = None {{(pid=99100) log_opt_values /opt/stack/data/venv/lib/python3.12/site-packages/oslo_config/cfg.py:3560}}
Aug 26 03:02:52.898027 np0000008129 nova-conductor[99100]: DEBUG cotyledon.oslo_config_glue [-] oslo_limit.valid_interfaces = None {{(pid=99100) log_opt_values /opt/stack/data/venv/lib/python3.12/site-packages/oslo_config/cfg.py:3560}}
Aug 26 03:02:52.898244 np0000008129 nova-conductor[99100]: DEBUG cotyledon.oslo_config_glue [-] oslo_limit.version = None {{(pid=99100) log_opt_values /opt/stack/data/venv/lib/python3.12/site-packages/oslo_config/cfg.py:3560}}
Aug 26 03:02:52.898244 np0000008129 nova-conductor[99100]: DEBUG cotyledon.oslo_config_glue [-] oslo_reports.file_event_handler = None {{(pid=99100) log_opt_values /opt/stack/data/venv/lib/python3.12/site-packages/oslo_config/cfg.py:3560}}
Aug 26 03:02:52.898244 np0000008129 nova-conductor[99100]: DEBUG cotyledon.oslo_config_glue [-] oslo_reports.file_event_handler_interval = 1 {{(pid=99100) log_opt_values /opt/stack/data/venv/lib/python3.12/site-packages/oslo_config/cfg.py:3560}}
Aug 26 03:02:52.898244 np0000008129 nova-conductor[99100]: DEBUG cotyledon.oslo_config_glue [-] oslo_reports.log_dir = None {{(pid=99100) log_opt_values /opt/stack/data/venv/lib/python3.12/site-packages/oslo_config/cfg.py:3560}}
Aug 26 03:02:52.898244 np0000008129 nova-conductor[99100]: DEBUG cotyledon.oslo_config_glue [-] ******************************************************************************** {{(pid=99100) log_opt_values /opt/stack/data/venv/lib/python3.12/site-packages/oslo_config/cfg.py:3567}}
Aug 26 03:02:52.898244 np0000008129 nova-conductor[99100]: DEBUG cotyledon._service_worker [-] Run service ServiceWrapper(3) [99100] {{(pid=99100) wait_forever /opt/stack/data/venv/lib/python3.12/site-packages/cotyledon/_service_worker.py:218}}
Aug 26 03:02:52.898244 np0000008129 nova-conductor[99100]: INFO nova.service [-] Starting conductor node (version 33.1.0)
Aug 26 03:02:52.898244 np0000008129 nova-conductor[99100]: INFO dbcounter [None req-9beb413a-693a-4bc4-90bf-3159eaaae271 None None] Registered counter for database nova_cell0
Aug 26 03:02:52.898402 np0000008129 nova-conductor[99082]: DEBUG oslo_db.sqlalchemy.engines [None req-d3f2825c-5e3a-436b-b127-aa5eb10a9099 None None] MySQL server mode set to STRICT_TRANS_TABLES,STRICT_ALL_TABLES,NO_ZERO_IN_DATE,NO_ZERO_DATE,ERROR_FOR_DIVISION_BY_ZERO,TRADITIONAL,NO_ENGINE_SUBSTITUTION {{(pid=99082) _check_effective_sql_mode /opt/stack/data/venv/lib/python3.12/site-packages/oslo_db/sqlalchemy/engines.py:325}}
Aug 26 03:02:52.910529 np0000008129 nova-conductor[99082]: DEBUG dbcounter [-] [99082] Writer thread running {{(pid=99082) stat_writer /opt/stack/data/venv/lib/python3.12/site-packages/dbcounter.py:102}}
Aug 26 03:02:52.913464 np0000008129 nova-conductor[99094]: DEBUG oslo_db.sqlalchemy.engines [None req-90ef1c7d-36ca-4caf-b745-b136eb00ce96 None None] MySQL server mode set to STRICT_TRANS_TABLES,STRICT_ALL_TABLES,NO_ZERO_IN_DATE,NO_ZERO_DATE,ERROR_FOR_DIVISION_BY_ZERO,TRADITIONAL,NO_ENGINE_SUBSTITUTION {{(pid=99094) _check_effective_sql_mode /opt/stack/data/venv/lib/python3.12/site-packages/oslo_db/sqlalchemy/engines.py:325}}
Aug 26 03:02:52.916778 np0000008129 nova-conductor[99088]: DEBUG oslo_db.sqlalchemy.engines [None req-c1db4f64-f41b-40cc-8f35-fdd252f242c1 None None] MySQL server mode set to STRICT_TRANS_TABLES,STRICT_ALL_TABLES,NO_ZERO_IN_DATE,NO_ZERO_DATE,ERROR_FOR_DIVISION_BY_ZERO,TRADITIONAL,NO_ENGINE_SUBSTITUTION {{(pid=99088) _check_effective_sql_mode /opt/stack/data/venv/lib/python3.12/site-packages/oslo_db/sqlalchemy/engines.py:325}}
Aug 26 03:02:52.921409 np0000008129 nova-conductor[99100]: DEBUG oslo_db.sqlalchemy.engines [None req-9beb413a-693a-4bc4-90bf-3159eaaae271 None None] MySQL server mode set to STRICT_TRANS_TABLES,STRICT_ALL_TABLES,NO_ZERO_IN_DATE,NO_ZERO_DATE,ERROR_FOR_DIVISION_BY_ZERO,TRADITIONAL,NO_ENGINE_SUBSTITUTION {{(pid=99100) _check_effective_sql_mode /opt/stack/data/venv/lib/python3.12/site-packages/oslo_db/sqlalchemy/engines.py:325}}
Aug 26 03:02:52.923619 np0000008129 nova-conductor[99094]: DEBUG dbcounter [-] [99094] Writer thread running {{(pid=99094) stat_writer /opt/stack/data/venv/lib/python3.12/site-packages/dbcounter.py:102}}
Aug 26 03:02:52.927121 np0000008129 nova-conductor[99088]: DEBUG dbcounter [-] [99088] Writer thread running {{(pid=99088) stat_writer /opt/stack/data/venv/lib/python3.12/site-packages/dbcounter.py:102}}
Aug 26 03:02:52.928150 np0000008129 nova-conductor[99082]: DEBUG nova.service [None req-d3f2825c-5e3a-436b-b127-aa5eb10a9099 None None] Creating RPC server for service: nova-conductor on topic: conductor {{(pid=99082) start /opt/stack/nova/nova/service.py:262}}
Aug 26 03:02:52.929563 np0000008129 nova-conductor[99088]: DEBUG nova.service [None req-c1db4f64-f41b-40cc-8f35-fdd252f242c1 None None] Creating RPC server for service: nova-conductor on topic: conductor {{(pid=99088) start /opt/stack/nova/nova/service.py:262}}
Aug 26 03:02:52.933094 np0000008129 nova-conductor[99100]: DEBUG dbcounter [-] [99100] Writer thread running {{(pid=99100) stat_writer /opt/stack/data/venv/lib/python3.12/site-packages/dbcounter.py:102}}
Aug 26 03:02:52.936053 np0000008129 nova-conductor[99100]: DEBUG nova.service [None req-9beb413a-693a-4bc4-90bf-3159eaaae271 None None] Creating RPC server for service: nova-conductor on topic: conductor {{(pid=99100) start /opt/stack/nova/nova/service.py:262}}
Aug 26 03:02:52.939947 np0000008129 nova-conductor[99094]: DEBUG nova.service [None req-90ef1c7d-36ca-4caf-b745-b136eb00ce96 None None] Creating RPC server for service: nova-conductor on topic: conductor {{(pid=99094) start /opt/stack/nova/nova/service.py:262}}
Aug 26 03:02:52.951865 np0000008129 nova-conductor[99082]: DEBUG nova.service [None req-d3f2825c-5e3a-436b-b127-aa5eb10a9099 None None] Join ServiceGroup membership for this service conductor {{(pid=99082) start /opt/stack/nova/nova/service.py:288}}
Aug 26 03:02:52.952178 np0000008129 nova-conductor[99082]: DEBUG nova.servicegroup.drivers.db [None req-d3f2825c-5e3a-436b-b127-aa5eb10a9099 None None] DB_Driver: join new ServiceGroup member np0000008129 to the conductor group, service = {{(pid=99082) join /opt/stack/nova/nova/servicegroup/drivers/db.py:44}}
Aug 26 03:02:52.955009 np0000008129 nova-conductor[99088]: DEBUG nova.service [None req-c1db4f64-f41b-40cc-8f35-fdd252f242c1 None None] Join ServiceGroup membership for this service conductor {{(pid=99088) start /opt/stack/nova/nova/service.py:288}}
Aug 26 03:02:52.955220 np0000008129 nova-conductor[99088]: DEBUG nova.servicegroup.drivers.db [None req-c1db4f64-f41b-40cc-8f35-fdd252f242c1 None None] DB_Driver: join new ServiceGroup member np0000008129 to the conductor group, service = {{(pid=99088) join /opt/stack/nova/nova/servicegroup/drivers/db.py:44}}
Aug 26 03:02:52.956438 np0000008129 nova-conductor[99100]: DEBUG nova.service [None req-9beb413a-693a-4bc4-90bf-3159eaaae271 None None] Join ServiceGroup membership for this service conductor {{(pid=99100) start /opt/stack/nova/nova/service.py:288}}
Aug 26 03:02:52.956691 np0000008129 nova-conductor[99100]: DEBUG nova.servicegroup.drivers.db [None req-9beb413a-693a-4bc4-90bf-3159eaaae271 None None] DB_Driver: join new ServiceGroup member np0000008129 to the conductor group, service = {{(pid=99100) join /opt/stack/nova/nova/servicegroup/drivers/db.py:44}}
Aug 26 03:02:52.957404 np0000008129 nova-conductor[99094]: DEBUG nova.service [None req-90ef1c7d-36ca-4caf-b745-b136eb00ce96 None None] Join ServiceGroup membership for this service conductor {{(pid=99094) start /opt/stack/nova/nova/service.py:288}}
Aug 26 03:02:52.957576 np0000008129 nova-conductor[99094]: DEBUG nova.servicegroup.drivers.db [None req-90ef1c7d-36ca-4caf-b745-b136eb00ce96 None None] DB_Driver: join new ServiceGroup member np0000008129 to the conductor group, service = {{(pid=99094) join /opt/stack/nova/nova/servicegroup/drivers/db.py:44}}
Aug 26 03:02:56.959308 np0000008129 nova-conductor[99094]: DEBUG oslo.service.backend._threading.loopingcall [None req-63695d64-af15-4c5c-916d-5c69f018bdf0 None None] Dynamic interval looping call 'nova.service.Service.periodic_tasks' sleeping for 60.00 seconds {{(pid=99094) _run_loop /opt/stack/data/venv/lib/python3.12/site-packages/oslo_service/backend/_threading/loopingcall.py:125}}
Aug 26 03:02:57.976203 np0000008129 nova-conductor[99094]: DEBUG oslo.service.backend._threading.loopingcall [-] Fixed interval looping call 'nova.servicegroup.drivers.db.DbDriver._report_state' sleeping for 119.98 seconds {{(pid=99094) _run_loop /opt/stack/data/venv/lib/python3.12/site-packages/oslo_service/backend/_threading/loopingcall.py:125}}
Aug 26 03:02:57.976799 np0000008129 nova-conductor[99082]: DEBUG oslo.service.backend._threading.loopingcall [-] Fixed interval looping call 'nova.servicegroup.drivers.db.DbDriver._report_state' sleeping for 119.98 seconds {{(pid=99082) _run_loop /opt/stack/data/venv/lib/python3.12/site-packages/oslo_service/backend/_threading/loopingcall.py:125}}
Aug 26 03:02:57.978160 np0000008129 nova-conductor[99088]: DEBUG oslo.service.backend._threading.loopingcall [-] Fixed interval looping call 'nova.servicegroup.drivers.db.DbDriver._report_state' sleeping for 119.98 seconds {{(pid=99088) _run_loop /opt/stack/data/venv/lib/python3.12/site-packages/oslo_service/backend/_threading/loopingcall.py:125}}
Aug 26 03:02:57.981940 np0000008129 nova-conductor[99100]: DEBUG oslo.service.backend._threading.loopingcall [-] Fixed interval looping call 'nova.servicegroup.drivers.db.DbDriver._report_state' sleeping for 119.98 seconds {{(pid=99100) _run_loop /opt/stack/data/venv/lib/python3.12/site-packages/oslo_service/backend/_threading/loopingcall.py:125}}
Aug 26 03:03:01.534569 np0000008129 nova-conductor[97586]: DEBUG dbcounter [-] [97586] Writing DB stats nova_api:SELECT=1 {{(pid=97586) stat_writer /opt/stack/data/venv/lib/python3.12/site-packages/dbcounter.py:115}}
Aug 26 03:03:01.654451 np0000008129 nova-conductor[97586]: DEBUG dbcounter [-] [97586] Writing DB stats nova_cell0:SELECT=1 {{(pid=97586) stat_writer /opt/stack/data/venv/lib/python3.12/site-packages/dbcounter.py:115}}
Aug 26 03:03:01.659614 np0000008129 nova-conductor[97586]: DEBUG dbcounter [-] [97586] Writing DB stats nova_cell1:SELECT=1 {{(pid=97586) stat_writer /opt/stack/data/venv/lib/python3.12/site-packages/dbcounter.py:115}}
Aug 26 03:03:07.966791 np0000008129 nova-conductor[99094]: DEBUG dbcounter [-] [99094] Writing DB stats nova_cell0:SELECT=4,nova_cell0:INSERT=1,nova_cell0:UPDATE=1 {{(pid=99094) stat_writer /opt/stack/data/venv/lib/python3.12/site-packages/dbcounter.py:115}}
Aug 26 03:03:07.969562 np0000008129 nova-conductor[99082]: DEBUG dbcounter [-] [99082] Writing DB stats nova_cell0:SELECT=4,nova_cell0:INSERT=1,nova_cell0:UPDATE=1 {{(pid=99082) stat_writer /opt/stack/data/venv/lib/python3.12/site-packages/dbcounter.py:115}}
Aug 26 03:03:07.969848 np0000008129 nova-conductor[99088]: DEBUG dbcounter [-] [99088] Writing DB stats nova_cell0:SELECT=3,nova_cell0:UPDATE=1 {{(pid=99088) stat_writer /opt/stack/data/venv/lib/python3.12/site-packages/dbcounter.py:115}}
Aug 26 03:03:07.970070 np0000008129 nova-conductor[99100]: DEBUG dbcounter [-] [99100] Writing DB stats nova_cell0:SELECT=3,nova_cell0:UPDATE=1 {{(pid=99100) stat_writer /opt/stack/data/venv/lib/python3.12/site-packages/dbcounter.py:115}}
Aug 26 03:03:19.957452 np0000008129 nova-conductor[99088]: DEBUG oslo.service.backend._threading.loopingcall [None req-16a0a5fc-e530-45dd-b674-9270c2e9fbec None None] Dynamic interval looping call 'nova.service.Service.periodic_tasks' sleeping for 60.00 seconds {{(pid=99088) _run_loop /opt/stack/data/venv/lib/python3.12/site-packages/oslo_service/backend/_threading/loopingcall.py:125}}
Aug 26 03:03:43.958606 np0000008129 nova-conductor[99100]: DEBUG oslo.service.backend._threading.loopingcall [None req-89c62cb2-c9b1-4683-bc5b-f3748aff61ba None None] Dynamic interval looping call 'nova.service.Service.periodic_tasks' sleeping for 60.00 seconds {{(pid=99100) _run_loop /opt/stack/data/venv/lib/python3.12/site-packages/oslo_service/backend/_threading/loopingcall.py:125}}
Aug 26 03:03:47.954658 np0000008129 nova-conductor[99082]: DEBUG oslo.service.backend._threading.loopingcall [None req-78c1c7a2-02c9-486f-80f6-c4772285e797 None None] Dynamic interval looping call 'nova.service.Service.periodic_tasks' sleeping for 60.00 seconds {{(pid=99082) _run_loop /opt/stack/data/venv/lib/python3.12/site-packages/oslo_service/backend/_threading/loopingcall.py:125}}
Aug 26 03:03:56.959754 np0000008129 nova-conductor[99094]: DEBUG oslo.service.backend._threading.loopingcall [None req-63695d64-af15-4c5c-916d-5c69f018bdf0 None None] Dynamic interval looping call 'nova.service.Service.periodic_tasks' sleeping for 60.00 seconds {{(pid=99094) _run_loop /opt/stack/data/venv/lib/python3.12/site-packages/oslo_service/backend/_threading/loopingcall.py:125}}
Aug 26 03:04:19.958000 np0000008129 nova-conductor[99088]: DEBUG oslo.service.backend._threading.loopingcall [None req-16a0a5fc-e530-45dd-b674-9270c2e9fbec None None] Dynamic interval looping call 'nova.service.Service.periodic_tasks' sleeping for 60.00 seconds {{(pid=99088) _run_loop /opt/stack/data/venv/lib/python3.12/site-packages/oslo_service/backend/_threading/loopingcall.py:125}}
Aug 26 03:04:43.959156 np0000008129 nova-conductor[99100]: DEBUG oslo.service.backend._threading.loopingcall [None req-89c62cb2-c9b1-4683-bc5b-f3748aff61ba None None] Dynamic interval looping call 'nova.service.Service.periodic_tasks' sleeping for 60.00 seconds {{(pid=99100) _run_loop /opt/stack/data/venv/lib/python3.12/site-packages/oslo_service/backend/_threading/loopingcall.py:125}}
Aug 26 03:04:47.955279 np0000008129 nova-conductor[99082]: DEBUG oslo.service.backend._threading.loopingcall [None req-78c1c7a2-02c9-486f-80f6-c4772285e797 None None] Dynamic interval looping call 'nova.service.Service.periodic_tasks' sleeping for 60.00 seconds {{(pid=99082) _run_loop /opt/stack/data/venv/lib/python3.12/site-packages/oslo_service/backend/_threading/loopingcall.py:125}}
Aug 26 03:04:56.960384 np0000008129 nova-conductor[99094]: DEBUG oslo.service.backend._threading.loopingcall [None req-63695d64-af15-4c5c-916d-5c69f018bdf0 None None] Dynamic interval looping call 'nova.service.Service.periodic_tasks' sleeping for 60.00 seconds {{(pid=99094) _run_loop /opt/stack/data/venv/lib/python3.12/site-packages/oslo_service/backend/_threading/loopingcall.py:125}}
Aug 26 03:04:57.968469 np0000008129 nova-conductor[99082]: DEBUG oslo.service.backend._threading.loopingcall [-] Fixed interval looping call 'nova.servicegroup.drivers.db.DbDriver._report_state' sleeping for 119.99 seconds {{(pid=99082) _run_loop /opt/stack/data/venv/lib/python3.12/site-packages/oslo_service/backend/_threading/loopingcall.py:125}}
Aug 26 03:04:57.969073 np0000008129 nova-conductor[99088]: DEBUG oslo.service.backend._threading.loopingcall [-] Fixed interval looping call 'nova.servicegroup.drivers.db.DbDriver._report_state' sleeping for 119.99 seconds {{(pid=99088) _run_loop /opt/stack/data/venv/lib/python3.12/site-packages/oslo_service/backend/_threading/loopingcall.py:125}}
Aug 26 03:04:57.971352 np0000008129 nova-conductor[99100]: DEBUG oslo.service.backend._threading.loopingcall [-] Fixed interval looping call 'nova.servicegroup.drivers.db.DbDriver._report_state' sleeping for 119.99 seconds {{(pid=99100) _run_loop /opt/stack/data/venv/lib/python3.12/site-packages/oslo_service/backend/_threading/loopingcall.py:125}}
Aug 26 03:04:57.971922 np0000008129 nova-conductor[99094]: DEBUG oslo.service.backend._threading.loopingcall [-] Fixed interval looping call 'nova.servicegroup.drivers.db.DbDriver._report_state' sleeping for 119.99 seconds {{(pid=99094) _run_loop /opt/stack/data/venv/lib/python3.12/site-packages/oslo_service/backend/_threading/loopingcall.py:125}}
Aug 26 03:05:07.962996 np0000008129 nova-conductor[99082]: DEBUG dbcounter [-] [99082] Writing DB stats nova_cell0:SELECT=1,nova_cell0:UPDATE=1 {{(pid=99082) stat_writer /opt/stack/data/venv/lib/python3.12/site-packages/dbcounter.py:115}}
Aug 26 03:05:07.963468 np0000008129 nova-conductor[99088]: DEBUG dbcounter [-] [99088] Writing DB stats nova_cell0:SELECT=1,nova_cell0:UPDATE=1 {{(pid=99088) stat_writer /opt/stack/data/venv/lib/python3.12/site-packages/dbcounter.py:115}}
Aug 26 03:05:07.963856 np0000008129 nova-conductor[99094]: DEBUG dbcounter [-] [99094] Writing DB stats nova_cell0:SELECT=1,nova_cell0:UPDATE=1 {{(pid=99094) stat_writer /opt/stack/data/venv/lib/python3.12/site-packages/dbcounter.py:115}}
Aug 26 03:05:07.970699 np0000008129 nova-conductor[99100]: DEBUG dbcounter [-] [99100] Writing DB stats nova_cell0:SELECT=1,nova_cell0:UPDATE=1 {{(pid=99100) stat_writer /opt/stack/data/venv/lib/python3.12/site-packages/dbcounter.py:115}}
Aug 26 03:05:10.057889 np0000008129 nova-conductor[99082]: DEBUG oslo_db.sqlalchemy.engines [None req-8f62e8e3-53d5-48ec-9284-60176306a4a6 tempest-ServerRescueNegativeTestJSON-1231323861 tempest-ServerRescueNegativeTestJSON-1231323861-project-member] Parent process 97586 forked (99082) with an open database connection, which is being discarded and recreated. {{(pid=99082) checkout /opt/stack/data/venv/lib/python3.12/site-packages/oslo_db/sqlalchemy/engines.py:402}}
Aug 26 03:05:10.110092 np0000008129 nova-conductor[99082]: DEBUG dbcounter [-] [99082] Writer thread running {{(pid=99082) stat_writer /opt/stack/data/venv/lib/python3.12/site-packages/dbcounter.py:102}}
Aug 26 03:05:11.303414 np0000008129 nova-conductor[99082]: DEBUG nova.conductor.manager [None req-8f62e8e3-53d5-48ec-9284-60176306a4a6 tempest-ServerRescueNegativeTestJSON-1231323861 tempest-ServerRescueNegativeTestJSON-1231323861-project-member] Took 1.19 seconds to select destinations for 1 instance(s). {{(pid=99082) _schedule_instances /opt/stack/nova/nova/conductor/manager.py:957}}
Aug 26 03:05:11.343465 np0000008129 nova-conductor[99082]: DEBUG oslo_concurrency.lockutils [None req-8f62e8e3-53d5-48ec-9284-60176306a4a6 tempest-ServerRescueNegativeTestJSON-1231323861 tempest-ServerRescueNegativeTestJSON-1231323861-project-member] Acquiring lock "85c37d42-94f0-402f-9147-66baad35a11a" by "nova.context.set_target_cell..get_or_set_cached_cell_and_set_connections" {{(pid=99082) inner /opt/stack/data/venv/lib/python3.12/site-packages/oslo_concurrency/lockutils.py:512}}
Aug 26 03:05:11.343786 np0000008129 nova-conductor[99082]: DEBUG oslo_concurrency.lockutils [None req-8f62e8e3-53d5-48ec-9284-60176306a4a6 tempest-ServerRescueNegativeTestJSON-1231323861 tempest-ServerRescueNegativeTestJSON-1231323861-project-member] Lock "85c37d42-94f0-402f-9147-66baad35a11a" acquired by "nova.context.set_target_cell..get_or_set_cached_cell_and_set_connections" :: waited 0.001s {{(pid=99082) inner /opt/stack/data/venv/lib/python3.12/site-packages/oslo_concurrency/lockutils.py:525}}
Aug 26 03:05:11.345808 np0000008129 nova-conductor[99082]: DEBUG oslo_concurrency.lockutils [None req-8f62e8e3-53d5-48ec-9284-60176306a4a6 tempest-ServerRescueNegativeTestJSON-1231323861 tempest-ServerRescueNegativeTestJSON-1231323861-project-member] Lock "85c37d42-94f0-402f-9147-66baad35a11a" "released" by "nova.context.set_target_cell..get_or_set_cached_cell_and_set_connections" :: held 0.002s {{(pid=99082) inner /opt/stack/data/venv/lib/python3.12/site-packages/oslo_concurrency/lockutils.py:544}}
Aug 26 03:05:11.348046 np0000008129 nova-conductor[99082]: INFO dbcounter [None req-8f62e8e3-53d5-48ec-9284-60176306a4a6 tempest-ServerRescueNegativeTestJSON-1231323861 tempest-ServerRescueNegativeTestJSON-1231323861-project-member] Registered counter for database nova_cell1
Aug 26 03:05:11.410414 np0000008129 nova-conductor[99082]: DEBUG oslo_db.sqlalchemy.engines [None req-8f62e8e3-53d5-48ec-9284-60176306a4a6 tempest-ServerRescueNegativeTestJSON-1231323861 tempest-ServerRescueNegativeTestJSON-1231323861-project-member] MySQL server mode set to STRICT_TRANS_TABLES,STRICT_ALL_TABLES,NO_ZERO_IN_DATE,NO_ZERO_DATE,ERROR_FOR_DIVISION_BY_ZERO,TRADITIONAL,NO_ENGINE_SUBSTITUTION {{(pid=99082) _check_effective_sql_mode /opt/stack/data/venv/lib/python3.12/site-packages/oslo_db/sqlalchemy/engines.py:325}}
Aug 26 03:05:11.423306 np0000008129 nova-conductor[99082]: DEBUG dbcounter [-] [99082] Writer thread running {{(pid=99082) stat_writer /opt/stack/data/venv/lib/python3.12/site-packages/dbcounter.py:102}}
Aug 26 03:05:11.519725 np0000008129 nova-conductor[99082]: DEBUG oslo_concurrency.lockutils [None req-8f62e8e3-53d5-48ec-9284-60176306a4a6 tempest-ServerRescueNegativeTestJSON-1231323861 tempest-ServerRescueNegativeTestJSON-1231323861-project-member] Acquiring lock "00000000-0000-0000-0000-000000000000" by "nova.context.set_target_cell..get_or_set_cached_cell_and_set_connections" {{(pid=99082) inner /opt/stack/data/venv/lib/python3.12/site-packages/oslo_concurrency/lockutils.py:512}}
Aug 26 03:05:11.519986 np0000008129 nova-conductor[99082]: DEBUG oslo_concurrency.lockutils [None req-8f62e8e3-53d5-48ec-9284-60176306a4a6 tempest-ServerRescueNegativeTestJSON-1231323861 tempest-ServerRescueNegativeTestJSON-1231323861-project-member] Lock "00000000-0000-0000-0000-000000000000" acquired by "nova.context.set_target_cell..get_or_set_cached_cell_and_set_connections" :: waited 0.000s {{(pid=99082) inner /opt/stack/data/venv/lib/python3.12/site-packages/oslo_concurrency/lockutils.py:525}}
Aug 26 03:05:11.520522 np0000008129 nova-conductor[99082]: DEBUG oslo_concurrency.lockutils [None req-8f62e8e3-53d5-48ec-9284-60176306a4a6 tempest-ServerRescueNegativeTestJSON-1231323861 tempest-ServerRescueNegativeTestJSON-1231323861-project-member] Lock "00000000-0000-0000-0000-000000000000" "released" by "nova.context.set_target_cell..get_or_set_cached_cell_and_set_connections" :: held 0.001s {{(pid=99082) inner /opt/stack/data/venv/lib/python3.12/site-packages/oslo_concurrency/lockutils.py:544}}
Aug 26 03:05:11.520863 np0000008129 nova-conductor[99082]: INFO nova.thread_pool_factory [None req-8f62e8e3-53d5-48ec-9284-60176306a4a6 tempest-ServerRescueNegativeTestJSON-1231323861 tempest-ServerRescueNegativeTestJSON-1231323861-project-member] The cell_worker thread pool ForkProcess-1.cell_worker is initialized
Aug 26 03:05:11.521984 np0000008129 nova-conductor[99082]: DEBUG oslo_concurrency.lockutils [None req-8f62e8e3-53d5-48ec-9284-60176306a4a6 tempest-ServerRescueNegativeTestJSON-1231323861 tempest-ServerRescueNegativeTestJSON-1231323861-project-member] Acquiring lock "85c37d42-94f0-402f-9147-66baad35a11a" by "nova.context.set_target_cell..get_or_set_cached_cell_and_set_connections" {{(pid=99082) inner /opt/stack/data/venv/lib/python3.12/site-packages/oslo_concurrency/lockutils.py:512}}
