Jul 20 11:01:28.396695 np0000005492 nova-scheduler[96427]: DEBUG cotyledon.oslo_config_glue [-] workarounds.libvirt_disable_apic = False {{(pid=96427) log_opt_values /opt/stack/data/venv/lib/python3.12/site-packages/oslo_config/cfg.py:3253}}
Jul 20 11:01:28.396695 np0000005492 nova-scheduler[96427]: DEBUG cotyledon.oslo_config_glue [-] workarounds.never_download_image_if_on_rbd = False {{(pid=96427) log_opt_values /opt/stack/data/venv/lib/python3.12/site-packages/oslo_config/cfg.py:3253}}
Jul 20 11:01:28.396695 np0000005492 nova-scheduler[96427]: DEBUG cotyledon.oslo_config_glue [-] workarounds.qemu_monitor_announce_self_count = 3 {{(pid=96427) log_opt_values /opt/stack/data/venv/lib/python3.12/site-packages/oslo_config/cfg.py:3253}}
Jul 20 11:01:28.396992 np0000005492 nova-scheduler[96427]: DEBUG cotyledon.oslo_config_glue [-] workarounds.qemu_monitor_announce_self_interval = 1 {{(pid=96427) log_opt_values /opt/stack/data/venv/lib/python3.12/site-packages/oslo_config/cfg.py:3253}}
Jul 20 11:01:28.396992 np0000005492 nova-scheduler[96427]: DEBUG cotyledon.oslo_config_glue [-] workarounds.reserve_disk_resource_for_image_cache = False {{(pid=96427) log_opt_values /opt/stack/data/venv/lib/python3.12/site-packages/oslo_config/cfg.py:3253}}
Jul 20 11:01:28.396992 np0000005492 nova-scheduler[96427]: DEBUG cotyledon.oslo_config_glue [-] workarounds.skip_cpu_compare_at_startup = False {{(pid=96427) log_opt_values /opt/stack/data/venv/lib/python3.12/site-packages/oslo_config/cfg.py:3253}}
Jul 20 11:01:28.396992 np0000005492 nova-scheduler[96427]: DEBUG cotyledon.oslo_config_glue [-] workarounds.skip_cpu_compare_on_dest = False {{(pid=96427) log_opt_values /opt/stack/data/venv/lib/python3.12/site-packages/oslo_config/cfg.py:3253}}
Jul 20 11:01:28.396992 np0000005492 nova-scheduler[96427]: DEBUG cotyledon.oslo_config_glue [-] workarounds.skip_hypervisor_version_check_on_lm = False {{(pid=96427) log_opt_values /opt/stack/data/venv/lib/python3.12/site-packages/oslo_config/cfg.py:3253}}
Jul 20 11:01:28.396992 np0000005492 nova-scheduler[96427]: DEBUG cotyledon.oslo_config_glue [-] workarounds.skip_reserve_in_use_ironic_nodes = False {{(pid=96427) log_opt_values /opt/stack/data/venv/lib/python3.12/site-packages/oslo_config/cfg.py:3253}}
Jul 20 11:01:28.396992 np0000005492 nova-scheduler[96427]: DEBUG cotyledon.oslo_config_glue [-] workarounds.unified_limits_count_pcpu_as_vcpu = False {{(pid=96427) log_opt_values /opt/stack/data/venv/lib/python3.12/site-packages/oslo_config/cfg.py:3253}}
Jul 20 11:01:28.396992 np0000005492 nova-scheduler[96427]: DEBUG cotyledon.oslo_config_glue [-] workarounds.wait_for_vif_plugged_event_during_hard_reboot = [] {{(pid=96427) log_opt_values /opt/stack/data/venv/lib/python3.12/site-packages/oslo_config/cfg.py:3253}}
Jul 20 11:01:28.397178 np0000005492 nova-scheduler[96427]: DEBUG cotyledon.oslo_config_glue [-] wsgi.api_paste_config = /etc/nova/api-paste.ini {{(pid=96427) log_opt_values /opt/stack/data/venv/lib/python3.12/site-packages/oslo_config/cfg.py:3253}}
Jul 20 11:01:28.397178 np0000005492 nova-scheduler[96427]: DEBUG cotyledon.oslo_config_glue [-] wsgi.secure_proxy_ssl_header = None {{(pid=96427) log_opt_values /opt/stack/data/venv/lib/python3.12/site-packages/oslo_config/cfg.py:3253}}
Jul 20 11:01:28.397217 np0000005492 nova-scheduler[96424]: INFO nova.service [-] Starting scheduler node (version 33.1.0)
Jul 20 11:01:28.397240 np0000005492 nova-scheduler[96427]: DEBUG cotyledon.oslo_config_glue [-] zvm.ca_file = None {{(pid=96427) log_opt_values /opt/stack/data/venv/lib/python3.12/site-packages/oslo_config/cfg.py:3253}}
Jul 20 11:01:28.397240 np0000005492 nova-scheduler[96427]: DEBUG cotyledon.oslo_config_glue [-] zvm.cloud_connector_url = None {{(pid=96427) log_opt_values /opt/stack/data/venv/lib/python3.12/site-packages/oslo_config/cfg.py:3253}}
Jul 20 11:01:28.397240 np0000005492 nova-scheduler[96427]: DEBUG cotyledon.oslo_config_glue [-] zvm.image_tmp_path = /opt/stack/data/nova/images {{(pid=96427) log_opt_values /opt/stack/data/venv/lib/python3.12/site-packages/oslo_config/cfg.py:3253}}
Jul 20 11:01:28.397240 np0000005492 nova-scheduler[96427]: DEBUG cotyledon.oslo_config_glue [-] zvm.reachable_timeout = 300 {{(pid=96427) log_opt_values /opt/stack/data/venv/lib/python3.12/site-packages/oslo_config/cfg.py:3253}}
Jul 20 11:01:28.397240 np0000005492 nova-scheduler[96427]: DEBUG cotyledon.oslo_config_glue [-] oslo_versionedobjects.fatal_exception_format_errors = False {{(pid=96427) log_opt_values /opt/stack/data/venv/lib/python3.12/site-packages/oslo_config/cfg.py:3253}}
Jul 20 11:01:28.397240 np0000005492 nova-scheduler[96427]: DEBUG cotyledon.oslo_config_glue [-] oslo_middleware.http_basic_auth_user_file = /etc/htpasswd {{(pid=96427) log_opt_values /opt/stack/data/venv/lib/python3.12/site-packages/oslo_config/cfg.py:3253}}
Jul 20 11:01:28.397240 np0000005492 nova-scheduler[96427]: DEBUG cotyledon.oslo_config_glue [-] oslo_messaging_metrics.metrics_buffer_size = 1000 {{(pid=96427) log_opt_values /opt/stack/data/venv/lib/python3.12/site-packages/oslo_config/cfg.py:3253}}
Jul 20 11:01:28.397240 np0000005492 nova-scheduler[96427]: DEBUG cotyledon.oslo_config_glue [-] oslo_messaging_metrics.metrics_enabled = False {{(pid=96427) log_opt_values /opt/stack/data/venv/lib/python3.12/site-packages/oslo_config/cfg.py:3253}}
Jul 20 11:01:28.397240 np0000005492 nova-scheduler[96427]: DEBUG cotyledon.oslo_config_glue [-] oslo_messaging_metrics.metrics_process_name = {{(pid=96427) log_opt_values /opt/stack/data/venv/lib/python3.12/site-packages/oslo_config/cfg.py:3253}}
Jul 20 11:01:28.397409 np0000005492 nova-scheduler[96427]: DEBUG cotyledon.oslo_config_glue [-] oslo_messaging_metrics.metrics_socket_file = /var/tmp/metrics_collector.sock {{(pid=96427) log_opt_values /opt/stack/data/venv/lib/python3.12/site-packages/oslo_config/cfg.py:3253}}
Jul 20 11:01:28.397409 np0000005492 nova-scheduler[96427]: DEBUG cotyledon.oslo_config_glue [-] oslo_messaging_metrics.metrics_thread_stop_timeout = 10 {{(pid=96427) log_opt_values /opt/stack/data/venv/lib/python3.12/site-packages/oslo_config/cfg.py:3253}}
Jul 20 11:01:28.397409 np0000005492 nova-scheduler[96427]: DEBUG cotyledon.oslo_config_glue [-] profiler.connection_string = messaging:// {{(pid=96427) log_opt_values /opt/stack/data/venv/lib/python3.12/site-packages/oslo_config/cfg.py:3253}}
Jul 20 11:01:28.397409 np0000005492 nova-scheduler[96427]: DEBUG cotyledon.oslo_config_glue [-] profiler.enabled = False {{(pid=96427) log_opt_values /opt/stack/data/venv/lib/python3.12/site-packages/oslo_config/cfg.py:3253}}
Jul 20 11:01:28.397409 np0000005492 nova-scheduler[96427]: DEBUG cotyledon.oslo_config_glue [-] profiler.es_doc_type = notification {{(pid=96427) log_opt_values /opt/stack/data/venv/lib/python3.12/site-packages/oslo_config/cfg.py:3253}}
Jul 20 11:01:28.397409 np0000005492 nova-scheduler[96427]: DEBUG cotyledon.oslo_config_glue [-] profiler.es_scroll_size = 10000 {{(pid=96427) log_opt_values /opt/stack/data/venv/lib/python3.12/site-packages/oslo_config/cfg.py:3253}}
Jul 20 11:01:28.397409 np0000005492 nova-scheduler[96427]: DEBUG cotyledon.oslo_config_glue [-] profiler.es_scroll_time = 2m {{(pid=96427) log_opt_values /opt/stack/data/venv/lib/python3.12/site-packages/oslo_config/cfg.py:3253}}
Jul 20 11:01:28.397409 np0000005492 nova-scheduler[96427]: DEBUG cotyledon.oslo_config_glue [-] profiler.filter_error_trace = False {{(pid=96427) log_opt_values /opt/stack/data/venv/lib/python3.12/site-packages/oslo_config/cfg.py:3253}}
Jul 20 11:01:28.397409 np0000005492 nova-scheduler[96427]: DEBUG cotyledon.oslo_config_glue [-] profiler.hmac_keys = **** {{(pid=96427) log_opt_values /opt/stack/data/venv/lib/python3.12/site-packages/oslo_config/cfg.py:3253}}
Jul 20 11:01:28.397617 np0000005492 nova-scheduler[96427]: DEBUG cotyledon.oslo_config_glue [-] profiler.sentinel_service_name = mymaster {{(pid=96427) log_opt_values /opt/stack/data/venv/lib/python3.12/site-packages/oslo_config/cfg.py:3253}}
Jul 20 11:01:28.397617 np0000005492 nova-scheduler[96427]: DEBUG cotyledon.oslo_config_glue [-] profiler.socket_timeout = 0.1 {{(pid=96427) log_opt_values /opt/stack/data/venv/lib/python3.12/site-packages/oslo_config/cfg.py:3253}}
Jul 20 11:01:28.397617 np0000005492 nova-scheduler[96427]: DEBUG cotyledon.oslo_config_glue [-] profiler.trace_requests = False {{(pid=96427) log_opt_values /opt/stack/data/venv/lib/python3.12/site-packages/oslo_config/cfg.py:3253}}
Jul 20 11:01:28.397617 np0000005492 nova-scheduler[96427]: DEBUG cotyledon.oslo_config_glue [-] profiler.trace_sqlalchemy = False {{(pid=96427) log_opt_values /opt/stack/data/venv/lib/python3.12/site-packages/oslo_config/cfg.py:3253}}
Jul 20 11:01:28.397617 np0000005492 nova-scheduler[96427]: DEBUG cotyledon.oslo_config_glue [-] profiler_jaeger.process_tags = {} {{(pid=96427) log_opt_values /opt/stack/data/venv/lib/python3.12/site-packages/oslo_config/cfg.py:3253}}
Jul 20 11:01:28.397617 np0000005492 nova-scheduler[96427]: DEBUG cotyledon.oslo_config_glue [-] profiler_jaeger.service_name_prefix = None {{(pid=96427) log_opt_values /opt/stack/data/venv/lib/python3.12/site-packages/oslo_config/cfg.py:3253}}
Jul 20 11:01:28.397617 np0000005492 nova-scheduler[96427]: DEBUG cotyledon.oslo_config_glue [-] profiler_otlp.service_name_prefix = None {{(pid=96427) log_opt_values /opt/stack/data/venv/lib/python3.12/site-packages/oslo_config/cfg.py:3253}}
Jul 20 11:01:28.397617 np0000005492 nova-scheduler[96427]: DEBUG cotyledon.oslo_config_glue [-] oslo_messaging_rabbit.amqp_auto_delete = False {{(pid=96427) log_opt_values /opt/stack/data/venv/lib/python3.12/site-packages/oslo_config/cfg.py:3253}}
Jul 20 11:01:28.397617 np0000005492 nova-scheduler[96427]: DEBUG cotyledon.oslo_config_glue [-] oslo_messaging_rabbit.amqp_durable_queues = False {{(pid=96427) log_opt_values /opt/stack/data/venv/lib/python3.12/site-packages/oslo_config/cfg.py:3253}}
Jul 20 11:01:28.397956 np0000005492 nova-scheduler[96427]: DEBUG cotyledon.oslo_config_glue [-] oslo_messaging_rabbit.conn_pool_min_size = 2 {{(pid=96427) log_opt_values /opt/stack/data/venv/lib/python3.12/site-packages/oslo_config/cfg.py:3253}}
Jul 20 11:01:28.397956 np0000005492 nova-scheduler[96427]: DEBUG cotyledon.oslo_config_glue [-] oslo_messaging_rabbit.conn_pool_ttl = 1200 {{(pid=96427) log_opt_values /opt/stack/data/venv/lib/python3.12/site-packages/oslo_config/cfg.py:3253}}
Jul 20 11:01:28.397956 np0000005492 nova-scheduler[96427]: DEBUG cotyledon.oslo_config_glue [-] oslo_messaging_rabbit.direct_mandatory_flag = True {{(pid=96427) log_opt_values /opt/stack/data/venv/lib/python3.12/site-packages/oslo_config/cfg.py:3253}}
Jul 20 11:01:28.397956 np0000005492 nova-scheduler[96427]: DEBUG cotyledon.oslo_config_glue [-] oslo_messaging_rabbit.enable_cancel_on_failover = False {{(pid=96427) log_opt_values /opt/stack/data/venv/lib/python3.12/site-packages/oslo_config/cfg.py:3253}}
Jul 20 11:01:28.397956 np0000005492 nova-scheduler[96427]: DEBUG cotyledon.oslo_config_glue [-] oslo_messaging_rabbit.heartbeat_rate = 3 {{(pid=96427) log_opt_values /opt/stack/data/venv/lib/python3.12/site-packages/oslo_config/cfg.py:3253}}
Jul 20 11:01:28.397956 np0000005492 nova-scheduler[96427]: DEBUG cotyledon.oslo_config_glue [-] oslo_messaging_rabbit.heartbeat_timeout_threshold = 60 {{(pid=96427) log_opt_values /opt/stack/data/venv/lib/python3.12/site-packages/oslo_config/cfg.py:3253}}
Jul 20 11:01:28.397956 np0000005492 nova-scheduler[96427]: DEBUG cotyledon.oslo_config_glue [-] oslo_messaging_rabbit.hostname = np0000005492 {{(pid=96427) log_opt_values /opt/stack/data/venv/lib/python3.12/site-packages/oslo_config/cfg.py:3253}}
Jul 20 11:01:28.397956 np0000005492 nova-scheduler[96427]: DEBUG cotyledon.oslo_config_glue [-] oslo_messaging_rabbit.kombu_compression = None {{(pid=96427) log_opt_values /opt/stack/data/venv/lib/python3.12/site-packages/oslo_config/cfg.py:3253}}
Jul 20 11:01:28.397956 np0000005492 nova-scheduler[96427]: DEBUG cotyledon.oslo_config_glue [-] oslo_messaging_rabbit.kombu_failover_strategy = round-robin {{(pid=96427) log_opt_values /opt/stack/data/venv/lib/python3.12/site-packages/oslo_config/cfg.py:3253}}
Jul 20 11:01:28.398247 np0000005492 nova-scheduler[96427]: DEBUG cotyledon.oslo_config_glue [-] oslo_messaging_rabbit.kombu_missing_consumer_retry_timeout = 60 {{(pid=96427) log_opt_values /opt/stack/data/venv/lib/python3.12/site-packages/oslo_config/cfg.py:3253}}
Jul 20 11:01:28.398247 np0000005492 nova-scheduler[96427]: DEBUG cotyledon.oslo_config_glue [-] oslo_messaging_rabbit.kombu_reconnect_delay = 1.0 {{(pid=96427) log_opt_values /opt/stack/data/venv/lib/python3.12/site-packages/oslo_config/cfg.py:3253}}
Jul 20 11:01:28.398247 np0000005492 nova-scheduler[96427]: DEBUG cotyledon.oslo_config_glue [-] oslo_messaging_rabbit.kombu_reconnect_splay = 0.0 {{(pid=96427) log_opt_values /opt/stack/data/venv/lib/python3.12/site-packages/oslo_config/cfg.py:3253}}
Jul 20 11:01:28.398247 np0000005492 nova-scheduler[96427]: DEBUG cotyledon.oslo_config_glue [-] oslo_messaging_rabbit.processname = nova-scheduler {{(pid=96427) log_opt_values /opt/stack/data/venv/lib/python3.12/site-packages/oslo_config/cfg.py:3253}}
Jul 20 11:01:28.398247 np0000005492 nova-scheduler[96427]: DEBUG cotyledon.oslo_config_glue [-] oslo_messaging_rabbit.rabbit_ha_queues = False {{(pid=96427) log_opt_values /opt/stack/data/venv/lib/python3.12/site-packages/oslo_config/cfg.py:3253}}
Jul 20 11:01:28.398247 np0000005492 nova-scheduler[96427]: DEBUG cotyledon.oslo_config_glue [-] oslo_messaging_rabbit.rabbit_interval_max = 30 {{(pid=96427) log_opt_values /opt/stack/data/venv/lib/python3.12/site-packages/oslo_config/cfg.py:3253}}
Jul 20 11:01:28.398247 np0000005492 nova-scheduler[96427]: DEBUG cotyledon.oslo_config_glue [-] oslo_messaging_rabbit.rabbit_login_method = AMQPLAIN {{(pid=96427) log_opt_values /opt/stack/data/venv/lib/python3.12/site-packages/oslo_config/cfg.py:3253}}
Jul 20 11:01:28.398247 np0000005492 nova-scheduler[96427]: DEBUG cotyledon.oslo_config_glue [-] oslo_messaging_rabbit.rabbit_qos_prefetch_count = 0 {{(pid=96427) log_opt_values /opt/stack/data/venv/lib/python3.12/site-packages/oslo_config/cfg.py:3253}}
Jul 20 11:01:28.398247 np0000005492 nova-scheduler[96427]: DEBUG cotyledon.oslo_config_glue [-] oslo_messaging_rabbit.rabbit_quorum_delivery_limit = 0 {{(pid=96427) log_opt_values /opt/stack/data/venv/lib/python3.12/site-packages/oslo_config/cfg.py:3253}}
Jul 20 11:01:28.398486 np0000005492 nova-scheduler[96427]: DEBUG cotyledon.oslo_config_glue [-] oslo_messaging_rabbit.rabbit_quorum_max_memory_bytes = 0 {{(pid=96427) log_opt_values /opt/stack/data/venv/lib/python3.12/site-packages/oslo_config/cfg.py:3253}}
Jul 20 11:01:28.398486 np0000005492 nova-scheduler[96427]: DEBUG cotyledon.oslo_config_glue [-] oslo_messaging_rabbit.rabbit_quorum_max_memory_length = 0 {{(pid=96427) log_opt_values /opt/stack/data/venv/lib/python3.12/site-packages/oslo_config/cfg.py:3253}}
Jul 20 11:01:28.398486 np0000005492 nova-scheduler[96427]: DEBUG cotyledon.oslo_config_glue [-] oslo_messaging_rabbit.rabbit_quorum_queue = False {{(pid=96427) log_opt_values /opt/stack/data/venv/lib/python3.12/site-packages/oslo_config/cfg.py:3253}}
Jul 20 11:01:28.398486 np0000005492 nova-scheduler[96427]: DEBUG cotyledon.oslo_config_glue [-] oslo_messaging_rabbit.rabbit_retry_backoff = 2 {{(pid=96427) log_opt_values /opt/stack/data/venv/lib/python3.12/site-packages/oslo_config/cfg.py:3253}}
Jul 20 11:01:28.398486 np0000005492 nova-scheduler[96427]: DEBUG cotyledon.oslo_config_glue [-] oslo_messaging_rabbit.rabbit_retry_interval = 1 {{(pid=96427) log_opt_values /opt/stack/data/venv/lib/python3.12/site-packages/oslo_config/cfg.py:3253}}
Jul 20 11:01:28.398486 np0000005492 nova-scheduler[96427]: DEBUG cotyledon.oslo_config_glue [-] oslo_messaging_rabbit.rabbit_stream_fanout = False {{(pid=96427) log_opt_values /opt/stack/data/venv/lib/python3.12/site-packages/oslo_config/cfg.py:3253}}
Jul 20 11:01:28.398486 np0000005492 nova-scheduler[96427]: DEBUG cotyledon.oslo_config_glue [-] oslo_messaging_rabbit.rabbit_transient_queues_ttl = 1800 {{(pid=96427) log_opt_values /opt/stack/data/venv/lib/python3.12/site-packages/oslo_config/cfg.py:3253}}
Jul 20 11:01:28.398486 np0000005492 nova-scheduler[96427]: DEBUG cotyledon.oslo_config_glue [-] oslo_messaging_rabbit.rabbit_transient_quorum_queue = False {{(pid=96427) log_opt_values /opt/stack/data/venv/lib/python3.12/site-packages/oslo_config/cfg.py:3253}}
Jul 20 11:01:28.398726 np0000005492 nova-scheduler[96427]: DEBUG cotyledon.oslo_config_glue [-] oslo_messaging_rabbit.rpc_conn_pool_size = 30 {{(pid=96427) log_opt_values /opt/stack/data/venv/lib/python3.12/site-packages/oslo_config/cfg.py:3253}}
Jul 20 11:01:28.398726 np0000005492 nova-scheduler[96427]: DEBUG cotyledon.oslo_config_glue [-] oslo_messaging_rabbit.ssl = False {{(pid=96427) log_opt_values /opt/stack/data/venv/lib/python3.12/site-packages/oslo_config/cfg.py:3253}}
Jul 20 11:01:28.398726 np0000005492 nova-scheduler[96427]: DEBUG cotyledon.oslo_config_glue [-] oslo_messaging_rabbit.ssl_ca_file = {{(pid=96427) log_opt_values /opt/stack/data/venv/lib/python3.12/site-packages/oslo_config/cfg.py:3253}}
Jul 20 11:01:28.398726 np0000005492 nova-scheduler[96427]: DEBUG cotyledon.oslo_config_glue [-] oslo_messaging_rabbit.ssl_cert_file = {{(pid=96427) log_opt_values /opt/stack/data/venv/lib/python3.12/site-packages/oslo_config/cfg.py:3253}}
Jul 20 11:01:28.398726 np0000005492 nova-scheduler[96427]: DEBUG cotyledon.oslo_config_glue [-] oslo_messaging_rabbit.ssl_enforce_fips_mode = False {{(pid=96427) log_opt_values /opt/stack/data/venv/lib/python3.12/site-packages/oslo_config/cfg.py:3253}}
Jul 20 11:01:28.398726 np0000005492 nova-scheduler[96427]: DEBUG cotyledon.oslo_config_glue [-] oslo_messaging_rabbit.ssl_enforce_hostname_verification = True {{(pid=96427) log_opt_values /opt/stack/data/venv/lib/python3.12/site-packages/oslo_config/cfg.py:3253}}
Jul 20 11:01:28.398726 np0000005492 nova-scheduler[96427]: DEBUG cotyledon.oslo_config_glue [-] oslo_messaging_rabbit.ssl_key_file = {{(pid=96427) log_opt_values /opt/stack/data/venv/lib/python3.12/site-packages/oslo_config/cfg.py:3253}}
Jul 20 11:01:28.398726 np0000005492 nova-scheduler[96427]: DEBUG cotyledon.oslo_config_glue [-] oslo_messaging_rabbit.ssl_version = {{(pid=96427) log_opt_values /opt/stack/data/venv/lib/python3.12/site-packages/oslo_config/cfg.py:3253}}
Jul 20 11:01:28.398726 np0000005492 nova-scheduler[96427]: DEBUG cotyledon.oslo_config_glue [-] oslo_messaging_rabbit.use_queue_manager = False {{(pid=96427) log_opt_values /opt/stack/data/venv/lib/python3.12/site-packages/oslo_config/cfg.py:3253}}
Jul 20 11:01:28.398957 np0000005492 nova-scheduler[96427]: DEBUG cotyledon.oslo_config_glue [-] oslo_messaging_notifications.driver = ['messagingv2'] {{(pid=96427) log_opt_values /opt/stack/data/venv/lib/python3.12/site-packages/oslo_config/cfg.py:3253}}
Jul 20 11:01:28.398957 np0000005492 nova-scheduler[96427]: DEBUG cotyledon.oslo_config_glue [-] oslo_messaging_notifications.retry = -1 {{(pid=96427) log_opt_values /opt/stack/data/venv/lib/python3.12/site-packages/oslo_config/cfg.py:3253}}
Jul 20 11:01:28.398957 np0000005492 nova-scheduler[96427]: DEBUG cotyledon.oslo_config_glue [-] oslo_messaging_notifications.topics = ['notifications'] {{(pid=96427) log_opt_values /opt/stack/data/venv/lib/python3.12/site-packages/oslo_config/cfg.py:3253}}
Jul 20 11:01:28.398957 np0000005492 nova-scheduler[96427]: DEBUG cotyledon.oslo_config_glue [-] oslo_messaging_notifications.transport_url = **** {{(pid=96427) log_opt_values /opt/stack/data/venv/lib/python3.12/site-packages/oslo_config/cfg.py:3253}}
Jul 20 11:01:28.398957 np0000005492 nova-scheduler[96427]: DEBUG cotyledon.oslo_config_glue [-] oslo_limit.auth_section = None {{(pid=96427) log_opt_values /opt/stack/data/venv/lib/python3.12/site-packages/oslo_config/cfg.py:3253}}
Jul 20 11:01:28.398957 np0000005492 nova-scheduler[96427]: DEBUG cotyledon.oslo_config_glue [-] oslo_limit.auth_type = None {{(pid=96427) log_opt_values /opt/stack/data/venv/lib/python3.12/site-packages/oslo_config/cfg.py:3253}}
Jul 20 11:01:28.398957 np0000005492 nova-scheduler[96427]: DEBUG cotyledon.oslo_config_glue [-] oslo_limit.cafile = None {{(pid=96427) log_opt_values /opt/stack/data/venv/lib/python3.12/site-packages/oslo_config/cfg.py:3253}}
Jul 20 11:01:28.398957 np0000005492 nova-scheduler[96427]: DEBUG cotyledon.oslo_config_glue [-] oslo_limit.certfile = None {{(pid=96427) log_opt_values /opt/stack/data/venv/lib/python3.12/site-packages/oslo_config/cfg.py:3253}}
Jul 20 11:01:28.398957 np0000005492 nova-scheduler[96427]: DEBUG cotyledon.oslo_config_glue [-] oslo_limit.collect_timing = False {{(pid=96427) log_opt_values /opt/stack/data/venv/lib/python3.12/site-packages/oslo_config/cfg.py:3253}}
Jul 20 11:01:28.399136 np0000005492 nova-scheduler[96427]: DEBUG cotyledon.oslo_config_glue [-] oslo_limit.connect_retries = None {{(pid=96427) log_opt_values /opt/stack/data/venv/lib/python3.12/site-packages/oslo_config/cfg.py:3253}}
Jul 20 11:01:28.399136 np0000005492 nova-scheduler[96427]: DEBUG cotyledon.oslo_config_glue [-] oslo_limit.connect_retry_delay = None {{(pid=96427) log_opt_values /opt/stack/data/venv/lib/python3.12/site-packages/oslo_config/cfg.py:3253}}
Jul 20 11:01:28.399136 np0000005492 nova-scheduler[96427]: DEBUG cotyledon.oslo_config_glue [-] oslo_limit.endpoint_id = None {{(pid=96427) log_opt_values /opt/stack/data/venv/lib/python3.12/site-packages/oslo_config/cfg.py:3253}}
Jul 20 11:01:28.399136 np0000005492 nova-scheduler[96427]: DEBUG cotyledon.oslo_config_glue [-] oslo_limit.endpoint_interface = public {{(pid=96427) log_opt_values /opt/stack/data/venv/lib/python3.12/site-packages/oslo_config/cfg.py:3253}}
Jul 20 11:01:28.399136 np0000005492 nova-scheduler[96427]: DEBUG cotyledon.oslo_config_glue [-] oslo_limit.endpoint_override = None {{(pid=96427) log_opt_values /opt/stack/data/venv/lib/python3.12/site-packages/oslo_config/cfg.py:3253}}
Jul 20 11:01:28.399136 np0000005492 nova-scheduler[96427]: DEBUG cotyledon.oslo_config_glue [-] oslo_limit.endpoint_region_name = None {{(pid=96427) log_opt_values /opt/stack/data/venv/lib/python3.12/site-packages/oslo_config/cfg.py:3253}}
Jul 20 11:01:28.399136 np0000005492 nova-scheduler[96427]: DEBUG cotyledon.oslo_config_glue [-] oslo_limit.endpoint_service_name = None {{(pid=96427) log_opt_values /opt/stack/data/venv/lib/python3.12/site-packages/oslo_config/cfg.py:3253}}
Jul 20 11:01:28.399136 np0000005492 nova-scheduler[96427]: DEBUG cotyledon.oslo_config_glue [-] oslo_limit.endpoint_service_type = None {{(pid=96427) log_opt_values /opt/stack/data/venv/lib/python3.12/site-packages/oslo_config/cfg.py:3253}}
Jul 20 11:01:28.399136 np0000005492 nova-scheduler[96427]: DEBUG cotyledon.oslo_config_glue [-] oslo_limit.insecure = False {{(pid=96427) log_opt_values /opt/stack/data/venv/lib/python3.12/site-packages/oslo_config/cfg.py:3253}}
Jul 20 11:01:28.399313 np0000005492 nova-scheduler[96427]: DEBUG cotyledon.oslo_config_glue [-] oslo_limit.keyfile = None {{(pid=96427) log_opt_values /opt/stack/data/venv/lib/python3.12/site-packages/oslo_config/cfg.py:3253}}
Jul 20 11:01:28.399313 np0000005492 nova-scheduler[96427]: DEBUG cotyledon.oslo_config_glue [-] oslo_limit.max_version = None {{(pid=96427) log_opt_values /opt/stack/data/venv/lib/python3.12/site-packages/oslo_config/cfg.py:3253}}
Jul 20 11:01:28.399313 np0000005492 nova-scheduler[96427]: DEBUG cotyledon.oslo_config_glue [-] oslo_limit.min_version = None {{(pid=96427) log_opt_values /opt/stack/data/venv/lib/python3.12/site-packages/oslo_config/cfg.py:3253}}
Jul 20 11:01:28.399313 np0000005492 nova-scheduler[96427]: DEBUG cotyledon.oslo_config_glue [-] oslo_limit.region_name = None {{(pid=96427) log_opt_values /opt/stack/data/venv/lib/python3.12/site-packages/oslo_config/cfg.py:3253}}
Jul 20 11:01:28.399313 np0000005492 nova-scheduler[96427]: DEBUG cotyledon.oslo_config_glue [-] oslo_limit.retriable_status_codes = None {{(pid=96427) log_opt_values /opt/stack/data/venv/lib/python3.12/site-packages/oslo_config/cfg.py:3253}}
Jul 20 11:01:28.399313 np0000005492 nova-scheduler[96427]: DEBUG cotyledon.oslo_config_glue [-] oslo_limit.service_name = None {{(pid=96427) log_opt_values /opt/stack/data/venv/lib/python3.12/site-packages/oslo_config/cfg.py:3253}}
Jul 20 11:01:28.399313 np0000005492 nova-scheduler[96427]: DEBUG cotyledon.oslo_config_glue [-] oslo_limit.service_type = None {{(pid=96427) log_opt_values /opt/stack/data/venv/lib/python3.12/site-packages/oslo_config/cfg.py:3253}}
Jul 20 11:01:28.399313 np0000005492 nova-scheduler[96427]: DEBUG cotyledon.oslo_config_glue [-] oslo_limit.split_loggers = False {{(pid=96427) log_opt_values /opt/stack/data/venv/lib/python3.12/site-packages/oslo_config/cfg.py:3253}}
Jul 20 11:01:28.399313 np0000005492 nova-scheduler[96427]: DEBUG cotyledon.oslo_config_glue [-] oslo_limit.status_code_retries = None {{(pid=96427) log_opt_values /opt/stack/data/venv/lib/python3.12/site-packages/oslo_config/cfg.py:3253}}
Jul 20 11:01:28.399503 np0000005492 nova-scheduler[96427]: DEBUG cotyledon.oslo_config_glue [-] oslo_limit.status_code_retry_delay = None {{(pid=96427) log_opt_values /opt/stack/data/venv/lib/python3.12/site-packages/oslo_config/cfg.py:3253}}
Jul 20 11:01:28.399503 np0000005492 nova-scheduler[96427]: DEBUG cotyledon.oslo_config_glue [-] oslo_limit.timeout = None {{(pid=96427) log_opt_values /opt/stack/data/venv/lib/python3.12/site-packages/oslo_config/cfg.py:3253}}
Jul 20 11:01:28.399503 np0000005492 nova-scheduler[96427]: DEBUG cotyledon.oslo_config_glue [-] oslo_limit.valid_interfaces = None {{(pid=96427) log_opt_values /opt/stack/data/venv/lib/python3.12/site-packages/oslo_config/cfg.py:3253}}
Jul 20 11:01:28.399503 np0000005492 nova-scheduler[96427]: DEBUG cotyledon.oslo_config_glue [-] oslo_limit.version = None {{(pid=96427) log_opt_values /opt/stack/data/venv/lib/python3.12/site-packages/oslo_config/cfg.py:3253}}
Jul 20 11:01:28.399503 np0000005492 nova-scheduler[96427]: DEBUG cotyledon.oslo_config_glue [-] oslo_reports.file_event_handler = None {{(pid=96427) log_opt_values /opt/stack/data/venv/lib/python3.12/site-packages/oslo_config/cfg.py:3253}}
Jul 20 11:01:28.399503 np0000005492 nova-scheduler[96427]: DEBUG cotyledon.oslo_config_glue [-] oslo_reports.file_event_handler_interval = 1 {{(pid=96427) log_opt_values /opt/stack/data/venv/lib/python3.12/site-packages/oslo_config/cfg.py:3253}}
Jul 20 11:01:28.399503 np0000005492 nova-scheduler[96427]: DEBUG cotyledon.oslo_config_glue [-] oslo_reports.log_dir = None {{(pid=96427) log_opt_values /opt/stack/data/venv/lib/python3.12/site-packages/oslo_config/cfg.py:3253}}
Jul 20 11:01:28.399503 np0000005492 nova-scheduler[96427]: DEBUG cotyledon.oslo_config_glue [-] ******************************************************************************** {{(pid=96427) log_opt_values /opt/stack/data/venv/lib/python3.12/site-packages/oslo_config/cfg.py:3260}}
Jul 20 11:01:28.399503 np0000005492 nova-scheduler[96427]: DEBUG cotyledon._service_worker [-] Run service ServiceWrapper(3) [96427] {{(pid=96427) wait_forever /opt/stack/data/venv/lib/python3.12/site-packages/cotyledon/_service_worker.py:218}}
Jul 20 11:01:28.399690 np0000005492 nova-scheduler[96424]: INFO dbcounter [None req-da19c741-5f9c-4c3f-a8fe-60a43fffcbd6 None None] Registered counter for database nova_cell0
Jul 20 11:01:28.399716 np0000005492 nova-scheduler[96427]: INFO nova.service [-] Starting scheduler node (version 33.1.0)
Jul 20 11:01:28.399740 np0000005492 nova-scheduler[96416]: DEBUG oslo_db.sqlalchemy.engines [None req-fdb23398-3801-42f8-ba00-6991935bddbb None None] MySQL server mode set to STRICT_TRANS_TABLES,STRICT_ALL_TABLES,NO_ZERO_IN_DATE,NO_ZERO_DATE,ERROR_FOR_DIVISION_BY_ZERO,TRADITIONAL,NO_ENGINE_SUBSTITUTION {{(pid=96416) _check_effective_sql_mode /opt/stack/data/venv/lib/python3.12/site-packages/oslo_db/sqlalchemy/engines.py:325}}
Jul 20 11:01:28.399768 np0000005492 nova-scheduler[96427]: INFO dbcounter [None req-f8cd297b-42b9-4ac7-afc2-a875ad78d6ac None None] Registered counter for database nova_cell0
Jul 20 11:01:28.399792 np0000005492 nova-scheduler[96416]: DEBUG dbcounter [-] [96416] Writer thread running {{(pid=96416) stat_writer /opt/stack/data/venv/lib/python3.12/site-packages/dbcounter.py:102}}
Jul 20 11:01:28.399792 np0000005492 nova-scheduler[96416]: DEBUG nova.service [None req-fdb23398-3801-42f8-ba00-6991935bddbb None None] Creating RPC server for service: nova-scheduler on topic: scheduler {{(pid=96416) start /opt/stack/nova/nova/service.py:196}}
Jul 20 11:01:28.407640 np0000005492 nova-scheduler[96418]: DEBUG oslo_db.sqlalchemy.engines [None req-dca3cc11-4ce4-40d4-9688-98595f57fa23 None None] MySQL server mode set to STRICT_TRANS_TABLES,STRICT_ALL_TABLES,NO_ZERO_IN_DATE,NO_ZERO_DATE,ERROR_FOR_DIVISION_BY_ZERO,TRADITIONAL,NO_ENGINE_SUBSTITUTION {{(pid=96418) _check_effective_sql_mode /opt/stack/data/venv/lib/python3.12/site-packages/oslo_db/sqlalchemy/engines.py:325}}
Jul 20 11:01:28.418140 np0000005492 nova-scheduler[96418]: DEBUG dbcounter [-] [96418] Writer thread running {{(pid=96418) stat_writer /opt/stack/data/venv/lib/python3.12/site-packages/dbcounter.py:102}}
Jul 20 11:01:28.419070 np0000005492 nova-scheduler[96416]: DEBUG nova.service [None req-fdb23398-3801-42f8-ba00-6991935bddbb None None] Join ServiceGroup membership for this service scheduler {{(pid=96416) start /opt/stack/nova/nova/service.py:222}}
Jul 20 11:01:28.419299 np0000005492 nova-scheduler[96416]: DEBUG nova.servicegroup.drivers.db [None req-fdb23398-3801-42f8-ba00-6991935bddbb None None] DB_Driver: join new ServiceGroup member np0000005492 to the scheduler group, service = {{(pid=96416) join /opt/stack/nova/nova/servicegroup/drivers/db.py:44}}
Jul 20 11:01:28.421012 np0000005492 nova-scheduler[96418]: DEBUG nova.service [None req-dca3cc11-4ce4-40d4-9688-98595f57fa23 None None] Creating RPC server for service: nova-scheduler on topic: scheduler {{(pid=96418) start /opt/stack/nova/nova/service.py:196}}
Jul 20 11:01:28.421132 np0000005492 nova-scheduler[96427]: DEBUG oslo_db.sqlalchemy.engines [None req-f8cd297b-42b9-4ac7-afc2-a875ad78d6ac None None] MySQL server mode set to STRICT_TRANS_TABLES,STRICT_ALL_TABLES,NO_ZERO_IN_DATE,NO_ZERO_DATE,ERROR_FOR_DIVISION_BY_ZERO,TRADITIONAL,NO_ENGINE_SUBSTITUTION {{(pid=96427) _check_effective_sql_mode /opt/stack/data/venv/lib/python3.12/site-packages/oslo_db/sqlalchemy/engines.py:325}}
Jul 20 11:01:28.424615 np0000005492 nova-scheduler[96424]: DEBUG oslo_db.sqlalchemy.engines [None req-da19c741-5f9c-4c3f-a8fe-60a43fffcbd6 None None] MySQL server mode set to STRICT_TRANS_TABLES,STRICT_ALL_TABLES,NO_ZERO_IN_DATE,NO_ZERO_DATE,ERROR_FOR_DIVISION_BY_ZERO,TRADITIONAL,NO_ENGINE_SUBSTITUTION {{(pid=96424) _check_effective_sql_mode /opt/stack/data/venv/lib/python3.12/site-packages/oslo_db/sqlalchemy/engines.py:325}}
Jul 20 11:01:28.432621 np0000005492 nova-scheduler[96427]: DEBUG dbcounter [-] [96427] Writer thread running {{(pid=96427) stat_writer /opt/stack/data/venv/lib/python3.12/site-packages/dbcounter.py:102}}
Jul 20 11:01:28.434005 np0000005492 nova-scheduler[96424]: DEBUG dbcounter [-] [96424] Writer thread running {{(pid=96424) stat_writer /opt/stack/data/venv/lib/python3.12/site-packages/dbcounter.py:102}}
Jul 20 11:01:28.435974 np0000005492 nova-scheduler[96427]: DEBUG nova.service [None req-f8cd297b-42b9-4ac7-afc2-a875ad78d6ac None None] Creating RPC server for service: nova-scheduler on topic: scheduler {{(pid=96427) start /opt/stack/nova/nova/service.py:196}}
Jul 20 11:01:28.436867 np0000005492 nova-scheduler[96424]: DEBUG nova.service [None req-da19c741-5f9c-4c3f-a8fe-60a43fffcbd6 None None] Creating RPC server for service: nova-scheduler on topic: scheduler {{(pid=96424) start /opt/stack/nova/nova/service.py:196}}
Jul 20 11:01:28.437200 np0000005492 nova-scheduler[96418]: DEBUG nova.service [None req-dca3cc11-4ce4-40d4-9688-98595f57fa23 None None] Join ServiceGroup membership for this service scheduler {{(pid=96418) start /opt/stack/nova/nova/service.py:222}}
Jul 20 11:01:28.437572 np0000005492 nova-scheduler[96418]: DEBUG nova.servicegroup.drivers.db [None req-dca3cc11-4ce4-40d4-9688-98595f57fa23 None None] DB_Driver: join new ServiceGroup member np0000005492 to the scheduler group, service = {{(pid=96418) join /opt/stack/nova/nova/servicegroup/drivers/db.py:44}}
Jul 20 11:01:28.456131 np0000005492 nova-scheduler[96427]: DEBUG nova.service [None req-f8cd297b-42b9-4ac7-afc2-a875ad78d6ac None None] Join ServiceGroup membership for this service scheduler {{(pid=96427) start /opt/stack/nova/nova/service.py:222}}
Jul 20 11:01:28.456278 np0000005492 nova-scheduler[96424]: DEBUG nova.service [None req-da19c741-5f9c-4c3f-a8fe-60a43fffcbd6 None None] Join ServiceGroup membership for this service scheduler {{(pid=96424) start /opt/stack/nova/nova/service.py:222}}
Jul 20 11:01:28.456330 np0000005492 nova-scheduler[96424]: DEBUG nova.servicegroup.drivers.db [None req-da19c741-5f9c-4c3f-a8fe-60a43fffcbd6 None None] DB_Driver: join new ServiceGroup member np0000005492 to the scheduler group, service = {{(pid=96424) join /opt/stack/nova/nova/servicegroup/drivers/db.py:44}}
Jul 20 11:01:28.456372 np0000005492 nova-scheduler[96427]: DEBUG nova.servicegroup.drivers.db [None req-f8cd297b-42b9-4ac7-afc2-a875ad78d6ac None None] DB_Driver: join new ServiceGroup member np0000005492 to the scheduler group, service = {{(pid=96427) join /opt/stack/nova/nova/servicegroup/drivers/db.py:44}}
Jul 20 11:01:33.431445 np0000005492 nova-scheduler[96416]: DEBUG oslo.service.backend._threading.loopingcall [-] Fixed interval looping call 'nova.servicegroup.drivers.db.DbDriver._report_state' sleeping for 119.99 seconds {{(pid=96416) _run_loop /opt/stack/data/venv/lib/python3.12/site-packages/oslo_service/backend/_threading/loopingcall.py:125}}
Jul 20 11:01:33.449019 np0000005492 nova-scheduler[96418]: DEBUG oslo.service.backend._threading.loopingcall [-] Fixed interval looping call 'nova.servicegroup.drivers.db.DbDriver._report_state' sleeping for 119.99 seconds {{(pid=96418) _run_loop /opt/stack/data/venv/lib/python3.12/site-packages/oslo_service/backend/_threading/loopingcall.py:125}}
Jul 20 11:01:33.470476 np0000005492 nova-scheduler[96424]: DEBUG oslo.service.backend._threading.loopingcall [-] Fixed interval looping call 'nova.servicegroup.drivers.db.DbDriver._report_state' sleeping for 119.99 seconds {{(pid=96424) _run_loop /opt/stack/data/venv/lib/python3.12/site-packages/oslo_service/backend/_threading/loopingcall.py:125}}
Jul 20 11:01:33.470801 np0000005492 nova-scheduler[96427]: DEBUG oslo.service.backend._threading.loopingcall [-] Fixed interval looping call 'nova.servicegroup.drivers.db.DbDriver._report_state' sleeping for 119.99 seconds {{(pid=96427) _run_loop /opt/stack/data/venv/lib/python3.12/site-packages/oslo_service/backend/_threading/loopingcall.py:125}}
Jul 20 11:01:36.439816 np0000005492 nova-scheduler[96418]: DEBUG oslo.service.backend._threading.loopingcall [None req-3d4e0e79-5dea-4e5d-becc-f60df4d3721f None None] Dynamic interval looping call 'nova.service.Service.periodic_tasks' sleeping for 60.00 seconds {{(pid=96418) _run_loop /opt/stack/data/venv/lib/python3.12/site-packages/oslo_service/backend/_threading/loopingcall.py:125}}
Jul 20 11:01:36.980728 np0000005492 nova-scheduler[95220]: DEBUG dbcounter [-] [95220] Writing DB stats nova_api:SELECT=3 {{(pid=95220) stat_writer /opt/stack/data/venv/lib/python3.12/site-packages/dbcounter.py:115}}
Jul 20 11:01:37.138735 np0000005492 nova-scheduler[95220]: DEBUG dbcounter [-] [95220] Writing DB stats nova_cell0:SELECT=1 {{(pid=95220) stat_writer /opt/stack/data/venv/lib/python3.12/site-packages/dbcounter.py:115}}
Jul 20 11:01:37.142168 np0000005492 nova-scheduler[95220]: DEBUG dbcounter [-] [95220] Writing DB stats nova_cell1:SELECT=1 {{(pid=95220) stat_writer /opt/stack/data/venv/lib/python3.12/site-packages/dbcounter.py:115}}
Jul 20 11:01:43.428201 np0000005492 nova-scheduler[96416]: DEBUG dbcounter [-] [96416] Writing DB stats nova_cell0:SELECT=4,nova_cell0:INSERT=1,nova_cell0:UPDATE=1 {{(pid=96416) stat_writer /opt/stack/data/venv/lib/python3.12/site-packages/dbcounter.py:115}}
Jul 20 11:01:43.446082 np0000005492 nova-scheduler[96418]: DEBUG dbcounter [-] [96418] Writing DB stats nova_cell0:SELECT=3 {{(pid=96418) stat_writer /opt/stack/data/venv/lib/python3.12/site-packages/dbcounter.py:115}}
Jul 20 11:01:43.466889 np0000005492 nova-scheduler[96424]: DEBUG dbcounter [-] [96424] Writing DB stats nova_cell0:SELECT=3 {{(pid=96424) stat_writer /opt/stack/data/venv/lib/python3.12/site-packages/dbcounter.py:115}}
Jul 20 11:01:43.470064 np0000005492 nova-scheduler[96427]: DEBUG dbcounter [-] [96427] Writing DB stats nova_cell0:SELECT=3 {{(pid=96427) stat_writer /opt/stack/data/venv/lib/python3.12/site-packages/dbcounter.py:115}}
Jul 20 11:01:56.421291 np0000005492 nova-scheduler[96416]: DEBUG oslo.service.backend._threading.loopingcall [None req-ae76ed80-7aa3-4889-b6b8-bddd2f99f1d5 None None] Dynamic interval looping call 'nova.service.Service.periodic_tasks' sleeping for 60.00 seconds {{(pid=96416) _run_loop /opt/stack/data/venv/lib/python3.12/site-packages/oslo_service/backend/_threading/loopingcall.py:125}}
Jul 20 11:02:11.458455 np0000005492 nova-scheduler[96424]: DEBUG oslo.service.backend._threading.loopingcall [None req-b68bbed6-e06a-475d-91e2-26985d7fa2d2 None None] Dynamic interval looping call 'nova.service.Service.periodic_tasks' sleeping for 60.00 seconds {{(pid=96424) _run_loop /opt/stack/data/venv/lib/python3.12/site-packages/oslo_service/backend/_threading/loopingcall.py:125}}
Jul 20 11:02:13.458220 np0000005492 nova-scheduler[96427]: DEBUG oslo.service.backend._threading.loopingcall [None req-4c84d59d-d74c-4ca3-b115-b706491bda47 None None] Dynamic interval looping call 'nova.service.Service.periodic_tasks' sleeping for 60.00 seconds {{(pid=96427) _run_loop /opt/stack/data/venv/lib/python3.12/site-packages/oslo_service/backend/_threading/loopingcall.py:125}}
Jul 20 11:02:36.440362 np0000005492 nova-scheduler[96418]: DEBUG oslo.service.backend._threading.loopingcall [None req-3d4e0e79-5dea-4e5d-becc-f60df4d3721f None None] Dynamic interval looping call 'nova.service.Service.periodic_tasks' sleeping for 60.00 seconds {{(pid=96418) _run_loop /opt/stack/data/venv/lib/python3.12/site-packages/oslo_service/backend/_threading/loopingcall.py:125}}
Jul 20 11:02:56.421800 np0000005492 nova-scheduler[96416]: DEBUG oslo.service.backend._threading.loopingcall [None req-ae76ed80-7aa3-4889-b6b8-bddd2f99f1d5 None None] Dynamic interval looping call 'nova.service.Service.periodic_tasks' sleeping for 60.00 seconds {{(pid=96416) _run_loop /opt/stack/data/venv/lib/python3.12/site-packages/oslo_service/backend/_threading/loopingcall.py:125}}
Jul 20 11:03:11.459015 np0000005492 nova-scheduler[96424]: DEBUG oslo.service.backend._threading.loopingcall [None req-b68bbed6-e06a-475d-91e2-26985d7fa2d2 None None] Dynamic interval looping call 'nova.service.Service.periodic_tasks' sleeping for 60.00 seconds {{(pid=96424) _run_loop /opt/stack/data/venv/lib/python3.12/site-packages/oslo_service/backend/_threading/loopingcall.py:125}}
Jul 20 11:03:13.458762 np0000005492 nova-scheduler[96427]: DEBUG oslo.service.backend._threading.loopingcall [None req-4c84d59d-d74c-4ca3-b115-b706491bda47 None None] Dynamic interval looping call 'nova.service.Service.periodic_tasks' sleeping for 60.00 seconds {{(pid=96427) _run_loop /opt/stack/data/venv/lib/python3.12/site-packages/oslo_service/backend/_threading/loopingcall.py:125}}
Jul 20 11:03:33.430390 np0000005492 nova-scheduler[96416]: DEBUG oslo.service.backend._threading.loopingcall [-] Fixed interval looping call 'nova.servicegroup.drivers.db.DbDriver._report_state' sleeping for 119.99 seconds {{(pid=96416) _run_loop /opt/stack/data/venv/lib/python3.12/site-packages/oslo_service/backend/_threading/loopingcall.py:125}}
Jul 20 11:03:33.444012 np0000005492 nova-scheduler[96418]: DEBUG oslo.service.backend._threading.loopingcall [-] Fixed interval looping call 'nova.servicegroup.drivers.db.DbDriver._report_state' sleeping for 120.00 seconds {{(pid=96418) _run_loop /opt/stack/data/venv/lib/python3.12/site-packages/oslo_service/backend/_threading/loopingcall.py:125}}
Jul 20 11:03:33.465852 np0000005492 nova-scheduler[96424]: DEBUG oslo.service.backend._threading.loopingcall [-] Fixed interval looping call 'nova.servicegroup.drivers.db.DbDriver._report_state' sleeping for 120.00 seconds {{(pid=96424) _run_loop /opt/stack/data/venv/lib/python3.12/site-packages/oslo_service/backend/_threading/loopingcall.py:125}}
Jul 20 11:03:33.466321 np0000005492 nova-scheduler[96427]: DEBUG oslo.service.backend._threading.loopingcall [-] Fixed interval looping call 'nova.servicegroup.drivers.db.DbDriver._report_state' sleeping for 120.00 seconds {{(pid=96427) _run_loop /opt/stack/data/venv/lib/python3.12/site-packages/oslo_service/backend/_threading/loopingcall.py:125}}
Jul 20 11:03:36.441290 np0000005492 nova-scheduler[96418]: DEBUG oslo.service.backend._threading.loopingcall [None req-3d4e0e79-5dea-4e5d-becc-f60df4d3721f None None] Dynamic interval looping call 'nova.service.Service.periodic_tasks' sleeping for 60.00 seconds {{(pid=96418) _run_loop /opt/stack/data/venv/lib/python3.12/site-packages/oslo_service/backend/_threading/loopingcall.py:125}}
Jul 20 11:03:43.427216 np0000005492 nova-scheduler[96416]: DEBUG dbcounter [-] [96416] Writing DB stats nova_cell0:SELECT=1,nova_cell0:UPDATE=1 {{(pid=96416) stat_writer /opt/stack/data/venv/lib/python3.12/site-packages/dbcounter.py:115}}
Jul 20 11:03:43.441424 np0000005492 nova-scheduler[96418]: DEBUG dbcounter [-] [96418] Writing DB stats nova_cell0:SELECT=1 {{(pid=96418) stat_writer /opt/stack/data/venv/lib/python3.12/site-packages/dbcounter.py:115}}
Jul 20 11:03:43.462979 np0000005492 nova-scheduler[96427]: DEBUG dbcounter [-] [96427] Writing DB stats nova_cell0:SELECT=1 {{(pid=96427) stat_writer /opt/stack/data/venv/lib/python3.12/site-packages/dbcounter.py:115}}
Jul 20 11:03:43.463461 np0000005492 nova-scheduler[96424]: DEBUG dbcounter [-] [96424] Writing DB stats nova_cell0:SELECT=1 {{(pid=96424) stat_writer /opt/stack/data/venv/lib/python3.12/site-packages/dbcounter.py:115}}
Jul 20 11:03:56.422350 np0000005492 nova-scheduler[96416]: DEBUG oslo.service.backend._threading.loopingcall [None req-ae76ed80-7aa3-4889-b6b8-bddd2f99f1d5 None None] Dynamic interval looping call 'nova.service.Service.periodic_tasks' sleeping for 60.00 seconds {{(pid=96416) _run_loop /opt/stack/data/venv/lib/python3.12/site-packages/oslo_service/backend/_threading/loopingcall.py:125}}
Jul 20 11:04:11.459452 np0000005492 nova-scheduler[96424]: DEBUG oslo.service.backend._threading.loopingcall [None req-b68bbed6-e06a-475d-91e2-26985d7fa2d2 None None] Dynamic interval looping call 'nova.service.Service.periodic_tasks' sleeping for 60.00 seconds {{(pid=96424) _run_loop /opt/stack/data/venv/lib/python3.12/site-packages/oslo_service/backend/_threading/loopingcall.py:125}}
Jul 20 11:04:13.459480 np0000005492 nova-scheduler[96427]: DEBUG oslo.service.backend._threading.loopingcall [None req-4c84d59d-d74c-4ca3-b115-b706491bda47 None None] Dynamic interval looping call 'nova.service.Service.periodic_tasks' sleeping for 60.00 seconds {{(pid=96427) _run_loop /opt/stack/data/venv/lib/python3.12/site-packages/oslo_service/backend/_threading/loopingcall.py:125}}
Jul 20 11:04:16.084550 np0000005492 nova-scheduler[96416]: DEBUG nova.scheduler.manager [None req-f2260bca-bfd5-4d46-a53c-97145cdb9e3f tempest-TaggedAttachmentsTest-1285672660 tempest-TaggedAttachmentsTest-1285672660-project-member] Starting to schedule for instances: ['041163a6-b52d-4451-8ed9-e4bebee3228f'] {{(pid=96416) select_destinations /opt/stack/nova/nova/scheduler/manager.py:209}}
Jul 20 11:04:16.086574 np0000005492 nova-scheduler[96416]: DEBUG nova.scheduler.request_filter [None req-f2260bca-bfd5-4d46-a53c-97145cdb9e3f tempest-TaggedAttachmentsTest-1285672660 tempest-TaggedAttachmentsTest-1285672660-project-member] compute_status_filter request filter added forbidden trait COMPUTE_STATUS_DISABLED {{(pid=96416) compute_status_filter /opt/stack/nova/nova/scheduler/request_filter.py:253}}
Jul 20 11:04:16.086646 np0000005492 nova-scheduler[96416]: DEBUG nova.scheduler.request_filter [None req-f2260bca-bfd5-4d46-a53c-97145cdb9e3f tempest-TaggedAttachmentsTest-1285672660 tempest-TaggedAttachmentsTest-1285672660-project-member] Request filter 'compute_status_filter' took 0.0 seconds {{(pid=96416) wrapper /opt/stack/nova/nova/scheduler/request_filter.py:46}}
Jul 20 11:04:16.087748 np0000005492 nova-scheduler[96416]: DEBUG nova.scheduler.request_filter [None req-f2260bca-bfd5-4d46-a53c-97145cdb9e3f tempest-TaggedAttachmentsTest-1285672660 tempest-TaggedAttachmentsTest-1285672660-project-member] Request filter 'accelerators_filter' took 0.0 seconds {{(pid=96416) wrapper /opt/stack/nova/nova/scheduler/request_filter.py:46}}
Jul 20 11:04:16.087748 np0000005492 nova-scheduler[96416]: DEBUG nova.scheduler.request_filter [None req-f2260bca-bfd5-4d46-a53c-97145cdb9e3f tempest-TaggedAttachmentsTest-1285672660 tempest-TaggedAttachmentsTest-1285672660-project-member] Request filter 'packed_virtqueue_filter' took 0.0 seconds {{(pid=96416) wrapper /opt/stack/nova/nova/scheduler/request_filter.py:46}}
Jul 20 11:04:16.088020 np0000005492 nova-scheduler[96416]: DEBUG nova.scheduler.request_filter [None req-f2260bca-bfd5-4d46-a53c-97145cdb9e3f tempest-TaggedAttachmentsTest-1285672660 tempest-TaggedAttachmentsTest-1285672660-project-member] Request filter 'remote_managed_ports_filter' took 0.0 seconds {{(pid=96416) wrapper /opt/stack/nova/nova/scheduler/request_filter.py:46}}
Jul 20 11:04:16.088650 np0000005492 nova-scheduler[96416]: DEBUG nova.scheduler.request_filter [None req-f2260bca-bfd5-4d46-a53c-97145cdb9e3f tempest-TaggedAttachmentsTest-1285672660 tempest-TaggedAttachmentsTest-1285672660-project-member] ephemeral_encryption_filter skipped {{(pid=96416) ephemeral_encryption_filter /opt/stack/nova/nova/scheduler/request_filter.py:426}}
Jul 20 11:04:16.088650 np0000005492 nova-scheduler[96416]: DEBUG nova.scheduler.request_filter [None req-f2260bca-bfd5-4d46-a53c-97145cdb9e3f tempest-TaggedAttachmentsTest-1285672660 tempest-TaggedAttachmentsTest-1285672660-project-member] virtio_sound_filter skipped {{(pid=96416) virtio_sound_filter /opt/stack/nova/nova/scheduler/request_filter.py:460}}
Jul 20 11:04:16.089786 np0000005492 nova-scheduler[96416]: DEBUG nova.scheduler.request_filter [None req-f2260bca-bfd5-4d46-a53c-97145cdb9e3f tempest-TaggedAttachmentsTest-1285672660 tempest-TaggedAttachmentsTest-1285672660-project-member] tpm_secret_security_filter skipped {{(pid=96416) tpm_secret_security_filter /opt/stack/nova/nova/scheduler/request_filter.py:477}}
Jul 20 11:04:16.872740 np0000005492 nova-scheduler[96416]: INFO nova.utils [None req-f2260bca-bfd5-4d46-a53c-97145cdb9e3f tempest-TaggedAttachmentsTest-1285672660 tempest-TaggedAttachmentsTest-1285672660-project-member] The cell worker thread pool ForkProcess-1.cell_worker is initialized
Jul 20 11:04:16.873119 np0000005492 nova-scheduler[96416]: DEBUG oslo_concurrency.lockutils [None req-f2260bca-bfd5-4d46-a53c-97145cdb9e3f tempest-TaggedAttachmentsTest-1285672660 tempest-TaggedAttachmentsTest-1285672660-project-member] Acquiring lock "267ff4ec-17e2-4857-8568-b84ac6c91380" by "nova.context.set_target_cell..get_or_set_cached_cell_and_set_connections" {{(pid=96416) inner /opt/stack/data/venv/lib/python3.12/site-packages/oslo_concurrency/lockutils.py:512}}
Jul 20 11:04:16.873310 np0000005492 nova-scheduler[96416]: DEBUG oslo_concurrency.lockutils [None req-f2260bca-bfd5-4d46-a53c-97145cdb9e3f tempest-TaggedAttachmentsTest-1285672660 tempest-TaggedAttachmentsTest-1285672660-project-member] Lock "267ff4ec-17e2-4857-8568-b84ac6c91380" acquired by "nova.context.set_target_cell..get_or_set_cached_cell_and_set_connections" :: waited 0.000s {{(pid=96416) inner /opt/stack/data/venv/lib/python3.12/site-packages/oslo_concurrency/lockutils.py:525}}
Jul 20 11:04:16.874551 np0000005492 nova-scheduler[96416]: DEBUG oslo_concurrency.lockutils [None req-f2260bca-bfd5-4d46-a53c-97145cdb9e3f tempest-TaggedAttachmentsTest-1285672660 tempest-TaggedAttachmentsTest-1285672660-project-member] Lock "267ff4ec-17e2-4857-8568-b84ac6c91380" "released" by "nova.context.set_target_cell..get_or_set_cached_cell_and_set_connections" :: held 0.001s {{(pid=96416) inner /opt/stack/data/venv/lib/python3.12/site-packages/oslo_concurrency/lockutils.py:544}}
Jul 20 11:04:16.877854 np0000005492 nova-scheduler[96416]: INFO dbcounter [None req-f2260bca-bfd5-4d46-a53c-97145cdb9e3f tempest-TaggedAttachmentsTest-1285672660 tempest-TaggedAttachmentsTest-1285672660-project-member] Registered counter for database nova_cell1
Jul 20 11:04:16.923503 np0000005492 nova-scheduler[96416]: DEBUG oslo_db.sqlalchemy.engines [None req-f2260bca-bfd5-4d46-a53c-97145cdb9e3f tempest-TaggedAttachmentsTest-1285672660 tempest-TaggedAttachmentsTest-1285672660-project-member] MySQL server mode set to STRICT_TRANS_TABLES,STRICT_ALL_TABLES,NO_ZERO_IN_DATE,NO_ZERO_DATE,ERROR_FOR_DIVISION_BY_ZERO,TRADITIONAL,NO_ENGINE_SUBSTITUTION {{(pid=96416) _check_effective_sql_mode /opt/stack/data/venv/lib/python3.12/site-packages/oslo_db/sqlalchemy/engines.py:325}}
Jul 20 11:04:16.930138 np0000005492 nova-scheduler[96416]: DEBUG dbcounter [-] [96416] Writer thread running {{(pid=96416) stat_writer /opt/stack/data/venv/lib/python3.12/site-packages/dbcounter.py:102}}
