Jul 20 11:00:47.815679 np0000005489 nova-scheduler[93459]: DEBUG cotyledon.oslo_config_glue [-] oslo_messaging_rabbit.rabbit_qos_prefetch_count = 0 {{(pid=93459) log_opt_values /opt/stack/data/venv/lib/python3.12/site-packages/oslo_config/cfg.py:3253}}
Jul 20 11:00:47.815679 np0000005489 nova-scheduler[93459]: DEBUG cotyledon.oslo_config_glue [-] oslo_messaging_rabbit.rabbit_quorum_delivery_limit = 0 {{(pid=93459) log_opt_values /opt/stack/data/venv/lib/python3.12/site-packages/oslo_config/cfg.py:3253}}
Jul 20 11:00:47.815679 np0000005489 nova-scheduler[93459]: DEBUG cotyledon.oslo_config_glue [-] oslo_messaging_rabbit.rabbit_quorum_max_memory_bytes = 0 {{(pid=93459) log_opt_values /opt/stack/data/venv/lib/python3.12/site-packages/oslo_config/cfg.py:3253}}
Jul 20 11:00:47.815679 np0000005489 nova-scheduler[93459]: DEBUG cotyledon.oslo_config_glue [-] oslo_messaging_rabbit.rabbit_quorum_max_memory_length = 0 {{(pid=93459) log_opt_values /opt/stack/data/venv/lib/python3.12/site-packages/oslo_config/cfg.py:3253}}
Jul 20 11:00:47.815679 np0000005489 nova-scheduler[93459]: DEBUG cotyledon.oslo_config_glue [-] oslo_messaging_rabbit.rabbit_quorum_queue = False {{(pid=93459) log_opt_values /opt/stack/data/venv/lib/python3.12/site-packages/oslo_config/cfg.py:3253}}
Jul 20 11:00:47.815929 np0000005489 nova-scheduler[93459]: DEBUG cotyledon.oslo_config_glue [-] oslo_messaging_rabbit.rabbit_retry_backoff = 2 {{(pid=93459) log_opt_values /opt/stack/data/venv/lib/python3.12/site-packages/oslo_config/cfg.py:3253}}
Jul 20 11:00:47.815929 np0000005489 nova-scheduler[93459]: DEBUG cotyledon.oslo_config_glue [-] oslo_messaging_rabbit.rabbit_retry_interval = 1 {{(pid=93459) log_opt_values /opt/stack/data/venv/lib/python3.12/site-packages/oslo_config/cfg.py:3253}}
Jul 20 11:00:47.815929 np0000005489 nova-scheduler[93459]: DEBUG cotyledon.oslo_config_glue [-] oslo_messaging_rabbit.rabbit_stream_fanout = False {{(pid=93459) log_opt_values /opt/stack/data/venv/lib/python3.12/site-packages/oslo_config/cfg.py:3253}}
Jul 20 11:00:47.815929 np0000005489 nova-scheduler[93459]: DEBUG cotyledon.oslo_config_glue [-] oslo_messaging_rabbit.rabbit_transient_queues_ttl = 1800 {{(pid=93459) log_opt_values /opt/stack/data/venv/lib/python3.12/site-packages/oslo_config/cfg.py:3253}}
Jul 20 11:00:47.815929 np0000005489 nova-scheduler[93459]: DEBUG cotyledon.oslo_config_glue [-] oslo_messaging_rabbit.rabbit_transient_quorum_queue = False {{(pid=93459) log_opt_values /opt/stack/data/venv/lib/python3.12/site-packages/oslo_config/cfg.py:3253}}
Jul 20 11:00:47.815929 np0000005489 nova-scheduler[93459]: DEBUG cotyledon.oslo_config_glue [-] oslo_messaging_rabbit.rpc_conn_pool_size = 30 {{(pid=93459) log_opt_values /opt/stack/data/venv/lib/python3.12/site-packages/oslo_config/cfg.py:3253}}
Jul 20 11:00:47.815929 np0000005489 nova-scheduler[93459]: DEBUG cotyledon.oslo_config_glue [-] oslo_messaging_rabbit.ssl = False {{(pid=93459) log_opt_values /opt/stack/data/venv/lib/python3.12/site-packages/oslo_config/cfg.py:3253}}
Jul 20 11:00:47.815929 np0000005489 nova-scheduler[93459]: DEBUG cotyledon.oslo_config_glue [-] oslo_messaging_rabbit.ssl_ca_file = {{(pid=93459) log_opt_values /opt/stack/data/venv/lib/python3.12/site-packages/oslo_config/cfg.py:3253}}
Jul 20 11:00:47.815929 np0000005489 nova-scheduler[93459]: DEBUG cotyledon.oslo_config_glue [-] oslo_messaging_rabbit.ssl_cert_file = {{(pid=93459) log_opt_values /opt/stack/data/venv/lib/python3.12/site-packages/oslo_config/cfg.py:3253}}
Jul 20 11:00:47.816103 np0000005489 nova-scheduler[93459]: DEBUG cotyledon.oslo_config_glue [-] oslo_messaging_rabbit.ssl_enforce_fips_mode = False {{(pid=93459) log_opt_values /opt/stack/data/venv/lib/python3.12/site-packages/oslo_config/cfg.py:3253}}
Jul 20 11:00:47.816103 np0000005489 nova-scheduler[93459]: DEBUG cotyledon.oslo_config_glue [-] oslo_messaging_rabbit.ssl_enforce_hostname_verification = True {{(pid=93459) log_opt_values /opt/stack/data/venv/lib/python3.12/site-packages/oslo_config/cfg.py:3253}}
Jul 20 11:00:47.816103 np0000005489 nova-scheduler[93459]: DEBUG cotyledon.oslo_config_glue [-] oslo_messaging_rabbit.ssl_key_file = {{(pid=93459) log_opt_values /opt/stack/data/venv/lib/python3.12/site-packages/oslo_config/cfg.py:3253}}
Jul 20 11:00:47.816103 np0000005489 nova-scheduler[93459]: DEBUG cotyledon.oslo_config_glue [-] oslo_messaging_rabbit.ssl_version = {{(pid=93459) log_opt_values /opt/stack/data/venv/lib/python3.12/site-packages/oslo_config/cfg.py:3253}}
Jul 20 11:00:47.816103 np0000005489 nova-scheduler[93459]: DEBUG cotyledon.oslo_config_glue [-] oslo_messaging_rabbit.use_queue_manager = False {{(pid=93459) log_opt_values /opt/stack/data/venv/lib/python3.12/site-packages/oslo_config/cfg.py:3253}}
Jul 20 11:00:47.816205 np0000005489 nova-scheduler[93428]: DEBUG oslo_db.sqlalchemy.engines [None req-429e59d1-68ff-473a-a9ae-3472df447da6 None None] MySQL server mode set to STRICT_TRANS_TABLES,STRICT_ALL_TABLES,NO_ZERO_IN_DATE,NO_ZERO_DATE,ERROR_FOR_DIVISION_BY_ZERO,TRADITIONAL,NO_ENGINE_SUBSTITUTION {{(pid=93428) _check_effective_sql_mode /opt/stack/data/venv/lib/python3.12/site-packages/oslo_db/sqlalchemy/engines.py:325}}
Jul 20 11:00:47.816240 np0000005489 nova-scheduler[93459]: DEBUG cotyledon.oslo_config_glue [-] oslo_messaging_notifications.driver = ['messagingv2'] {{(pid=93459) log_opt_values /opt/stack/data/venv/lib/python3.12/site-packages/oslo_config/cfg.py:3253}}
Jul 20 11:00:47.816240 np0000005489 nova-scheduler[93459]: DEBUG cotyledon.oslo_config_glue [-] oslo_messaging_notifications.retry = -1 {{(pid=93459) log_opt_values /opt/stack/data/venv/lib/python3.12/site-packages/oslo_config/cfg.py:3253}}
Jul 20 11:00:47.816240 np0000005489 nova-scheduler[93459]: DEBUG cotyledon.oslo_config_glue [-] oslo_messaging_notifications.topics = ['notifications'] {{(pid=93459) log_opt_values /opt/stack/data/venv/lib/python3.12/site-packages/oslo_config/cfg.py:3253}}
Jul 20 11:00:47.816240 np0000005489 nova-scheduler[93459]: DEBUG cotyledon.oslo_config_glue [-] oslo_messaging_notifications.transport_url = **** {{(pid=93459) log_opt_values /opt/stack/data/venv/lib/python3.12/site-packages/oslo_config/cfg.py:3253}}
Jul 20 11:00:47.816240 np0000005489 nova-scheduler[93459]: DEBUG cotyledon.oslo_config_glue [-] oslo_limit.auth_section = None {{(pid=93459) log_opt_values /opt/stack/data/venv/lib/python3.12/site-packages/oslo_config/cfg.py:3253}}
Jul 20 11:00:47.816240 np0000005489 nova-scheduler[93459]: DEBUG cotyledon.oslo_config_glue [-] oslo_limit.auth_type = None {{(pid=93459) log_opt_values /opt/stack/data/venv/lib/python3.12/site-packages/oslo_config/cfg.py:3253}}
Jul 20 11:00:47.816240 np0000005489 nova-scheduler[93459]: DEBUG cotyledon.oslo_config_glue [-] oslo_limit.cafile = None {{(pid=93459) log_opt_values /opt/stack/data/venv/lib/python3.12/site-packages/oslo_config/cfg.py:3253}}
Jul 20 11:00:47.816240 np0000005489 nova-scheduler[93459]: DEBUG cotyledon.oslo_config_glue [-] oslo_limit.certfile = None {{(pid=93459) log_opt_values /opt/stack/data/venv/lib/python3.12/site-packages/oslo_config/cfg.py:3253}}
Jul 20 11:00:47.816240 np0000005489 nova-scheduler[93459]: DEBUG cotyledon.oslo_config_glue [-] oslo_limit.collect_timing = False {{(pid=93459) log_opt_values /opt/stack/data/venv/lib/python3.12/site-packages/oslo_config/cfg.py:3253}}
Jul 20 11:00:47.816441 np0000005489 nova-scheduler[93459]: DEBUG cotyledon.oslo_config_glue [-] oslo_limit.connect_retries = None {{(pid=93459) log_opt_values /opt/stack/data/venv/lib/python3.12/site-packages/oslo_config/cfg.py:3253}}
Jul 20 11:00:47.816441 np0000005489 nova-scheduler[93459]: DEBUG cotyledon.oslo_config_glue [-] oslo_limit.connect_retry_delay = None {{(pid=93459) log_opt_values /opt/stack/data/venv/lib/python3.12/site-packages/oslo_config/cfg.py:3253}}
Jul 20 11:00:47.816441 np0000005489 nova-scheduler[93459]: DEBUG cotyledon.oslo_config_glue [-] oslo_limit.endpoint_id = None {{(pid=93459) log_opt_values /opt/stack/data/venv/lib/python3.12/site-packages/oslo_config/cfg.py:3253}}
Jul 20 11:00:47.816441 np0000005489 nova-scheduler[93459]: DEBUG cotyledon.oslo_config_glue [-] oslo_limit.endpoint_interface = public {{(pid=93459) log_opt_values /opt/stack/data/venv/lib/python3.12/site-packages/oslo_config/cfg.py:3253}}
Jul 20 11:00:47.816441 np0000005489 nova-scheduler[93459]: DEBUG cotyledon.oslo_config_glue [-] oslo_limit.endpoint_override = None {{(pid=93459) log_opt_values /opt/stack/data/venv/lib/python3.12/site-packages/oslo_config/cfg.py:3253}}
Jul 20 11:00:47.816441 np0000005489 nova-scheduler[93459]: DEBUG cotyledon.oslo_config_glue [-] oslo_limit.endpoint_region_name = None {{(pid=93459) log_opt_values /opt/stack/data/venv/lib/python3.12/site-packages/oslo_config/cfg.py:3253}}
Jul 20 11:00:47.816441 np0000005489 nova-scheduler[93459]: DEBUG cotyledon.oslo_config_glue [-] oslo_limit.endpoint_service_name = None {{(pid=93459) log_opt_values /opt/stack/data/venv/lib/python3.12/site-packages/oslo_config/cfg.py:3253}}
Jul 20 11:00:47.816441 np0000005489 nova-scheduler[93459]: DEBUG cotyledon.oslo_config_glue [-] oslo_limit.endpoint_service_type = None {{(pid=93459) log_opt_values /opt/stack/data/venv/lib/python3.12/site-packages/oslo_config/cfg.py:3253}}
Jul 20 11:00:47.816441 np0000005489 nova-scheduler[93459]: DEBUG cotyledon.oslo_config_glue [-] oslo_limit.insecure = False {{(pid=93459) log_opt_values /opt/stack/data/venv/lib/python3.12/site-packages/oslo_config/cfg.py:3253}}
Jul 20 11:00:47.816615 np0000005489 nova-scheduler[93459]: DEBUG cotyledon.oslo_config_glue [-] oslo_limit.keyfile = None {{(pid=93459) log_opt_values /opt/stack/data/venv/lib/python3.12/site-packages/oslo_config/cfg.py:3253}}
Jul 20 11:00:47.816615 np0000005489 nova-scheduler[93459]: DEBUG cotyledon.oslo_config_glue [-] oslo_limit.max_version = None {{(pid=93459) log_opt_values /opt/stack/data/venv/lib/python3.12/site-packages/oslo_config/cfg.py:3253}}
Jul 20 11:00:47.816615 np0000005489 nova-scheduler[93459]: DEBUG cotyledon.oslo_config_glue [-] oslo_limit.min_version = None {{(pid=93459) log_opt_values /opt/stack/data/venv/lib/python3.12/site-packages/oslo_config/cfg.py:3253}}
Jul 20 11:00:47.816615 np0000005489 nova-scheduler[93459]: DEBUG cotyledon.oslo_config_glue [-] oslo_limit.region_name = None {{(pid=93459) log_opt_values /opt/stack/data/venv/lib/python3.12/site-packages/oslo_config/cfg.py:3253}}
Jul 20 11:00:47.816615 np0000005489 nova-scheduler[93459]: DEBUG cotyledon.oslo_config_glue [-] oslo_limit.retriable_status_codes = None {{(pid=93459) log_opt_values /opt/stack/data/venv/lib/python3.12/site-packages/oslo_config/cfg.py:3253}}
Jul 20 11:00:47.816615 np0000005489 nova-scheduler[93459]: DEBUG cotyledon.oslo_config_glue [-] oslo_limit.service_name = None {{(pid=93459) log_opt_values /opt/stack/data/venv/lib/python3.12/site-packages/oslo_config/cfg.py:3253}}
Jul 20 11:00:47.816615 np0000005489 nova-scheduler[93459]: DEBUG cotyledon.oslo_config_glue [-] oslo_limit.service_type = None {{(pid=93459) log_opt_values /opt/stack/data/venv/lib/python3.12/site-packages/oslo_config/cfg.py:3253}}
Jul 20 11:00:47.816615 np0000005489 nova-scheduler[93459]: DEBUG cotyledon.oslo_config_glue [-] oslo_limit.split_loggers = False {{(pid=93459) log_opt_values /opt/stack/data/venv/lib/python3.12/site-packages/oslo_config/cfg.py:3253}}
Jul 20 11:00:47.816615 np0000005489 nova-scheduler[93459]: DEBUG cotyledon.oslo_config_glue [-] oslo_limit.status_code_retries = None {{(pid=93459) log_opt_values /opt/stack/data/venv/lib/python3.12/site-packages/oslo_config/cfg.py:3253}}
Jul 20 11:00:47.816797 np0000005489 nova-scheduler[93459]: DEBUG cotyledon.oslo_config_glue [-] oslo_limit.status_code_retry_delay = None {{(pid=93459) log_opt_values /opt/stack/data/venv/lib/python3.12/site-packages/oslo_config/cfg.py:3253}}
Jul 20 11:00:47.816797 np0000005489 nova-scheduler[93459]: DEBUG cotyledon.oslo_config_glue [-] oslo_limit.timeout = None {{(pid=93459) log_opt_values /opt/stack/data/venv/lib/python3.12/site-packages/oslo_config/cfg.py:3253}}
Jul 20 11:00:47.816797 np0000005489 nova-scheduler[93459]: DEBUG cotyledon.oslo_config_glue [-] oslo_limit.valid_interfaces = None {{(pid=93459) log_opt_values /opt/stack/data/venv/lib/python3.12/site-packages/oslo_config/cfg.py:3253}}
Jul 20 11:00:47.816797 np0000005489 nova-scheduler[93459]: DEBUG cotyledon.oslo_config_glue [-] oslo_limit.version = None {{(pid=93459) log_opt_values /opt/stack/data/venv/lib/python3.12/site-packages/oslo_config/cfg.py:3253}}
Jul 20 11:00:47.816797 np0000005489 nova-scheduler[93459]: DEBUG cotyledon.oslo_config_glue [-] oslo_reports.file_event_handler = None {{(pid=93459) log_opt_values /opt/stack/data/venv/lib/python3.12/site-packages/oslo_config/cfg.py:3253}}
Jul 20 11:00:47.816797 np0000005489 nova-scheduler[93459]: DEBUG cotyledon.oslo_config_glue [-] oslo_reports.file_event_handler_interval = 1 {{(pid=93459) log_opt_values /opt/stack/data/venv/lib/python3.12/site-packages/oslo_config/cfg.py:3253}}
Jul 20 11:00:47.816797 np0000005489 nova-scheduler[93459]: DEBUG cotyledon.oslo_config_glue [-] oslo_reports.log_dir = None {{(pid=93459) log_opt_values /opt/stack/data/venv/lib/python3.12/site-packages/oslo_config/cfg.py:3253}}
Jul 20 11:00:47.816797 np0000005489 nova-scheduler[93459]: DEBUG cotyledon.oslo_config_glue [-] ******************************************************************************** {{(pid=93459) log_opt_values /opt/stack/data/venv/lib/python3.12/site-packages/oslo_config/cfg.py:3260}}
Jul 20 11:00:47.816797 np0000005489 nova-scheduler[93459]: DEBUG cotyledon._service_worker [-] Run service ServiceWrapper(2) [93459] {{(pid=93459) wait_forever /opt/stack/data/venv/lib/python3.12/site-packages/cotyledon/_service_worker.py:218}}
Jul 20 11:00:47.816986 np0000005489 nova-scheduler[93459]: INFO nova.service [-] Starting scheduler node (version 33.1.0)
Jul 20 11:00:47.816986 np0000005489 nova-scheduler[93459]: INFO dbcounter [None req-b90e043f-5f98-48bd-a6b3-098a370b5780 None None] Registered counter for database nova_cell0
Jul 20 11:00:47.817032 np0000005489 nova-scheduler[93428]: DEBUG dbcounter [-] [93428] Writer thread running {{(pid=93428) stat_writer /opt/stack/data/venv/lib/python3.12/site-packages/dbcounter.py:102}}
Jul 20 11:00:47.822378 np0000005489 nova-scheduler[93457]: DEBUG oslo_db.sqlalchemy.engines [None req-776b2c73-1838-4944-94c0-2ba7e626b285 None None] MySQL server mode set to STRICT_TRANS_TABLES,STRICT_ALL_TABLES,NO_ZERO_IN_DATE,NO_ZERO_DATE,ERROR_FOR_DIVISION_BY_ZERO,TRADITIONAL,NO_ENGINE_SUBSTITUTION {{(pid=93457) _check_effective_sql_mode /opt/stack/data/venv/lib/python3.12/site-packages/oslo_db/sqlalchemy/engines.py:325}}
Jul 20 11:00:47.827267 np0000005489 nova-scheduler[93428]: DEBUG nova.service [None req-429e59d1-68ff-473a-a9ae-3472df447da6 None None] Creating RPC server for service: nova-scheduler on topic: scheduler {{(pid=93428) start /opt/stack/nova/nova/service.py:196}}
Jul 20 11:00:47.830940 np0000005489 nova-scheduler[93457]: DEBUG dbcounter [-] [93457] Writer thread running {{(pid=93457) stat_writer /opt/stack/data/venv/lib/python3.12/site-packages/dbcounter.py:102}}
Jul 20 11:00:47.833405 np0000005489 nova-scheduler[93457]: DEBUG nova.service [None req-776b2c73-1838-4944-94c0-2ba7e626b285 None None] Creating RPC server for service: nova-scheduler on topic: scheduler {{(pid=93457) start /opt/stack/nova/nova/service.py:196}}
Jul 20 11:00:47.841216 np0000005489 nova-scheduler[93459]: DEBUG oslo_db.sqlalchemy.engines [None req-b90e043f-5f98-48bd-a6b3-098a370b5780 None None] MySQL server mode set to STRICT_TRANS_TABLES,STRICT_ALL_TABLES,NO_ZERO_IN_DATE,NO_ZERO_DATE,ERROR_FOR_DIVISION_BY_ZERO,TRADITIONAL,NO_ENGINE_SUBSTITUTION {{(pid=93459) _check_effective_sql_mode /opt/stack/data/venv/lib/python3.12/site-packages/oslo_db/sqlalchemy/engines.py:325}}
Jul 20 11:00:47.851500 np0000005489 nova-scheduler[93457]: DEBUG nova.service [None req-776b2c73-1838-4944-94c0-2ba7e626b285 None None] Join ServiceGroup membership for this service scheduler {{(pid=93457) start /opt/stack/nova/nova/service.py:222}}
Jul 20 11:00:47.851630 np0000005489 nova-scheduler[93457]: DEBUG nova.servicegroup.drivers.db [None req-776b2c73-1838-4944-94c0-2ba7e626b285 None None] DB_Driver: join new ServiceGroup member np0000005489 to the scheduler group, service = {{(pid=93457) join /opt/stack/nova/nova/servicegroup/drivers/db.py:44}}
Jul 20 11:00:47.860712 np0000005489 nova-scheduler[93459]: DEBUG dbcounter [-] [93459] Writer thread running {{(pid=93459) stat_writer /opt/stack/data/venv/lib/python3.12/site-packages/dbcounter.py:102}}
Jul 20 11:00:47.861529 np0000005489 nova-scheduler[93428]: DEBUG nova.service [None req-429e59d1-68ff-473a-a9ae-3472df447da6 None None] Join ServiceGroup membership for this service scheduler {{(pid=93428) start /opt/stack/nova/nova/service.py:222}}
Jul 20 11:00:47.861752 np0000005489 nova-scheduler[93428]: DEBUG nova.servicegroup.drivers.db [None req-429e59d1-68ff-473a-a9ae-3472df447da6 None None] DB_Driver: join new ServiceGroup member np0000005489 to the scheduler group, service = {{(pid=93428) join /opt/stack/nova/nova/servicegroup/drivers/db.py:44}}
Jul 20 11:00:47.864028 np0000005489 nova-scheduler[93459]: DEBUG nova.service [None req-b90e043f-5f98-48bd-a6b3-098a370b5780 None None] Creating RPC server for service: nova-scheduler on topic: scheduler {{(pid=93459) start /opt/stack/nova/nova/service.py:196}}
Jul 20 11:00:47.881482 np0000005489 nova-scheduler[93459]: DEBUG nova.service [None req-b90e043f-5f98-48bd-a6b3-098a370b5780 None None] Join ServiceGroup membership for this service scheduler {{(pid=93459) start /opt/stack/nova/nova/service.py:222}}
Jul 20 11:00:47.881704 np0000005489 nova-scheduler[93459]: DEBUG nova.servicegroup.drivers.db [None req-b90e043f-5f98-48bd-a6b3-098a370b5780 None None] DB_Driver: join new ServiceGroup member np0000005489 to the scheduler group, service = {{(pid=93459) join /opt/stack/nova/nova/servicegroup/drivers/db.py:44}}
Jul 20 11:00:49.883675 np0000005489 nova-scheduler[93459]: DEBUG oslo.service.backend._threading.loopingcall [None req-b3f52f6b-3289-45ee-a100-c91cb21466a0 None None] Dynamic interval looping call 'nova.service.Service.periodic_tasks' sleeping for 60.00 seconds {{(pid=93459) _run_loop /opt/stack/data/venv/lib/python3.12/site-packages/oslo_service/backend/_threading/loopingcall.py:125}}
Jul 20 11:00:52.871800 np0000005489 nova-scheduler[93457]: DEBUG oslo.service.backend._threading.loopingcall [-] Fixed interval looping call 'nova.servicegroup.drivers.db.DbDriver._report_state' sleeping for 119.98 seconds {{(pid=93457) _run_loop /opt/stack/data/venv/lib/python3.12/site-packages/oslo_service/backend/_threading/loopingcall.py:125}}
Jul 20 11:00:52.876311 np0000005489 nova-scheduler[93428]: DEBUG oslo.service.backend._threading.loopingcall [-] Fixed interval looping call 'nova.servicegroup.drivers.db.DbDriver._report_state' sleeping for 119.99 seconds {{(pid=93428) _run_loop /opt/stack/data/venv/lib/python3.12/site-packages/oslo_service/backend/_threading/loopingcall.py:125}}
Jul 20 11:00:52.893766 np0000005489 nova-scheduler[93459]: DEBUG oslo.service.backend._threading.loopingcall [-] Fixed interval looping call 'nova.servicegroup.drivers.db.DbDriver._report_state' sleeping for 119.99 seconds {{(pid=93459) _run_loop /opt/stack/data/venv/lib/python3.12/site-packages/oslo_service/backend/_threading/loopingcall.py:125}}
Jul 20 11:00:56.462181 np0000005489 nova-scheduler[92173]: DEBUG dbcounter [-] [92173] Writing DB stats nova_api:SELECT=3 {{(pid=92173) stat_writer /opt/stack/data/venv/lib/python3.12/site-packages/dbcounter.py:115}}
Jul 20 11:00:56.593968 np0000005489 nova-scheduler[92173]: DEBUG dbcounter [-] [92173] Writing DB stats nova_cell1:SELECT=1 {{(pid=92173) stat_writer /opt/stack/data/venv/lib/python3.12/site-packages/dbcounter.py:115}}
Jul 20 11:00:56.594303 np0000005489 nova-scheduler[92173]: DEBUG dbcounter [-] [92173] Writing DB stats nova_cell0:SELECT=1 {{(pid=92173) stat_writer /opt/stack/data/venv/lib/python3.12/site-packages/dbcounter.py:115}}
Jul 20 11:01:02.868723 np0000005489 nova-scheduler[93457]: DEBUG dbcounter [-] [93457] Writing DB stats nova_cell0:SELECT=3,nova_cell0:UPDATE=1 {{(pid=93457) stat_writer /opt/stack/data/venv/lib/python3.12/site-packages/dbcounter.py:115}}
Jul 20 11:01:02.874767 np0000005489 nova-scheduler[93428]: DEBUG dbcounter [-] [93428] Writing DB stats nova_cell0:SELECT=4,nova_cell0:INSERT=1 {{(pid=93428) stat_writer /opt/stack/data/venv/lib/python3.12/site-packages/dbcounter.py:115}}
Jul 20 11:01:02.890471 np0000005489 nova-scheduler[93459]: DEBUG dbcounter [-] [93459] Writing DB stats nova_cell0:SELECT=3 {{(pid=93459) stat_writer /opt/stack/data/venv/lib/python3.12/site-packages/dbcounter.py:115}}
Jul 20 11:01:13.864052 np0000005489 nova-scheduler[93428]: DEBUG oslo.service.backend._threading.loopingcall [None req-48512c21-a94f-47de-8a6a-11c44c63eb0b None None] Dynamic interval looping call 'nova.service.Service.periodic_tasks' sleeping for 60.00 seconds {{(pid=93428) _run_loop /opt/stack/data/venv/lib/python3.12/site-packages/oslo_service/backend/_threading/loopingcall.py:125}}
Jul 20 11:01:42.853412 np0000005489 nova-scheduler[93457]: DEBUG oslo.service.backend._threading.loopingcall [None req-96d36e7d-7afe-4cbe-a83e-71160c13a211 None None] Dynamic interval looping call 'nova.service.Service.periodic_tasks' sleeping for 60.00 seconds {{(pid=93457) _run_loop /opt/stack/data/venv/lib/python3.12/site-packages/oslo_service/backend/_threading/loopingcall.py:125}}
Jul 20 11:01:49.884204 np0000005489 nova-scheduler[93459]: DEBUG oslo.service.backend._threading.loopingcall [None req-b3f52f6b-3289-45ee-a100-c91cb21466a0 None None] Dynamic interval looping call 'nova.service.Service.periodic_tasks' sleeping for 60.00 seconds {{(pid=93459) _run_loop /opt/stack/data/venv/lib/python3.12/site-packages/oslo_service/backend/_threading/loopingcall.py:125}}
Jul 20 11:02:13.864512 np0000005489 nova-scheduler[93428]: DEBUG oslo.service.backend._threading.loopingcall [None req-48512c21-a94f-47de-8a6a-11c44c63eb0b None None] Dynamic interval looping call 'nova.service.Service.periodic_tasks' sleeping for 60.00 seconds {{(pid=93428) _run_loop /opt/stack/data/venv/lib/python3.12/site-packages/oslo_service/backend/_threading/loopingcall.py:125}}
Jul 20 11:02:42.853984 np0000005489 nova-scheduler[93457]: DEBUG oslo.service.backend._threading.loopingcall [None req-96d36e7d-7afe-4cbe-a83e-71160c13a211 None None] Dynamic interval looping call 'nova.service.Service.periodic_tasks' sleeping for 60.00 seconds {{(pid=93457) _run_loop /opt/stack/data/venv/lib/python3.12/site-packages/oslo_service/backend/_threading/loopingcall.py:125}}
Jul 20 11:02:49.884656 np0000005489 nova-scheduler[93459]: DEBUG oslo.service.backend._threading.loopingcall [None req-b3f52f6b-3289-45ee-a100-c91cb21466a0 None None] Dynamic interval looping call 'nova.service.Service.periodic_tasks' sleeping for 60.00 seconds {{(pid=93459) _run_loop /opt/stack/data/venv/lib/python3.12/site-packages/oslo_service/backend/_threading/loopingcall.py:125}}
Jul 20 11:02:52.858255 np0000005489 nova-scheduler[93457]: DEBUG oslo.service.backend._threading.loopingcall [-] Fixed interval looping call 'nova.servicegroup.drivers.db.DbDriver._report_state' sleeping for 119.99 seconds {{(pid=93457) _run_loop /opt/stack/data/venv/lib/python3.12/site-packages/oslo_service/backend/_threading/loopingcall.py:125}}
Jul 20 11:02:52.869404 np0000005489 nova-scheduler[93428]: DEBUG oslo.service.backend._threading.loopingcall [-] Fixed interval looping call 'nova.servicegroup.drivers.db.DbDriver._report_state' sleeping for 120.00 seconds {{(pid=93428) _run_loop /opt/stack/data/venv/lib/python3.12/site-packages/oslo_service/backend/_threading/loopingcall.py:125}}
Jul 20 11:02:52.888645 np0000005489 nova-scheduler[93459]: DEBUG oslo.service.backend._threading.loopingcall [-] Fixed interval looping call 'nova.servicegroup.drivers.db.DbDriver._report_state' sleeping for 120.00 seconds {{(pid=93459) _run_loop /opt/stack/data/venv/lib/python3.12/site-packages/oslo_service/backend/_threading/loopingcall.py:125}}
Jul 20 11:03:02.855685 np0000005489 nova-scheduler[93457]: DEBUG dbcounter [-] [93457] Writing DB stats nova_cell0:SELECT=1,nova_cell0:UPDATE=1 {{(pid=93457) stat_writer /opt/stack/data/venv/lib/python3.12/site-packages/dbcounter.py:115}}
Jul 20 11:03:02.868443 np0000005489 nova-scheduler[93428]: DEBUG dbcounter [-] [93428] Writing DB stats nova_cell0:SELECT=1 {{(pid=93428) stat_writer /opt/stack/data/venv/lib/python3.12/site-packages/dbcounter.py:115}}
Jul 20 11:03:02.887404 np0000005489 nova-scheduler[93459]: DEBUG dbcounter [-] [93459] Writing DB stats nova_cell0:SELECT=1 {{(pid=93459) stat_writer /opt/stack/data/venv/lib/python3.12/site-packages/dbcounter.py:115}}
Jul 20 11:03:10.145318 np0000005489 nova-scheduler[93457]: DEBUG nova.scheduler.manager [None req-446b863e-c023-432c-9d44-9bdd7319cdb2 tempest-ImageDependencyTests-101861862 tempest-ImageDependencyTests-101861862-project-member] Starting to schedule for instances: ['348f5002-eb7d-41ac-adf3-e685e45db2b2'] {{(pid=93457) select_destinations /opt/stack/nova/nova/scheduler/manager.py:209}}
Jul 20 11:03:10.147741 np0000005489 nova-scheduler[93457]: DEBUG nova.scheduler.request_filter [None req-446b863e-c023-432c-9d44-9bdd7319cdb2 tempest-ImageDependencyTests-101861862 tempest-ImageDependencyTests-101861862-project-member] compute_status_filter request filter added forbidden trait COMPUTE_STATUS_DISABLED {{(pid=93457) compute_status_filter /opt/stack/nova/nova/scheduler/request_filter.py:253}}
Jul 20 11:03:10.147741 np0000005489 nova-scheduler[93457]: DEBUG nova.scheduler.request_filter [None req-446b863e-c023-432c-9d44-9bdd7319cdb2 tempest-ImageDependencyTests-101861862 tempest-ImageDependencyTests-101861862-project-member] Request filter 'compute_status_filter' took 0.0 seconds {{(pid=93457) wrapper /opt/stack/nova/nova/scheduler/request_filter.py:46}}
Jul 20 11:03:10.147741 np0000005489 nova-scheduler[93457]: DEBUG nova.scheduler.request_filter [None req-446b863e-c023-432c-9d44-9bdd7319cdb2 tempest-ImageDependencyTests-101861862 tempest-ImageDependencyTests-101861862-project-member] Request filter 'accelerators_filter' took 0.0 seconds {{(pid=93457) wrapper /opt/stack/nova/nova/scheduler/request_filter.py:46}}
Jul 20 11:03:10.147741 np0000005489 nova-scheduler[93457]: DEBUG nova.scheduler.request_filter [None req-446b863e-c023-432c-9d44-9bdd7319cdb2 tempest-ImageDependencyTests-101861862 tempest-ImageDependencyTests-101861862-project-member] Request filter 'packed_virtqueue_filter' took 0.0 seconds {{(pid=93457) wrapper /opt/stack/nova/nova/scheduler/request_filter.py:46}}
Jul 20 11:03:10.147741 np0000005489 nova-scheduler[93457]: DEBUG nova.scheduler.request_filter [None req-446b863e-c023-432c-9d44-9bdd7319cdb2 tempest-ImageDependencyTests-101861862 tempest-ImageDependencyTests-101861862-project-member] Request filter 'remote_managed_ports_filter' took 0.0 seconds {{(pid=93457) wrapper /opt/stack/nova/nova/scheduler/request_filter.py:46}}
Jul 20 11:03:10.148325 np0000005489 nova-scheduler[93457]: DEBUG nova.scheduler.request_filter [None req-446b863e-c023-432c-9d44-9bdd7319cdb2 tempest-ImageDependencyTests-101861862 tempest-ImageDependencyTests-101861862-project-member] ephemeral_encryption_filter skipped {{(pid=93457) ephemeral_encryption_filter /opt/stack/nova/nova/scheduler/request_filter.py:426}}
Jul 20 11:03:10.148766 np0000005489 nova-scheduler[93457]: DEBUG nova.scheduler.request_filter [None req-446b863e-c023-432c-9d44-9bdd7319cdb2 tempest-ImageDependencyTests-101861862 tempest-ImageDependencyTests-101861862-project-member] virtio_sound_filter skipped {{(pid=93457) virtio_sound_filter /opt/stack/nova/nova/scheduler/request_filter.py:460}}
Jul 20 11:03:10.149154 np0000005489 nova-scheduler[93457]: DEBUG nova.scheduler.request_filter [None req-446b863e-c023-432c-9d44-9bdd7319cdb2 tempest-ImageDependencyTests-101861862 tempest-ImageDependencyTests-101861862-project-member] tpm_secret_security_filter skipped {{(pid=93457) tpm_secret_security_filter /opt/stack/nova/nova/scheduler/request_filter.py:477}}
Jul 20 11:03:10.675541 np0000005489 nova-scheduler[93457]: INFO nova.utils [None req-446b863e-c023-432c-9d44-9bdd7319cdb2 tempest-ImageDependencyTests-101861862 tempest-ImageDependencyTests-101861862-project-member] The cell worker thread pool ForkProcess-2.cell_worker is initialized
Jul 20 11:03:10.676354 np0000005489 nova-scheduler[93457]: DEBUG oslo_concurrency.lockutils [None req-446b863e-c023-432c-9d44-9bdd7319cdb2 tempest-ImageDependencyTests-101861862 tempest-ImageDependencyTests-101861862-project-member] Acquiring lock "6c7b5406-c24a-4db7-b3f2-11305ce98c4e" by "nova.context.set_target_cell..get_or_set_cached_cell_and_set_connections" {{(pid=93457) inner /opt/stack/data/venv/lib/python3.12/site-packages/oslo_concurrency/lockutils.py:512}}
Jul 20 11:03:10.676354 np0000005489 nova-scheduler[93457]: DEBUG oslo_concurrency.lockutils [None req-446b863e-c023-432c-9d44-9bdd7319cdb2 tempest-ImageDependencyTests-101861862 tempest-ImageDependencyTests-101861862-project-member] Lock "6c7b5406-c24a-4db7-b3f2-11305ce98c4e" acquired by "nova.context.set_target_cell..get_or_set_cached_cell_and_set_connections" :: waited 0.000s {{(pid=93457) inner /opt/stack/data/venv/lib/python3.12/site-packages/oslo_concurrency/lockutils.py:525}}
Jul 20 11:03:10.677205 np0000005489 nova-scheduler[93457]: DEBUG oslo_concurrency.lockutils [None req-446b863e-c023-432c-9d44-9bdd7319cdb2 tempest-ImageDependencyTests-101861862 tempest-ImageDependencyTests-101861862-project-member] Lock "6c7b5406-c24a-4db7-b3f2-11305ce98c4e" "released" by "nova.context.set_target_cell..get_or_set_cached_cell_and_set_connections" :: held 0.001s {{(pid=93457) inner /opt/stack/data/venv/lib/python3.12/site-packages/oslo_concurrency/lockutils.py:544}}
Jul 20 11:03:10.678852 np0000005489 nova-scheduler[93457]: INFO dbcounter [None req-446b863e-c023-432c-9d44-9bdd7319cdb2 tempest-ImageDependencyTests-101861862 tempest-ImageDependencyTests-101861862-project-member] Registered counter for database nova_cell1
Jul 20 11:03:10.722403 np0000005489 nova-scheduler[93457]: DEBUG oslo_db.sqlalchemy.engines [None req-446b863e-c023-432c-9d44-9bdd7319cdb2 tempest-ImageDependencyTests-101861862 tempest-ImageDependencyTests-101861862-project-member] MySQL server mode set to STRICT_TRANS_TABLES,STRICT_ALL_TABLES,NO_ZERO_IN_DATE,NO_ZERO_DATE,ERROR_FOR_DIVISION_BY_ZERO,TRADITIONAL,NO_ENGINE_SUBSTITUTION {{(pid=93457) _check_effective_sql_mode /opt/stack/data/venv/lib/python3.12/site-packages/oslo_db/sqlalchemy/engines.py:325}}
Jul 20 11:03:10.727584 np0000005489 nova-scheduler[93457]: DEBUG dbcounter [-] [93457] Writer thread running {{(pid=93457) stat_writer /opt/stack/data/venv/lib/python3.12/site-packages/dbcounter.py:102}}
Jul 20 11:03:10.739073 np0000005489 nova-scheduler[93457]: DEBUG oslo_db.sqlalchemy.engines [None req-446b863e-c023-432c-9d44-9bdd7319cdb2 tempest-ImageDependencyTests-101861862 tempest-ImageDependencyTests-101861862-project-member] Parent process 92173 forked (93457) with an open database connection, which is being discarded and recreated. {{(pid=93457) checkout /opt/stack/data/venv/lib/python3.12/site-packages/oslo_db/sqlalchemy/engines.py:402}}
Jul 20 11:03:10.770697 np0000005489 nova-scheduler[93457]: DEBUG dbcounter [-] [93457] Writer thread running {{(pid=93457) stat_writer /opt/stack/data/venv/lib/python3.12/site-packages/dbcounter.py:102}}
Jul 20 11:03:10.773105 np0000005489 nova-scheduler[93457]: DEBUG oslo_concurrency.lockutils [None req-446b863e-c023-432c-9d44-9bdd7319cdb2 tempest-ImageDependencyTests-101861862 tempest-ImageDependencyTests-101861862-project-member] Acquiring lock "6c7b5406-c24a-4db7-b3f2-11305ce98c4e" by "nova.context.set_target_cell..get_or_set_cached_cell_and_set_connections" {{(pid=93457) inner /opt/stack/data/venv/lib/python3.12/site-packages/oslo_concurrency/lockutils.py:512}}
Jul 20 11:03:10.773264 np0000005489 nova-scheduler[93457]: DEBUG oslo_concurrency.lockutils [None req-446b863e-c023-432c-9d44-9bdd7319cdb2 tempest-ImageDependencyTests-101861862 tempest-ImageDependencyTests-101861862-project-member] Lock "6c7b5406-c24a-4db7-b3f2-11305ce98c4e" acquired by "nova.context.set_target_cell..get_or_set_cached_cell_and_set_connections" :: waited 0.000s {{(pid=93457) inner /opt/stack/data/venv/lib/python3.12/site-packages/oslo_concurrency/lockutils.py:525}}
Jul 20 11:03:10.773401 np0000005489 nova-scheduler[93457]: DEBUG oslo_concurrency.lockutils [None req-446b863e-c023-432c-9d44-9bdd7319cdb2 tempest-ImageDependencyTests-101861862 tempest-ImageDependencyTests-101861862-project-member] Lock "6c7b5406-c24a-4db7-b3f2-11305ce98c4e" "released" by "nova.context.set_target_cell..get_or_set_cached_cell_and_set_connections" :: held 0.000s {{(pid=93457) inner /opt/stack/data/venv/lib/python3.12/site-packages/oslo_concurrency/lockutils.py:544}}
Jul 20 11:03:10.776083 np0000005489 nova-scheduler[93457]: DEBUG oslo_concurrency.lockutils [None req-446b863e-c023-432c-9d44-9bdd7319cdb2 tempest-ImageDependencyTests-101861862 tempest-ImageDependencyTests-101861862-project-member] Acquiring lock "np0000005489-np0000005489" by "nova.scheduler.host_manager.HostState.update.._locked_update" {{(pid=93457) inner /opt/stack/data/venv/lib/python3.12/site-packages/oslo_concurrency/lockutils.py:512}}
Jul 20 11:03:10.776210 np0000005489 nova-scheduler[93457]: DEBUG oslo_concurrency.lockutils [None req-446b863e-c023-432c-9d44-9bdd7319cdb2 tempest-ImageDependencyTests-101861862 tempest-ImageDependencyTests-101861862-project-member] Lock "np0000005489-np0000005489" acquired by "nova.scheduler.host_manager.HostState.update.._locked_update" :: waited 0.000s {{(pid=93457) inner /opt/stack/data/venv/lib/python3.12/site-packages/oslo_concurrency/lockutils.py:525}}
Jul 20 11:03:10.777062 np0000005489 nova-scheduler[93457]: DEBUG nova.scheduler.host_manager [None req-446b863e-c023-432c-9d44-9bdd7319cdb2 tempest-ImageDependencyTests-101861862 tempest-ImageDependencyTests-101861862-project-member] Update host state from compute node: ComputeNode(cpu_allocation_ratio=4.0,cpu_info='{"arch": "x86_64", "model": "EPYC-Milan", "vendor": "AMD", "topology": {"cells": 1, "sockets": 16, "cores": 1, "threads": 1}, "maxphysaddr": {"mode": "emulate", "bits": 40}, "features": ["smep", "xsaves", "ssse3", "sse4.1", "lm", "x2apic", "tsc", "pni", "avx2", "bmi2", "cmov", "mds-no", "avx", "v-vmsave-vmload", "popcnt", "arat", "ibpb", "fxsr", "no-nested-data-bp", "cmp_legacy", "smap", "hypervisor", "rdtscp", "virt-ssbd", "mce", "sse2", "misalignsse", "pse36", "pat", "de", "null-sel-clr-base", "cx16", "umip", "sha-ni", "vmcb-clean", "nx", "topoext", "flushbyasid", "rdseed", "amd-psfd", "clzero", "aes", "pclmuldq", "movbe", "spec-ctrl", "rdctl-no", "pge", "vpclmulqdq", "clflushopt", "fxsr_opt", "stibp-always-on", "pku", "mmxext", "pfthreshold", "erms", "cx8", "clwb", "xsavec", "abm", "cr8legacy", "fsgsbase", "stibp", "mtrr", "ibrs", "tsc-deadline", "osvw", "sse4.2", "mca", "msr", "xgetbv1", "bmi1", "sse", "sse4a", "npt", "amd-stibp", "amd-ssbd", "lbrv", "pse", "lfence-always-serializing", "pae", "pause-filter", "clflush", "fma", "vaes", "vgif", "perfctr_core", "xsaveopt", "ssbd", "wbnoinvd", "adx", "pcid", "f16c", "gds-no", "invpcid", "apic", "lahf_lm", "syscall", "fsrm", "svme-addr-chk", "skip-l1dfl-vmentry", "nrip-save", "tsc_adjust", "rdrand", "pschange-mc-no", "fpu", "pdpe1gb", "mmx", "3dnowprefetch", "sep", "svm", "rdpid", "xsaveerptr", "xsave", "arch-capabilities", "tsc-scale", "vme"]}',created_at=2026-07-20T11:01:09Z,current_workload=0,deleted=False,deleted_at=None,disk_allocation_ratio=1.0,disk_available_least=73,free_disk_gb=95,free_ram_mb=62765,host='np0000005489',host_ip=10.4.3.108,hypervisor_hostname='np0000005489',hypervisor_type='QEMU',hypervisor_version=8002002,id=1,local_gb=95,local_gb_used=0,mapped=1,memory_mb=63277,memory_mb_used=512,metrics='[]',numa_topology='{"nova_object.name": "NUMATopology", "nova_object.namespace": "nova", "nova_object.version": "1.2", "nova_object.data": {"cells": [{"nova_object.name": "NUMACell", "nova_object.namespace": "nova", "nova_object.version": "1.5", "nova_object.data": {"id": 0, "cpuset": [0, 1, 2, 3, 4, 5, 6, 7, 8, 9, 10, 11, 12, 13, 14, 15], "pcpuset": [0, 1, 2, 3, 4, 5, 6, 7, 8, 9, 10, 11, 12, 13, 14, 15], "memory": 63277, "cpu_usage": 0, "memory_usage": 0, "pinned_cpus": [], "siblings": [[6], [12], [2], [15], [5], [11], [8], [14], [4], [1], [7], [10], [0], [13], [3], [9]], "mempages": [{"nova_object.name": "NUMAPagesTopology", "nova_object.namespace": "nova", "nova_object.version": "1.1", "nova_object.data": {"size_kb": 4, "total": 16177929, "used": 0, "reserved": 0}, "nova_object.changes": ["size_kb", "used", "total", "reserved"]}, {"nova_object.name": "NUMAPagesTopology", "nova_object.namespace": "nova", "nova_object.version": "1.1", "nova_object.data": {"size_kb": 2048, "total": 41, "used": 0, "reserved": 0}, "nova_object.changes": ["size_kb", "used", "total", "reserved"]}, {"nova_object.name": "NUMAPagesTopology", "nova_object.namespace": "nova", "nova_object.version": "1.1", "nova_object.data": {"size_kb": 1048576, "total": 0, "used": 0, "reserved": 0}, "nova_object.changes": ["size_kb", "used", "total", "reserved"]}], "network_metadata": {"nova_object.name": "NetworkMetadata", "nova_object.namespace": "nova", "nova_object.version": "1.0", "nova_object.data": {"physnets": [], "tunneled": false}, "nova_object.changes": ["physnets", "tunneled"]}, "socket": null}, "nova_object.changes": ["siblings", "id", "memory_usage", "pcpuset", "memory", "mempages", "cpu_usage", "cpuset", "network_metadata", "pinned_cpus", "socket"]}]}, "nova_object.changes": ["cells"]}',pci_device_pools=PciDevicePoolList,ram_allocation_ratio=1.0,running_vms=0,service_id=2,stats={failed_builds='0',uptime=' 11:02:56 up 13 min, 2 users, load average: 1.38, 1.27, 0.72
Jul 20 11:03:10.777062 np0000005489 nova-scheduler[93457]: '},supported_hv_specs=[HVSpec,HVSpec,HVSpec,HVSpec,HVSpec,HVSpec,HVSpec,HVSpec,HVSpec,HVSpec,HVSpec,HVSpec,HVSpec,HVSpec,HVSpec,HVSpec,HVSpec,HVSpec,HVSpec,HVSpec,HVSpec,HVSpec,HVSpec,HVSpec,HVSpec],updated_at=2026-07-20T11:02:56Z,uuid=f8713655-aa19-4e09-a760-3519291e80ee,vcpus=16,vcpus_used=0) {{(pid=93457) _locked_update /opt/stack/nova/nova/scheduler/host_manager.py:168}}
Jul 20 11:03:10.777782 np0000005489 nova-scheduler[93457]: DEBUG nova.scheduler.host_manager [None req-446b863e-c023-432c-9d44-9bdd7319cdb2 tempest-ImageDependencyTests-101861862 tempest-ImageDependencyTests-101861862-project-member] Update host state with aggregates: [] {{(pid=93457) _locked_update /opt/stack/nova/nova/scheduler/host_manager.py:171}}
Jul 20 11:03:10.777893 np0000005489 nova-scheduler[93457]: DEBUG nova.scheduler.host_manager [None req-446b863e-c023-432c-9d44-9bdd7319cdb2 tempest-ImageDependencyTests-101861862 tempest-ImageDependencyTests-101861862-project-member] Update host state with service dict: {'id': 2, 'uuid': '4fd5320c-dd6c-4244-8988-6f4253b53325', 'host': 'np0000005489', 'binary': 'nova-compute', 'topic': 'compute', 'report_count': 1, 'disabled': False, 'disabled_reason': None, 'last_seen_up': datetime.datetime(2026, 7, 20, 11, 1, 15, tzinfo=datetime.timezone.utc), 'forced_down': False, 'version': 72, 'created_at': datetime.datetime(2026, 7, 20, 11, 1, 8, tzinfo=datetime.timezone.utc), 'updated_at': datetime.datetime(2026, 7, 20, 11, 1, 15, tzinfo=datetime.timezone.utc), 'deleted_at': None, 'deleted': False} {{(pid=93457) _locked_update /opt/stack/nova/nova/scheduler/host_manager.py:174}}
Jul 20 11:03:10.778010 np0000005489 nova-scheduler[93457]: DEBUG nova.scheduler.host_manager [None req-446b863e-c023-432c-9d44-9bdd7319cdb2 tempest-ImageDependencyTests-101861862 tempest-ImageDependencyTests-101861862-project-member] Update host state with instances: [] {{(pid=93457) _locked_update /opt/stack/nova/nova/scheduler/host_manager.py:177}}
Jul 20 11:03:10.778118 np0000005489 nova-scheduler[93457]: DEBUG oslo_concurrency.lockutils [None req-446b863e-c023-432c-9d44-9bdd7319cdb2 tempest-ImageDependencyTests-101861862 tempest-ImageDependencyTests-101861862-project-member] Lock "np0000005489-np0000005489" "released" by "nova.scheduler.host_manager.HostState.update.._locked_update" :: held 0.002s {{(pid=93457) inner /opt/stack/data/venv/lib/python3.12/site-packages/oslo_concurrency/lockutils.py:544}}
Jul 20 11:03:10.778517 np0000005489 nova-scheduler[93457]: DEBUG nova.filters [None req-446b863e-c023-432c-9d44-9bdd7319cdb2 tempest-ImageDependencyTests-101861862 tempest-ImageDependencyTests-101861862-project-member] Starting with 1 host(s) {{(pid=93457) get_filtered_objects /opt/stack/nova/nova/filters.py:70}}
Jul 20 11:03:10.778713 np0000005489 nova-scheduler[93457]: DEBUG nova.filters [None req-446b863e-c023-432c-9d44-9bdd7319cdb2 tempest-ImageDependencyTests-101861862 tempest-ImageDependencyTests-101861862-project-member] Filter ComputeFilter returned 1 host(s) {{(pid=93457) get_filtered_objects /opt/stack/nova/nova/filters.py:102}}
Jul 20 11:03:10.779016 np0000005489 nova-scheduler[93457]: DEBUG nova.filters [None req-446b863e-c023-432c-9d44-9bdd7319cdb2 tempest-ImageDependencyTests-101861862 tempest-ImageDependencyTests-101861862-project-member] Filter ComputeCapabilitiesFilter returned 1 host(s) {{(pid=93457) get_filtered_objects /opt/stack/nova/nova/filters.py:102}}
Jul 20 11:03:10.779063 np0000005489 nova-scheduler[93457]: DEBUG nova.filters [None req-446b863e-c023-432c-9d44-9bdd7319cdb2 tempest-ImageDependencyTests-101861862 tempest-ImageDependencyTests-101861862-project-member] Filter ImagePropertiesFilter returned 1 host(s) {{(pid=93457) get_filtered_objects /opt/stack/nova/nova/filters.py:102}}
Jul 20 11:03:10.779154 np0000005489 nova-scheduler[93457]: DEBUG nova.filters [None req-446b863e-c023-432c-9d44-9bdd7319cdb2 tempest-ImageDependencyTests-101861862 tempest-ImageDependencyTests-101861862-project-member] Filter ServerGroupAntiAffinityFilter returned 1 host(s) {{(pid=93457) get_filtered_objects /opt/stack/nova/nova/filters.py:102}}
Jul 20 11:03:10.779267 np0000005489 nova-scheduler[93457]: DEBUG nova.filters [None req-446b863e-c023-432c-9d44-9bdd7319cdb2 tempest-ImageDependencyTests-101861862 tempest-ImageDependencyTests-101861862-project-member] Filter ServerGroupAffinityFilter returned 1 host(s) {{(pid=93457) get_filtered_objects /opt/stack/nova/nova/filters.py:102}}
Jul 20 11:03:10.779413 np0000005489 nova-scheduler[93457]: DEBUG nova.filters [None req-446b863e-c023-432c-9d44-9bdd7319cdb2 tempest-ImageDependencyTests-101861862 tempest-ImageDependencyTests-101861862-project-member] Filter SameHostFilter returned 1 host(s) {{(pid=93457) get_filtered_objects /opt/stack/nova/nova/filters.py:102}}
Jul 20 11:03:10.779514 np0000005489 nova-scheduler[93457]: DEBUG nova.filters [None req-446b863e-c023-432c-9d44-9bdd7319cdb2 tempest-ImageDependencyTests-101861862 tempest-ImageDependencyTests-101861862-project-member] Filter DifferentHostFilter returned 1 host(s) {{(pid=93457) get_filtered_objects /opt/stack/nova/nova/filters.py:102}}
Jul 20 11:03:10.779630 np0000005489 nova-scheduler[93457]: DEBUG nova.scheduler.manager [None req-446b863e-c023-432c-9d44-9bdd7319cdb2 tempest-ImageDependencyTests-101861862 tempest-ImageDependencyTests-101861862-project-member] Filtered [(np0000005489, np0000005489) ram: 62765MB disk: 74752MB io_ops: 0 instances: 0, allocation_candidates: 1] {{(pid=93457) _get_sorted_hosts /opt/stack/nova/nova/scheduler/manager.py:742}}
Jul 20 11:03:10.779812 np0000005489 nova-scheduler[93457]: DEBUG nova.scheduler.manager [None req-446b863e-c023-432c-9d44-9bdd7319cdb2 tempest-ImageDependencyTests-101861862 tempest-ImageDependencyTests-101861862-project-member] Weighed [WeighedHost [host: (np0000005489, np0000005489) ram: 62765MB disk: 74752MB io_ops: 0 instances: 0, allocation_candidates: 1, weight: 0.0]] {{(pid=93457) _get_sorted_hosts /opt/stack/nova/nova/scheduler/manager.py:764}}
Jul 20 11:03:10.780011 np0000005489 nova-scheduler[93457]: DEBUG nova.scheduler.utils [None req-446b863e-c023-432c-9d44-9bdd7319cdb2 tempest-ImageDependencyTests-101861862 tempest-ImageDependencyTests-101861862-project-member] Attempting to claim resources in the placement API for instance 348f5002-eb7d-41ac-adf3-e685e45db2b2 {{(pid=93457) claim_resources /opt/stack/nova/nova/scheduler/utils.py:1345}}
Jul 20 11:03:10.936339 np0000005489 nova-scheduler[93457]: DEBUG nova.scheduler.manager [None req-446b863e-c023-432c-9d44-9bdd7319cdb2 tempest-ImageDependencyTests-101861862 tempest-ImageDependencyTests-101861862-project-member] [instance: 348f5002-eb7d-41ac-adf3-e685e45db2b2] Selected host: (np0000005489, np0000005489) ram: 62765MB disk: 74752MB io_ops: 0 instances: 0, allocation_candidates: 1 {{(pid=93457) _consume_selected_host /opt/stack/nova/nova/scheduler/manager.py:624}}
Jul 20 11:03:10.936693 np0000005489 nova-scheduler[93457]: DEBUG oslo_concurrency.lockutils [None req-446b863e-c023-432c-9d44-9bdd7319cdb2 tempest-ImageDependencyTests-101861862 tempest-ImageDependencyTests-101861862-project-member] Acquiring lock "np0000005489-np0000005489" by "nova.scheduler.host_manager.HostState.consume_from_request.._locked" {{(pid=93457) inner /opt/stack/data/venv/lib/python3.12/site-packages/oslo_concurrency/lockutils.py:512}}
Jul 20 11:03:10.936919 np0000005489 nova-scheduler[93457]: DEBUG oslo_concurrency.lockutils [None req-446b863e-c023-432c-9d44-9bdd7319cdb2 tempest-ImageDependencyTests-101861862 tempest-ImageDependencyTests-101861862-project-member] Lock "np0000005489-np0000005489" acquired by "nova.scheduler.host_manager.HostState.consume_from_request.._locked" :: waited 0.000s {{(pid=93457) inner /opt/stack/data/venv/lib/python3.12/site-packages/oslo_concurrency/lockutils.py:525}}
Jul 20 11:03:10.937549 np0000005489 nova-scheduler[93457]: DEBUG oslo_concurrency.lockutils [None req-446b863e-c023-432c-9d44-9bdd7319cdb2 tempest-ImageDependencyTests-101861862 tempest-ImageDependencyTests-101861862-project-member] Lock "np0000005489-np0000005489" "released" by "nova.scheduler.host_manager.HostState.consume_from_request.._locked" :: held 0.000s {{(pid=93457) inner /opt/stack/data/venv/lib/python3.12/site-packages/oslo_concurrency/lockutils.py:544}}
Jul 20 11:03:13.865059 np0000005489 nova-scheduler[93428]: DEBUG oslo.service.backend._threading.loopingcall [None req-48512c21-a94f-47de-8a6a-11c44c63eb0b None None] Dynamic interval looping call 'nova.service.Service.periodic_tasks' sleeping for 60.00 seconds {{(pid=93428) _run_loop /opt/stack/data/venv/lib/python3.12/site-packages/oslo_service/backend/_threading/loopingcall.py:125}}
Jul 20 11:03:20.147060 np0000005489 nova-scheduler[93428]: DEBUG nova.scheduler.manager [None req-8adcab32-ec65-4f5f-b069-044e8fc11330 tempest-ServerStableDeviceRescueTest-1602717572 tempest-ServerStableDeviceRescueTest-1602717572-project-member] Starting to schedule for instances: ['46a33983-66cd-4e36-8509-ebff6d3cfa10'] {{(pid=93428) select_destinations /opt/stack/nova/nova/scheduler/manager.py:209}}
Jul 20 11:03:20.147678 np0000005489 nova-scheduler[93428]: DEBUG nova.scheduler.request_filter [None req-8adcab32-ec65-4f5f-b069-044e8fc11330 tempest-ServerStableDeviceRescueTest-1602717572 tempest-ServerStableDeviceRescueTest-1602717572-project-member] compute_status_filter request filter added forbidden trait COMPUTE_STATUS_DISABLED {{(pid=93428) compute_status_filter /opt/stack/nova/nova/scheduler/request_filter.py:253}}
Jul 20 11:03:20.147830 np0000005489 nova-scheduler[93428]: DEBUG nova.scheduler.request_filter [None req-8adcab32-ec65-4f5f-b069-044e8fc11330 tempest-ServerStableDeviceRescueTest-1602717572 tempest-ServerStableDeviceRescueTest-1602717572-project-member] Request filter 'compute_status_filter' took 0.0 seconds {{(pid=93428) wrapper /opt/stack/nova/nova/scheduler/request_filter.py:46}}
Jul 20 11:03:20.148134 np0000005489 nova-scheduler[93428]: DEBUG nova.scheduler.request_filter [None req-8adcab32-ec65-4f5f-b069-044e8fc11330 tempest-ServerStableDeviceRescueTest-1602717572 tempest-ServerStableDeviceRescueTest-1602717572-project-member] Request filter 'accelerators_filter' took 0.0 seconds {{(pid=93428) wrapper /opt/stack/nova/nova/scheduler/request_filter.py:46}}
Jul 20 11:03:20.148407 np0000005489 nova-scheduler[93428]: DEBUG nova.scheduler.request_filter [None req-8adcab32-ec65-4f5f-b069-044e8fc11330 tempest-ServerStableDeviceRescueTest-1602717572 tempest-ServerStableDeviceRescueTest-1602717572-project-member] Request filter 'packed_virtqueue_filter' took 0.0 seconds {{(pid=93428) wrapper /opt/stack/nova/nova/scheduler/request_filter.py:46}}
Jul 20 11:03:20.148757 np0000005489 nova-scheduler[93428]: DEBUG nova.scheduler.request_filter [None req-8adcab32-ec65-4f5f-b069-044e8fc11330 tempest-ServerStableDeviceRescueTest-1602717572 tempest-ServerStableDeviceRescueTest-1602717572-project-member] Request filter 'remote_managed_ports_filter' took 0.0 seconds {{(pid=93428) wrapper /opt/stack/nova/nova/scheduler/request_filter.py:46}}
Jul 20 11:03:20.148923 np0000005489 nova-scheduler[93428]: DEBUG nova.scheduler.request_filter [None req-8adcab32-ec65-4f5f-b069-044e8fc11330 tempest-ServerStableDeviceRescueTest-1602717572 tempest-ServerStableDeviceRescueTest-1602717572-project-member] ephemeral_encryption_filter skipped {{(pid=93428) ephemeral_encryption_filter /opt/stack/nova/nova/scheduler/request_filter.py:426}}
Jul 20 11:03:20.149133 np0000005489 nova-scheduler[93428]: DEBUG nova.scheduler.request_filter [None req-8adcab32-ec65-4f5f-b069-044e8fc11330 tempest-ServerStableDeviceRescueTest-1602717572 tempest-ServerStableDeviceRescueTest-1602717572-project-member] virtio_sound_filter skipped {{(pid=93428) virtio_sound_filter /opt/stack/nova/nova/scheduler/request_filter.py:460}}
