Jul 20 11:00:52.816931 np0000005489 nova-conductor[95826]: DEBUG cotyledon.oslo_config_glue [-] oslo_messaging_rabbit.rabbit_qos_prefetch_count = 0 {{(pid=95826) log_opt_values /opt/stack/data/venv/lib/python3.12/site-packages/oslo_config/cfg.py:3253}}
Jul 20 11:00:52.816931 np0000005489 nova-conductor[95826]: DEBUG cotyledon.oslo_config_glue [-] oslo_messaging_rabbit.rabbit_quorum_delivery_limit = 0 {{(pid=95826) log_opt_values /opt/stack/data/venv/lib/python3.12/site-packages/oslo_config/cfg.py:3253}}
Jul 20 11:00:52.816931 np0000005489 nova-conductor[95826]: DEBUG cotyledon.oslo_config_glue [-] oslo_messaging_rabbit.rabbit_quorum_max_memory_bytes = 0 {{(pid=95826) log_opt_values /opt/stack/data/venv/lib/python3.12/site-packages/oslo_config/cfg.py:3253}}
Jul 20 11:00:52.816931 np0000005489 nova-conductor[95826]: DEBUG cotyledon.oslo_config_glue [-] oslo_messaging_rabbit.rabbit_quorum_max_memory_length = 0 {{(pid=95826) log_opt_values /opt/stack/data/venv/lib/python3.12/site-packages/oslo_config/cfg.py:3253}}
Jul 20 11:00:52.816931 np0000005489 nova-conductor[95826]: DEBUG cotyledon.oslo_config_glue [-] oslo_messaging_rabbit.rabbit_quorum_queue = False {{(pid=95826) log_opt_values /opt/stack/data/venv/lib/python3.12/site-packages/oslo_config/cfg.py:3253}}
Jul 20 11:00:52.816931 np0000005489 nova-conductor[95826]: DEBUG cotyledon.oslo_config_glue [-] oslo_messaging_rabbit.rabbit_retry_backoff = 2 {{(pid=95826) log_opt_values /opt/stack/data/venv/lib/python3.12/site-packages/oslo_config/cfg.py:3253}}
Jul 20 11:00:52.816931 np0000005489 nova-conductor[95826]: DEBUG cotyledon.oslo_config_glue [-] oslo_messaging_rabbit.rabbit_retry_interval = 1 {{(pid=95826) log_opt_values /opt/stack/data/venv/lib/python3.12/site-packages/oslo_config/cfg.py:3253}}
Jul 20 11:00:52.816931 np0000005489 nova-conductor[95826]: DEBUG cotyledon.oslo_config_glue [-] oslo_messaging_rabbit.rabbit_stream_fanout = False {{(pid=95826) log_opt_values /opt/stack/data/venv/lib/python3.12/site-packages/oslo_config/cfg.py:3253}}
Jul 20 11:00:52.817117 np0000005489 nova-conductor[95826]: DEBUG cotyledon.oslo_config_glue [-] oslo_messaging_rabbit.rabbit_transient_queues_ttl = 1800 {{(pid=95826) log_opt_values /opt/stack/data/venv/lib/python3.12/site-packages/oslo_config/cfg.py:3253}}
Jul 20 11:00:52.817117 np0000005489 nova-conductor[95826]: DEBUG cotyledon.oslo_config_glue [-] oslo_messaging_rabbit.rabbit_transient_quorum_queue = False {{(pid=95826) log_opt_values /opt/stack/data/venv/lib/python3.12/site-packages/oslo_config/cfg.py:3253}}
Jul 20 11:00:52.817117 np0000005489 nova-conductor[95826]: DEBUG cotyledon.oslo_config_glue [-] oslo_messaging_rabbit.rpc_conn_pool_size = 30 {{(pid=95826) log_opt_values /opt/stack/data/venv/lib/python3.12/site-packages/oslo_config/cfg.py:3253}}
Jul 20 11:00:52.817117 np0000005489 nova-conductor[95826]: DEBUG cotyledon.oslo_config_glue [-] oslo_messaging_rabbit.ssl = False {{(pid=95826) log_opt_values /opt/stack/data/venv/lib/python3.12/site-packages/oslo_config/cfg.py:3253}}
Jul 20 11:00:52.817117 np0000005489 nova-conductor[95826]: DEBUG cotyledon.oslo_config_glue [-] oslo_messaging_rabbit.ssl_ca_file = {{(pid=95826) log_opt_values /opt/stack/data/venv/lib/python3.12/site-packages/oslo_config/cfg.py:3253}}
Jul 20 11:00:52.817117 np0000005489 nova-conductor[95826]: DEBUG cotyledon.oslo_config_glue [-] oslo_messaging_rabbit.ssl_cert_file = {{(pid=95826) log_opt_values /opt/stack/data/venv/lib/python3.12/site-packages/oslo_config/cfg.py:3253}}
Jul 20 11:00:52.817117 np0000005489 nova-conductor[95826]: DEBUG cotyledon.oslo_config_glue [-] oslo_messaging_rabbit.ssl_enforce_fips_mode = False {{(pid=95826) log_opt_values /opt/stack/data/venv/lib/python3.12/site-packages/oslo_config/cfg.py:3253}}
Jul 20 11:00:52.817117 np0000005489 nova-conductor[95826]: DEBUG cotyledon.oslo_config_glue [-] oslo_messaging_rabbit.ssl_enforce_hostname_verification = True {{(pid=95826) log_opt_values /opt/stack/data/venv/lib/python3.12/site-packages/oslo_config/cfg.py:3253}}
Jul 20 11:00:52.817117 np0000005489 nova-conductor[95826]: DEBUG cotyledon.oslo_config_glue [-] oslo_messaging_rabbit.ssl_key_file = {{(pid=95826) log_opt_values /opt/stack/data/venv/lib/python3.12/site-packages/oslo_config/cfg.py:3253}}
Jul 20 11:00:52.817325 np0000005489 nova-conductor[95826]: DEBUG cotyledon.oslo_config_glue [-] oslo_messaging_rabbit.ssl_version = {{(pid=95826) log_opt_values /opt/stack/data/venv/lib/python3.12/site-packages/oslo_config/cfg.py:3253}}
Jul 20 11:00:52.817325 np0000005489 nova-conductor[95826]: DEBUG cotyledon.oslo_config_glue [-] oslo_messaging_rabbit.use_queue_manager = False {{(pid=95826) log_opt_values /opt/stack/data/venv/lib/python3.12/site-packages/oslo_config/cfg.py:3253}}
Jul 20 11:00:52.817325 np0000005489 nova-conductor[95826]: DEBUG cotyledon.oslo_config_glue [-] oslo_messaging_notifications.driver = ['messagingv2'] {{(pid=95826) log_opt_values /opt/stack/data/venv/lib/python3.12/site-packages/oslo_config/cfg.py:3253}}
Jul 20 11:00:52.817325 np0000005489 nova-conductor[95826]: DEBUG cotyledon.oslo_config_glue [-] oslo_messaging_notifications.retry = -1 {{(pid=95826) log_opt_values /opt/stack/data/venv/lib/python3.12/site-packages/oslo_config/cfg.py:3253}}
Jul 20 11:00:52.817325 np0000005489 nova-conductor[95826]: DEBUG cotyledon.oslo_config_glue [-] oslo_messaging_notifications.topics = ['notifications'] {{(pid=95826) log_opt_values /opt/stack/data/venv/lib/python3.12/site-packages/oslo_config/cfg.py:3253}}
Jul 20 11:00:52.817325 np0000005489 nova-conductor[95826]: DEBUG cotyledon.oslo_config_glue [-] oslo_messaging_notifications.transport_url = **** {{(pid=95826) log_opt_values /opt/stack/data/venv/lib/python3.12/site-packages/oslo_config/cfg.py:3253}}
Jul 20 11:00:52.817325 np0000005489 nova-conductor[95826]: DEBUG cotyledon.oslo_config_glue [-] oslo_limit.auth_section = None {{(pid=95826) log_opt_values /opt/stack/data/venv/lib/python3.12/site-packages/oslo_config/cfg.py:3253}}
Jul 20 11:00:52.817325 np0000005489 nova-conductor[95826]: DEBUG cotyledon.oslo_config_glue [-] oslo_limit.auth_type = None {{(pid=95826) log_opt_values /opt/stack/data/venv/lib/python3.12/site-packages/oslo_config/cfg.py:3253}}
Jul 20 11:00:52.817325 np0000005489 nova-conductor[95826]: DEBUG cotyledon.oslo_config_glue [-] oslo_limit.cafile = None {{(pid=95826) log_opt_values /opt/stack/data/venv/lib/python3.12/site-packages/oslo_config/cfg.py:3253}}
Jul 20 11:00:52.817504 np0000005489 nova-conductor[95826]: DEBUG cotyledon.oslo_config_glue [-] oslo_limit.certfile = None {{(pid=95826) log_opt_values /opt/stack/data/venv/lib/python3.12/site-packages/oslo_config/cfg.py:3253}}
Jul 20 11:00:52.817504 np0000005489 nova-conductor[95826]: DEBUG cotyledon.oslo_config_glue [-] oslo_limit.collect_timing = False {{(pid=95826) log_opt_values /opt/stack/data/venv/lib/python3.12/site-packages/oslo_config/cfg.py:3253}}
Jul 20 11:00:52.817504 np0000005489 nova-conductor[95826]: DEBUG cotyledon.oslo_config_glue [-] oslo_limit.connect_retries = None {{(pid=95826) log_opt_values /opt/stack/data/venv/lib/python3.12/site-packages/oslo_config/cfg.py:3253}}
Jul 20 11:00:52.817504 np0000005489 nova-conductor[95826]: DEBUG cotyledon.oslo_config_glue [-] oslo_limit.connect_retry_delay = None {{(pid=95826) log_opt_values /opt/stack/data/venv/lib/python3.12/site-packages/oslo_config/cfg.py:3253}}
Jul 20 11:00:52.817504 np0000005489 nova-conductor[95826]: DEBUG cotyledon.oslo_config_glue [-] oslo_limit.endpoint_id = None {{(pid=95826) log_opt_values /opt/stack/data/venv/lib/python3.12/site-packages/oslo_config/cfg.py:3253}}
Jul 20 11:00:52.817504 np0000005489 nova-conductor[95826]: DEBUG cotyledon.oslo_config_glue [-] oslo_limit.endpoint_interface = public {{(pid=95826) log_opt_values /opt/stack/data/venv/lib/python3.12/site-packages/oslo_config/cfg.py:3253}}
Jul 20 11:00:52.817504 np0000005489 nova-conductor[95826]: DEBUG cotyledon.oslo_config_glue [-] oslo_limit.endpoint_override = None {{(pid=95826) log_opt_values /opt/stack/data/venv/lib/python3.12/site-packages/oslo_config/cfg.py:3253}}
Jul 20 11:00:52.817504 np0000005489 nova-conductor[95826]: DEBUG cotyledon.oslo_config_glue [-] oslo_limit.endpoint_region_name = None {{(pid=95826) log_opt_values /opt/stack/data/venv/lib/python3.12/site-packages/oslo_config/cfg.py:3253}}
Jul 20 11:00:52.817504 np0000005489 nova-conductor[95826]: DEBUG cotyledon.oslo_config_glue [-] oslo_limit.endpoint_service_name = None {{(pid=95826) log_opt_values /opt/stack/data/venv/lib/python3.12/site-packages/oslo_config/cfg.py:3253}}
Jul 20 11:00:52.817660 np0000005489 nova-conductor[95826]: DEBUG cotyledon.oslo_config_glue [-] oslo_limit.endpoint_service_type = None {{(pid=95826) log_opt_values /opt/stack/data/venv/lib/python3.12/site-packages/oslo_config/cfg.py:3253}}
Jul 20 11:00:52.817660 np0000005489 nova-conductor[95826]: DEBUG cotyledon.oslo_config_glue [-] oslo_limit.insecure = False {{(pid=95826) log_opt_values /opt/stack/data/venv/lib/python3.12/site-packages/oslo_config/cfg.py:3253}}
Jul 20 11:00:52.817660 np0000005489 nova-conductor[95826]: DEBUG cotyledon.oslo_config_glue [-] oslo_limit.keyfile = None {{(pid=95826) log_opt_values /opt/stack/data/venv/lib/python3.12/site-packages/oslo_config/cfg.py:3253}}
Jul 20 11:00:52.817660 np0000005489 nova-conductor[95826]: DEBUG cotyledon.oslo_config_glue [-] oslo_limit.max_version = None {{(pid=95826) log_opt_values /opt/stack/data/venv/lib/python3.12/site-packages/oslo_config/cfg.py:3253}}
Jul 20 11:00:52.817660 np0000005489 nova-conductor[95826]: DEBUG cotyledon.oslo_config_glue [-] oslo_limit.min_version = None {{(pid=95826) log_opt_values /opt/stack/data/venv/lib/python3.12/site-packages/oslo_config/cfg.py:3253}}
Jul 20 11:00:52.817660 np0000005489 nova-conductor[95826]: DEBUG cotyledon.oslo_config_glue [-] oslo_limit.region_name = None {{(pid=95826) log_opt_values /opt/stack/data/venv/lib/python3.12/site-packages/oslo_config/cfg.py:3253}}
Jul 20 11:00:52.817660 np0000005489 nova-conductor[95826]: DEBUG cotyledon.oslo_config_glue [-] oslo_limit.retriable_status_codes = None {{(pid=95826) log_opt_values /opt/stack/data/venv/lib/python3.12/site-packages/oslo_config/cfg.py:3253}}
Jul 20 11:00:52.817660 np0000005489 nova-conductor[95826]: DEBUG cotyledon.oslo_config_glue [-] oslo_limit.service_name = None {{(pid=95826) log_opt_values /opt/stack/data/venv/lib/python3.12/site-packages/oslo_config/cfg.py:3253}}
Jul 20 11:00:52.817660 np0000005489 nova-conductor[95826]: DEBUG cotyledon.oslo_config_glue [-] oslo_limit.service_type = None {{(pid=95826) log_opt_values /opt/stack/data/venv/lib/python3.12/site-packages/oslo_config/cfg.py:3253}}
Jul 20 11:00:52.817837 np0000005489 nova-conductor[95826]: DEBUG cotyledon.oslo_config_glue [-] oslo_limit.split_loggers = False {{(pid=95826) log_opt_values /opt/stack/data/venv/lib/python3.12/site-packages/oslo_config/cfg.py:3253}}
Jul 20 11:00:52.817837 np0000005489 nova-conductor[95826]: DEBUG cotyledon.oslo_config_glue [-] oslo_limit.status_code_retries = None {{(pid=95826) log_opt_values /opt/stack/data/venv/lib/python3.12/site-packages/oslo_config/cfg.py:3253}}
Jul 20 11:00:52.817837 np0000005489 nova-conductor[95826]: DEBUG cotyledon.oslo_config_glue [-] oslo_limit.status_code_retry_delay = None {{(pid=95826) log_opt_values /opt/stack/data/venv/lib/python3.12/site-packages/oslo_config/cfg.py:3253}}
Jul 20 11:00:52.817837 np0000005489 nova-conductor[95826]: DEBUG cotyledon.oslo_config_glue [-] oslo_limit.timeout = None {{(pid=95826) log_opt_values /opt/stack/data/venv/lib/python3.12/site-packages/oslo_config/cfg.py:3253}}
Jul 20 11:00:52.817837 np0000005489 nova-conductor[95826]: DEBUG cotyledon.oslo_config_glue [-] oslo_limit.valid_interfaces = None {{(pid=95826) log_opt_values /opt/stack/data/venv/lib/python3.12/site-packages/oslo_config/cfg.py:3253}}
Jul 20 11:00:52.817837 np0000005489 nova-conductor[95826]: DEBUG cotyledon.oslo_config_glue [-] oslo_limit.version = None {{(pid=95826) log_opt_values /opt/stack/data/venv/lib/python3.12/site-packages/oslo_config/cfg.py:3253}}
Jul 20 11:00:52.817837 np0000005489 nova-conductor[95826]: DEBUG cotyledon.oslo_config_glue [-] oslo_reports.file_event_handler = None {{(pid=95826) log_opt_values /opt/stack/data/venv/lib/python3.12/site-packages/oslo_config/cfg.py:3253}}
Jul 20 11:00:52.817837 np0000005489 nova-conductor[95826]: DEBUG cotyledon.oslo_config_glue [-] oslo_reports.file_event_handler_interval = 1 {{(pid=95826) log_opt_values /opt/stack/data/venv/lib/python3.12/site-packages/oslo_config/cfg.py:3253}}
Jul 20 11:00:52.817837 np0000005489 nova-conductor[95826]: DEBUG cotyledon.oslo_config_glue [-] oslo_reports.log_dir = None {{(pid=95826) log_opt_values /opt/stack/data/venv/lib/python3.12/site-packages/oslo_config/cfg.py:3253}}
Jul 20 11:00:52.818004 np0000005489 nova-conductor[95826]: DEBUG cotyledon.oslo_config_glue [-] ******************************************************************************** {{(pid=95826) log_opt_values /opt/stack/data/venv/lib/python3.12/site-packages/oslo_config/cfg.py:3260}}
Jul 20 11:00:52.818004 np0000005489 nova-conductor[95826]: DEBUG cotyledon._service_worker [-] Run service ServiceWrapper(2) [95826] {{(pid=95826) wait_forever /opt/stack/data/venv/lib/python3.12/site-packages/cotyledon/_service_worker.py:218}}
Jul 20 11:00:52.818004 np0000005489 nova-conductor[95826]: INFO nova.service [-] Starting conductor node (version 33.1.0)
Jul 20 11:00:52.818004 np0000005489 nova-conductor[95826]: INFO dbcounter [None req-405c9c0b-5af4-45b4-94cb-464f376b4831 None None] Registered counter for database nova_cell0
Jul 20 11:00:52.827061 np0000005489 nova-conductor[95813]: DEBUG oslo_db.sqlalchemy.engines [None req-7d3e161b-6f05-49b7-a474-4910d4efa773 None None] MySQL server mode set to STRICT_TRANS_TABLES,STRICT_ALL_TABLES,NO_ZERO_IN_DATE,NO_ZERO_DATE,ERROR_FOR_DIVISION_BY_ZERO,TRADITIONAL,NO_ENGINE_SUBSTITUTION {{(pid=95813) _check_effective_sql_mode /opt/stack/data/venv/lib/python3.12/site-packages/oslo_db/sqlalchemy/engines.py:325}}
Jul 20 11:00:52.837365 np0000005489 nova-conductor[95813]: DEBUG dbcounter [-] [95813] Writer thread running {{(pid=95813) stat_writer /opt/stack/data/venv/lib/python3.12/site-packages/dbcounter.py:102}}
Jul 20 11:00:52.843982 np0000005489 nova-conductor[95821]: DEBUG oslo_db.sqlalchemy.engines [None req-8f31c386-6f79-45c3-a5d3-b0cdbfe5805c None None] MySQL server mode set to STRICT_TRANS_TABLES,STRICT_ALL_TABLES,NO_ZERO_IN_DATE,NO_ZERO_DATE,ERROR_FOR_DIVISION_BY_ZERO,TRADITIONAL,NO_ENGINE_SUBSTITUTION {{(pid=95821) _check_effective_sql_mode /opt/stack/data/venv/lib/python3.12/site-packages/oslo_db/sqlalchemy/engines.py:325}}
Jul 20 11:00:52.853654 np0000005489 nova-conductor[95813]: DEBUG nova.service [None req-7d3e161b-6f05-49b7-a474-4910d4efa773 None None] Creating RPC server for service: nova-conductor on topic: conductor {{(pid=95813) start /opt/stack/nova/nova/service.py:196}}
Jul 20 11:00:52.861884 np0000005489 nova-conductor[95821]: DEBUG dbcounter [-] [95821] Writer thread running {{(pid=95821) stat_writer /opt/stack/data/venv/lib/python3.12/site-packages/dbcounter.py:102}}
Jul 20 11:00:52.866442 np0000005489 nova-conductor[95821]: DEBUG nova.service [None req-8f31c386-6f79-45c3-a5d3-b0cdbfe5805c None None] Creating RPC server for service: nova-conductor on topic: conductor {{(pid=95821) start /opt/stack/nova/nova/service.py:196}}
Jul 20 11:00:52.869387 np0000005489 nova-conductor[95826]: DEBUG oslo_db.sqlalchemy.engines [None req-405c9c0b-5af4-45b4-94cb-464f376b4831 None None] MySQL server mode set to STRICT_TRANS_TABLES,STRICT_ALL_TABLES,NO_ZERO_IN_DATE,NO_ZERO_DATE,ERROR_FOR_DIVISION_BY_ZERO,TRADITIONAL,NO_ENGINE_SUBSTITUTION {{(pid=95826) _check_effective_sql_mode /opt/stack/data/venv/lib/python3.12/site-packages/oslo_db/sqlalchemy/engines.py:325}}
Jul 20 11:00:52.879172 np0000005489 nova-conductor[95826]: DEBUG dbcounter [-] [95826] Writer thread running {{(pid=95826) stat_writer /opt/stack/data/venv/lib/python3.12/site-packages/dbcounter.py:102}}
Jul 20 11:00:52.882060 np0000005489 nova-conductor[95826]: DEBUG nova.service [None req-405c9c0b-5af4-45b4-94cb-464f376b4831 None None] Creating RPC server for service: nova-conductor on topic: conductor {{(pid=95826) start /opt/stack/nova/nova/service.py:196}}
Jul 20 11:00:52.884785 np0000005489 nova-conductor[95821]: DEBUG nova.service [None req-8f31c386-6f79-45c3-a5d3-b0cdbfe5805c None None] Join ServiceGroup membership for this service conductor {{(pid=95821) start /opt/stack/nova/nova/service.py:222}}
Jul 20 11:00:52.885130 np0000005489 nova-conductor[95821]: DEBUG nova.servicegroup.drivers.db [None req-8f31c386-6f79-45c3-a5d3-b0cdbfe5805c None None] DB_Driver: join new ServiceGroup member np0000005489 to the conductor group, service = {{(pid=95821) join /opt/stack/nova/nova/servicegroup/drivers/db.py:44}}
Jul 20 11:00:52.890454 np0000005489 nova-conductor[95813]: DEBUG nova.service [None req-7d3e161b-6f05-49b7-a474-4910d4efa773 None None] Join ServiceGroup membership for this service conductor {{(pid=95813) start /opt/stack/nova/nova/service.py:222}}
Jul 20 11:00:52.890736 np0000005489 nova-conductor[95813]: DEBUG nova.servicegroup.drivers.db [None req-7d3e161b-6f05-49b7-a474-4910d4efa773 None None] DB_Driver: join new ServiceGroup member np0000005489 to the conductor group, service = {{(pid=95813) join /opt/stack/nova/nova/servicegroup/drivers/db.py:44}}
Jul 20 11:00:52.898585 np0000005489 nova-conductor[95826]: DEBUG nova.service [None req-405c9c0b-5af4-45b4-94cb-464f376b4831 None None] Join ServiceGroup membership for this service conductor {{(pid=95826) start /opt/stack/nova/nova/service.py:222}}
Jul 20 11:00:52.898790 np0000005489 nova-conductor[95826]: DEBUG nova.servicegroup.drivers.db [None req-405c9c0b-5af4-45b4-94cb-464f376b4831 None None] DB_Driver: join new ServiceGroup member np0000005489 to the conductor group, service = {{(pid=95826) join /opt/stack/nova/nova/servicegroup/drivers/db.py:44}}
Jul 20 11:00:57.901124 np0000005489 nova-conductor[95821]: DEBUG oslo.service.backend._threading.loopingcall [-] Fixed interval looping call 'nova.servicegroup.drivers.db.DbDriver._report_state' sleeping for 119.99 seconds {{(pid=95821) _run_loop /opt/stack/data/venv/lib/python3.12/site-packages/oslo_service/backend/_threading/loopingcall.py:125}}
Jul 20 11:00:57.901610 np0000005489 nova-conductor[95813]: DEBUG oslo.service.backend._threading.loopingcall [-] Fixed interval looping call 'nova.servicegroup.drivers.db.DbDriver._report_state' sleeping for 119.99 seconds {{(pid=95813) _run_loop /opt/stack/data/venv/lib/python3.12/site-packages/oslo_service/backend/_threading/loopingcall.py:125}}
Jul 20 11:00:57.909351 np0000005489 nova-conductor[95826]: DEBUG oslo.service.backend._threading.loopingcall [-] Fixed interval looping call 'nova.servicegroup.drivers.db.DbDriver._report_state' sleeping for 119.99 seconds {{(pid=95826) _run_loop /opt/stack/data/venv/lib/python3.12/site-packages/oslo_service/backend/_threading/loopingcall.py:125}}
Jul 20 11:01:01.480119 np0000005489 nova-conductor[94310]: DEBUG dbcounter [-] [94310] Writing DB stats nova_api:SELECT=1 {{(pid=94310) stat_writer /opt/stack/data/venv/lib/python3.12/site-packages/dbcounter.py:115}}
Jul 20 11:01:01.599418 np0000005489 nova-conductor[94310]: DEBUG dbcounter [-] [94310] Writing DB stats nova_cell0:SELECT=1 {{(pid=94310) stat_writer /opt/stack/data/venv/lib/python3.12/site-packages/dbcounter.py:115}}
Jul 20 11:01:01.603746 np0000005489 nova-conductor[94310]: DEBUG dbcounter [-] [94310] Writing DB stats nova_cell1:SELECT=1 {{(pid=94310) stat_writer /opt/stack/data/venv/lib/python3.12/site-packages/dbcounter.py:115}}
Jul 20 11:01:05.893033 np0000005489 nova-conductor[95813]: DEBUG oslo.service.backend._threading.loopingcall [None req-8f57a813-cfde-453e-ab7b-2381a4ce97e4 None None] Dynamic interval looping call 'nova.service.Service.periodic_tasks' sleeping for 60.00 seconds {{(pid=95813) _run_loop /opt/stack/data/venv/lib/python3.12/site-packages/oslo_service/backend/_threading/loopingcall.py:125}}
Jul 20 11:01:07.897104 np0000005489 nova-conductor[95821]: DEBUG dbcounter [-] [95821] Writing DB stats nova_cell0:SELECT=3,nova_cell0:UPDATE=1 {{(pid=95821) stat_writer /opt/stack/data/venv/lib/python3.12/site-packages/dbcounter.py:115}}
Jul 20 11:01:07.899196 np0000005489 nova-conductor[95813]: DEBUG dbcounter [-] [95813] Writing DB stats nova_cell0:SELECT=4,nova_cell0:INSERT=1,nova_cell0:UPDATE=1 {{(pid=95813) stat_writer /opt/stack/data/venv/lib/python3.12/site-packages/dbcounter.py:115}}
Jul 20 11:01:07.906351 np0000005489 nova-conductor[95826]: DEBUG dbcounter [-] [95826] Writing DB stats nova_cell0:SELECT=3 {{(pid=95826) stat_writer /opt/stack/data/venv/lib/python3.12/site-packages/dbcounter.py:115}}
Jul 20 11:01:10.901089 np0000005489 nova-conductor[95826]: DEBUG oslo.service.backend._threading.loopingcall [None req-6fc63d5e-38d3-4561-82ef-6a14516aef99 None None] Dynamic interval looping call 'nova.service.Service.periodic_tasks' sleeping for 60.00 seconds {{(pid=95826) _run_loop /opt/stack/data/venv/lib/python3.12/site-packages/oslo_service/backend/_threading/loopingcall.py:125}}
Jul 20 11:01:47.887320 np0000005489 nova-conductor[95821]: DEBUG oslo.service.backend._threading.loopingcall [None req-07d97e87-a550-453b-a4ea-f3f69e079fb5 None None] Dynamic interval looping call 'nova.service.Service.periodic_tasks' sleeping for 60.00 seconds {{(pid=95821) _run_loop /opt/stack/data/venv/lib/python3.12/site-packages/oslo_service/backend/_threading/loopingcall.py:125}}
Jul 20 11:02:05.893500 np0000005489 nova-conductor[95813]: DEBUG oslo.service.backend._threading.loopingcall [None req-8f57a813-cfde-453e-ab7b-2381a4ce97e4 None None] Dynamic interval looping call 'nova.service.Service.periodic_tasks' sleeping for 60.00 seconds {{(pid=95813) _run_loop /opt/stack/data/venv/lib/python3.12/site-packages/oslo_service/backend/_threading/loopingcall.py:125}}
Jul 20 11:02:10.901700 np0000005489 nova-conductor[95826]: DEBUG oslo.service.backend._threading.loopingcall [None req-6fc63d5e-38d3-4561-82ef-6a14516aef99 None None] Dynamic interval looping call 'nova.service.Service.periodic_tasks' sleeping for 60.00 seconds {{(pid=95826) _run_loop /opt/stack/data/venv/lib/python3.12/site-packages/oslo_service/backend/_threading/loopingcall.py:125}}
Jul 20 11:02:47.887750 np0000005489 nova-conductor[95821]: DEBUG oslo.service.backend._threading.loopingcall [None req-07d97e87-a550-453b-a4ea-f3f69e079fb5 None None] Dynamic interval looping call 'nova.service.Service.periodic_tasks' sleeping for 60.00 seconds {{(pid=95821) _run_loop /opt/stack/data/venv/lib/python3.12/site-packages/oslo_service/backend/_threading/loopingcall.py:125}}
Jul 20 11:02:57.897093 np0000005489 nova-conductor[95821]: DEBUG oslo.service.backend._threading.loopingcall [-] Fixed interval looping call 'nova.servicegroup.drivers.db.DbDriver._report_state' sleeping for 119.99 seconds {{(pid=95821) _run_loop /opt/stack/data/venv/lib/python3.12/site-packages/oslo_service/backend/_threading/loopingcall.py:125}}
Jul 20 11:02:57.897807 np0000005489 nova-conductor[95813]: DEBUG oslo.service.backend._threading.loopingcall [-] Fixed interval looping call 'nova.servicegroup.drivers.db.DbDriver._report_state' sleeping for 120.00 seconds {{(pid=95813) _run_loop /opt/stack/data/venv/lib/python3.12/site-packages/oslo_service/backend/_threading/loopingcall.py:125}}
Jul 20 11:02:57.902545 np0000005489 nova-conductor[95826]: DEBUG oslo.service.backend._threading.loopingcall [-] Fixed interval looping call 'nova.servicegroup.drivers.db.DbDriver._report_state' sleeping for 120.00 seconds {{(pid=95826) _run_loop /opt/stack/data/venv/lib/python3.12/site-packages/oslo_service/backend/_threading/loopingcall.py:125}}
Jul 20 11:03:05.894120 np0000005489 nova-conductor[95813]: DEBUG oslo.service.backend._threading.loopingcall [None req-8f57a813-cfde-453e-ab7b-2381a4ce97e4 None None] Dynamic interval looping call 'nova.service.Service.periodic_tasks' sleeping for 60.00 seconds {{(pid=95813) _run_loop /opt/stack/data/venv/lib/python3.12/site-packages/oslo_service/backend/_threading/loopingcall.py:125}}
Jul 20 11:03:07.894598 np0000005489 nova-conductor[95821]: DEBUG dbcounter [-] [95821] Writing DB stats nova_cell0:SELECT=1,nova_cell0:UPDATE=1 {{(pid=95821) stat_writer /opt/stack/data/venv/lib/python3.12/site-packages/dbcounter.py:115}}
Jul 20 11:03:07.896515 np0000005489 nova-conductor[95813]: DEBUG dbcounter [-] [95813] Writing DB stats nova_cell0:SELECT=1,nova_cell0:UPDATE=1 {{(pid=95813) stat_writer /opt/stack/data/venv/lib/python3.12/site-packages/dbcounter.py:115}}
Jul 20 11:03:07.900956 np0000005489 nova-conductor[95826]: DEBUG dbcounter [-] [95826] Writing DB stats nova_cell0:SELECT=1 {{(pid=95826) stat_writer /opt/stack/data/venv/lib/python3.12/site-packages/dbcounter.py:115}}
Jul 20 11:03:10.088882 np0000005489 nova-conductor[95821]: DEBUG oslo_db.sqlalchemy.engines [None req-446b863e-c023-432c-9d44-9bdd7319cdb2 tempest-ImageDependencyTests-101861862 tempest-ImageDependencyTests-101861862-project-member] Parent process 94310 forked (95821) with an open database connection, which is being discarded and recreated. {{(pid=95821) checkout /opt/stack/data/venv/lib/python3.12/site-packages/oslo_db/sqlalchemy/engines.py:402}}
Jul 20 11:03:10.119645 np0000005489 nova-conductor[95821]: DEBUG dbcounter [-] [95821] Writer thread running {{(pid=95821) stat_writer /opt/stack/data/venv/lib/python3.12/site-packages/dbcounter.py:102}}
Jul 20 11:03:10.902260 np0000005489 nova-conductor[95826]: DEBUG oslo.service.backend._threading.loopingcall [None req-6fc63d5e-38d3-4561-82ef-6a14516aef99 None None] Dynamic interval looping call 'nova.service.Service.periodic_tasks' sleeping for 60.00 seconds {{(pid=95826) _run_loop /opt/stack/data/venv/lib/python3.12/site-packages/oslo_service/backend/_threading/loopingcall.py:125}}
Jul 20 11:03:10.955873 np0000005489 nova-conductor[95821]: DEBUG nova.conductor.manager [None req-446b863e-c023-432c-9d44-9bdd7319cdb2 tempest-ImageDependencyTests-101861862 tempest-ImageDependencyTests-101861862-project-member] Took 0.83 seconds to select destinations for 1 instance(s). {{(pid=95821) _schedule_instances /opt/stack/nova/nova/conductor/manager.py:968}}
Jul 20 11:03:10.982274 np0000005489 nova-conductor[95821]: DEBUG oslo_concurrency.lockutils [None req-446b863e-c023-432c-9d44-9bdd7319cdb2 tempest-ImageDependencyTests-101861862 tempest-ImageDependencyTests-101861862-project-member] Acquiring lock "6c7b5406-c24a-4db7-b3f2-11305ce98c4e" by "nova.context.set_target_cell..get_or_set_cached_cell_and_set_connections" {{(pid=95821) inner /opt/stack/data/venv/lib/python3.12/site-packages/oslo_concurrency/lockutils.py:512}}
Jul 20 11:03:10.982510 np0000005489 nova-conductor[95821]: DEBUG oslo_concurrency.lockutils [None req-446b863e-c023-432c-9d44-9bdd7319cdb2 tempest-ImageDependencyTests-101861862 tempest-ImageDependencyTests-101861862-project-member] Lock "6c7b5406-c24a-4db7-b3f2-11305ce98c4e" acquired by "nova.context.set_target_cell..get_or_set_cached_cell_and_set_connections" :: waited 0.000s {{(pid=95821) inner /opt/stack/data/venv/lib/python3.12/site-packages/oslo_concurrency/lockutils.py:525}}
Jul 20 11:03:10.983840 np0000005489 nova-conductor[95821]: DEBUG oslo_concurrency.lockutils [None req-446b863e-c023-432c-9d44-9bdd7319cdb2 tempest-ImageDependencyTests-101861862 tempest-ImageDependencyTests-101861862-project-member] Lock "6c7b5406-c24a-4db7-b3f2-11305ce98c4e" "released" by "nova.context.set_target_cell..get_or_set_cached_cell_and_set_connections" :: held 0.001s {{(pid=95821) inner /opt/stack/data/venv/lib/python3.12/site-packages/oslo_concurrency/lockutils.py:544}}
Jul 20 11:03:10.985615 np0000005489 nova-conductor[95821]: INFO dbcounter [None req-446b863e-c023-432c-9d44-9bdd7319cdb2 tempest-ImageDependencyTests-101861862 tempest-ImageDependencyTests-101861862-project-member] Registered counter for database nova_cell1
Jul 20 11:03:11.026873 np0000005489 nova-conductor[95821]: DEBUG oslo_db.sqlalchemy.engines [None req-446b863e-c023-432c-9d44-9bdd7319cdb2 tempest-ImageDependencyTests-101861862 tempest-ImageDependencyTests-101861862-project-member] MySQL server mode set to STRICT_TRANS_TABLES,STRICT_ALL_TABLES,NO_ZERO_IN_DATE,NO_ZERO_DATE,ERROR_FOR_DIVISION_BY_ZERO,TRADITIONAL,NO_ENGINE_SUBSTITUTION {{(pid=95821) _check_effective_sql_mode /opt/stack/data/venv/lib/python3.12/site-packages/oslo_db/sqlalchemy/engines.py:325}}
Jul 20 11:03:11.032304 np0000005489 nova-conductor[95821]: DEBUG dbcounter [-] [95821] Writer thread running {{(pid=95821) stat_writer /opt/stack/data/venv/lib/python3.12/site-packages/dbcounter.py:102}}
Jul 20 11:03:11.076760 np0000005489 nova-conductor[95821]: INFO nova.utils [None req-446b863e-c023-432c-9d44-9bdd7319cdb2 tempest-ImageDependencyTests-101861862 tempest-ImageDependencyTests-101861862-project-member] The cell worker thread pool ForkProcess-2.cell_worker is initialized
Jul 20 11:03:11.077242 np0000005489 nova-conductor[95821]: DEBUG oslo_concurrency.lockutils [None req-446b863e-c023-432c-9d44-9bdd7319cdb2 tempest-ImageDependencyTests-101861862 tempest-ImageDependencyTests-101861862-project-member] Acquiring lock "00000000-0000-0000-0000-000000000000" by "nova.context.set_target_cell..get_or_set_cached_cell_and_set_connections" {{(pid=95821) inner /opt/stack/data/venv/lib/python3.12/site-packages/oslo_concurrency/lockutils.py:512}}
Jul 20 11:03:11.077242 np0000005489 nova-conductor[95821]: DEBUG oslo_concurrency.lockutils [None req-446b863e-c023-432c-9d44-9bdd7319cdb2 tempest-ImageDependencyTests-101861862 tempest-ImageDependencyTests-101861862-project-member] Lock "00000000-0000-0000-0000-000000000000" acquired by "nova.context.set_target_cell..get_or_set_cached_cell_and_set_connections" :: waited 0.000s {{(pid=95821) inner /opt/stack/data/venv/lib/python3.12/site-packages/oslo_concurrency/lockutils.py:525}}
Jul 20 11:03:11.077475 np0000005489 nova-conductor[95821]: DEBUG oslo_concurrency.lockutils [None req-446b863e-c023-432c-9d44-9bdd7319cdb2 tempest-ImageDependencyTests-101861862 tempest-ImageDependencyTests-101861862-project-member] Lock "00000000-0000-0000-0000-000000000000" "released" by "nova.context.set_target_cell..get_or_set_cached_cell_and_set_connections" :: held 0.000s {{(pid=95821) inner /opt/stack/data/venv/lib/python3.12/site-packages/oslo_concurrency/lockutils.py:544}}
Jul 20 11:03:11.078047 np0000005489 nova-conductor[95821]: DEBUG oslo_concurrency.lockutils [None req-446b863e-c023-432c-9d44-9bdd7319cdb2 tempest-ImageDependencyTests-101861862 tempest-ImageDependencyTests-101861862-project-member] Acquiring lock "6c7b5406-c24a-4db7-b3f2-11305ce98c4e" by "nova.context.set_target_cell..get_or_set_cached_cell_and_set_connections" {{(pid=95821) inner /opt/stack/data/venv/lib/python3.12/site-packages/oslo_concurrency/lockutils.py:512}}
Jul 20 11:03:11.079108 np0000005489 nova-conductor[95821]: INFO dbcounter [None req-446b863e-c023-432c-9d44-9bdd7319cdb2 tempest-ImageDependencyTests-101861862 tempest-ImageDependencyTests-101861862-project-member] Registered counter for database nova_cell0
Jul 20 11:03:11.080104 np0000005489 nova-conductor[95821]: DEBUG oslo_concurrency.lockutils [None req-446b863e-c023-432c-9d44-9bdd7319cdb2 tempest-ImageDependencyTests-101861862 tempest-ImageDependencyTests-101861862-project-member] Lock "6c7b5406-c24a-4db7-b3f2-11305ce98c4e" acquired by "nova.context.set_target_cell..get_or_set_cached_cell_and_set_connections" :: waited 0.001s {{(pid=95821) inner /opt/stack/data/venv/lib/python3.12/site-packages/oslo_concurrency/lockutils.py:525}}
Jul 20 11:03:11.080208 np0000005489 nova-conductor[95821]: DEBUG oslo_concurrency.lockutils [None req-446b863e-c023-432c-9d44-9bdd7319cdb2 tempest-ImageDependencyTests-101861862 tempest-ImageDependencyTests-101861862-project-member] Lock "6c7b5406-c24a-4db7-b3f2-11305ce98c4e" "released" by "nova.context.set_target_cell..get_or_set_cached_cell_and_set_connections" :: held 0.001s {{(pid=95821) inner /opt/stack/data/venv/lib/python3.12/site-packages/oslo_concurrency/lockutils.py:544}}
Jul 20 11:03:11.111524 np0000005489 nova-conductor[95821]: DEBUG oslo_db.sqlalchemy.engines [None req-446b863e-c023-432c-9d44-9bdd7319cdb2 tempest-ImageDependencyTests-101861862 tempest-ImageDependencyTests-101861862-project-member] MySQL server mode set to STRICT_TRANS_TABLES,STRICT_ALL_TABLES,NO_ZERO_IN_DATE,NO_ZERO_DATE,ERROR_FOR_DIVISION_BY_ZERO,TRADITIONAL,NO_ENGINE_SUBSTITUTION {{(pid=95821) _check_effective_sql_mode /opt/stack/data/venv/lib/python3.12/site-packages/oslo_db/sqlalchemy/engines.py:325}}
Jul 20 11:03:11.117115 np0000005489 nova-conductor[95821]: DEBUG dbcounter [-] [95821] Writer thread running {{(pid=95821) stat_writer /opt/stack/data/venv/lib/python3.12/site-packages/dbcounter.py:102}}
Jul 20 11:03:11.126579 np0000005489 nova-conductor[95821]: DEBUG nova.quota [None req-446b863e-c023-432c-9d44-9bdd7319cdb2 tempest-ImageDependencyTests-101861862 tempest-ImageDependencyTests-101861862-project-member] Getting quotas for project 5b03cec6b3784d17a6e9f6d16f606b0c. Resources: {'cores', 'ram', 'instances'} {{(pid=95821) _get_quotas /opt/stack/nova/nova/quota.py:389}}
Jul 20 11:03:11.129260 np0000005489 nova-conductor[95821]: DEBUG nova.quota [None req-446b863e-c023-432c-9d44-9bdd7319cdb2 tempest-ImageDependencyTests-101861862 tempest-ImageDependencyTests-101861862-project-member] Getting quotas for user 8f87fc7ca7e6486baf03b733d5af4288 and project 5b03cec6b3784d17a6e9f6d16f606b0c. Resources: {'cores', 'ram', 'instances'} {{(pid=95821) _get_quotas /opt/stack/nova/nova/quota.py:379}}
Jul 20 11:03:11.134377 np0000005489 nova-conductor[95821]: DEBUG nova.conductor.manager [None req-446b863e-c023-432c-9d44-9bdd7319cdb2 tempest-ImageDependencyTests-101861862 tempest-ImageDependencyTests-101861862-project-member] [instance: 348f5002-eb7d-41ac-adf3-e685e45db2b2] Selected host: np0000005489; Selected node: np0000005489; Alternates: [] {{(pid=95821) schedule_and_build_instances /opt/stack/nova/nova/conductor/manager.py:1784}}
Jul 20 11:03:11.134862 np0000005489 nova-conductor[95821]: DEBUG oslo_concurrency.lockutils [None req-446b863e-c023-432c-9d44-9bdd7319cdb2 tempest-ImageDependencyTests-101861862 tempest-ImageDependencyTests-101861862-project-member] Acquiring lock "6c7b5406-c24a-4db7-b3f2-11305ce98c4e" by "nova.context.set_target_cell..get_or_set_cached_cell_and_set_connections" {{(pid=95821) inner /opt/stack/data/venv/lib/python3.12/site-packages/oslo_concurrency/lockutils.py:512}}
Jul 20 11:03:11.135064 np0000005489 nova-conductor[95821]: DEBUG oslo_concurrency.lockutils [None req-446b863e-c023-432c-9d44-9bdd7319cdb2 tempest-ImageDependencyTests-101861862 tempest-ImageDependencyTests-101861862-project-member] Lock "6c7b5406-c24a-4db7-b3f2-11305ce98c4e" acquired by "nova.context.set_target_cell..get_or_set_cached_cell_and_set_connections" :: waited 0.000s {{(pid=95821) inner /opt/stack/data/venv/lib/python3.12/site-packages/oslo_concurrency/lockutils.py:525}}
Jul 20 11:03:11.135211 np0000005489 nova-conductor[95821]: DEBUG oslo_concurrency.lockutils [None req-446b863e-c023-432c-9d44-9bdd7319cdb2 tempest-ImageDependencyTests-101861862 tempest-ImageDependencyTests-101861862-project-member] Lock "6c7b5406-c24a-4db7-b3f2-11305ce98c4e" "released" by "nova.context.set_target_cell..get_or_set_cached_cell_and_set_connections" :: held 0.000s {{(pid=95821) inner /opt/stack/data/venv/lib/python3.12/site-packages/oslo_concurrency/lockutils.py:544}}
Jul 20 11:03:11.142625 np0000005489 nova-conductor[95821]: DEBUG nova.conductor.manager [None req-446b863e-c023-432c-9d44-9bdd7319cdb2 tempest-ImageDependencyTests-101861862 tempest-ImageDependencyTests-101861862-project-member] [instance: 348f5002-eb7d-41ac-adf3-e685e45db2b2] block_device_mapping [BlockDeviceMapping(attachment_id=52a776fc-d19b-4bad-93b5-48211d2deac6,boot_index=0,connection_info=None,created_at=,delete_on_termination=True,deleted=,deleted_at=,destination_type='volume',device_name=None,device_type=None,disk_bus=None,encrypted=False,encryption_format=None,encryption_options=None,encryption_secret_uuid=None,guest_format=None,id=,image_id=None,instance=,instance_uuid=,no_device=False,snapshot_id=None,source_type='volume',tag=None,updated_at=,uuid=,volume_id='3c863df2-af19-4ebd-a60a-23f06e5ed9af',volume_size=1,volume_type=None)] {{(pid=95821) _create_block_device_mapping /opt/stack/nova/nova/conductor/manager.py:1529}}
Jul 20 11:03:11.144467 np0000005489 nova-conductor[95821]: DEBUG oslo_concurrency.lockutils [None req-446b863e-c023-432c-9d44-9bdd7319cdb2 tempest-ImageDependencyTests-101861862 tempest-ImageDependencyTests-101861862-project-member] Acquiring lock "6c7b5406-c24a-4db7-b3f2-11305ce98c4e" by "nova.context.set_target_cell..get_or_set_cached_cell_and_set_connections" {{(pid=95821) inner /opt/stack/data/venv/lib/python3.12/site-packages/oslo_concurrency/lockutils.py:512}}
Jul 20 11:03:11.144681 np0000005489 nova-conductor[95821]: DEBUG oslo_concurrency.lockutils [None req-446b863e-c023-432c-9d44-9bdd7319cdb2 tempest-ImageDependencyTests-101861862 tempest-ImageDependencyTests-101861862-project-member] Lock "6c7b5406-c24a-4db7-b3f2-11305ce98c4e" acquired by "nova.context.set_target_cell..get_or_set_cached_cell_and_set_connections" :: waited 0.000s {{(pid=95821) inner /opt/stack/data/venv/lib/python3.12/site-packages/oslo_concurrency/lockutils.py:525}}
Jul 20 11:03:11.144839 np0000005489 nova-conductor[95821]: DEBUG oslo_concurrency.lockutils [None req-446b863e-c023-432c-9d44-9bdd7319cdb2 tempest-ImageDependencyTests-101861862 tempest-ImageDependencyTests-101861862-project-member] Lock "6c7b5406-c24a-4db7-b3f2-11305ce98c4e" "released" by "nova.context.set_target_cell..get_or_set_cached_cell_and_set_connections" :: held 0.000s {{(pid=95821) inner /opt/stack/data/venv/lib/python3.12/site-packages/oslo_concurrency/lockutils.py:544}}
Jul 20 11:03:11.184895 np0000005489 nova-conductor[95821]: DEBUG oslo_concurrency.lockutils [None req-446b863e-c023-432c-9d44-9bdd7319cdb2 tempest-ImageDependencyTests-101861862 tempest-ImageDependencyTests-101861862-project-member] Acquiring lock "6c7b5406-c24a-4db7-b3f2-11305ce98c4e" by "nova.context.set_target_cell..get_or_set_cached_cell_and_set_connections" {{(pid=95821) inner /opt/stack/data/venv/lib/python3.12/site-packages/oslo_concurrency/lockutils.py:512}}
Jul 20 11:03:11.185161 np0000005489 nova-conductor[95821]: DEBUG oslo_concurrency.lockutils [None req-446b863e-c023-432c-9d44-9bdd7319cdb2 tempest-ImageDependencyTests-101861862 tempest-ImageDependencyTests-101861862-project-member] Lock "6c7b5406-c24a-4db7-b3f2-11305ce98c4e" acquired by "nova.context.set_target_cell..get_or_set_cached_cell_and_set_connections" :: waited 0.000s {{(pid=95821) inner /opt/stack/data/venv/lib/python3.12/site-packages/oslo_concurrency/lockutils.py:525}}
Jul 20 11:03:11.185161 np0000005489 nova-conductor[95821]: DEBUG oslo_concurrency.lockutils [None req-446b863e-c023-432c-9d44-9bdd7319cdb2 tempest-ImageDependencyTests-101861862 tempest-ImageDependencyTests-101861862-project-member] Lock "6c7b5406-c24a-4db7-b3f2-11305ce98c4e" "released" by "nova.context.set_target_cell..get_or_set_cached_cell_and_set_connections" :: held 0.000s {{(pid=95821) inner /opt/stack/data/venv/lib/python3.12/site-packages/oslo_concurrency/lockutils.py:544}}
Jul 20 11:03:11.185342 np0000005489 nova-conductor[95821]: DEBUG oslo_concurrency.lockutils [None req-446b863e-c023-432c-9d44-9bdd7319cdb2 tempest-ImageDependencyTests-101861862 tempest-ImageDependencyTests-101861862-project-member] Acquiring lock "compute-rpcapi-router" {{(pid=95821) lock /opt/stack/data/venv/lib/python3.12/site-packages/oslo_concurrency/lockutils.py:396}}
Jul 20 11:03:11.185396 np0000005489 nova-conductor[95821]: DEBUG oslo_concurrency.lockutils [None req-446b863e-c023-432c-9d44-9bdd7319cdb2 tempest-ImageDependencyTests-101861862 tempest-ImageDependencyTests-101861862-project-member] Acquired lock "compute-rpcapi-router" {{(pid=95821) lock /opt/stack/data/venv/lib/python3.12/site-packages/oslo_concurrency/lockutils.py:399}}
Jul 20 11:03:11.185727 np0000005489 nova-conductor[95821]: DEBUG oslo_concurrency.lockutils [None req-083312c1-dce4-495b-adb1-827c8707da2a None None] Acquiring lock "00000000-0000-0000-0000-000000000000" by "nova.context.set_target_cell..get_or_set_cached_cell_and_set_connections" {{(pid=95821) inner /opt/stack/data/venv/lib/python3.12/site-packages/oslo_concurrency/lockutils.py:512}}
Jul 20 11:03:11.185829 np0000005489 nova-conductor[95821]: DEBUG oslo_concurrency.lockutils [None req-083312c1-dce4-495b-adb1-827c8707da2a None None] Lock "00000000-0000-0000-0000-000000000000" acquired by "nova.context.set_target_cell..get_or_set_cached_cell_and_set_connections" :: waited 0.000s {{(pid=95821) inner /opt/stack/data/venv/lib/python3.12/site-packages/oslo_concurrency/lockutils.py:525}}
Jul 20 11:03:11.185945 np0000005489 nova-conductor[95821]: DEBUG oslo_concurrency.lockutils [None req-083312c1-dce4-495b-adb1-827c8707da2a None None] Lock "00000000-0000-0000-0000-000000000000" "released" by "nova.context.set_target_cell..get_or_set_cached_cell_and_set_connections" :: held 0.000s {{(pid=95821) inner /opt/stack/data/venv/lib/python3.12/site-packages/oslo_concurrency/lockutils.py:544}}
Jul 20 11:03:11.186527 np0000005489 nova-conductor[95821]: DEBUG oslo_concurrency.lockutils [None req-083312c1-dce4-495b-adb1-827c8707da2a None None] Acquiring lock "6c7b5406-c24a-4db7-b3f2-11305ce98c4e" by "nova.context.set_target_cell..get_or_set_cached_cell_and_set_connections" {{(pid=95821) inner /opt/stack/data/venv/lib/python3.12/site-packages/oslo_concurrency/lockutils.py:512}}
Jul 20 11:03:11.186677 np0000005489 nova-conductor[95821]: DEBUG oslo_concurrency.lockutils [None req-083312c1-dce4-495b-adb1-827c8707da2a None None] Lock "6c7b5406-c24a-4db7-b3f2-11305ce98c4e" acquired by "nova.context.set_target_cell..get_or_set_cached_cell_and_set_connections" :: waited 0.000s {{(pid=95821) inner /opt/stack/data/venv/lib/python3.12/site-packages/oslo_concurrency/lockutils.py:525}}
Jul 20 11:03:11.190508 np0000005489 nova-conductor[95821]: DEBUG oslo_concurrency.lockutils [None req-083312c1-dce4-495b-adb1-827c8707da2a None None] Lock "6c7b5406-c24a-4db7-b3f2-11305ce98c4e" "released" by "nova.context.set_target_cell..get_or_set_cached_cell_and_set_connections" :: held 0.000s {{(pid=95821) inner /opt/stack/data/venv/lib/python3.12/site-packages/oslo_concurrency/lockutils.py:544}}
Jul 20 11:03:11.200931 np0000005489 nova-conductor[95821]: INFO nova.compute.rpcapi [None req-083312c1-dce4-495b-adb1-827c8707da2a None None] Automatically selected compute RPC version 6.5 from minimum service version 72
Jul 20 11:03:11.201500 np0000005489 nova-conductor[95821]: DEBUG oslo_concurrency.lockutils [None req-083312c1-dce4-495b-adb1-827c8707da2a None None] Releasing lock "compute-rpcapi-router" {{(pid=95821) lock /opt/stack/data/venv/lib/python3.12/site-packages/oslo_concurrency/lockutils.py:419}}
Jul 20 11:03:20.116589 np0000005489 nova-conductor[95813]: DEBUG dbcounter [-] [95813] Writer thread running {{(pid=95813) stat_writer /opt/stack/data/venv/lib/python3.12/site-packages/dbcounter.py:102}}
Jul 20 11:03:20.489843 np0000005489 nova-conductor[95813]: DEBUG nova.conductor.manager [None req-8adcab32-ec65-4f5f-b069-044e8fc11330 tempest-ServerStableDeviceRescueTest-1602717572 tempest-ServerStableDeviceRescueTest-1602717572-project-member] Took 0.37 seconds to select destinations for 1 instance(s). {{(pid=95813) _schedule_instances /opt/stack/nova/nova/conductor/manager.py:968}}
Jul 20 11:03:20.514446 np0000005489 nova-conductor[95813]: DEBUG oslo_concurrency.lockutils [None req-8adcab32-ec65-4f5f-b069-044e8fc11330 tempest-ServerStableDeviceRescueTest-1602717572 tempest-ServerStableDeviceRescueTest-1602717572-project-member] Acquiring lock "6c7b5406-c24a-4db7-b3f2-11305ce98c4e" by "nova.context.set_target_cell..get_or_set_cached_cell_and_set_connections" {{(pid=95813) inner /opt/stack/data/venv/lib/python3.12/site-packages/oslo_concurrency/lockutils.py:512}}
Jul 20 11:03:20.514659 np0000005489 nova-conductor[95813]: DEBUG oslo_concurrency.lockutils [None req-8adcab32-ec65-4f5f-b069-044e8fc11330 tempest-ServerStableDeviceRescueTest-1602717572 tempest-ServerStableDeviceRescueTest-1602717572-project-member] Lock "6c7b5406-c24a-4db7-b3f2-11305ce98c4e" acquired by "nova.context.set_target_cell..get_or_set_cached_cell_and_set_connections" :: waited 0.000s {{(pid=95813) inner /opt/stack/data/venv/lib/python3.12/site-packages/oslo_concurrency/lockutils.py:525}}
Jul 20 11:03:20.516648 np0000005489 nova-conductor[95813]: DEBUG oslo_concurrency.lockutils [None req-8adcab32-ec65-4f5f-b069-044e8fc11330 tempest-ServerStableDeviceRescueTest-1602717572 tempest-ServerStableDeviceRescueTest-1602717572-project-member] Lock "6c7b5406-c24a-4db7-b3f2-11305ce98c4e" "released" by "nova.context.set_target_cell..get_or_set_cached_cell_and_set_connections" :: held 0.002s {{(pid=95813) inner /opt/stack/data/venv/lib/python3.12/site-packages/oslo_concurrency/lockutils.py:544}}
Jul 20 11:03:20.519561 np0000005489 nova-conductor[95813]: INFO dbcounter [None req-8adcab32-ec65-4f5f-b069-044e8fc11330 tempest-ServerStableDeviceRescueTest-1602717572 tempest-ServerStableDeviceRescueTest-1602717572-project-member] Registered counter for database nova_cell1
Jul 20 11:03:20.549963 np0000005489 nova-conductor[95813]: DEBUG oslo_db.sqlalchemy.engines [None req-8adcab32-ec65-4f5f-b069-044e8fc11330 tempest-ServerStableDeviceRescueTest-1602717572 tempest-ServerStableDeviceRescueTest-1602717572-project-member] MySQL server mode set to STRICT_TRANS_TABLES,STRICT_ALL_TABLES,NO_ZERO_IN_DATE,NO_ZERO_DATE,ERROR_FOR_DIVISION_BY_ZERO,TRADITIONAL,NO_ENGINE_SUBSTITUTION {{(pid=95813) _check_effective_sql_mode /opt/stack/data/venv/lib/python3.12/site-packages/oslo_db/sqlalchemy/engines.py:325}}
Jul 20 11:03:20.557042 np0000005489 nova-conductor[95813]: DEBUG dbcounter [-] [95813] Writer thread running {{(pid=95813) stat_writer /opt/stack/data/venv/lib/python3.12/site-packages/dbcounter.py:102}}
Jul 20 11:03:20.611756 np0000005489 nova-conductor[95813]: INFO nova.utils [None req-8adcab32-ec65-4f5f-b069-044e8fc11330 tempest-ServerStableDeviceRescueTest-1602717572 tempest-ServerStableDeviceRescueTest-1602717572-project-member] The cell worker thread pool ForkProcess-1.cell_worker is initialized
Jul 20 11:03:20.612027 np0000005489 nova-conductor[95813]: DEBUG oslo_concurrency.lockutils [None req-8adcab32-ec65-4f5f-b069-044e8fc11330 tempest-ServerStableDeviceRescueTest-1602717572 tempest-ServerStableDeviceRescueTest-1602717572-project-member] Acquiring lock "00000000-0000-0000-0000-000000000000" by "nova.context.set_target_cell..get_or_set_cached_cell_and_set_connections" {{(pid=95813) inner /opt/stack/data/venv/lib/python3.12/site-packages/oslo_concurrency/lockutils.py:512}}
Jul 20 11:03:20.612169 np0000005489 nova-conductor[95813]: DEBUG oslo_concurrency.lockutils [None req-8adcab32-ec65-4f5f-b069-044e8fc11330 tempest-ServerStableDeviceRescueTest-1602717572 tempest-ServerStableDeviceRescueTest-1602717572-project-member] Lock "00000000-0000-0000-0000-000000000000" acquired by "nova.context.set_target_cell..get_or_set_cached_cell_and_set_connections" :: waited 0.000s {{(pid=95813) inner /opt/stack/data/venv/lib/python3.12/site-packages/oslo_concurrency/lockutils.py:525}}
Jul 20 11:03:20.612488 np0000005489 nova-conductor[95813]: DEBUG oslo_concurrency.lockutils [None req-8adcab32-ec65-4f5f-b069-044e8fc11330 tempest-ServerStableDeviceRescueTest-1602717572 tempest-ServerStableDeviceRescueTest-1602717572-project-member] Lock "00000000-0000-0000-0000-000000000000" "released" by "nova.context.set_target_cell..get_or_set_cached_cell_and_set_connections" :: held 0.000s {{(pid=95813) inner /opt/stack/data/venv/lib/python3.12/site-packages/oslo_concurrency/lockutils.py:544}}
Jul 20 11:03:20.613120 np0000005489 nova-conductor[95813]: DEBUG oslo_concurrency.lockutils [None req-8adcab32-ec65-4f5f-b069-044e8fc11330 tempest-ServerStableDeviceRescueTest-1602717572 tempest-ServerStableDeviceRescueTest-1602717572-project-member] Acquiring lock "6c7b5406-c24a-4db7-b3f2-11305ce98c4e" by "nova.context.set_target_cell..get_or_set_cached_cell_and_set_connections" {{(pid=95813) inner /opt/stack/data/venv/lib/python3.12/site-packages/oslo_concurrency/lockutils.py:512}}
Jul 20 11:03:20.613240 np0000005489 nova-conductor[95813]: DEBUG oslo_concurrency.lockutils [None req-8adcab32-ec65-4f5f-b069-044e8fc11330 tempest-ServerStableDeviceRescueTest-1602717572 tempest-ServerStableDeviceRescueTest-1602717572-project-member] Lock "6c7b5406-c24a-4db7-b3f2-11305ce98c4e" acquired by "nova.context.set_target_cell..get_or_set_cached_cell_and_set_connections" :: waited 0.000s {{(pid=95813) inner /opt/stack/data/venv/lib/python3.12/site-packages/oslo_concurrency/lockutils.py:525}}
Jul 20 11:03:20.613372 np0000005489 nova-conductor[95813]: DEBUG oslo_concurrency.lockutils [None req-8adcab32-ec65-4f5f-b069-044e8fc11330 tempest-ServerStableDeviceRescueTest-1602717572 tempest-ServerStableDeviceRescueTest-1602717572-project-member] Lock "6c7b5406-c24a-4db7-b3f2-11305ce98c4e" "released" by "nova.context.set_target_cell..get_or_set_cached_cell_and_set_connections" :: held 0.000s {{(pid=95813) inner /opt/stack/data/venv/lib/python3.12/site-packages/oslo_concurrency/lockutils.py:544}}
Jul 20 11:03:20.614576 np0000005489 nova-conductor[95813]: INFO dbcounter [None req-8adcab32-ec65-4f5f-b069-044e8fc11330 tempest-ServerStableDeviceRescueTest-1602717572 tempest-ServerStableDeviceRescueTest-1602717572-project-member] Registered counter for database nova_cell0
