May 27 12:53:28.500788 np0000001505 devstack@c-api.service[99078]: INFO cinder.api.openstack.wsgi [None req-c1c20740-0572-433f-9b5a-dcb6078a1add tempest-VolumeRetypeWithoutMigrationTest-1512915028 tempest-VolumeRetypeWithoutMigrationTest-1512915028-project-member] GET https://10.4.3.70/volume/v3/volumes/d49fbd2f-5fe3-43a2-87bd-0f4e54d1f3ee
May 27 12:53:28.500844 np0000001505 devstack@c-api.service[99080]: DEBUG cinder.api.openstack.wsgi [req-552b440b-afb1-4eb1-8c85-491378210a84 req-42442856-9b82-4961-9c7d-577d8ee4d258 tempest-TaggedBootDevicesTest_v242-1832766868 tempest-TaggedBootDevicesTest_v242-1832766868-project-member] Calling method 'show' {{(pid=99080) _process_stack /opt/stack/cinder/cinder/api/openstack/wsgi.py:878}}
May 27 12:53:28.500955 np0000001505 devstack@c-api.service[99078]: DEBUG cinder.api.openstack.wsgi [None req-c1c20740-0572-433f-9b5a-dcb6078a1add tempest-VolumeRetypeWithoutMigrationTest-1512915028 tempest-VolumeRetypeWithoutMigrationTest-1512915028-project-member] Empty body provided in request {{(pid=99078) get_body /opt/stack/cinder/cinder/api/openstack/wsgi.py:725}}
May 27 12:53:28.501127 np0000001505 devstack@c-api.service[99078]: DEBUG cinder.api.openstack.wsgi [None req-c1c20740-0572-433f-9b5a-dcb6078a1add tempest-VolumeRetypeWithoutMigrationTest-1512915028 tempest-VolumeRetypeWithoutMigrationTest-1512915028-project-member] Calling method 'show' {{(pid=99078) _process_stack /opt/stack/cinder/cinder/api/openstack/wsgi.py:878}}
May 27 12:53:28.508163 np0000001505 devstack@c-api.service[99078]: /opt/stack/data/venv/lib/python3.12/site-packages/oslo_context/context.py:102: DeprecationWarning: Policy enforcement is depending on the value of is_admin. This key is deprecated. Please update your policy file to use the standard policy values.
May 27 12:53:28.508163 np0000001505 devstack@c-api.service[99078]: warnings.warn(
May 27 12:53:28.512411 np0000001505 devstack@c-api.service[99078]: INFO cinder.volume.api [None req-c1c20740-0572-433f-9b5a-dcb6078a1add tempest-VolumeRetypeWithoutMigrationTest-1512915028 tempest-VolumeRetypeWithoutMigrationTest-1512915028-project-member] Volume info retrieved successfully.
May 27 12:53:28.513148 np0000001505 devstack@c-api.service[99080]: /opt/stack/data/venv/lib/python3.12/site-packages/oslo_context/context.py:102: DeprecationWarning: Policy enforcement is depending on the value of is_admin. This key is deprecated. Please update your policy file to use the standard policy values.
May 27 12:53:28.513148 np0000001505 devstack@c-api.service[99080]: warnings.warn(
May 27 12:53:28.517541 np0000001505 devstack@c-api.service[99080]: INFO cinder.volume.api [req-552b440b-afb1-4eb1-8c85-491378210a84 req-42442856-9b82-4961-9c7d-577d8ee4d258 tempest-TaggedBootDevicesTest_v242-1832766868 tempest-TaggedBootDevicesTest_v242-1832766868-project-member] Volume info retrieved successfully.
May 27 12:53:28.517613 np0000001505 devstack@c-api.service[99078]: INFO cinder.api.openstack.wsgi [None req-c1c20740-0572-433f-9b5a-dcb6078a1add tempest-VolumeRetypeWithoutMigrationTest-1512915028 tempest-VolumeRetypeWithoutMigrationTest-1512915028-project-member] https://10.4.3.70/volume/v3/volumes/d49fbd2f-5fe3-43a2-87bd-0f4e54d1f3ee returned with HTTP 200
May 27 12:53:28.517910 np0000001505 devstack@c-api.service[99078]: [pid: 99078|app: 0|req: 55/155] 10.4.3.70 () {66 vars in 1341 bytes} [Wed May 27 12:53:28 2026] GET /volume/v3/volumes/d49fbd2f-5fe3-43a2-87bd-0f4e54d1f3ee => generated 859 bytes in 19 msecs (HTTP/1.1 200) 7 headers in 285 bytes (1 switches on core 0)
May 27 12:53:28.528426 np0000001505 devstack@c-api.service[99080]: INFO cinder.api.openstack.wsgi [req-552b440b-afb1-4eb1-8c85-491378210a84 req-42442856-9b82-4961-9c7d-577d8ee4d258 tempest-TaggedBootDevicesTest_v242-1832766868 tempest-TaggedBootDevicesTest_v242-1832766868-project-member] https://10.4.3.70/volume/v3/volumes/1a18258f-72da-4f00-b943-db0ebc180326 returned with HTTP 200
May 27 12:53:28.530406 np0000001505 devstack@c-api.service[99080]: [pid: 99080|app: 0|req: 50/156] 10.4.3.70 () {70 vars in 1632 bytes} [Wed May 27 12:53:28 2026] GET /volume/v3/volumes/1a18258f-72da-4f00-b943-db0ebc180326 => generated 1026 bytes in 42 msecs (HTTP/1.1 200) 7 headers in 287 bytes (1 switches on core 0)
May 27 12:53:28.533705 np0000001505 devstack@c-api.service[99079]: DEBUG cinder.api.middleware.request_id [None req-684ceb65-0d25-4b1c-807a-c573cd00fadb None None] RequestId filter calling following filter/app {{(pid=99079) _context_setter /opt/stack/cinder/cinder/api/middleware/request_id.py:62}}
May 27 12:53:28.536151 np0000001505 devstack@c-api.service[99079]: INFO cinder.api.openstack.wsgi [None req-684ceb65-0d25-4b1c-807a-c573cd00fadb tempest-VolumeRetypeWithoutMigrationTest-1512915028 tempest-VolumeRetypeWithoutMigrationTest-1512915028-project-member] DELETE https://10.4.3.70/volume/v3/volumes/d49fbd2f-5fe3-43a2-87bd-0f4e54d1f3ee
May 27 12:53:28.536400 np0000001505 devstack@c-api.service[99079]: DEBUG cinder.api.openstack.wsgi [None req-684ceb65-0d25-4b1c-807a-c573cd00fadb tempest-VolumeRetypeWithoutMigrationTest-1512915028 tempest-VolumeRetypeWithoutMigrationTest-1512915028-project-member] Empty body provided in request {{(pid=99079) get_body /opt/stack/cinder/cinder/api/openstack/wsgi.py:725}}
May 27 12:53:28.536676 np0000001505 devstack@c-api.service[99079]: DEBUG cinder.api.openstack.wsgi [None req-684ceb65-0d25-4b1c-807a-c573cd00fadb tempest-VolumeRetypeWithoutMigrationTest-1512915028 tempest-VolumeRetypeWithoutMigrationTest-1512915028-project-member] Calling method 'delete' {{(pid=99079) _process_stack /opt/stack/cinder/cinder/api/openstack/wsgi.py:878}}
May 27 12:53:28.536935 np0000001505 devstack@c-api.service[99079]: INFO cinder.api.v3.volumes [None req-684ceb65-0d25-4b1c-807a-c573cd00fadb tempest-VolumeRetypeWithoutMigrationTest-1512915028 tempest-VolumeRetypeWithoutMigrationTest-1512915028-project-member] Delete volume with id: d49fbd2f-5fe3-43a2-87bd-0f4e54d1f3ee
May 27 12:53:28.549255 np0000001505 devstack@c-api.service[99079]: /opt/stack/data/venv/lib/python3.12/site-packages/oslo_context/context.py:102: DeprecationWarning: Policy enforcement is depending on the value of is_admin. This key is deprecated. Please update your policy file to use the standard policy values.
May 27 12:53:28.549255 np0000001505 devstack@c-api.service[99079]: warnings.warn(
May 27 12:53:28.550626 np0000001505 devstack@c-api.service[99079]: INFO cinder.volume.api [None req-684ceb65-0d25-4b1c-807a-c573cd00fadb tempest-VolumeRetypeWithoutMigrationTest-1512915028 tempest-VolumeRetypeWithoutMigrationTest-1512915028-project-member] Volume info retrieved successfully.
May 27 12:53:28.577896 np0000001505 devstack@c-api.service[99079]: INFO cinder.volume.api [None req-684ceb65-0d25-4b1c-807a-c573cd00fadb tempest-VolumeRetypeWithoutMigrationTest-1512915028 tempest-VolumeRetypeWithoutMigrationTest-1512915028-project-member] Delete volume request issued successfully.
May 27 12:53:28.578152 np0000001505 devstack@c-api.service[99079]: INFO cinder.api.openstack.wsgi [None req-684ceb65-0d25-4b1c-807a-c573cd00fadb tempest-VolumeRetypeWithoutMigrationTest-1512915028 tempest-VolumeRetypeWithoutMigrationTest-1512915028-project-member] https://10.4.3.70/volume/v3/volumes/d49fbd2f-5fe3-43a2-87bd-0f4e54d1f3ee returned with HTTP 202
May 27 12:53:28.578698 np0000001505 devstack@c-api.service[99079]: [pid: 99079|app: 0|req: 52/157] 10.4.3.70 () {66 vars in 1344 bytes} [Wed May 27 12:53:28 2026] DELETE /volume/v3/volumes/d49fbd2f-5fe3-43a2-87bd-0f4e54d1f3ee => generated 0 bytes in 45 msecs (HTTP/1.1 202) 6 headers in 233 bytes (1 switches on core 0)
May 27 12:53:28.588212 np0000001505 devstack@c-api.service[99078]: DEBUG cinder.api.middleware.request_id [None req-d7241e5b-1c62-4a53-ac4b-0df8fd9126f5 None None] RequestId filter calling following filter/app {{(pid=99078) _context_setter /opt/stack/cinder/cinder/api/middleware/request_id.py:62}}
May 27 12:53:28.590263 np0000001505 devstack@c-api.service[99080]: DEBUG cinder.api.middleware.request_id [None req-f3f690fa-cf62-45a9-a65f-4e84113c5c2b None None] RequestId filter calling following filter/app {{(pid=99080) _context_setter /opt/stack/cinder/cinder/api/middleware/request_id.py:62}}
May 27 12:53:28.591416 np0000001505 devstack@c-api.service[99078]: INFO cinder.api.openstack.wsgi [None req-d7241e5b-1c62-4a53-ac4b-0df8fd9126f5 tempest-TaggedBootDevicesTest-1773770279 tempest-TaggedBootDevicesTest-1773770279-project-member] GET https://10.4.3.70/volume/v3/volumes/75afffd9-89c5-403e-989f-78fd76e4272d
May 27 12:53:28.591991 np0000001505 devstack@c-api.service[99078]: DEBUG cinder.api.openstack.wsgi [None req-d7241e5b-1c62-4a53-ac4b-0df8fd9126f5 tempest-TaggedBootDevicesTest-1773770279 tempest-TaggedBootDevicesTest-1773770279-project-member] Empty body provided in request {{(pid=99078) get_body /opt/stack/cinder/cinder/api/openstack/wsgi.py:725}}
May 27 12:53:28.592298 np0000001505 devstack@c-api.service[99078]: DEBUG cinder.api.openstack.wsgi [None req-d7241e5b-1c62-4a53-ac4b-0df8fd9126f5 tempest-TaggedBootDevicesTest-1773770279 tempest-TaggedBootDevicesTest-1773770279-project-member] Calling method 'show' {{(pid=99078) _process_stack /opt/stack/cinder/cinder/api/openstack/wsgi.py:878}}
May 27 12:53:28.592513 np0000001505 devstack@c-api.service[99080]: INFO cinder.api.openstack.wsgi [None req-f3f690fa-cf62-45a9-a65f-4e84113c5c2b tempest-VolumeRetypeWithoutMigrationTest-1512915028 tempest-VolumeRetypeWithoutMigrationTest-1512915028-project-member] GET https://10.4.3.70/volume/v3/volumes/d49fbd2f-5fe3-43a2-87bd-0f4e54d1f3ee
May 27 12:53:28.592789 np0000001505 devstack@c-api.service[99080]: DEBUG cinder.api.openstack.wsgi [None req-f3f690fa-cf62-45a9-a65f-4e84113c5c2b tempest-VolumeRetypeWithoutMigrationTest-1512915028 tempest-VolumeRetypeWithoutMigrationTest-1512915028-project-member] Empty body provided in request {{(pid=99080) get_body /opt/stack/cinder/cinder/api/openstack/wsgi.py:725}}
May 27 12:53:28.593026 np0000001505 devstack@c-api.service[99080]: DEBUG cinder.api.openstack.wsgi [None req-f3f690fa-cf62-45a9-a65f-4e84113c5c2b tempest-VolumeRetypeWithoutMigrationTest-1512915028 tempest-VolumeRetypeWithoutMigrationTest-1512915028-project-member] Calling method 'show' {{(pid=99080) _process_stack /opt/stack/cinder/cinder/api/openstack/wsgi.py:878}}
May 27 12:53:28.605352 np0000001505 devstack@c-api.service[99080]: /opt/stack/data/venv/lib/python3.12/site-packages/oslo_context/context.py:102: DeprecationWarning: Policy enforcement is depending on the value of is_admin. This key is deprecated. Please update your policy file to use the standard policy values.
May 27 12:53:28.605352 np0000001505 devstack@c-api.service[99080]: warnings.warn(
May 27 12:53:28.610668 np0000001505 devstack@c-api.service[99080]: INFO cinder.volume.api [None req-f3f690fa-cf62-45a9-a65f-4e84113c5c2b tempest-VolumeRetypeWithoutMigrationTest-1512915028 tempest-VolumeRetypeWithoutMigrationTest-1512915028-project-member] Volume info retrieved successfully.
May 27 12:53:28.613129 np0000001505 devstack@c-api.service[99078]: /opt/stack/data/venv/lib/python3.12/site-packages/oslo_context/context.py:102: DeprecationWarning: Policy enforcement is depending on the value of is_admin. This key is deprecated. Please update your policy file to use the standard policy values.
May 27 12:53:28.613129 np0000001505 devstack@c-api.service[99078]: warnings.warn(
May 27 12:53:28.615478 np0000001505 devstack@c-api.service[99080]: INFO cinder.api.openstack.wsgi [None req-f3f690fa-cf62-45a9-a65f-4e84113c5c2b tempest-VolumeRetypeWithoutMigrationTest-1512915028 tempest-VolumeRetypeWithoutMigrationTest-1512915028-project-member] https://10.4.3.70/volume/v3/volumes/d49fbd2f-5fe3-43a2-87bd-0f4e54d1f3ee returned with HTTP 200
May 27 12:53:28.615991 np0000001505 devstack@c-api.service[99080]: [pid: 99080|app: 0|req: 51/158] 10.4.3.70 () {66 vars in 1341 bytes} [Wed May 27 12:53:28 2026] GET /volume/v3/volumes/d49fbd2f-5fe3-43a2-87bd-0f4e54d1f3ee => generated 858 bytes in 26 msecs (HTTP/1.1 200) 7 headers in 285 bytes (1 switches on core 0)
May 27 12:53:28.618900 np0000001505 devstack@c-api.service[99078]: INFO cinder.volume.api [None req-d7241e5b-1c62-4a53-ac4b-0df8fd9126f5 tempest-TaggedBootDevicesTest-1773770279 tempest-TaggedBootDevicesTest-1773770279-project-member] Volume info retrieved successfully.
May 27 12:53:28.624618 np0000001505 devstack@c-api.service[99078]: INFO cinder.api.openstack.wsgi [None req-d7241e5b-1c62-4a53-ac4b-0df8fd9126f5 tempest-TaggedBootDevicesTest-1773770279 tempest-TaggedBootDevicesTest-1773770279-project-member] https://10.4.3.70/volume/v3/volumes/75afffd9-89c5-403e-989f-78fd76e4272d returned with HTTP 200
May 27 12:53:28.625066 np0000001505 devstack@c-api.service[99078]: [pid: 99078|app: 0|req: 56/159] 10.4.3.70 () {66 vars in 1341 bytes} [Wed May 27 12:53:28 2026] GET /volume/v3/volumes/75afffd9-89c5-403e-989f-78fd76e4272d => generated 1357 bytes in 37 msecs (HTTP/1.1 200) 7 headers in 286 bytes (1 switches on core 0)
May 27 12:53:28.631413 np0000001505 devstack@c-api.service[99079]: DEBUG cinder.api.middleware.request_id [req-552b440b-afb1-4eb1-8c85-491378210a84 req-32312932-2284-427a-a410-7a3d06028cd8 None None] RequestId filter calling following filter/app {{(pid=99079) _context_setter /opt/stack/cinder/cinder/api/middleware/request_id.py:62}}
May 27 12:53:28.633967 np0000001505 devstack@c-api.service[99079]: INFO cinder.api.openstack.wsgi [req-552b440b-afb1-4eb1-8c85-491378210a84 req-32312932-2284-427a-a410-7a3d06028cd8 tempest-TaggedBootDevicesTest_v242-1832766868 tempest-TaggedBootDevicesTest_v242-1832766868-project-member] PUT https://10.4.3.70/volume/v3/attachments/da14607a-792f-4a8b-9e51-05e694bcaf77
May 27 12:53:28.634343 np0000001505 devstack@c-api.service[99079]: DEBUG cinder.api.openstack.wsgi [req-552b440b-afb1-4eb1-8c85-491378210a84 req-32312932-2284-427a-a410-7a3d06028cd8 tempest-TaggedBootDevicesTest_v242-1832766868 tempest-TaggedBootDevicesTest_v242-1832766868-project-member] Action: 'update', calling method: version_select, body: {"attachment": {"connector": {"platform": "x86_64", "os_type": "linux", "ip": "10.4.3.70", "host": "np0000001505", "multipath": true, "enforce_multipath": true, "initiator": "iqn.2016-04.com.open-iscsi:f9d5f7a48c0", "do_local_attach": false, "uuid": "8515de1c-ba7e-467b-adde-6d9f8a8dbc1f", "system uuid": "84f6fb19-1d38-4496-814f-4a1e7b5e60ac", "nvme_native_multipath": false, "mountpoint": "/dev/vdb"}}} {{(pid=99079) _process_stack /opt/stack/cinder/cinder/api/openstack/wsgi.py:876}}
May 27 12:53:28.638278 np0000001505 devstack@c-api.service[99080]: DEBUG cinder.api.middleware.request_id [None req-41271655-a98f-4595-8e93-ba569fb24635 None None] RequestId filter calling following filter/app {{(pid=99080) _context_setter /opt/stack/cinder/cinder/api/middleware/request_id.py:62}}
May 27 12:53:28.641753 np0000001505 devstack@c-api.service[99080]: INFO cinder.api.openstack.wsgi [None req-41271655-a98f-4595-8e93-ba569fb24635 tempest-TaggedBootDevicesTest-1773770279 tempest-TaggedBootDevicesTest-1773770279-project-member] POST https://10.4.3.70/volume/v3/volumes
May 27 12:53:28.641753 np0000001505 devstack@c-api.service[99080]: DEBUG cinder.api.openstack.wsgi [None req-41271655-a98f-4595-8e93-ba569fb24635 tempest-TaggedBootDevicesTest-1773770279 tempest-TaggedBootDevicesTest-1773770279-project-member] Action: 'create', calling method: create, body: {"volume": {"size": 1, "display_name": "tempest-TaggedBootDevicesTest-volume-872665024"}} {{(pid=99080) _process_stack /opt/stack/cinder/cinder/api/openstack/wsgi.py:876}}
May 27 12:53:28.642475 np0000001505 devstack@c-api.service[99080]: DEBUG cinder.api.v3.volumes [None req-41271655-a98f-4595-8e93-ba569fb24635 tempest-TaggedBootDevicesTest-1773770279 tempest-TaggedBootDevicesTest-1773770279-project-member] Create volume request body: {'volume': {'size': 1, 'display_name': 'tempest-TaggedBootDevicesTest-volume-872665024'}} {{(pid=99080) create /opt/stack/cinder/cinder/api/v3/volumes.py:368}}
May 27 12:53:28.642737 np0000001505 devstack@c-api.service[99079]: DEBUG cinder.coordination [req-552b440b-afb1-4eb1-8c85-491378210a84 req-32312932-2284-427a-a410-7a3d06028cd8 tempest-TaggedBootDevicesTest_v242-1832766868 tempest-TaggedBootDevicesTest_v242-1832766868-project-member] Acquiring lock "cinder-attachment_update-1a18258f-72da-4f00-b943-db0ebc180326-np0000001505" by "attachment_update" {{(pid=99079) __acquire /opt/stack/cinder/cinder/coordination.py:138}}
May 27 12:53:28.642882 np0000001505 devstack@c-api.service[99080]: INFO cinder.api.v3.volumes [None req-41271655-a98f-4595-8e93-ba569fb24635 tempest-TaggedBootDevicesTest-1773770279 tempest-TaggedBootDevicesTest-1773770279-project-member] Create volume of 1 GB
May 27 12:53:28.647925 np0000001505 devstack@c-api.service[99079]: DEBUG cinder.coordination [req-552b440b-afb1-4eb1-8c85-491378210a84 req-32312932-2284-427a-a410-7a3d06028cd8 tempest-TaggedBootDevicesTest_v242-1832766868 tempest-TaggedBootDevicesTest_v242-1832766868-project-member] Lock "cinder-attachment_update-1a18258f-72da-4f00-b943-db0ebc180326-np0000001505" acquired by "attachment_update" :: waited 0.005s {{(pid=99079) __acquire /opt/stack/cinder/cinder/coordination.py:141}}
May 27 12:53:28.648717 np0000001505 devstack@c-api.service[99079]: /opt/stack/data/venv/lib/python3.12/site-packages/oslo_context/context.py:102: DeprecationWarning: Policy enforcement is depending on the value of is_admin. This key is deprecated. Please update your policy file to use the standard policy values.
May 27 12:53:28.648717 np0000001505 devstack@c-api.service[99079]: warnings.warn(
May 27 12:53:28.649317 np0000001505 devstack@c-api.service[99080]: INFO cinder.volume.api [None req-41271655-a98f-4595-8e93-ba569fb24635 tempest-TaggedBootDevicesTest-1773770279 tempest-TaggedBootDevicesTest-1773770279-project-member] Availability Zones retrieved successfully.
May 27 12:53:28.658897 np0000001505 devstack@c-api.service[99080]: DEBUG cinder.volume.api [None req-41271655-a98f-4595-8e93-ba569fb24635 tempest-TaggedBootDevicesTest-1773770279 tempest-TaggedBootDevicesTest-1773770279-project-member] Flow 'volume_create_api' (0b36f1f9-f65c-4ffb-b283-7c2186da1129) transitioned into state 'RUNNING' from state 'PENDING' {{(pid=99080) _flow_receiver /opt/stack/data/venv/lib/python3.12/site-packages/taskflow/listeners/logging.py:160}}
May 27 12:53:28.659819 np0000001505 devstack@c-api.service[99078]: DEBUG cinder.api.middleware.request_id [None req-ddd320b4-fb16-4749-98c8-900ddec323a6 None None] RequestId filter calling following filter/app {{(pid=99078) _context_setter /opt/stack/cinder/cinder/api/middleware/request_id.py:62}}
May 27 12:53:28.660167 np0000001505 devstack@c-api.service[99080]: DEBUG cinder.volume.api [None req-41271655-a98f-4595-8e93-ba569fb24635 tempest-TaggedBootDevicesTest-1773770279 tempest-TaggedBootDevicesTest-1773770279-project-member] Task 'cinder.volume.flows.api.create_volume.ExtractVolumeRequestTask;volume:create' (1d7a4d50-29a7-4d4a-b22c-997248cabb46) transitioned into state 'RUNNING' from state 'PENDING' {{(pid=99080) _task_receiver /opt/stack/data/venv/lib/python3.12/site-packages/taskflow/listeners/logging.py:242}}
May 27 12:53:28.661871 np0000001505 devstack@c-api.service[99080]: DEBUG cinder.volume.flows.api.create_volume [None req-41271655-a98f-4595-8e93-ba569fb24635 tempest-TaggedBootDevicesTest-1773770279 tempest-TaggedBootDevicesTest-1773770279-project-member] Validating volume size '1' using validate_int {{(pid=99080) _extract_size /opt/stack/cinder/cinder/volume/flows/api/create_volume.py:226}}
May 27 12:53:28.661948 np0000001505 devstack@c-api.service[99078]: INFO cinder.api.openstack.wsgi [None req-ddd320b4-fb16-4749-98c8-900ddec323a6 tempest-AttachSCSIVolumeTestJSON-673325371 tempest-AttachSCSIVolumeTestJSON-673325371-project-member] POST https://10.4.3.70/volume/v3/volumes
May 27 12:53:28.661948 np0000001505 devstack@c-api.service[99078]: DEBUG cinder.api.openstack.wsgi [None req-ddd320b4-fb16-4749-98c8-900ddec323a6 tempest-AttachSCSIVolumeTestJSON-673325371 tempest-AttachSCSIVolumeTestJSON-673325371-project-member] Action: 'create', calling method: create, body: {"volume": {"size": 1, "display_name": "tempest-AttachSCSIVolumeTestJSON-volume-1280564423"}} {{(pid=99078) _process_stack /opt/stack/cinder/cinder/api/openstack/wsgi.py:876}}
May 27 12:53:28.663593 np0000001505 devstack@c-api.service[99078]: DEBUG cinder.api.v3.volumes [None req-ddd320b4-fb16-4749-98c8-900ddec323a6 tempest-AttachSCSIVolumeTestJSON-673325371 tempest-AttachSCSIVolumeTestJSON-673325371-project-member] Create volume request body: {'volume': {'size': 1, 'display_name': 'tempest-AttachSCSIVolumeTestJSON-volume-1280564423'}} {{(pid=99078) create /opt/stack/cinder/cinder/api/v3/volumes.py:368}}
May 27 12:53:28.663825 np0000001505 devstack@c-api.service[99078]: INFO cinder.api.v3.volumes [None req-ddd320b4-fb16-4749-98c8-900ddec323a6 tempest-AttachSCSIVolumeTestJSON-673325371 tempest-AttachSCSIVolumeTestJSON-673325371-project-member] Create volume of 1 GB
May 27 12:53:28.668480 np0000001505 devstack@c-api.service[99078]: INFO cinder.volume.api [None req-ddd320b4-fb16-4749-98c8-900ddec323a6 tempest-AttachSCSIVolumeTestJSON-673325371 tempest-AttachSCSIVolumeTestJSON-673325371-project-member] Availability Zones retrieved successfully.
May 27 12:53:28.675840 np0000001505 devstack@c-api.service[99078]: DEBUG cinder.volume.api [None req-ddd320b4-fb16-4749-98c8-900ddec323a6 tempest-AttachSCSIVolumeTestJSON-673325371 tempest-AttachSCSIVolumeTestJSON-673325371-project-member] Flow 'volume_create_api' (8b503f8e-655b-4573-ad5b-78ce9deb5882) transitioned into state 'RUNNING' from state 'PENDING' {{(pid=99078) _flow_receiver /opt/stack/data/venv/lib/python3.12/site-packages/taskflow/listeners/logging.py:160}}
May 27 12:53:28.677804 np0000001505 devstack@c-api.service[99078]: DEBUG cinder.volume.api [None req-ddd320b4-fb16-4749-98c8-900ddec323a6 tempest-AttachSCSIVolumeTestJSON-673325371 tempest-AttachSCSIVolumeTestJSON-673325371-project-member] Task 'cinder.volume.flows.api.create_volume.ExtractVolumeRequestTask;volume:create' (69794f2a-ec8f-4e85-b5e0-0258ae39e811) transitioned into state 'RUNNING' from state 'PENDING' {{(pid=99078) _task_receiver /opt/stack/data/venv/lib/python3.12/site-packages/taskflow/listeners/logging.py:242}}
May 27 12:53:28.678047 np0000001505 devstack@c-api.service[99078]: DEBUG cinder.volume.flows.api.create_volume [None req-ddd320b4-fb16-4749-98c8-900ddec323a6 tempest-AttachSCSIVolumeTestJSON-673325371 tempest-AttachSCSIVolumeTestJSON-673325371-project-member] Validating volume size '1' using validate_int {{(pid=99078) _extract_size /opt/stack/cinder/cinder/volume/flows/api/create_volume.py:226}}
May 27 12:53:28.683288 np0000001505 devstack@c-api.service[99080]: DEBUG cinder.volume.api [None req-41271655-a98f-4595-8e93-ba569fb24635 tempest-TaggedBootDevicesTest-1773770279 tempest-TaggedBootDevicesTest-1773770279-project-member] Task 'cinder.volume.flows.api.create_volume.ExtractVolumeRequestTask;volume:create' (1d7a4d50-29a7-4d4a-b22c-997248cabb46) transitioned into state 'SUCCESS' from state 'RUNNING' with result '{'size': 1, 'snapshot_id': None, 'source_volid': None, 'volume_type': VolumeType(created_at=2026-05-27T12:50:00Z,deleted=False,deleted_at=None,description=None,extra_specs={volume_backend_name='storpool'},id=5a7c8a63-370b-4d1b-9306-e8e8c26b0616,is_public=True,name='storpool',projects=[],qos_specs=,qos_specs_id=None,updated_at=None), 'volume_type_id': '5a7c8a63-370b-4d1b-9306-e8e8c26b0616', 'encryption_key_id': None, 'qos_specs': None, 'consistencygroup_id': None, 'cgsnapshot_id': None, 'group_id': None, 'replication_status': 'disabled', 'refresh_az': False, 'backup_id': None, 'multiattach': False, 'availability_zones': ['nova']}' {{(pid=99080) _task_receiver /opt/stack/data/venv/lib/python3.12/site-packages/taskflow/listeners/logging.py:218}}
May 27 12:53:28.684274 np0000001505 devstack@c-api.service[99080]: DEBUG cinder.volume.api [None req-41271655-a98f-4595-8e93-ba569fb24635 tempest-TaggedBootDevicesTest-1773770279 tempest-TaggedBootDevicesTest-1773770279-project-member] Task 'cinder.volume.flows.api.create_volume.QuotaReserveTask;volume:create' (e2aedca5-3cc1-4e87-adbe-7405b8f4f565) transitioned into state 'RUNNING' from state 'PENDING' {{(pid=99080) _task_receiver /opt/stack/data/venv/lib/python3.12/site-packages/taskflow/listeners/logging.py:242}}
May 27 12:53:28.703433 np0000001505 devstack@c-api.service[99078]: DEBUG cinder.volume.api [None req-ddd320b4-fb16-4749-98c8-900ddec323a6 tempest-AttachSCSIVolumeTestJSON-673325371 tempest-AttachSCSIVolumeTestJSON-673325371-project-member] Task 'cinder.volume.flows.api.create_volume.ExtractVolumeRequestTask;volume:create' (69794f2a-ec8f-4e85-b5e0-0258ae39e811) transitioned into state 'SUCCESS' from state 'RUNNING' with result '{'size': 1, 'snapshot_id': None, 'source_volid': None, 'volume_type': VolumeType(created_at=2026-05-27T12:50:00Z,deleted=False,deleted_at=None,description=None,extra_specs={volume_backend_name='storpool'},id=5a7c8a63-370b-4d1b-9306-e8e8c26b0616,is_public=True,name='storpool',projects=[],qos_specs=,qos_specs_id=None,updated_at=None), 'volume_type_id': '5a7c8a63-370b-4d1b-9306-e8e8c26b0616', 'encryption_key_id': None, 'qos_specs': None, 'consistencygroup_id': None, 'cgsnapshot_id': None, 'group_id': None, 'replication_status': 'disabled', 'refresh_az': False, 'backup_id': None, 'multiattach': False, 'availability_zones': ['nova']}' {{(pid=99078) _task_receiver /opt/stack/data/venv/lib/python3.12/site-packages/taskflow/listeners/logging.py:218}}
May 27 12:53:28.704136 np0000001505 devstack@c-api.service[99078]: DEBUG cinder.volume.api [None req-ddd320b4-fb16-4749-98c8-900ddec323a6 tempest-AttachSCSIVolumeTestJSON-673325371 tempest-AttachSCSIVolumeTestJSON-673325371-project-member] Task 'cinder.volume.flows.api.create_volume.QuotaReserveTask;volume:create' (d24c9cc4-a072-4f0b-a0d5-36f6607be3d0) transitioned into state 'RUNNING' from state 'PENDING' {{(pid=99078) _task_receiver /opt/stack/data/venv/lib/python3.12/site-packages/taskflow/listeners/logging.py:242}}
May 27 12:53:28.717397 np0000001505 devstack@c-api.service[99080]: DEBUG cinder.quota [None req-41271655-a98f-4595-8e93-ba569fb24635 tempest-TaggedBootDevicesTest-1773770279 tempest-TaggedBootDevicesTest-1773770279-project-member] Created reservations ['c07fe9e6-d891-4834-96ea-fb69fe118183', 'e70370f6-b027-4180-9ba0-7c9cb1e42112', '0b43516c-76d3-4f70-9a9c-a26a1a906231', '46bdba82-507d-410b-aa3b-f4af2eb4e272'] {{(pid=99080) reserve /opt/stack/cinder/cinder/quota.py:752}}
May 27 12:53:28.720727 np0000001505 devstack@c-api.service[99080]: DEBUG cinder.volume.api [None req-41271655-a98f-4595-8e93-ba569fb24635 tempest-TaggedBootDevicesTest-1773770279 tempest-TaggedBootDevicesTest-1773770279-project-member] Task 'cinder.volume.flows.api.create_volume.QuotaReserveTask;volume:create' (e2aedca5-3cc1-4e87-adbe-7405b8f4f565) transitioned into state 'SUCCESS' from state 'RUNNING' with result '{'reservations': ['c07fe9e6-d891-4834-96ea-fb69fe118183', 'e70370f6-b027-4180-9ba0-7c9cb1e42112', '0b43516c-76d3-4f70-9a9c-a26a1a906231', '46bdba82-507d-410b-aa3b-f4af2eb4e272']}' {{(pid=99080) _task_receiver /opt/stack/data/venv/lib/python3.12/site-packages/taskflow/listeners/logging.py:218}}
May 27 12:53:28.720727 np0000001505 devstack@c-api.service[99080]: DEBUG cinder.volume.api [None req-41271655-a98f-4595-8e93-ba569fb24635 tempest-TaggedBootDevicesTest-1773770279 tempest-TaggedBootDevicesTest-1773770279-project-member] Task 'cinder.volume.flows.api.create_volume.EntryCreateTask;volume:create' (638a269e-a24d-410c-9262-aa583ad7cd99) transitioned into state 'RUNNING' from state 'PENDING' {{(pid=99080) _task_receiver /opt/stack/data/venv/lib/python3.12/site-packages/taskflow/listeners/logging.py:242}}
May 27 12:53:28.737818 np0000001505 devstack@c-api.service[99080]: DEBUG cinder.volume.api [None req-41271655-a98f-4595-8e93-ba569fb24635 tempest-TaggedBootDevicesTest-1773770279 tempest-TaggedBootDevicesTest-1773770279-project-member] Task 'cinder.volume.flows.api.create_volume.EntryCreateTask;volume:create' (638a269e-a24d-410c-9262-aa583ad7cd99) transitioned into state 'SUCCESS' from state 'RUNNING' with result '{'volume_id': 'de081269-74ca-4484-8d7a-b9f6cfc99d7f', 'volume_properties': VolumeProperties(attach_status='detached',availability_zone='nova',cgsnapshot_id=None,consistencygroup_id=None,display_description=None,display_name='tempest-TaggedBootDevicesTest-volume-872665024',encryption_key_id=None,group_id=None,group_type_id=,metadata={},multiattach=False,project_id='f6849b1ff9cd4267a15228a1c5afb09f',qos_specs=None,replication_status=,reservations=['c07fe9e6-d891-4834-96ea-fb69fe118183','e70370f6-b027-4180-9ba0-7c9cb1e42112','0b43516c-76d3-4f70-9a9c-a26a1a906231','46bdba82-507d-410b-aa3b-f4af2eb4e272'],size=1,snapshot_id=None,source_replicaid=,source_volid=None,status='creating',user_id='112b464e99794a75836730fdc6b04e49',volume_type_id=5a7c8a63-370b-4d1b-9306-e8e8c26b0616), 'volume': Volume(_name_id=None,admin_metadata=,attach_status='detached',availability_zone='nova',bootable=False,cluster=,cluster_name=None,consistencygroup=,consistencygroup_id=None,created_at=2026-05-27T12:53:28Z,deleted=False,deleted_at=None,display_description=None,display_name='tempest-TaggedBootDevicesTest-volume-872665024',ec2_id=None,encryption_key_id=None,glance_metadata=,group=,group_id=None,host=None,id=de081269-74ca-4484-8d7a-b9f6cfc99d7f,launched_at=None,metadata={},migration_status=None,multiattach=False,previous_status=None,project_id='f6849b1ff9cd4267a15228a1c5afb09f',provider_auth=None,provider_geometry=None,provider_id=None,provider_location=None,replication_driver_data=None,replication_extended_status=None,replication_status=None,scheduled_at=None,service_uuid=None,shared_targets=True,size=1,snapshot_id=None,snapshots=,source_volid=None,status='creating',terminated_at=None,updated_at=None,use_quota=True,user_id='112b464e99794a75836730fdc6b04e49',volume_attachment=VolumeAttachmentList,volume_type=VolumeType(5a7c8a63-370b-4d1b-9306-e8e8c26b0616),volume_type_id=5a7c8a63-370b-4d1b-9306-e8e8c26b0616)}' {{(pid=99080) _task_receiver /opt/stack/data/venv/lib/python3.12/site-packages/taskflow/listeners/logging.py:218}}
May 27 12:53:28.738794 np0000001505 devstack@c-api.service[99080]: DEBUG cinder.volume.api [None req-41271655-a98f-4595-8e93-ba569fb24635 tempest-TaggedBootDevicesTest-1773770279 tempest-TaggedBootDevicesTest-1773770279-project-member] Task 'cinder.volume.flows.api.create_volume.QuotaCommitTask;volume:create' (f030976e-a413-4e44-8c98-97d23b1f0b8a) transitioned into state 'RUNNING' from state 'PENDING' {{(pid=99080) _task_receiver /opt/stack/data/venv/lib/python3.12/site-packages/taskflow/listeners/logging.py:242}}
May 27 12:53:28.750962 np0000001505 devstack@c-api.service[99078]: DEBUG cinder.quota [None req-ddd320b4-fb16-4749-98c8-900ddec323a6 tempest-AttachSCSIVolumeTestJSON-673325371 tempest-AttachSCSIVolumeTestJSON-673325371-project-member] Created reservations ['d742c2f6-e995-4bbe-82b1-9f6339239357', 'a655f4d5-0bd5-4b38-b695-fe511c050313', '9440c2d1-3756-4d11-bec7-7bc8407e271c', 'bdcd4b3f-c1b8-46f1-ba54-b8bcbad99803'] {{(pid=99078) reserve /opt/stack/cinder/cinder/quota.py:752}}
May 27 12:53:28.751637 np0000001505 devstack@c-api.service[99078]: DEBUG cinder.volume.api [None req-ddd320b4-fb16-4749-98c8-900ddec323a6 tempest-AttachSCSIVolumeTestJSON-673325371 tempest-AttachSCSIVolumeTestJSON-673325371-project-member] Task 'cinder.volume.flows.api.create_volume.QuotaReserveTask;volume:create' (d24c9cc4-a072-4f0b-a0d5-36f6607be3d0) transitioned into state 'SUCCESS' from state 'RUNNING' with result '{'reservations': ['d742c2f6-e995-4bbe-82b1-9f6339239357', 'a655f4d5-0bd5-4b38-b695-fe511c050313', '9440c2d1-3756-4d11-bec7-7bc8407e271c', 'bdcd4b3f-c1b8-46f1-ba54-b8bcbad99803']}' {{(pid=99078) _task_receiver /opt/stack/data/venv/lib/python3.12/site-packages/taskflow/listeners/logging.py:218}}
May 27 12:53:28.752291 np0000001505 devstack@c-api.service[99078]: DEBUG cinder.volume.api [None req-ddd320b4-fb16-4749-98c8-900ddec323a6 tempest-AttachSCSIVolumeTestJSON-673325371 tempest-AttachSCSIVolumeTestJSON-673325371-project-member] Task 'cinder.volume.flows.api.create_volume.EntryCreateTask;volume:create' (97b8c7c9-9d45-4b49-a20d-41c4c7c193d2) transitioned into state 'RUNNING' from state 'PENDING' {{(pid=99078) _task_receiver /opt/stack/data/venv/lib/python3.12/site-packages/taskflow/listeners/logging.py:242}}
May 27 12:53:28.764761 np0000001505 devstack@c-api.service[99080]: DEBUG cinder.volume.api [None req-41271655-a98f-4595-8e93-ba569fb24635 tempest-TaggedBootDevicesTest-1773770279 tempest-TaggedBootDevicesTest-1773770279-project-member] Task 'cinder.volume.flows.api.create_volume.QuotaCommitTask;volume:create' (f030976e-a413-4e44-8c98-97d23b1f0b8a) transitioned into state 'SUCCESS' from state 'RUNNING' with result '{'volume_properties': VolumeProperties(attach_status='detached',availability_zone='nova',cgsnapshot_id=None,consistencygroup_id=None,display_description=None,display_name='tempest-TaggedBootDevicesTest-volume-872665024',encryption_key_id=None,group_id=None,group_type_id=,metadata={},multiattach=False,project_id='f6849b1ff9cd4267a15228a1c5afb09f',qos_specs=None,replication_status=,reservations=['c07fe9e6-d891-4834-96ea-fb69fe118183','e70370f6-b027-4180-9ba0-7c9cb1e42112','0b43516c-76d3-4f70-9a9c-a26a1a906231','46bdba82-507d-410b-aa3b-f4af2eb4e272'],size=1,snapshot_id=None,source_replicaid=,source_volid=None,status='creating',user_id='112b464e99794a75836730fdc6b04e49',volume_type_id=5a7c8a63-370b-4d1b-9306-e8e8c26b0616)}' {{(pid=99080) _task_receiver /opt/stack/data/venv/lib/python3.12/site-packages/taskflow/listeners/logging.py:218}}
May 27 12:53:28.765705 np0000001505 devstack@c-api.service[99080]: DEBUG cinder.volume.api [None req-41271655-a98f-4595-8e93-ba569fb24635 tempest-TaggedBootDevicesTest-1773770279 tempest-TaggedBootDevicesTest-1773770279-project-member] Task 'cinder.volume.flows.api.create_volume.VolumeCastTask;volume:create' (4396b573-027c-4841-98b1-132e7fa0831c) transitioned into state 'RUNNING' from state 'PENDING' {{(pid=99080) _task_receiver /opt/stack/data/venv/lib/python3.12/site-packages/taskflow/listeners/logging.py:242}}
May 27 12:53:28.767075 np0000001505 devstack@c-api.service[99078]: DEBUG cinder.volume.api [None req-ddd320b4-fb16-4749-98c8-900ddec323a6 tempest-AttachSCSIVolumeTestJSON-673325371 tempest-AttachSCSIVolumeTestJSON-673325371-project-member] Task 'cinder.volume.flows.api.create_volume.EntryCreateTask;volume:create' (97b8c7c9-9d45-4b49-a20d-41c4c7c193d2) transitioned into state 'SUCCESS' from state 'RUNNING' with result '{'volume_id': '70b41c62-cdbd-4b9a-8faf-4dfd930280b9', 'volume_properties': VolumeProperties(attach_status='detached',availability_zone='nova',cgsnapshot_id=None,consistencygroup_id=None,display_description=None,display_name='tempest-AttachSCSIVolumeTestJSON-volume-1280564423',encryption_key_id=None,group_id=None,group_type_id=,metadata={},multiattach=False,project_id='7277e034c6154dff9cde9718541b30ac',qos_specs=None,replication_status=,reservations=['d742c2f6-e995-4bbe-82b1-9f6339239357','a655f4d5-0bd5-4b38-b695-fe511c050313','9440c2d1-3756-4d11-bec7-7bc8407e271c','bdcd4b3f-c1b8-46f1-ba54-b8bcbad99803'],size=1,snapshot_id=None,source_replicaid=,source_volid=None,status='creating',user_id='b053f9b43e43423d819b3e87bcd6155f',volume_type_id=5a7c8a63-370b-4d1b-9306-e8e8c26b0616), 'volume': Volume(_name_id=None,admin_metadata=,attach_status='detached',availability_zone='nova',bootable=False,cluster=,cluster_name=None,consistencygroup=,consistencygroup_id=None,created_at=2026-05-27T12:53:28Z,deleted=False,deleted_at=None,display_description=None,display_name='tempest-AttachSCSIVolumeTestJSON-volume-1280564423',ec2_id=None,encryption_key_id=None,glance_metadata=,group=,group_id=None,host=None,id=70b41c62-cdbd-4b9a-8faf-4dfd930280b9,launched_at=None,metadata={},migration_status=None,multiattach=False,previous_status=None,project_id='7277e034c6154dff9cde9718541b30ac',provider_auth=None,provider_geometry=None,provider_id=None,provider_location=None,replication_driver_data=None,replication_extended_status=None,replication_status=None,scheduled_at=None,service_uuid=None,shared_targets=True,size=1,snapshot_id=None,snapshots=,source_volid=None,status='creating',terminated_at=None,updated_at=None,use_quota=True,user_id='b053f9b43e43423d819b3e87bcd6155f',volume_attachment=VolumeAttachmentList,volume_type=VolumeType(5a7c8a63-370b-4d1b-9306-e8e8c26b0616),volume_type_id=5a7c8a63-370b-4d1b-9306-e8e8c26b0616)}' {{(pid=99078) _task_receiver /opt/stack/data/venv/lib/python3.12/site-packages/taskflow/listeners/logging.py:218}}
May 27 12:53:28.768559 np0000001505 devstack@c-api.service[99078]: DEBUG cinder.volume.api [None req-ddd320b4-fb16-4749-98c8-900ddec323a6 tempest-AttachSCSIVolumeTestJSON-673325371 tempest-AttachSCSIVolumeTestJSON-673325371-project-member] Task 'cinder.volume.flows.api.create_volume.QuotaCommitTask;volume:create' (664394b4-4d0d-46ee-b01d-3e0a03f86087) transitioned into state 'RUNNING' from state 'PENDING' {{(pid=99078) _task_receiver /opt/stack/data/venv/lib/python3.12/site-packages/taskflow/listeners/logging.py:242}}
May 27 12:53:28.775503 np0000001505 devstack@c-api.service[99080]: DEBUG cinder.volume.api [None req-41271655-a98f-4595-8e93-ba569fb24635 tempest-TaggedBootDevicesTest-1773770279 tempest-TaggedBootDevicesTest-1773770279-project-member] Task 'cinder.volume.flows.api.create_volume.VolumeCastTask;volume:create' (4396b573-027c-4841-98b1-132e7fa0831c) transitioned into state 'SUCCESS' from state 'RUNNING' with result 'None' {{(pid=99080) _task_receiver /opt/stack/data/venv/lib/python3.12/site-packages/taskflow/listeners/logging.py:218}}
May 27 12:53:28.776576 np0000001505 devstack@c-api.service[99080]: DEBUG cinder.volume.api [None req-41271655-a98f-4595-8e93-ba569fb24635 tempest-TaggedBootDevicesTest-1773770279 tempest-TaggedBootDevicesTest-1773770279-project-member] Flow 'volume_create_api' (0b36f1f9-f65c-4ffb-b283-7c2186da1129) transitioned into state 'SUCCESS' from state 'RUNNING' {{(pid=99080) _flow_receiver /opt/stack/data/venv/lib/python3.12/site-packages/taskflow/listeners/logging.py:160}}
May 27 12:53:28.776953 np0000001505 devstack@c-api.service[99080]: INFO cinder.volume.api [None req-41271655-a98f-4595-8e93-ba569fb24635 tempest-TaggedBootDevicesTest-1773770279 tempest-TaggedBootDevicesTest-1773770279-project-member] Create volume request issued successfully.
May 27 12:53:28.777729 np0000001505 devstack@c-api.service[99080]: INFO cinder.api.openstack.wsgi [None req-41271655-a98f-4595-8e93-ba569fb24635 tempest-TaggedBootDevicesTest-1773770279 tempest-TaggedBootDevicesTest-1773770279-project-member] https://10.4.3.70/volume/v3/volumes returned with HTTP 202
May 27 12:53:28.778314 np0000001505 devstack@c-api.service[99080]: [pid: 99080|app: 0|req: 52/160] 10.4.3.70 () {68 vars in 1251 bytes} [Wed May 27 12:53:28 2026] POST /volume/v3/volumes => generated 749 bytes in 141 msecs (HTTP/1.1 202) 7 headers in 291 bytes (1 switches on core 0)
May 27 12:53:28.790713 np0000001505 devstack@c-api.service[99078]: DEBUG cinder.volume.api [None req-ddd320b4-fb16-4749-98c8-900ddec323a6 tempest-AttachSCSIVolumeTestJSON-673325371 tempest-AttachSCSIVolumeTestJSON-673325371-project-member] Task 'cinder.volume.flows.api.create_volume.QuotaCommitTask;volume:create' (664394b4-4d0d-46ee-b01d-3e0a03f86087) transitioned into state 'SUCCESS' from state 'RUNNING' with result '{'volume_properties': VolumeProperties(attach_status='detached',availability_zone='nova',cgsnapshot_id=None,consistencygroup_id=None,display_description=None,display_name='tempest-AttachSCSIVolumeTestJSON-volume-1280564423',encryption_key_id=None,group_id=None,group_type_id=,metadata={},multiattach=False,project_id='7277e034c6154dff9cde9718541b30ac',qos_specs=None,replication_status=,reservations=['d742c2f6-e995-4bbe-82b1-9f6339239357','a655f4d5-0bd5-4b38-b695-fe511c050313','9440c2d1-3756-4d11-bec7-7bc8407e271c','bdcd4b3f-c1b8-46f1-ba54-b8bcbad99803'],size=1,snapshot_id=None,source_replicaid=,source_volid=None,status='creating',user_id='b053f9b43e43423d819b3e87bcd6155f',volume_type_id=5a7c8a63-370b-4d1b-9306-e8e8c26b0616)}' {{(pid=99078) _task_receiver /opt/stack/data/venv/lib/python3.12/site-packages/taskflow/listeners/logging.py:218}}
May 27 12:53:28.791644 np0000001505 devstack@c-api.service[99078]: DEBUG cinder.volume.api [None req-ddd320b4-fb16-4749-98c8-900ddec323a6 tempest-AttachSCSIVolumeTestJSON-673325371 tempest-AttachSCSIVolumeTestJSON-673325371-project-member] Task 'cinder.volume.flows.api.create_volume.VolumeCastTask;volume:create' (6174ce65-66b6-4df2-bd88-7243aacfd09e) transitioned into state 'RUNNING' from state 'PENDING' {{(pid=99078) _task_receiver /opt/stack/data/venv/lib/python3.12/site-packages/taskflow/listeners/logging.py:242}}
May 27 12:53:28.791719 np0000001505 devstack@c-api.service[99080]: DEBUG cinder.api.middleware.request_id [None req-03345b0c-b746-4435-a358-d9afebc15fd3 None None] RequestId filter calling following filter/app {{(pid=99080) _context_setter /opt/stack/cinder/cinder/api/middleware/request_id.py:62}}
May 27 12:53:28.793940 np0000001505 devstack@c-api.service[99080]: INFO cinder.api.openstack.wsgi [None req-03345b0c-b746-4435-a358-d9afebc15fd3 tempest-TaggedBootDevicesTest-1773770279 tempest-TaggedBootDevicesTest-1773770279-project-member] GET https://10.4.3.70/volume/v3/volumes/de081269-74ca-4484-8d7a-b9f6cfc99d7f
May 27 12:53:28.794339 np0000001505 devstack@c-api.service[99080]: DEBUG cinder.api.openstack.wsgi [None req-03345b0c-b746-4435-a358-d9afebc15fd3 tempest-TaggedBootDevicesTest-1773770279 tempest-TaggedBootDevicesTest-1773770279-project-member] Empty body provided in request {{(pid=99080) get_body /opt/stack/cinder/cinder/api/openstack/wsgi.py:725}}
May 27 12:53:28.794623 np0000001505 devstack@c-api.service[99080]: DEBUG cinder.api.openstack.wsgi [None req-03345b0c-b746-4435-a358-d9afebc15fd3 tempest-TaggedBootDevicesTest-1773770279 tempest-TaggedBootDevicesTest-1773770279-project-member] Calling method 'show' {{(pid=99080) _process_stack /opt/stack/cinder/cinder/api/openstack/wsgi.py:878}}
May 27 12:53:28.802792 np0000001505 devstack@c-api.service[99080]: /opt/stack/data/venv/lib/python3.12/site-packages/oslo_context/context.py:102: DeprecationWarning: Policy enforcement is depending on the value of is_admin. This key is deprecated. Please update your policy file to use the standard policy values.
May 27 12:53:28.802792 np0000001505 devstack@c-api.service[99080]: warnings.warn(
May 27 12:53:28.805278 np0000001505 devstack@c-api.service[99078]: DEBUG cinder.volume.api [None req-ddd320b4-fb16-4749-98c8-900ddec323a6 tempest-AttachSCSIVolumeTestJSON-673325371 tempest-AttachSCSIVolumeTestJSON-673325371-project-member] Task 'cinder.volume.flows.api.create_volume.VolumeCastTask;volume:create' (6174ce65-66b6-4df2-bd88-7243aacfd09e) transitioned into state 'SUCCESS' from state 'RUNNING' with result 'None' {{(pid=99078) _task_receiver /opt/stack/data/venv/lib/python3.12/site-packages/taskflow/listeners/logging.py:218}}
May 27 12:53:28.806435 np0000001505 devstack@c-api.service[99078]: DEBUG cinder.volume.api [None req-ddd320b4-fb16-4749-98c8-900ddec323a6 tempest-AttachSCSIVolumeTestJSON-673325371 tempest-AttachSCSIVolumeTestJSON-673325371-project-member] Flow 'volume_create_api' (8b503f8e-655b-4573-ad5b-78ce9deb5882) transitioned into state 'SUCCESS' from state 'RUNNING' {{(pid=99078) _flow_receiver /opt/stack/data/venv/lib/python3.12/site-packages/taskflow/listeners/logging.py:160}}
May 27 12:53:28.806858 np0000001505 devstack@c-api.service[99078]: INFO cinder.volume.api [None req-ddd320b4-fb16-4749-98c8-900ddec323a6 tempest-AttachSCSIVolumeTestJSON-673325371 tempest-AttachSCSIVolumeTestJSON-673325371-project-member] Create volume request issued successfully.
May 27 12:53:28.807074 np0000001505 devstack@c-api.service[99080]: INFO cinder.volume.api [None req-03345b0c-b746-4435-a358-d9afebc15fd3 tempest-TaggedBootDevicesTest-1773770279 tempest-TaggedBootDevicesTest-1773770279-project-member] Volume info retrieved successfully.
May 27 12:53:28.807600 np0000001505 devstack@c-api.service[99078]: INFO cinder.api.openstack.wsgi [None req-ddd320b4-fb16-4749-98c8-900ddec323a6 tempest-AttachSCSIVolumeTestJSON-673325371 tempest-AttachSCSIVolumeTestJSON-673325371-project-member] https://10.4.3.70/volume/v3/volumes returned with HTTP 202
May 27 12:53:28.808238 np0000001505 devstack@c-api.service[99078]: [pid: 99078|app: 0|req: 57/161] 10.4.3.70 () {68 vars in 1251 bytes} [Wed May 27 12:53:28 2026] POST /volume/v3/volumes => generated 753 bytes in 149 msecs (HTTP/1.1 202) 7 headers in 291 bytes (1 switches on core 0)
May 27 12:53:28.811831 np0000001505 devstack@c-api.service[99080]: INFO cinder.api.openstack.wsgi [None req-03345b0c-b746-4435-a358-d9afebc15fd3 tempest-TaggedBootDevicesTest-1773770279 tempest-TaggedBootDevicesTest-1773770279-project-member] https://10.4.3.70/volume/v3/volumes/de081269-74ca-4484-8d7a-b9f6cfc99d7f returned with HTTP 200
May 27 12:53:28.812305 np0000001505 devstack@c-api.service[99080]: [pid: 99080|app: 0|req: 53/162] 10.4.3.70 () {66 vars in 1341 bytes} [Wed May 27 12:53:28 2026] GET /volume/v3/volumes/de081269-74ca-4484-8d7a-b9f6cfc99d7f => generated 817 bytes in 21 msecs (HTTP/1.1 200) 7 headers in 285 bytes (1 switches on core 0)
May 27 12:53:28.819452 np0000001505 devstack@c-api.service[99078]: DEBUG cinder.api.middleware.request_id [None req-c850c003-981e-4666-9ff4-37453ea8775b None None] RequestId filter calling following filter/app {{(pid=99078) _context_setter /opt/stack/cinder/cinder/api/middleware/request_id.py:62}}
May 27 12:53:28.821274 np0000001505 devstack@c-api.service[99078]: INFO cinder.api.openstack.wsgi [None req-c850c003-981e-4666-9ff4-37453ea8775b tempest-AttachSCSIVolumeTestJSON-673325371 tempest-AttachSCSIVolumeTestJSON-673325371-project-member] GET https://10.4.3.70/volume/v3/volumes/70b41c62-cdbd-4b9a-8faf-4dfd930280b9
May 27 12:53:28.821471 np0000001505 devstack@c-api.service[99078]: DEBUG cinder.api.openstack.wsgi [None req-c850c003-981e-4666-9ff4-37453ea8775b tempest-AttachSCSIVolumeTestJSON-673325371 tempest-AttachSCSIVolumeTestJSON-673325371-project-member] Empty body provided in request {{(pid=99078) get_body /opt/stack/cinder/cinder/api/openstack/wsgi.py:725}}
May 27 12:53:28.821705 np0000001505 devstack@c-api.service[99078]: DEBUG cinder.api.openstack.wsgi [None req-c850c003-981e-4666-9ff4-37453ea8775b tempest-AttachSCSIVolumeTestJSON-673325371 tempest-AttachSCSIVolumeTestJSON-673325371-project-member] Calling method 'show' {{(pid=99078) _process_stack /opt/stack/cinder/cinder/api/openstack/wsgi.py:878}}
May 27 12:53:28.828562 np0000001505 devstack@c-api.service[99078]: /opt/stack/data/venv/lib/python3.12/site-packages/oslo_context/context.py:102: DeprecationWarning: Policy enforcement is depending on the value of is_admin. This key is deprecated. Please update your policy file to use the standard policy values.
May 27 12:53:28.828562 np0000001505 devstack@c-api.service[99078]: warnings.warn(
May 27 12:53:28.832029 np0000001505 devstack@c-api.service[99078]: INFO cinder.volume.api [None req-c850c003-981e-4666-9ff4-37453ea8775b tempest-AttachSCSIVolumeTestJSON-673325371 tempest-AttachSCSIVolumeTestJSON-673325371-project-member] Volume info retrieved successfully.
May 27 12:53:28.835933 np0000001505 devstack@c-api.service[99078]: INFO cinder.api.openstack.wsgi [None req-c850c003-981e-4666-9ff4-37453ea8775b tempest-AttachSCSIVolumeTestJSON-673325371 tempest-AttachSCSIVolumeTestJSON-673325371-project-member] https://10.4.3.70/volume/v3/volumes/70b41c62-cdbd-4b9a-8faf-4dfd930280b9 returned with HTTP 200
May 27 12:53:28.836279 np0000001505 devstack@c-api.service[99078]: [pid: 99078|app: 0|req: 58/163] 10.4.3.70 () {66 vars in 1341 bytes} [Wed May 27 12:53:28 2026] GET /volume/v3/volumes/70b41c62-cdbd-4b9a-8faf-4dfd930280b9 => generated 821 bytes in 17 msecs (HTTP/1.1 200) 7 headers in 285 bytes (1 switches on core 0)
May 27 12:53:29.169686 np0000001505 devstack@c-api.service[99079]: DEBUG cinder.coordination [req-552b440b-afb1-4eb1-8c85-491378210a84 req-32312932-2284-427a-a410-7a3d06028cd8 tempest-TaggedBootDevicesTest_v242-1832766868 tempest-TaggedBootDevicesTest_v242-1832766868-project-member] Lock "cinder-attachment_update-1a18258f-72da-4f00-b943-db0ebc180326-np0000001505" released by "attachment_update" :: held 0.522s {{(pid=99079) __release /opt/stack/cinder/cinder/coordination.py:152}}
May 27 12:53:29.169984 np0000001505 devstack@c-api.service[99079]: INFO cinder.api.openstack.wsgi [req-552b440b-afb1-4eb1-8c85-491378210a84 req-32312932-2284-427a-a410-7a3d06028cd8 tempest-TaggedBootDevicesTest_v242-1832766868 tempest-TaggedBootDevicesTest_v242-1832766868-project-member] https://10.4.3.70/volume/v3/attachments/da14607a-792f-4a8b-9e51-05e694bcaf77 returned with HTTP 200
May 27 12:53:29.170430 np0000001505 devstack@c-api.service[99079]: [pid: 99079|app: 0|req: 53/164] 10.4.3.70 () {74 vars in 1697 bytes} [Wed May 27 12:53:28 2026] PUT /volume/v3/attachments/da14607a-792f-4a8b-9e51-05e694bcaf77 => generated 969 bytes in 540 msecs (HTTP/1.1 200) 7 headers in 286 bytes (1 switches on core 0)
May 27 12:53:29.494679 np0000001505 devstack@c-api.service[99080]: DEBUG cinder.api.middleware.request_id [None req-96680830-4fbf-4d70-9243-26da0db1f78d None None] RequestId filter calling following filter/app {{(pid=99080) _context_setter /opt/stack/cinder/cinder/api/middleware/request_id.py:62}}
