Jun 16 05:12:42.695920 np0000002915 nova-scheduler[95806]: DEBUG cotyledon.oslo_config_glue [-] oslo_limit.auth_type = None {{(pid=95806) log_opt_values /opt/stack/data/venv/lib/python3.12/site-packages/oslo_config/cfg.py:3253}}
Jun 16 05:12:42.695920 np0000002915 nova-scheduler[95806]: DEBUG cotyledon.oslo_config_glue [-] oslo_limit.cafile = None {{(pid=95806) log_opt_values /opt/stack/data/venv/lib/python3.12/site-packages/oslo_config/cfg.py:3253}}
Jun 16 05:12:42.695920 np0000002915 nova-scheduler[95806]: DEBUG cotyledon.oslo_config_glue [-] oslo_limit.certfile = None {{(pid=95806) log_opt_values /opt/stack/data/venv/lib/python3.12/site-packages/oslo_config/cfg.py:3253}}
Jun 16 05:12:42.695920 np0000002915 nova-scheduler[95806]: DEBUG cotyledon.oslo_config_glue [-] oslo_limit.collect_timing = False {{(pid=95806) log_opt_values /opt/stack/data/venv/lib/python3.12/site-packages/oslo_config/cfg.py:3253}}
Jun 16 05:12:42.695920 np0000002915 nova-scheduler[95806]: DEBUG cotyledon.oslo_config_glue [-] oslo_limit.connect_retries = None {{(pid=95806) log_opt_values /opt/stack/data/venv/lib/python3.12/site-packages/oslo_config/cfg.py:3253}}
Jun 16 05:12:42.695920 np0000002915 nova-scheduler[95806]: DEBUG cotyledon.oslo_config_glue [-] oslo_limit.connect_retry_delay = None {{(pid=95806) log_opt_values /opt/stack/data/venv/lib/python3.12/site-packages/oslo_config/cfg.py:3253}}
Jun 16 05:12:42.696236 np0000002915 nova-scheduler[95806]: DEBUG cotyledon.oslo_config_glue [-] oslo_limit.endpoint_id = None {{(pid=95806) log_opt_values /opt/stack/data/venv/lib/python3.12/site-packages/oslo_config/cfg.py:3253}}
Jun 16 05:12:42.696236 np0000002915 nova-scheduler[95806]: DEBUG cotyledon.oslo_config_glue [-] oslo_limit.endpoint_interface = public {{(pid=95806) log_opt_values /opt/stack/data/venv/lib/python3.12/site-packages/oslo_config/cfg.py:3253}}
Jun 16 05:12:42.696236 np0000002915 nova-scheduler[95806]: DEBUG cotyledon.oslo_config_glue [-] oslo_limit.endpoint_override = None {{(pid=95806) log_opt_values /opt/stack/data/venv/lib/python3.12/site-packages/oslo_config/cfg.py:3253}}
Jun 16 05:12:42.696236 np0000002915 nova-scheduler[95806]: DEBUG cotyledon.oslo_config_glue [-] oslo_limit.endpoint_region_name = None {{(pid=95806) log_opt_values /opt/stack/data/venv/lib/python3.12/site-packages/oslo_config/cfg.py:3253}}
Jun 16 05:12:42.696236 np0000002915 nova-scheduler[95806]: DEBUG cotyledon.oslo_config_glue [-] oslo_limit.endpoint_service_name = None {{(pid=95806) log_opt_values /opt/stack/data/venv/lib/python3.12/site-packages/oslo_config/cfg.py:3253}}
Jun 16 05:12:42.696236 np0000002915 nova-scheduler[95806]: DEBUG cotyledon.oslo_config_glue [-] oslo_limit.endpoint_service_type = None {{(pid=95806) log_opt_values /opt/stack/data/venv/lib/python3.12/site-packages/oslo_config/cfg.py:3253}}
Jun 16 05:12:42.696236 np0000002915 nova-scheduler[95806]: DEBUG cotyledon.oslo_config_glue [-] oslo_limit.insecure = False {{(pid=95806) log_opt_values /opt/stack/data/venv/lib/python3.12/site-packages/oslo_config/cfg.py:3253}}
Jun 16 05:12:42.696236 np0000002915 nova-scheduler[95806]: DEBUG cotyledon.oslo_config_glue [-] oslo_limit.keyfile = None {{(pid=95806) log_opt_values /opt/stack/data/venv/lib/python3.12/site-packages/oslo_config/cfg.py:3253}}
Jun 16 05:12:42.696236 np0000002915 nova-scheduler[95806]: DEBUG cotyledon.oslo_config_glue [-] oslo_limit.max_version = None {{(pid=95806) log_opt_values /opt/stack/data/venv/lib/python3.12/site-packages/oslo_config/cfg.py:3253}}
Jun 16 05:12:42.696562 np0000002915 nova-scheduler[95806]: DEBUG cotyledon.oslo_config_glue [-] oslo_limit.min_version = None {{(pid=95806) log_opt_values /opt/stack/data/venv/lib/python3.12/site-packages/oslo_config/cfg.py:3253}}
Jun 16 05:12:42.696562 np0000002915 nova-scheduler[95806]: DEBUG cotyledon.oslo_config_glue [-] oslo_limit.region_name = None {{(pid=95806) log_opt_values /opt/stack/data/venv/lib/python3.12/site-packages/oslo_config/cfg.py:3253}}
Jun 16 05:12:42.696562 np0000002915 nova-scheduler[95806]: DEBUG cotyledon.oslo_config_glue [-] oslo_limit.retriable_status_codes = None {{(pid=95806) log_opt_values /opt/stack/data/venv/lib/python3.12/site-packages/oslo_config/cfg.py:3253}}
Jun 16 05:12:42.696562 np0000002915 nova-scheduler[95806]: DEBUG cotyledon.oslo_config_glue [-] oslo_limit.service_name = None {{(pid=95806) log_opt_values /opt/stack/data/venv/lib/python3.12/site-packages/oslo_config/cfg.py:3253}}
Jun 16 05:12:42.696562 np0000002915 nova-scheduler[95806]: DEBUG cotyledon.oslo_config_glue [-] oslo_limit.service_type = None {{(pid=95806) log_opt_values /opt/stack/data/venv/lib/python3.12/site-packages/oslo_config/cfg.py:3253}}
Jun 16 05:12:42.696562 np0000002915 nova-scheduler[95806]: DEBUG cotyledon.oslo_config_glue [-] oslo_limit.split_loggers = False {{(pid=95806) log_opt_values /opt/stack/data/venv/lib/python3.12/site-packages/oslo_config/cfg.py:3253}}
Jun 16 05:12:42.696562 np0000002915 nova-scheduler[95806]: DEBUG cotyledon.oslo_config_glue [-] oslo_limit.status_code_retries = None {{(pid=95806) log_opt_values /opt/stack/data/venv/lib/python3.12/site-packages/oslo_config/cfg.py:3253}}
Jun 16 05:12:42.696562 np0000002915 nova-scheduler[95806]: DEBUG cotyledon.oslo_config_glue [-] oslo_limit.status_code_retry_delay = None {{(pid=95806) log_opt_values /opt/stack/data/venv/lib/python3.12/site-packages/oslo_config/cfg.py:3253}}
Jun 16 05:12:42.696562 np0000002915 nova-scheduler[95806]: DEBUG cotyledon.oslo_config_glue [-] oslo_limit.timeout = None {{(pid=95806) log_opt_values /opt/stack/data/venv/lib/python3.12/site-packages/oslo_config/cfg.py:3253}}
Jun 16 05:12:42.696857 np0000002915 nova-scheduler[95806]: DEBUG cotyledon.oslo_config_glue [-] oslo_limit.valid_interfaces = None {{(pid=95806) log_opt_values /opt/stack/data/venv/lib/python3.12/site-packages/oslo_config/cfg.py:3253}}
Jun 16 05:12:42.696857 np0000002915 nova-scheduler[95806]: DEBUG cotyledon.oslo_config_glue [-] oslo_limit.version = None {{(pid=95806) log_opt_values /opt/stack/data/venv/lib/python3.12/site-packages/oslo_config/cfg.py:3253}}
Jun 16 05:12:42.696857 np0000002915 nova-scheduler[95806]: DEBUG cotyledon.oslo_config_glue [-] oslo_reports.file_event_handler = None {{(pid=95806) log_opt_values /opt/stack/data/venv/lib/python3.12/site-packages/oslo_config/cfg.py:3253}}
Jun 16 05:12:42.696857 np0000002915 nova-scheduler[95806]: DEBUG cotyledon.oslo_config_glue [-] oslo_reports.file_event_handler_interval = 1 {{(pid=95806) log_opt_values /opt/stack/data/venv/lib/python3.12/site-packages/oslo_config/cfg.py:3253}}
Jun 16 05:12:42.696857 np0000002915 nova-scheduler[95806]: DEBUG cotyledon.oslo_config_glue [-] oslo_reports.log_dir = None {{(pid=95806) log_opt_values /opt/stack/data/venv/lib/python3.12/site-packages/oslo_config/cfg.py:3253}}
Jun 16 05:12:42.696857 np0000002915 nova-scheduler[95806]: DEBUG cotyledon.oslo_config_glue [-] ******************************************************************************** {{(pid=95806) log_opt_values /opt/stack/data/venv/lib/python3.12/site-packages/oslo_config/cfg.py:3260}}
Jun 16 05:12:42.696857 np0000002915 nova-scheduler[95806]: DEBUG cotyledon._service_worker [-] Run service ServiceWrapper(1) [95806] {{(pid=95806) wait_forever /opt/stack/data/venv/lib/python3.12/site-packages/cotyledon/_service_worker.py:218}}
Jun 16 05:12:42.696857 np0000002915 nova-scheduler[95806]: INFO nova.service [-] Starting scheduler node (version 33.1.0)
Jun 16 05:12:42.696857 np0000002915 nova-scheduler[95806]: INFO dbcounter [None req-791dfc8f-7a10-491e-90ff-373b9d3d99f2 None None] Registered counter for database nova_cell0
Jun 16 05:12:42.702767 np0000002915 nova-scheduler[95804]: DEBUG oslo_db.sqlalchemy.engines [None req-f73e8687-f05e-40fd-be11-343fee1795f8 None None] MySQL server mode set to STRICT_TRANS_TABLES,STRICT_ALL_TABLES,NO_ZERO_IN_DATE,NO_ZERO_DATE,ERROR_FOR_DIVISION_BY_ZERO,TRADITIONAL,NO_ENGINE_SUBSTITUTION {{(pid=95804) _check_effective_sql_mode /opt/stack/data/venv/lib/python3.12/site-packages/oslo_db/sqlalchemy/engines.py:325}}
Jun 16 05:12:42.709765 np0000002915 nova-scheduler[95808]: DEBUG oslo_db.sqlalchemy.engines [None req-7021ec0f-d519-4a4f-a701-98120f9ec7b7 None None] MySQL server mode set to STRICT_TRANS_TABLES,STRICT_ALL_TABLES,NO_ZERO_IN_DATE,NO_ZERO_DATE,ERROR_FOR_DIVISION_BY_ZERO,TRADITIONAL,NO_ENGINE_SUBSTITUTION {{(pid=95808) _check_effective_sql_mode /opt/stack/data/venv/lib/python3.12/site-packages/oslo_db/sqlalchemy/engines.py:325}}
Jun 16 05:12:42.714864 np0000002915 nova-scheduler[95804]: DEBUG dbcounter [-] [95804] Writer thread running {{(pid=95804) stat_writer /opt/stack/data/venv/lib/python3.12/site-packages/dbcounter.py:102}}
Jun 16 05:12:42.718362 np0000002915 nova-scheduler[95808]: DEBUG dbcounter [-] [95808] Writer thread running {{(pid=95808) stat_writer /opt/stack/data/venv/lib/python3.12/site-packages/dbcounter.py:102}}
Jun 16 05:12:42.731513 np0000002915 nova-scheduler[95808]: DEBUG nova.service [None req-7021ec0f-d519-4a4f-a701-98120f9ec7b7 None None] Creating RPC server for service: nova-scheduler on topic: scheduler {{(pid=95808) start /opt/stack/nova/nova/service.py:196}}
Jun 16 05:12:42.735801 np0000002915 nova-scheduler[95804]: DEBUG nova.service [None req-f73e8687-f05e-40fd-be11-343fee1795f8 None None] Creating RPC server for service: nova-scheduler on topic: scheduler {{(pid=95804) start /opt/stack/nova/nova/service.py:196}}
Jun 16 05:12:42.743759 np0000002915 nova-scheduler[95806]: DEBUG oslo_db.sqlalchemy.engines [None req-791dfc8f-7a10-491e-90ff-373b9d3d99f2 None None] MySQL server mode set to STRICT_TRANS_TABLES,STRICT_ALL_TABLES,NO_ZERO_IN_DATE,NO_ZERO_DATE,ERROR_FOR_DIVISION_BY_ZERO,TRADITIONAL,NO_ENGINE_SUBSTITUTION {{(pid=95806) _check_effective_sql_mode /opt/stack/data/venv/lib/python3.12/site-packages/oslo_db/sqlalchemy/engines.py:325}}
Jun 16 05:12:42.754211 np0000002915 nova-scheduler[95806]: DEBUG dbcounter [-] [95806] Writer thread running {{(pid=95806) stat_writer /opt/stack/data/venv/lib/python3.12/site-packages/dbcounter.py:102}}
Jun 16 05:12:42.757226 np0000002915 nova-scheduler[95806]: DEBUG nova.service [None req-791dfc8f-7a10-491e-90ff-373b9d3d99f2 None None] Creating RPC server for service: nova-scheduler on topic: scheduler {{(pid=95806) start /opt/stack/nova/nova/service.py:196}}
Jun 16 05:12:42.763817 np0000002915 nova-scheduler[95808]: DEBUG nova.service [None req-7021ec0f-d519-4a4f-a701-98120f9ec7b7 None None] Join ServiceGroup membership for this service scheduler {{(pid=95808) start /opt/stack/nova/nova/service.py:222}}
Jun 16 05:12:42.764518 np0000002915 nova-scheduler[95808]: DEBUG nova.servicegroup.drivers.db [None req-7021ec0f-d519-4a4f-a701-98120f9ec7b7 None None] DB_Driver: join new ServiceGroup member np0000002915 to the scheduler group, service = {{(pid=95808) join /opt/stack/nova/nova/servicegroup/drivers/db.py:44}}
Jun 16 05:12:42.768627 np0000002915 nova-scheduler[95804]: DEBUG nova.service [None req-f73e8687-f05e-40fd-be11-343fee1795f8 None None] Join ServiceGroup membership for this service scheduler {{(pid=95804) start /opt/stack/nova/nova/service.py:222}}
Jun 16 05:12:42.768920 np0000002915 nova-scheduler[95804]: DEBUG nova.servicegroup.drivers.db [None req-f73e8687-f05e-40fd-be11-343fee1795f8 None None] DB_Driver: join new ServiceGroup member np0000002915 to the scheduler group, service = {{(pid=95804) join /opt/stack/nova/nova/servicegroup/drivers/db.py:44}}
Jun 16 05:12:42.773044 np0000002915 nova-scheduler[95806]: DEBUG nova.service [None req-791dfc8f-7a10-491e-90ff-373b9d3d99f2 None None] Join ServiceGroup membership for this service scheduler {{(pid=95806) start /opt/stack/nova/nova/service.py:222}}
Jun 16 05:12:42.773296 np0000002915 nova-scheduler[95806]: DEBUG nova.servicegroup.drivers.db [None req-791dfc8f-7a10-491e-90ff-373b9d3d99f2 None None] DB_Driver: join new ServiceGroup member np0000002915 to the scheduler group, service = {{(pid=95806) join /opt/stack/nova/nova/servicegroup/drivers/db.py:44}}
Jun 16 05:12:47.789045 np0000002915 nova-scheduler[95808]: DEBUG oslo.service.backend._threading.loopingcall [-] Fixed interval looping call 'nova.servicegroup.drivers.db.DbDriver._report_state' sleeping for 119.98 seconds {{(pid=95808) _run_loop /opt/stack/data/venv/lib/python3.12/site-packages/oslo_service/backend/_threading/loopingcall.py:125}}
Jun 16 05:12:47.789427 np0000002915 nova-scheduler[95804]: DEBUG oslo.service.backend._threading.loopingcall [-] Fixed interval looping call 'nova.servicegroup.drivers.db.DbDriver._report_state' sleeping for 119.98 seconds {{(pid=95804) _run_loop /opt/stack/data/venv/lib/python3.12/site-packages/oslo_service/backend/_threading/loopingcall.py:125}}
Jun 16 05:12:47.790900 np0000002915 nova-scheduler[95806]: DEBUG oslo.service.backend._threading.loopingcall [-] Fixed interval looping call 'nova.servicegroup.drivers.db.DbDriver._report_state' sleeping for 119.98 seconds {{(pid=95806) _run_loop /opt/stack/data/venv/lib/python3.12/site-packages/oslo_service/backend/_threading/loopingcall.py:125}}
Jun 16 05:12:51.299046 np0000002915 nova-scheduler[94525]: DEBUG dbcounter [-] [94525] Writing DB stats nova_api:SELECT=3 {{(pid=94525) stat_writer /opt/stack/data/venv/lib/python3.12/site-packages/dbcounter.py:115}}
Jun 16 05:12:51.438222 np0000002915 nova-scheduler[94525]: DEBUG dbcounter [-] [94525] Writing DB stats nova_cell0:SELECT=1 {{(pid=94525) stat_writer /opt/stack/data/venv/lib/python3.12/site-packages/dbcounter.py:115}}
Jun 16 05:12:51.438890 np0000002915 nova-scheduler[94525]: DEBUG dbcounter [-] [94525] Writing DB stats nova_cell1:SELECT=1 {{(pid=94525) stat_writer /opt/stack/data/venv/lib/python3.12/site-packages/dbcounter.py:115}}
Jun 16 05:12:57.780986 np0000002915 nova-scheduler[95808]: DEBUG dbcounter [-] [95808] Writing DB stats nova_cell0:SELECT=4,nova_cell0:INSERT=1,nova_cell0:UPDATE=1 {{(pid=95808) stat_writer /opt/stack/data/venv/lib/python3.12/site-packages/dbcounter.py:115}}
Jun 16 05:12:57.783619 np0000002915 nova-scheduler[95804]: DEBUG dbcounter [-] [95804] Writing DB stats nova_cell0:SELECT=5,nova_cell0:INSERT=1,nova_cell0:UPDATE=1 {{(pid=95804) stat_writer /opt/stack/data/venv/lib/python3.12/site-packages/dbcounter.py:115}}
Jun 16 05:12:57.790358 np0000002915 nova-scheduler[95806]: DEBUG dbcounter [-] [95806] Writing DB stats nova_cell0:SELECT=3,nova_cell0:UPDATE=1 {{(pid=95806) stat_writer /opt/stack/data/venv/lib/python3.12/site-packages/dbcounter.py:115}}
Jun 16 05:13:05.776015 np0000002915 nova-scheduler[95806]: DEBUG oslo.service.backend._threading.loopingcall [None req-bc093f20-0cf5-47d3-884a-0366a7c3c480 None None] Dynamic interval looping call 'nova.service.Service.periodic_tasks' sleeping for 60.00 seconds {{(pid=95806) _run_loop /opt/stack/data/venv/lib/python3.12/site-packages/oslo_service/backend/_threading/loopingcall.py:125}}
Jun 16 05:13:33.766444 np0000002915 nova-scheduler[95808]: DEBUG oslo.service.backend._threading.loopingcall [None req-b5c77fa3-c4a2-4743-98d3-1af7bf32fa16 None None] Dynamic interval looping call 'nova.service.Service.periodic_tasks' sleeping for 60.00 seconds {{(pid=95808) _run_loop /opt/stack/data/venv/lib/python3.12/site-packages/oslo_service/backend/_threading/loopingcall.py:125}}
Jun 16 05:13:35.770931 np0000002915 nova-scheduler[95804]: DEBUG oslo.service.backend._threading.loopingcall [None req-24521dcc-18d8-42d8-8f3d-549e77ca50fd None None] Dynamic interval looping call 'nova.service.Service.periodic_tasks' sleeping for 60.00 seconds {{(pid=95804) _run_loop /opt/stack/data/venv/lib/python3.12/site-packages/oslo_service/backend/_threading/loopingcall.py:125}}
Jun 16 05:14:05.776508 np0000002915 nova-scheduler[95806]: DEBUG oslo.service.backend._threading.loopingcall [None req-bc093f20-0cf5-47d3-884a-0366a7c3c480 None None] Dynamic interval looping call 'nova.service.Service.periodic_tasks' sleeping for 60.00 seconds {{(pid=95806) _run_loop /opt/stack/data/venv/lib/python3.12/site-packages/oslo_service/backend/_threading/loopingcall.py:125}}
Jun 16 05:14:33.766929 np0000002915 nova-scheduler[95808]: DEBUG oslo.service.backend._threading.loopingcall [None req-b5c77fa3-c4a2-4743-98d3-1af7bf32fa16 None None] Dynamic interval looping call 'nova.service.Service.periodic_tasks' sleeping for 60.00 seconds {{(pid=95808) _run_loop /opt/stack/data/venv/lib/python3.12/site-packages/oslo_service/backend/_threading/loopingcall.py:125}}
Jun 16 05:14:35.771443 np0000002915 nova-scheduler[95804]: DEBUG oslo.service.backend._threading.loopingcall [None req-24521dcc-18d8-42d8-8f3d-549e77ca50fd None None] Dynamic interval looping call 'nova.service.Service.periodic_tasks' sleeping for 60.00 seconds {{(pid=95804) _run_loop /opt/stack/data/venv/lib/python3.12/site-packages/oslo_service/backend/_threading/loopingcall.py:125}}
Jun 16 05:14:47.779552 np0000002915 nova-scheduler[95806]: DEBUG oslo.service.backend._threading.loopingcall [-] Fixed interval looping call 'nova.servicegroup.drivers.db.DbDriver._report_state' sleeping for 119.99 seconds {{(pid=95806) _run_loop /opt/stack/data/venv/lib/python3.12/site-packages/oslo_service/backend/_threading/loopingcall.py:125}}
Jun 16 05:14:47.779990 np0000002915 nova-scheduler[95804]: DEBUG oslo.service.backend._threading.loopingcall [-] Fixed interval looping call 'nova.servicegroup.drivers.db.DbDriver._report_state' sleeping for 119.99 seconds {{(pid=95804) _run_loop /opt/stack/data/venv/lib/python3.12/site-packages/oslo_service/backend/_threading/loopingcall.py:125}}
Jun 16 05:14:47.781031 np0000002915 nova-scheduler[95808]: DEBUG oslo.service.backend._threading.loopingcall [-] Fixed interval looping call 'nova.servicegroup.drivers.db.DbDriver._report_state' sleeping for 119.99 seconds {{(pid=95808) _run_loop /opt/stack/data/venv/lib/python3.12/site-packages/oslo_service/backend/_threading/loopingcall.py:125}}
Jun 16 05:14:57.773776 np0000002915 nova-scheduler[95804]: DEBUG dbcounter [-] [95804] Writing DB stats nova_cell0:SELECT=1,nova_cell0:UPDATE=1 {{(pid=95804) stat_writer /opt/stack/data/venv/lib/python3.12/site-packages/dbcounter.py:115}}
Jun 16 05:14:57.774255 np0000002915 nova-scheduler[95806]: DEBUG dbcounter [-] [95806] Writing DB stats nova_cell0:SELECT=1,nova_cell0:UPDATE=1 {{(pid=95806) stat_writer /opt/stack/data/venv/lib/python3.12/site-packages/dbcounter.py:115}}
Jun 16 05:14:57.774489 np0000002915 nova-scheduler[95808]: DEBUG dbcounter [-] [95808] Writing DB stats nova_cell0:SELECT=1,nova_cell0:UPDATE=1 {{(pid=95808) stat_writer /opt/stack/data/venv/lib/python3.12/site-packages/dbcounter.py:115}}
Jun 16 05:15:05.777120 np0000002915 nova-scheduler[95806]: DEBUG oslo.service.backend._threading.loopingcall [None req-bc093f20-0cf5-47d3-884a-0366a7c3c480 None None] Dynamic interval looping call 'nova.service.Service.periodic_tasks' sleeping for 60.00 seconds {{(pid=95806) _run_loop /opt/stack/data/venv/lib/python3.12/site-packages/oslo_service/backend/_threading/loopingcall.py:125}}
Jun 16 05:15:32.245420 np0000002915 nova-scheduler[95808]: DEBUG nova.scheduler.manager [None req-b6d902f7-6843-4292-ac06-0072a3693363 tempest-AttachVolumeNegativeTest-1231477156 tempest-AttachVolumeNegativeTest-1231477156-project-member] Starting to schedule for instances: ['787d9742-0859-4fae-9bbc-14c1ab6fb908'] {{(pid=95808) select_destinations /opt/stack/nova/nova/scheduler/manager.py:210}}
Jun 16 05:15:32.249907 np0000002915 nova-scheduler[95808]: DEBUG nova.scheduler.request_filter [None req-b6d902f7-6843-4292-ac06-0072a3693363 tempest-AttachVolumeNegativeTest-1231477156 tempest-AttachVolumeNegativeTest-1231477156-project-member] compute_status_filter request filter added forbidden trait COMPUTE_STATUS_DISABLED {{(pid=95808) compute_status_filter /opt/stack/nova/nova/scheduler/request_filter.py:253}}
Jun 16 05:15:32.250034 np0000002915 nova-scheduler[95808]: DEBUG nova.scheduler.request_filter [None req-b6d902f7-6843-4292-ac06-0072a3693363 tempest-AttachVolumeNegativeTest-1231477156 tempest-AttachVolumeNegativeTest-1231477156-project-member] Request filter 'compute_status_filter' took 0.0 seconds {{(pid=95808) wrapper /opt/stack/nova/nova/scheduler/request_filter.py:46}}
Jun 16 05:15:32.250347 np0000002915 nova-scheduler[95808]: DEBUG nova.scheduler.request_filter [None req-b6d902f7-6843-4292-ac06-0072a3693363 tempest-AttachVolumeNegativeTest-1231477156 tempest-AttachVolumeNegativeTest-1231477156-project-member] Request filter 'accelerators_filter' took 0.0 seconds {{(pid=95808) wrapper /opt/stack/nova/nova/scheduler/request_filter.py:46}}
Jun 16 05:15:32.250477 np0000002915 nova-scheduler[95808]: DEBUG nova.scheduler.request_filter [None req-b6d902f7-6843-4292-ac06-0072a3693363 tempest-AttachVolumeNegativeTest-1231477156 tempest-AttachVolumeNegativeTest-1231477156-project-member] Request filter 'packed_virtqueue_filter' took 0.0 seconds {{(pid=95808) wrapper /opt/stack/nova/nova/scheduler/request_filter.py:46}}
Jun 16 05:15:32.251362 np0000002915 nova-scheduler[95808]: DEBUG nova.scheduler.request_filter [None req-b6d902f7-6843-4292-ac06-0072a3693363 tempest-AttachVolumeNegativeTest-1231477156 tempest-AttachVolumeNegativeTest-1231477156-project-member] Request filter 'remote_managed_ports_filter' took 0.0 seconds {{(pid=95808) wrapper /opt/stack/nova/nova/scheduler/request_filter.py:46}}
Jun 16 05:15:32.251788 np0000002915 nova-scheduler[95808]: DEBUG nova.scheduler.request_filter [None req-b6d902f7-6843-4292-ac06-0072a3693363 tempest-AttachVolumeNegativeTest-1231477156 tempest-AttachVolumeNegativeTest-1231477156-project-member] ephemeral_encryption_filter skipped {{(pid=95808) ephemeral_encryption_filter /opt/stack/nova/nova/scheduler/request_filter.py:426}}
Jun 16 05:15:32.252110 np0000002915 nova-scheduler[95808]: DEBUG nova.scheduler.request_filter [None req-b6d902f7-6843-4292-ac06-0072a3693363 tempest-AttachVolumeNegativeTest-1231477156 tempest-AttachVolumeNegativeTest-1231477156-project-member] virtio_sound_filter skipped {{(pid=95808) virtio_sound_filter /opt/stack/nova/nova/scheduler/request_filter.py:460}}
Jun 16 05:15:32.252335 np0000002915 nova-scheduler[95808]: DEBUG nova.scheduler.request_filter [None req-b6d902f7-6843-4292-ac06-0072a3693363 tempest-AttachVolumeNegativeTest-1231477156 tempest-AttachVolumeNegativeTest-1231477156-project-member] tpm_secret_security_filter skipped {{(pid=95808) tpm_secret_security_filter /opt/stack/nova/nova/scheduler/request_filter.py:477}}
Jun 16 05:15:32.313312 np0000002915 nova-scheduler[95804]: DEBUG nova.scheduler.manager [None req-25e8c9e1-e35f-4936-b6f2-23473275ed27 tempest-AttachVolumeMultiAttachTest-761483180 tempest-AttachVolumeMultiAttachTest-761483180-project-member] Starting to schedule for instances: ['b5a2fb35-f8bc-4ba8-9d2a-b224322ca170'] {{(pid=95804) select_destinations /opt/stack/nova/nova/scheduler/manager.py:210}}
Jun 16 05:15:32.314132 np0000002915 nova-scheduler[95804]: DEBUG nova.scheduler.request_filter [None req-25e8c9e1-e35f-4936-b6f2-23473275ed27 tempest-AttachVolumeMultiAttachTest-761483180 tempest-AttachVolumeMultiAttachTest-761483180-project-member] compute_status_filter request filter added forbidden trait COMPUTE_STATUS_DISABLED {{(pid=95804) compute_status_filter /opt/stack/nova/nova/scheduler/request_filter.py:253}}
Jun 16 05:15:32.314332 np0000002915 nova-scheduler[95804]: DEBUG nova.scheduler.request_filter [None req-25e8c9e1-e35f-4936-b6f2-23473275ed27 tempest-AttachVolumeMultiAttachTest-761483180 tempest-AttachVolumeMultiAttachTest-761483180-project-member] Request filter 'compute_status_filter' took 0.0 seconds {{(pid=95804) wrapper /opt/stack/nova/nova/scheduler/request_filter.py:46}}
Jun 16 05:15:32.314675 np0000002915 nova-scheduler[95804]: DEBUG nova.scheduler.request_filter [None req-25e8c9e1-e35f-4936-b6f2-23473275ed27 tempest-AttachVolumeMultiAttachTest-761483180 tempest-AttachVolumeMultiAttachTest-761483180-project-member] Request filter 'accelerators_filter' took 0.0 seconds {{(pid=95804) wrapper /opt/stack/nova/nova/scheduler/request_filter.py:46}}
Jun 16 05:15:32.314840 np0000002915 nova-scheduler[95804]: DEBUG nova.scheduler.request_filter [None req-25e8c9e1-e35f-4936-b6f2-23473275ed27 tempest-AttachVolumeMultiAttachTest-761483180 tempest-AttachVolumeMultiAttachTest-761483180-project-member] Request filter 'packed_virtqueue_filter' took 0.0 seconds {{(pid=95804) wrapper /opt/stack/nova/nova/scheduler/request_filter.py:46}}
Jun 16 05:15:32.315175 np0000002915 nova-scheduler[95804]: DEBUG nova.scheduler.request_filter [None req-25e8c9e1-e35f-4936-b6f2-23473275ed27 tempest-AttachVolumeMultiAttachTest-761483180 tempest-AttachVolumeMultiAttachTest-761483180-project-member] Request filter 'remote_managed_ports_filter' took 0.0 seconds {{(pid=95804) wrapper /opt/stack/nova/nova/scheduler/request_filter.py:46}}
Jun 16 05:15:32.315348 np0000002915 nova-scheduler[95804]: DEBUG nova.scheduler.request_filter [None req-25e8c9e1-e35f-4936-b6f2-23473275ed27 tempest-AttachVolumeMultiAttachTest-761483180 tempest-AttachVolumeMultiAttachTest-761483180-project-member] ephemeral_encryption_filter skipped {{(pid=95804) ephemeral_encryption_filter /opt/stack/nova/nova/scheduler/request_filter.py:426}}
Jun 16 05:15:32.315527 np0000002915 nova-scheduler[95804]: DEBUG nova.scheduler.request_filter [None req-25e8c9e1-e35f-4936-b6f2-23473275ed27 tempest-AttachVolumeMultiAttachTest-761483180 tempest-AttachVolumeMultiAttachTest-761483180-project-member] virtio_sound_filter skipped {{(pid=95804) virtio_sound_filter /opt/stack/nova/nova/scheduler/request_filter.py:460}}
Jun 16 05:15:32.315685 np0000002915 nova-scheduler[95804]: DEBUG nova.scheduler.request_filter [None req-25e8c9e1-e35f-4936-b6f2-23473275ed27 tempest-AttachVolumeMultiAttachTest-761483180 tempest-AttachVolumeMultiAttachTest-761483180-project-member] tpm_secret_security_filter skipped {{(pid=95804) tpm_secret_security_filter /opt/stack/nova/nova/scheduler/request_filter.py:477}}
Jun 16 05:15:32.674922 np0000002915 nova-scheduler[95804]: INFO nova.utils [None req-25e8c9e1-e35f-4936-b6f2-23473275ed27 tempest-AttachVolumeMultiAttachTest-761483180 tempest-AttachVolumeMultiAttachTest-761483180-project-member] The cell worker thread pool ForkProcess-1.cell_worker is initialized
Jun 16 05:15:32.675293 np0000002915 nova-scheduler[95804]: DEBUG oslo_concurrency.lockutils [None req-25e8c9e1-e35f-4936-b6f2-23473275ed27 tempest-AttachVolumeMultiAttachTest-761483180 tempest-AttachVolumeMultiAttachTest-761483180-project-member] Acquiring lock "78597c3f-6c73-48ab-acf4-7be9a83bc8e3" by "nova.context.set_target_cell..get_or_set_cached_cell_and_set_connections" {{(pid=95804) inner /opt/stack/data/venv/lib/python3.12/site-packages/oslo_concurrency/lockutils.py:511}}
Jun 16 05:15:32.675476 np0000002915 nova-scheduler[95804]: DEBUG oslo_concurrency.lockutils [None req-25e8c9e1-e35f-4936-b6f2-23473275ed27 tempest-AttachVolumeMultiAttachTest-761483180 tempest-AttachVolumeMultiAttachTest-761483180-project-member] Lock "78597c3f-6c73-48ab-acf4-7be9a83bc8e3" acquired by "nova.context.set_target_cell..get_or_set_cached_cell_and_set_connections" :: waited 0.000s {{(pid=95804) inner /opt/stack/data/venv/lib/python3.12/site-packages/oslo_concurrency/lockutils.py:524}}
Jun 16 05:15:32.676877 np0000002915 nova-scheduler[95804]: DEBUG oslo_concurrency.lockutils [None req-25e8c9e1-e35f-4936-b6f2-23473275ed27 tempest-AttachVolumeMultiAttachTest-761483180 tempest-AttachVolumeMultiAttachTest-761483180-project-member] Lock "78597c3f-6c73-48ab-acf4-7be9a83bc8e3" "released" by "nova.context.set_target_cell..get_or_set_cached_cell_and_set_connections" :: held 0.001s {{(pid=95804) inner /opt/stack/data/venv/lib/python3.12/site-packages/oslo_concurrency/lockutils.py:543}}
Jun 16 05:15:32.679213 np0000002915 nova-scheduler[95804]: INFO dbcounter [None req-25e8c9e1-e35f-4936-b6f2-23473275ed27 tempest-AttachVolumeMultiAttachTest-761483180 tempest-AttachVolumeMultiAttachTest-761483180-project-member] Registered counter for database nova_cell1
Jun 16 05:15:32.721455 np0000002915 nova-scheduler[95804]: DEBUG oslo_db.sqlalchemy.engines [None req-25e8c9e1-e35f-4936-b6f2-23473275ed27 tempest-AttachVolumeMultiAttachTest-761483180 tempest-AttachVolumeMultiAttachTest-761483180-project-member] MySQL server mode set to STRICT_TRANS_TABLES,STRICT_ALL_TABLES,NO_ZERO_IN_DATE,NO_ZERO_DATE,ERROR_FOR_DIVISION_BY_ZERO,TRADITIONAL,NO_ENGINE_SUBSTITUTION {{(pid=95804) _check_effective_sql_mode /opt/stack/data/venv/lib/python3.12/site-packages/oslo_db/sqlalchemy/engines.py:325}}
Jun 16 05:15:32.726728 np0000002915 nova-scheduler[95808]: INFO nova.utils [None req-b6d902f7-6843-4292-ac06-0072a3693363 tempest-AttachVolumeNegativeTest-1231477156 tempest-AttachVolumeNegativeTest-1231477156-project-member] The cell worker thread pool ForkProcess-3.cell_worker is initialized
Jun 16 05:15:32.727768 np0000002915 nova-scheduler[95808]: DEBUG oslo_concurrency.lockutils [None req-b6d902f7-6843-4292-ac06-0072a3693363 tempest-AttachVolumeNegativeTest-1231477156 tempest-AttachVolumeNegativeTest-1231477156-project-member] Acquiring lock "78597c3f-6c73-48ab-acf4-7be9a83bc8e3" by "nova.context.set_target_cell..get_or_set_cached_cell_and_set_connections" {{(pid=95808) inner /opt/stack/data/venv/lib/python3.12/site-packages/oslo_concurrency/lockutils.py:511}}
Jun 16 05:15:32.727768 np0000002915 nova-scheduler[95808]: DEBUG oslo_concurrency.lockutils [None req-b6d902f7-6843-4292-ac06-0072a3693363 tempest-AttachVolumeNegativeTest-1231477156 tempest-AttachVolumeNegativeTest-1231477156-project-member] Lock "78597c3f-6c73-48ab-acf4-7be9a83bc8e3" acquired by "nova.context.set_target_cell..get_or_set_cached_cell_and_set_connections" :: waited 0.000s {{(pid=95808) inner /opt/stack/data/venv/lib/python3.12/site-packages/oslo_concurrency/lockutils.py:524}}
Jun 16 05:15:32.727858 np0000002915 nova-scheduler[95804]: DEBUG dbcounter [-] [95804] Writer thread running {{(pid=95804) stat_writer /opt/stack/data/venv/lib/python3.12/site-packages/dbcounter.py:102}}
Jun 16 05:15:32.729475 np0000002915 nova-scheduler[95808]: DEBUG oslo_concurrency.lockutils [None req-b6d902f7-6843-4292-ac06-0072a3693363 tempest-AttachVolumeNegativeTest-1231477156 tempest-AttachVolumeNegativeTest-1231477156-project-member] Lock "78597c3f-6c73-48ab-acf4-7be9a83bc8e3" "released" by "nova.context.set_target_cell..get_or_set_cached_cell_and_set_connections" :: held 0.002s {{(pid=95808) inner /opt/stack/data/venv/lib/python3.12/site-packages/oslo_concurrency/lockutils.py:543}}
Jun 16 05:15:32.731152 np0000002915 nova-scheduler[95808]: INFO dbcounter [None req-b6d902f7-6843-4292-ac06-0072a3693363 tempest-AttachVolumeNegativeTest-1231477156 tempest-AttachVolumeNegativeTest-1231477156-project-member] Registered counter for database nova_cell1
Jun 16 05:15:32.743673 np0000002915 nova-scheduler[95804]: DEBUG oslo_db.sqlalchemy.engines [None req-25e8c9e1-e35f-4936-b6f2-23473275ed27 tempest-AttachVolumeMultiAttachTest-761483180 tempest-AttachVolumeMultiAttachTest-761483180-project-member] Parent process 94525 forked (95804) with an open database connection, which is being discarded and recreated. {{(pid=95804) checkout /opt/stack/data/venv/lib/python3.12/site-packages/oslo_db/sqlalchemy/engines.py:402}}
Jun 16 05:15:32.777221 np0000002915 nova-scheduler[95808]: DEBUG oslo_db.sqlalchemy.engines [None req-b6d902f7-6843-4292-ac06-0072a3693363 tempest-AttachVolumeNegativeTest-1231477156 tempest-AttachVolumeNegativeTest-1231477156-project-member] MySQL server mode set to STRICT_TRANS_TABLES,STRICT_ALL_TABLES,NO_ZERO_IN_DATE,NO_ZERO_DATE,ERROR_FOR_DIVISION_BY_ZERO,TRADITIONAL,NO_ENGINE_SUBSTITUTION {{(pid=95808) _check_effective_sql_mode /opt/stack/data/venv/lib/python3.12/site-packages/oslo_db/sqlalchemy/engines.py:325}}
Jun 16 05:15:32.783652 np0000002915 nova-scheduler[95808]: DEBUG dbcounter [-] [95808] Writer thread running {{(pid=95808) stat_writer /opt/stack/data/venv/lib/python3.12/site-packages/dbcounter.py:102}}
Jun 16 05:15:32.801139 np0000002915 nova-scheduler[95804]: DEBUG dbcounter [-] [95804] Writer thread running {{(pid=95804) stat_writer /opt/stack/data/venv/lib/python3.12/site-packages/dbcounter.py:102}}
Jun 16 05:15:32.803829 np0000002915 nova-scheduler[95804]: DEBUG oslo_concurrency.lockutils [None req-25e8c9e1-e35f-4936-b6f2-23473275ed27 tempest-AttachVolumeMultiAttachTest-761483180 tempest-AttachVolumeMultiAttachTest-761483180-project-member] Acquiring lock "78597c3f-6c73-48ab-acf4-7be9a83bc8e3" by "nova.context.set_target_cell..get_or_set_cached_cell_and_set_connections" {{(pid=95804) inner /opt/stack/data/venv/lib/python3.12/site-packages/oslo_concurrency/lockutils.py:511}}
Jun 16 05:15:32.803975 np0000002915 nova-scheduler[95804]: DEBUG oslo_concurrency.lockutils [None req-25e8c9e1-e35f-4936-b6f2-23473275ed27 tempest-AttachVolumeMultiAttachTest-761483180 tempest-AttachVolumeMultiAttachTest-761483180-project-member] Lock "78597c3f-6c73-48ab-acf4-7be9a83bc8e3" acquired by "nova.context.set_target_cell..get_or_set_cached_cell_and_set_connections" :: waited 0.000s {{(pid=95804) inner /opt/stack/data/venv/lib/python3.12/site-packages/oslo_concurrency/lockutils.py:524}}
Jun 16 05:15:32.804079 np0000002915 nova-scheduler[95804]: DEBUG oslo_concurrency.lockutils [None req-25e8c9e1-e35f-4936-b6f2-23473275ed27 tempest-AttachVolumeMultiAttachTest-761483180 tempest-AttachVolumeMultiAttachTest-761483180-project-member] Lock "78597c3f-6c73-48ab-acf4-7be9a83bc8e3" "released" by "nova.context.set_target_cell..get_or_set_cached_cell_and_set_connections" :: held 0.000s {{(pid=95804) inner /opt/stack/data/venv/lib/python3.12/site-packages/oslo_concurrency/lockutils.py:543}}
Jun 16 05:15:32.807772 np0000002915 nova-scheduler[95804]: DEBUG oslo_concurrency.lockutils [None req-25e8c9e1-e35f-4936-b6f2-23473275ed27 tempest-AttachVolumeMultiAttachTest-761483180 tempest-AttachVolumeMultiAttachTest-761483180-project-member] Acquiring lock "('np0000002915', 'np0000002915')" by "nova.scheduler.host_manager.HostState.update.._locked_update" {{(pid=95804) inner /opt/stack/data/venv/lib/python3.12/site-packages/oslo_concurrency/lockutils.py:511}}
Jun 16 05:15:32.807992 np0000002915 nova-scheduler[95804]: DEBUG oslo_concurrency.lockutils [None req-25e8c9e1-e35f-4936-b6f2-23473275ed27 tempest-AttachVolumeMultiAttachTest-761483180 tempest-AttachVolumeMultiAttachTest-761483180-project-member] Lock "('np0000002915', 'np0000002915')" acquired by "nova.scheduler.host_manager.HostState.update.._locked_update" :: waited 0.000s {{(pid=95804) inner /opt/stack/data/venv/lib/python3.12/site-packages/oslo_concurrency/lockutils.py:524}}
Jun 16 05:15:32.808993 np0000002915 nova-scheduler[95804]: DEBUG nova.scheduler.host_manager [None req-25e8c9e1-e35f-4936-b6f2-23473275ed27 tempest-AttachVolumeMultiAttachTest-761483180 tempest-AttachVolumeMultiAttachTest-761483180-project-member] Update host state from compute node: ComputeNode(cpu_allocation_ratio=4.0,cpu_info='{"arch": "x86_64", "model": "EPYC-Milan", "vendor": "AMD", "topology": {"cells": 1, "sockets": 12, "cores": 1, "threads": 1}, "maxphysaddr": {"mode": "emulate", "bits": 40}, "features": ["vgif", "xsaves", "clflushopt", "fsgsbase", "xgetbv1", "ibpb", "mds-no", "pfthreshold", "aes", "movbe", "rdseed", "sha-ni", "avx2", "misalignsse", "sse2", "sse4.1", "cx16", "sse4a", "svme-addr-chk", "rdrand", "flushbyasid", "bmi2", "clwb", "perfctr_core", "stibp-always-on", "clflush", "de", "topoext", "mmx", "xsavec", "bmi1", "tsc-scale", "arch-capabilities", "sep", "adx", "cx8", "gds-no", "ssbd", "fxsr_opt", "pni", "vpclmulqdq", "lahf_lm", "ssse3", "lbrv", "wbnoinvd", "xsaveopt", "stibp", "vmcb-clean", "amd-psfd", "pge", "rdctl-no", "smep", "arat", "lfence-always-serializing", "erms", "pse36", "cmov", "npt", "xsave", "f16c", "sse4.2", "umip", "msr", "cmp_legacy", "fxsr", "osvw", "rdtscp", "sse", "skip-l1dfl-vmentry", "nx", "mtrr", "lm", "invpcid", "pcid", "fma", "hypervisor", "no-nested-data-bp", "null-sel-clr-base", "clzero", "vme", "v-vmsave-vmload", "spec-ctrl", "amd-ssbd", "tsc", "abm", "pclmuldq", "mce", "xsaveerptr", "popcnt", "fsrm", "pause-filter", "cr8legacy", "fpu", "svm", "tsc-deadline", "mmxext", "syscall", "pku", "rdpid", "amd-stibp", "pae", "avx", "pse", "smap", "virt-ssbd", "pdpe1gb", "pat", "ibrs", "3dnowprefetch", "vaes", "x2apic", "mca", "pschange-mc-no", "nrip-save", "apic", "tsc_adjust"]}',created_at=2026-06-16T05:13:08Z,current_workload=0,deleted=False,deleted_at=None,disk_allocation_ratio=1.0,disk_available_least=74,free_disk_gb=95,free_ram_mb=23518,host='np0000002915',host_ip=10.4.3.141,hypervisor_hostname='np0000002915',hypervisor_type='QEMU',hypervisor_version=8002002,id=1,local_gb=95,local_gb_used=0,mapped=1,memory_mb=24030,memory_mb_used=512,metrics='[]',numa_topology='{"nova_object.name": "NUMATopology", "nova_object.namespace": "nova", "nova_object.version": "1.2", "nova_object.data": {"cells": [{"nova_object.name": "NUMACell", "nova_object.namespace": "nova", "nova_object.version": "1.5", "nova_object.data": {"id": 0, "cpuset": [0, 1, 2, 3, 4, 5, 6, 7, 8, 9, 10, 11], "pcpuset": [0, 1, 2, 3, 4, 5, 6, 7, 8, 9, 10, 11], "memory": 24030, "cpu_usage": 0, "memory_usage": 0, "pinned_cpus": [], "siblings": [[6], [2], [5], [11], [8], [4], [1], [7], [10], [0], [3], [9]], "mempages": [{"nova_object.name": "NUMAPagesTopology", "nova_object.namespace": "nova", "nova_object.version": "1.1", "nova_object.data": {"size_kb": 4, "total": 6151798, "used": 0, "reserved": 0}, "nova_object.changes": ["total", "reserved", "used", "size_kb"]}, {"nova_object.name": "NUMAPagesTopology", "nova_object.namespace": "nova", "nova_object.version": "1.1", "nova_object.data": {"size_kb": 2048, "total": 0, "used": 0, "reserved": 0}, "nova_object.changes": ["total", "reserved", "used", "size_kb"]}, {"nova_object.name": "NUMAPagesTopology", "nova_object.namespace": "nova", "nova_object.version": "1.1", "nova_object.data": {"size_kb": 1048576, "total": 0, "used": 0, "reserved": 0}, "nova_object.changes": ["total", "reserved", "used", "size_kb"]}], "network_metadata": {"nova_object.name": "NetworkMetadata", "nova_object.namespace": "nova", "nova_object.version": "1.0", "nova_object.data": {"physnets": [], "tunneled": false}, "nova_object.changes": ["physnets", "tunneled"]}, "socket": null}, "nova_object.changes": ["network_metadata", "memory", "memory_usage", "cpu_usage", "pcpuset", "pinned_cpus", "siblings", "mempages", "cpuset", "socket", "id"]}]}, "nova_object.changes": ["cells"]}',pci_device_pools=PciDevicePoolList,ram_allocation_ratio=1.0,running_vms=0,service_id=3,stats={failed_builds='0',uptime=' 05:14:53 up 24 min, 2 users, load average: 1.61, 1.67, 0.94
Jun 16 05:15:32.808993 np0000002915 nova-scheduler[95804]: '},supported_hv_specs=[HVSpec,HVSpec,HVSpec,HVSpec,HVSpec,HVSpec,HVSpec,HVSpec,HVSpec,HVSpec,HVSpec,HVSpec,HVSpec,HVSpec,HVSpec,HVSpec,HVSpec,HVSpec,HVSpec,HVSpec,HVSpec,HVSpec,HVSpec,HVSpec,HVSpec],updated_at=2026-06-16T05:14:56Z,uuid=acc9cdd3-02fc-42c7-93a9-bfaad4ca383a,vcpus=12,vcpus_used=0) {{(pid=95804) _locked_update /opt/stack/nova/nova/scheduler/host_manager.py:168}}
Jun 16 05:15:32.809656 np0000002915 nova-scheduler[95804]: DEBUG nova.scheduler.host_manager [None req-25e8c9e1-e35f-4936-b6f2-23473275ed27 tempest-AttachVolumeMultiAttachTest-761483180 tempest-AttachVolumeMultiAttachTest-761483180-project-member] Update host state with aggregates: [] {{(pid=95804) _locked_update /opt/stack/nova/nova/scheduler/host_manager.py:171}}
Jun 16 05:15:32.809761 np0000002915 nova-scheduler[95804]: DEBUG nova.scheduler.host_manager [None req-25e8c9e1-e35f-4936-b6f2-23473275ed27 tempest-AttachVolumeMultiAttachTest-761483180 tempest-AttachVolumeMultiAttachTest-761483180-project-member] Update host state with service dict: {'id': 3, 'uuid': 'c905d6d2-ec1f-4874-941a-83312bb6a537', 'host': 'np0000002915', 'binary': 'nova-compute', 'topic': 'compute', 'report_count': 2, 'disabled': False, 'disabled_reason': None, 'last_seen_up': datetime.datetime(2026, 6, 16, 5, 15, 16, tzinfo=datetime.timezone.utc), 'forced_down': False, 'version': 72, 'created_at': datetime.datetime(2026, 6, 16, 5, 13, 6, tzinfo=datetime.timezone.utc), 'updated_at': datetime.datetime(2026, 6, 16, 5, 15, 16, tzinfo=datetime.timezone.utc), 'deleted_at': None, 'deleted': False} {{(pid=95804) _locked_update /opt/stack/nova/nova/scheduler/host_manager.py:174}}
Jun 16 05:15:32.809920 np0000002915 nova-scheduler[95804]: DEBUG nova.scheduler.host_manager [None req-25e8c9e1-e35f-4936-b6f2-23473275ed27 tempest-AttachVolumeMultiAttachTest-761483180 tempest-AttachVolumeMultiAttachTest-761483180-project-member] Update host state with instances: [] {{(pid=95804) _locked_update /opt/stack/nova/nova/scheduler/host_manager.py:177}}
Jun 16 05:15:32.810115 np0000002915 nova-scheduler[95804]: DEBUG oslo_concurrency.lockutils [None req-25e8c9e1-e35f-4936-b6f2-23473275ed27 tempest-AttachVolumeMultiAttachTest-761483180 tempest-AttachVolumeMultiAttachTest-761483180-project-member] Lock "('np0000002915', 'np0000002915')" "released" by "nova.scheduler.host_manager.HostState.update.._locked_update" :: held 0.002s {{(pid=95804) inner /opt/stack/data/venv/lib/python3.12/site-packages/oslo_concurrency/lockutils.py:543}}
Jun 16 05:15:32.810650 np0000002915 nova-scheduler[95804]: DEBUG nova.filters [None req-25e8c9e1-e35f-4936-b6f2-23473275ed27 tempest-AttachVolumeMultiAttachTest-761483180 tempest-AttachVolumeMultiAttachTest-761483180-project-member] Starting with 1 host(s) {{(pid=95804) get_filtered_objects /opt/stack/nova/nova/filters.py:70}}
Jun 16 05:15:32.810949 np0000002915 nova-scheduler[95804]: DEBUG nova.filters [None req-25e8c9e1-e35f-4936-b6f2-23473275ed27 tempest-AttachVolumeMultiAttachTest-761483180 tempest-AttachVolumeMultiAttachTest-761483180-project-member] Filter ComputeFilter returned 1 host(s) {{(pid=95804) get_filtered_objects /opt/stack/nova/nova/filters.py:102}}
Jun 16 05:15:32.811151 np0000002915 nova-scheduler[95804]: DEBUG nova.filters [None req-25e8c9e1-e35f-4936-b6f2-23473275ed27 tempest-AttachVolumeMultiAttachTest-761483180 tempest-AttachVolumeMultiAttachTest-761483180-project-member] Filter ComputeCapabilitiesFilter returned 1 host(s) {{(pid=95804) get_filtered_objects /opt/stack/nova/nova/filters.py:102}}
Jun 16 05:15:32.811414 np0000002915 nova-scheduler[95804]: DEBUG nova.filters [None req-25e8c9e1-e35f-4936-b6f2-23473275ed27 tempest-AttachVolumeMultiAttachTest-761483180 tempest-AttachVolumeMultiAttachTest-761483180-project-member] Filter ImagePropertiesFilter returned 1 host(s) {{(pid=95804) get_filtered_objects /opt/stack/nova/nova/filters.py:102}}
Jun 16 05:15:32.811573 np0000002915 nova-scheduler[95804]: DEBUG nova.filters [None req-25e8c9e1-e35f-4936-b6f2-23473275ed27 tempest-AttachVolumeMultiAttachTest-761483180 tempest-AttachVolumeMultiAttachTest-761483180-project-member] Filter ServerGroupAntiAffinityFilter returned 1 host(s) {{(pid=95804) get_filtered_objects /opt/stack/nova/nova/filters.py:102}}
Jun 16 05:15:32.811723 np0000002915 nova-scheduler[95804]: DEBUG nova.filters [None req-25e8c9e1-e35f-4936-b6f2-23473275ed27 tempest-AttachVolumeMultiAttachTest-761483180 tempest-AttachVolumeMultiAttachTest-761483180-project-member] Filter ServerGroupAffinityFilter returned 1 host(s) {{(pid=95804) get_filtered_objects /opt/stack/nova/nova/filters.py:102}}
Jun 16 05:15:32.811914 np0000002915 nova-scheduler[95804]: DEBUG nova.filters [None req-25e8c9e1-e35f-4936-b6f2-23473275ed27 tempest-AttachVolumeMultiAttachTest-761483180 tempest-AttachVolumeMultiAttachTest-761483180-project-member] Filter SameHostFilter returned 1 host(s) {{(pid=95804) get_filtered_objects /opt/stack/nova/nova/filters.py:102}}
Jun 16 05:15:32.812124 np0000002915 nova-scheduler[95804]: DEBUG nova.filters [None req-25e8c9e1-e35f-4936-b6f2-23473275ed27 tempest-AttachVolumeMultiAttachTest-761483180 tempest-AttachVolumeMultiAttachTest-761483180-project-member] Filter DifferentHostFilter returned 1 host(s) {{(pid=95804) get_filtered_objects /opt/stack/nova/nova/filters.py:102}}
Jun 16 05:15:32.812268 np0000002915 nova-scheduler[95804]: DEBUG nova.scheduler.manager [None req-25e8c9e1-e35f-4936-b6f2-23473275ed27 tempest-AttachVolumeMultiAttachTest-761483180 tempest-AttachVolumeMultiAttachTest-761483180-project-member] Filtered [(np0000002915, np0000002915) ram: 23518MB disk: 75776MB io_ops: 0 instances: 0, allocation_candidates: 1] {{(pid=95804) _get_sorted_hosts /opt/stack/nova/nova/scheduler/manager.py:743}}
Jun 16 05:15:32.812517 np0000002915 nova-scheduler[95804]: DEBUG nova.scheduler.manager [None req-25e8c9e1-e35f-4936-b6f2-23473275ed27 tempest-AttachVolumeMultiAttachTest-761483180 tempest-AttachVolumeMultiAttachTest-761483180-project-member] Weighed [WeighedHost [host: (np0000002915, np0000002915) ram: 23518MB disk: 75776MB io_ops: 0 instances: 0, allocation_candidates: 1, weight: 0.0]] {{(pid=95804) _get_sorted_hosts /opt/stack/nova/nova/scheduler/manager.py:765}}
Jun 16 05:15:32.812742 np0000002915 nova-scheduler[95804]: DEBUG nova.scheduler.utils [None req-25e8c9e1-e35f-4936-b6f2-23473275ed27 tempest-AttachVolumeMultiAttachTest-761483180 tempest-AttachVolumeMultiAttachTest-761483180-project-member] Attempting to claim resources in the placement API for instance b5a2fb35-f8bc-4ba8-9d2a-b224322ca170 {{(pid=95804) claim_resources /opt/stack/nova/nova/scheduler/utils.py:1345}}
Jun 16 05:15:32.835026 np0000002915 nova-scheduler[95808]: DEBUG dbcounter [-] [95808] Writer thread running {{(pid=95808) stat_writer /opt/stack/data/venv/lib/python3.12/site-packages/dbcounter.py:102}}
Jun 16 05:15:32.837574 np0000002915 nova-scheduler[95808]: DEBUG oslo_concurrency.lockutils [None req-b6d902f7-6843-4292-ac06-0072a3693363 tempest-AttachVolumeNegativeTest-1231477156 tempest-AttachVolumeNegativeTest-1231477156-project-member] Acquiring lock "78597c3f-6c73-48ab-acf4-7be9a83bc8e3" by "nova.context.set_target_cell..get_or_set_cached_cell_and_set_connections" {{(pid=95808) inner /opt/stack/data/venv/lib/python3.12/site-packages/oslo_concurrency/lockutils.py:511}}
Jun 16 05:15:32.837720 np0000002915 nova-scheduler[95808]: DEBUG oslo_concurrency.lockutils [None req-b6d902f7-6843-4292-ac06-0072a3693363 tempest-AttachVolumeNegativeTest-1231477156 tempest-AttachVolumeNegativeTest-1231477156-project-member] Lock "78597c3f-6c73-48ab-acf4-7be9a83bc8e3" acquired by "nova.context.set_target_cell..get_or_set_cached_cell_and_set_connections" :: waited 0.000s {{(pid=95808) inner /opt/stack/data/venv/lib/python3.12/site-packages/oslo_concurrency/lockutils.py:524}}
Jun 16 05:15:32.837826 np0000002915 nova-scheduler[95808]: DEBUG oslo_concurrency.lockutils [None req-b6d902f7-6843-4292-ac06-0072a3693363 tempest-AttachVolumeNegativeTest-1231477156 tempest-AttachVolumeNegativeTest-1231477156-project-member] Lock "78597c3f-6c73-48ab-acf4-7be9a83bc8e3" "released" by "nova.context.set_target_cell..get_or_set_cached_cell_and_set_connections" :: held 0.000s {{(pid=95808) inner /opt/stack/data/venv/lib/python3.12/site-packages/oslo_concurrency/lockutils.py:543}}
Jun 16 05:15:32.841163 np0000002915 nova-scheduler[95808]: DEBUG oslo_concurrency.lockutils [None req-b6d902f7-6843-4292-ac06-0072a3693363 tempest-AttachVolumeNegativeTest-1231477156 tempest-AttachVolumeNegativeTest-1231477156-project-member] Acquiring lock "('np0000002915', 'np0000002915')" by "nova.scheduler.host_manager.HostState.update.._locked_update" {{(pid=95808) inner /opt/stack/data/venv/lib/python3.12/site-packages/oslo_concurrency/lockutils.py:511}}
Jun 16 05:15:32.841285 np0000002915 nova-scheduler[95808]: DEBUG oslo_concurrency.lockutils [None req-b6d902f7-6843-4292-ac06-0072a3693363 tempest-AttachVolumeNegativeTest-1231477156 tempest-AttachVolumeNegativeTest-1231477156-project-member] Lock "('np0000002915', 'np0000002915')" acquired by "nova.scheduler.host_manager.HostState.update.._locked_update" :: waited 0.000s {{(pid=95808) inner /opt/stack/data/venv/lib/python3.12/site-packages/oslo_concurrency/lockutils.py:524}}
