Aug 20 01:56:52.926195 np0000007844 nova-scheduler[96552]: DEBUG cotyledon.oslo_config_glue [-] workarounds.ensure_libvirt_rbd_instance_dir_cleanup = False {{(pid=96552) log_opt_values /opt/stack/data/venv/lib/python3.12/site-packages/oslo_config/cfg.py:3560}}
Aug 20 01:56:52.926399 np0000007844 nova-scheduler[96552]: DEBUG cotyledon.oslo_config_glue [-] workarounds.handle_virt_lifecycle_events = True {{(pid=96552) log_opt_values /opt/stack/data/venv/lib/python3.12/site-packages/oslo_config/cfg.py:3560}}
Aug 20 01:56:52.926399 np0000007844 nova-scheduler[96552]: DEBUG cotyledon.oslo_config_glue [-] workarounds.libvirt_disable_apic = False {{(pid=96552) log_opt_values /opt/stack/data/venv/lib/python3.12/site-packages/oslo_config/cfg.py:3560}}
Aug 20 01:56:52.926399 np0000007844 nova-scheduler[96552]: DEBUG cotyledon.oslo_config_glue [-] workarounds.never_download_image_if_on_rbd = False {{(pid=96552) log_opt_values /opt/stack/data/venv/lib/python3.12/site-packages/oslo_config/cfg.py:3560}}
Aug 20 01:56:52.926399 np0000007844 nova-scheduler[96552]: DEBUG cotyledon.oslo_config_glue [-] workarounds.qemu_monitor_announce_self_count = 3 {{(pid=96552) log_opt_values /opt/stack/data/venv/lib/python3.12/site-packages/oslo_config/cfg.py:3560}}
Aug 20 01:56:52.926399 np0000007844 nova-scheduler[96552]: DEBUG cotyledon.oslo_config_glue [-] workarounds.qemu_monitor_announce_self_interval = 1 {{(pid=96552) log_opt_values /opt/stack/data/venv/lib/python3.12/site-packages/oslo_config/cfg.py:3560}}
Aug 20 01:56:52.926399 np0000007844 nova-scheduler[96552]: DEBUG cotyledon.oslo_config_glue [-] workarounds.reserve_disk_resource_for_image_cache = False {{(pid=96552) log_opt_values /opt/stack/data/venv/lib/python3.12/site-packages/oslo_config/cfg.py:3560}}
Aug 20 01:56:52.926399 np0000007844 nova-scheduler[96552]: DEBUG cotyledon.oslo_config_glue [-] workarounds.skip_cpu_compare_at_startup = False {{(pid=96552) log_opt_values /opt/stack/data/venv/lib/python3.12/site-packages/oslo_config/cfg.py:3560}}
Aug 20 01:56:52.926399 np0000007844 nova-scheduler[96552]: DEBUG cotyledon.oslo_config_glue [-] workarounds.skip_cpu_compare_on_dest = False {{(pid=96552) log_opt_values /opt/stack/data/venv/lib/python3.12/site-packages/oslo_config/cfg.py:3560}}
Aug 20 01:56:52.926399 np0000007844 nova-scheduler[96552]: DEBUG cotyledon.oslo_config_glue [-] workarounds.skip_hypervisor_version_check_on_lm = False {{(pid=96552) log_opt_values /opt/stack/data/venv/lib/python3.12/site-packages/oslo_config/cfg.py:3560}}
Aug 20 01:56:52.926567 np0000007844 nova-scheduler[96552]: DEBUG cotyledon.oslo_config_glue [-] workarounds.skip_reserve_in_use_ironic_nodes = False {{(pid=96552) log_opt_values /opt/stack/data/venv/lib/python3.12/site-packages/oslo_config/cfg.py:3560}}
Aug 20 01:56:52.926567 np0000007844 nova-scheduler[96552]: DEBUG cotyledon.oslo_config_glue [-] workarounds.unified_limits_count_pcpu_as_vcpu = False {{(pid=96552) log_opt_values /opt/stack/data/venv/lib/python3.12/site-packages/oslo_config/cfg.py:3560}}
Aug 20 01:56:52.926567 np0000007844 nova-scheduler[96552]: DEBUG cotyledon.oslo_config_glue [-] workarounds.wait_for_vif_plugged_event_during_hard_reboot = [] {{(pid=96552) log_opt_values /opt/stack/data/venv/lib/python3.12/site-packages/oslo_config/cfg.py:3560}}
Aug 20 01:56:52.926567 np0000007844 nova-scheduler[96552]: DEBUG cotyledon.oslo_config_glue [-] wsgi.api_paste_config = /etc/nova/api-paste.ini {{(pid=96552) log_opt_values /opt/stack/data/venv/lib/python3.12/site-packages/oslo_config/cfg.py:3560}}
Aug 20 01:56:52.926567 np0000007844 nova-scheduler[96552]: DEBUG cotyledon.oslo_config_glue [-] wsgi.secure_proxy_ssl_header = None {{(pid=96552) log_opt_values /opt/stack/data/venv/lib/python3.12/site-packages/oslo_config/cfg.py:3560}}
Aug 20 01:56:52.926567 np0000007844 nova-scheduler[96552]: DEBUG cotyledon.oslo_config_glue [-] zvm.ca_file = None {{(pid=96552) log_opt_values /opt/stack/data/venv/lib/python3.12/site-packages/oslo_config/cfg.py:3560}}
Aug 20 01:56:52.926567 np0000007844 nova-scheduler[96552]: DEBUG cotyledon.oslo_config_glue [-] zvm.cloud_connector_url = None {{(pid=96552) log_opt_values /opt/stack/data/venv/lib/python3.12/site-packages/oslo_config/cfg.py:3560}}
Aug 20 01:56:52.926567 np0000007844 nova-scheduler[96552]: DEBUG cotyledon.oslo_config_glue [-] zvm.image_tmp_path = /opt/stack/data/nova/images {{(pid=96552) log_opt_values /opt/stack/data/venv/lib/python3.12/site-packages/oslo_config/cfg.py:3560}}
Aug 20 01:56:52.926567 np0000007844 nova-scheduler[96552]: DEBUG cotyledon.oslo_config_glue [-] zvm.reachable_timeout = 300 {{(pid=96552) log_opt_values /opt/stack/data/venv/lib/python3.12/site-packages/oslo_config/cfg.py:3560}}
Aug 20 01:56:52.926810 np0000007844 nova-scheduler[96552]: DEBUG cotyledon.oslo_config_glue [-] oslo_versionedobjects.fatal_exception_format_errors = False {{(pid=96552) log_opt_values /opt/stack/data/venv/lib/python3.12/site-packages/oslo_config/cfg.py:3560}}
Aug 20 01:56:52.926810 np0000007844 nova-scheduler[96552]: DEBUG cotyledon.oslo_config_glue [-] oslo_middleware.http_basic_auth_user_file = /etc/htpasswd {{(pid=96552) log_opt_values /opt/stack/data/venv/lib/python3.12/site-packages/oslo_config/cfg.py:3560}}
Aug 20 01:56:52.926810 np0000007844 nova-scheduler[96552]: DEBUG cotyledon.oslo_config_glue [-] oslo_messaging_metrics.metrics_buffer_size = 1000 {{(pid=96552) log_opt_values /opt/stack/data/venv/lib/python3.12/site-packages/oslo_config/cfg.py:3560}}
Aug 20 01:56:52.926810 np0000007844 nova-scheduler[96552]: DEBUG cotyledon.oslo_config_glue [-] oslo_messaging_metrics.metrics_enabled = False {{(pid=96552) log_opt_values /opt/stack/data/venv/lib/python3.12/site-packages/oslo_config/cfg.py:3560}}
Aug 20 01:56:52.926810 np0000007844 nova-scheduler[96552]: DEBUG cotyledon.oslo_config_glue [-] oslo_messaging_metrics.metrics_process_name = {{(pid=96552) log_opt_values /opt/stack/data/venv/lib/python3.12/site-packages/oslo_config/cfg.py:3560}}
Aug 20 01:56:52.926810 np0000007844 nova-scheduler[96552]: DEBUG cotyledon.oslo_config_glue [-] oslo_messaging_metrics.metrics_socket_file = /var/tmp/metrics_collector.sock {{(pid=96552) log_opt_values /opt/stack/data/venv/lib/python3.12/site-packages/oslo_config/cfg.py:3560}}
Aug 20 01:56:52.926810 np0000007844 nova-scheduler[96552]: DEBUG cotyledon.oslo_config_glue [-] oslo_messaging_metrics.metrics_thread_stop_timeout = 10 {{(pid=96552) log_opt_values /opt/stack/data/venv/lib/python3.12/site-packages/oslo_config/cfg.py:3560}}
Aug 20 01:56:52.926810 np0000007844 nova-scheduler[96552]: DEBUG cotyledon.oslo_config_glue [-] profiler.connection_string = messaging:// {{(pid=96552) log_opt_values /opt/stack/data/venv/lib/python3.12/site-packages/oslo_config/cfg.py:3560}}
Aug 20 01:56:52.926968 np0000007844 nova-scheduler[96552]: DEBUG cotyledon.oslo_config_glue [-] profiler.enabled = False {{(pid=96552) log_opt_values /opt/stack/data/venv/lib/python3.12/site-packages/oslo_config/cfg.py:3560}}
Aug 20 01:56:52.926968 np0000007844 nova-scheduler[96552]: DEBUG cotyledon.oslo_config_glue [-] profiler.es_doc_type = notification {{(pid=96552) log_opt_values /opt/stack/data/venv/lib/python3.12/site-packages/oslo_config/cfg.py:3560}}
Aug 20 01:56:52.926968 np0000007844 nova-scheduler[96552]: DEBUG cotyledon.oslo_config_glue [-] profiler.es_scroll_size = 10000 {{(pid=96552) log_opt_values /opt/stack/data/venv/lib/python3.12/site-packages/oslo_config/cfg.py:3560}}
Aug 20 01:56:52.926968 np0000007844 nova-scheduler[96552]: DEBUG cotyledon.oslo_config_glue [-] profiler.es_scroll_time = 2m {{(pid=96552) log_opt_values /opt/stack/data/venv/lib/python3.12/site-packages/oslo_config/cfg.py:3560}}
Aug 20 01:56:52.926968 np0000007844 nova-scheduler[96552]: DEBUG cotyledon.oslo_config_glue [-] profiler.filter_error_trace = False {{(pid=96552) log_opt_values /opt/stack/data/venv/lib/python3.12/site-packages/oslo_config/cfg.py:3560}}
Aug 20 01:56:52.926968 np0000007844 nova-scheduler[96552]: DEBUG cotyledon.oslo_config_glue [-] profiler.hmac_keys = **** {{(pid=96552) log_opt_values /opt/stack/data/venv/lib/python3.12/site-packages/oslo_config/cfg.py:3560}}
Aug 20 01:56:52.926968 np0000007844 nova-scheduler[96552]: DEBUG cotyledon.oslo_config_glue [-] profiler.sentinel_service_name = mymaster {{(pid=96552) log_opt_values /opt/stack/data/venv/lib/python3.12/site-packages/oslo_config/cfg.py:3560}}
Aug 20 01:56:52.926968 np0000007844 nova-scheduler[96552]: DEBUG cotyledon.oslo_config_glue [-] profiler.socket_timeout = 0.1 {{(pid=96552) log_opt_values /opt/stack/data/venv/lib/python3.12/site-packages/oslo_config/cfg.py:3560}}
Aug 20 01:56:52.926968 np0000007844 nova-scheduler[96552]: DEBUG cotyledon.oslo_config_glue [-] profiler.trace_requests = False {{(pid=96552) log_opt_values /opt/stack/data/venv/lib/python3.12/site-packages/oslo_config/cfg.py:3560}}
Aug 20 01:56:52.927183 np0000007844 nova-scheduler[96552]: DEBUG cotyledon.oslo_config_glue [-] profiler.trace_sqlalchemy = False {{(pid=96552) log_opt_values /opt/stack/data/venv/lib/python3.12/site-packages/oslo_config/cfg.py:3560}}
Aug 20 01:56:52.927183 np0000007844 nova-scheduler[96552]: DEBUG cotyledon.oslo_config_glue [-] profiler_jaeger.process_tags = {} {{(pid=96552) log_opt_values /opt/stack/data/venv/lib/python3.12/site-packages/oslo_config/cfg.py:3560}}
Aug 20 01:56:52.927183 np0000007844 nova-scheduler[96552]: DEBUG cotyledon.oslo_config_glue [-] profiler_jaeger.service_name_prefix = None {{(pid=96552) log_opt_values /opt/stack/data/venv/lib/python3.12/site-packages/oslo_config/cfg.py:3560}}
Aug 20 01:56:52.927183 np0000007844 nova-scheduler[96552]: DEBUG cotyledon.oslo_config_glue [-] profiler_otlp.service_name_prefix = None {{(pid=96552) log_opt_values /opt/stack/data/venv/lib/python3.12/site-packages/oslo_config/cfg.py:3560}}
Aug 20 01:56:52.927183 np0000007844 nova-scheduler[96552]: DEBUG cotyledon.oslo_config_glue [-] oslo_messaging_rabbit.amqp_auto_delete = False {{(pid=96552) log_opt_values /opt/stack/data/venv/lib/python3.12/site-packages/oslo_config/cfg.py:3560}}
Aug 20 01:56:52.927183 np0000007844 nova-scheduler[96552]: DEBUG cotyledon.oslo_config_glue [-] oslo_messaging_rabbit.amqp_durable_queues = False {{(pid=96552) log_opt_values /opt/stack/data/venv/lib/python3.12/site-packages/oslo_config/cfg.py:3560}}
Aug 20 01:56:52.927183 np0000007844 nova-scheduler[96552]: DEBUG cotyledon.oslo_config_glue [-] oslo_messaging_rabbit.conn_pool_min_size = 2 {{(pid=96552) log_opt_values /opt/stack/data/venv/lib/python3.12/site-packages/oslo_config/cfg.py:3560}}
Aug 20 01:56:52.927183 np0000007844 nova-scheduler[96552]: DEBUG cotyledon.oslo_config_glue [-] oslo_messaging_rabbit.conn_pool_ttl = 1200 {{(pid=96552) log_opt_values /opt/stack/data/venv/lib/python3.12/site-packages/oslo_config/cfg.py:3560}}
Aug 20 01:56:52.927183 np0000007844 nova-scheduler[96552]: DEBUG cotyledon.oslo_config_glue [-] oslo_messaging_rabbit.direct_mandatory_flag = True {{(pid=96552) log_opt_values /opt/stack/data/venv/lib/python3.12/site-packages/oslo_config/cfg.py:3560}}
Aug 20 01:56:52.927381 np0000007844 nova-scheduler[96552]: DEBUG cotyledon.oslo_config_glue [-] oslo_messaging_rabbit.enable_cancel_on_failover = False {{(pid=96552) log_opt_values /opt/stack/data/venv/lib/python3.12/site-packages/oslo_config/cfg.py:3560}}
Aug 20 01:56:52.927381 np0000007844 nova-scheduler[96552]: DEBUG cotyledon.oslo_config_glue [-] oslo_messaging_rabbit.heartbeat_rate = 3 {{(pid=96552) log_opt_values /opt/stack/data/venv/lib/python3.12/site-packages/oslo_config/cfg.py:3560}}
Aug 20 01:56:52.927381 np0000007844 nova-scheduler[96552]: DEBUG cotyledon.oslo_config_glue [-] oslo_messaging_rabbit.heartbeat_timeout_threshold = 60 {{(pid=96552) log_opt_values /opt/stack/data/venv/lib/python3.12/site-packages/oslo_config/cfg.py:3560}}
Aug 20 01:56:52.927381 np0000007844 nova-scheduler[96552]: DEBUG cotyledon.oslo_config_glue [-] oslo_messaging_rabbit.hostname = np0000007844 {{(pid=96552) log_opt_values /opt/stack/data/venv/lib/python3.12/site-packages/oslo_config/cfg.py:3560}}
Aug 20 01:56:52.927381 np0000007844 nova-scheduler[96552]: DEBUG cotyledon.oslo_config_glue [-] oslo_messaging_rabbit.kombu_compression = None {{(pid=96552) log_opt_values /opt/stack/data/venv/lib/python3.12/site-packages/oslo_config/cfg.py:3560}}
Aug 20 01:56:52.927381 np0000007844 nova-scheduler[96552]: DEBUG cotyledon.oslo_config_glue [-] oslo_messaging_rabbit.kombu_failover_strategy = round-robin {{(pid=96552) log_opt_values /opt/stack/data/venv/lib/python3.12/site-packages/oslo_config/cfg.py:3560}}
Aug 20 01:56:52.927381 np0000007844 nova-scheduler[96552]: DEBUG cotyledon.oslo_config_glue [-] oslo_messaging_rabbit.kombu_missing_consumer_retry_timeout = 60 {{(pid=96552) log_opt_values /opt/stack/data/venv/lib/python3.12/site-packages/oslo_config/cfg.py:3560}}
Aug 20 01:56:52.927381 np0000007844 nova-scheduler[96552]: DEBUG cotyledon.oslo_config_glue [-] oslo_messaging_rabbit.kombu_reconnect_delay = 1.0 {{(pid=96552) log_opt_values /opt/stack/data/venv/lib/python3.12/site-packages/oslo_config/cfg.py:3560}}
Aug 20 01:56:52.927381 np0000007844 nova-scheduler[96552]: DEBUG cotyledon.oslo_config_glue [-] oslo_messaging_rabbit.kombu_reconnect_splay = 0.0 {{(pid=96552) log_opt_values /opt/stack/data/venv/lib/python3.12/site-packages/oslo_config/cfg.py:3560}}
Aug 20 01:56:52.927661 np0000007844 nova-scheduler[96552]: DEBUG cotyledon.oslo_config_glue [-] oslo_messaging_rabbit.processname = nova-scheduler {{(pid=96552) log_opt_values /opt/stack/data/venv/lib/python3.12/site-packages/oslo_config/cfg.py:3560}}
Aug 20 01:56:52.927661 np0000007844 nova-scheduler[96552]: DEBUG cotyledon.oslo_config_glue [-] oslo_messaging_rabbit.rabbit_ha_queues = False {{(pid=96552) log_opt_values /opt/stack/data/venv/lib/python3.12/site-packages/oslo_config/cfg.py:3560}}
Aug 20 01:56:52.927661 np0000007844 nova-scheduler[96552]: DEBUG cotyledon.oslo_config_glue [-] oslo_messaging_rabbit.rabbit_interval_max = 30 {{(pid=96552) log_opt_values /opt/stack/data/venv/lib/python3.12/site-packages/oslo_config/cfg.py:3560}}
Aug 20 01:56:52.927661 np0000007844 nova-scheduler[96552]: DEBUG cotyledon.oslo_config_glue [-] oslo_messaging_rabbit.rabbit_login_method = AMQPLAIN {{(pid=96552) log_opt_values /opt/stack/data/venv/lib/python3.12/site-packages/oslo_config/cfg.py:3560}}
Aug 20 01:56:52.927661 np0000007844 nova-scheduler[96552]: DEBUG cotyledon.oslo_config_glue [-] oslo_messaging_rabbit.rabbit_qos_prefetch_count = 0 {{(pid=96552) log_opt_values /opt/stack/data/venv/lib/python3.12/site-packages/oslo_config/cfg.py:3560}}
Aug 20 01:56:52.927661 np0000007844 nova-scheduler[96552]: DEBUG cotyledon.oslo_config_glue [-] oslo_messaging_rabbit.rabbit_quorum_delivery_limit = 0 {{(pid=96552) log_opt_values /opt/stack/data/venv/lib/python3.12/site-packages/oslo_config/cfg.py:3560}}
Aug 20 01:56:52.927661 np0000007844 nova-scheduler[96552]: DEBUG cotyledon.oslo_config_glue [-] oslo_messaging_rabbit.rabbit_quorum_max_memory_bytes = 0 {{(pid=96552) log_opt_values /opt/stack/data/venv/lib/python3.12/site-packages/oslo_config/cfg.py:3560}}
Aug 20 01:56:52.927661 np0000007844 nova-scheduler[96552]: DEBUG cotyledon.oslo_config_glue [-] oslo_messaging_rabbit.rabbit_quorum_max_memory_length = 0 {{(pid=96552) log_opt_values /opt/stack/data/venv/lib/python3.12/site-packages/oslo_config/cfg.py:3560}}
Aug 20 01:56:52.927661 np0000007844 nova-scheduler[96552]: DEBUG cotyledon.oslo_config_glue [-] oslo_messaging_rabbit.rabbit_quorum_queue = False {{(pid=96552) log_opt_values /opt/stack/data/venv/lib/python3.12/site-packages/oslo_config/cfg.py:3560}}
Aug 20 01:56:52.927862 np0000007844 nova-scheduler[96552]: DEBUG cotyledon.oslo_config_glue [-] oslo_messaging_rabbit.rabbit_retry_backoff = 2 {{(pid=96552) log_opt_values /opt/stack/data/venv/lib/python3.12/site-packages/oslo_config/cfg.py:3560}}
Aug 20 01:56:52.927862 np0000007844 nova-scheduler[96552]: DEBUG cotyledon.oslo_config_glue [-] oslo_messaging_rabbit.rabbit_retry_interval = 1 {{(pid=96552) log_opt_values /opt/stack/data/venv/lib/python3.12/site-packages/oslo_config/cfg.py:3560}}
Aug 20 01:56:52.927862 np0000007844 nova-scheduler[96552]: DEBUG cotyledon.oslo_config_glue [-] oslo_messaging_rabbit.rabbit_stream_fanout = False {{(pid=96552) log_opt_values /opt/stack/data/venv/lib/python3.12/site-packages/oslo_config/cfg.py:3560}}
Aug 20 01:56:52.927862 np0000007844 nova-scheduler[96552]: DEBUG cotyledon.oslo_config_glue [-] oslo_messaging_rabbit.rabbit_transient_queues_ttl = 1800 {{(pid=96552) log_opt_values /opt/stack/data/venv/lib/python3.12/site-packages/oslo_config/cfg.py:3560}}
Aug 20 01:56:52.927862 np0000007844 nova-scheduler[96552]: DEBUG cotyledon.oslo_config_glue [-] oslo_messaging_rabbit.rabbit_transient_quorum_queue = False {{(pid=96552) log_opt_values /opt/stack/data/venv/lib/python3.12/site-packages/oslo_config/cfg.py:3560}}
Aug 20 01:56:52.927862 np0000007844 nova-scheduler[96552]: DEBUG cotyledon.oslo_config_glue [-] oslo_messaging_rabbit.rpc_conn_pool_size = 30 {{(pid=96552) log_opt_values /opt/stack/data/venv/lib/python3.12/site-packages/oslo_config/cfg.py:3560}}
Aug 20 01:56:52.927862 np0000007844 nova-scheduler[96552]: DEBUG cotyledon.oslo_config_glue [-] oslo_messaging_rabbit.ssl = False {{(pid=96552) log_opt_values /opt/stack/data/venv/lib/python3.12/site-packages/oslo_config/cfg.py:3560}}
Aug 20 01:56:52.927862 np0000007844 nova-scheduler[96552]: DEBUG cotyledon.oslo_config_glue [-] oslo_messaging_rabbit.ssl_ca_file = {{(pid=96552) log_opt_values /opt/stack/data/venv/lib/python3.12/site-packages/oslo_config/cfg.py:3560}}
Aug 20 01:56:52.927862 np0000007844 nova-scheduler[96552]: DEBUG cotyledon.oslo_config_glue [-] oslo_messaging_rabbit.ssl_cert_file = {{(pid=96552) log_opt_values /opt/stack/data/venv/lib/python3.12/site-packages/oslo_config/cfg.py:3560}}
Aug 20 01:56:52.928063 np0000007844 nova-scheduler[96552]: DEBUG cotyledon.oslo_config_glue [-] oslo_messaging_rabbit.ssl_enforce_fips_mode = False {{(pid=96552) log_opt_values /opt/stack/data/venv/lib/python3.12/site-packages/oslo_config/cfg.py:3560}}
Aug 20 01:56:52.928063 np0000007844 nova-scheduler[96552]: DEBUG cotyledon.oslo_config_glue [-] oslo_messaging_rabbit.ssl_enforce_hostname_verification = True {{(pid=96552) log_opt_values /opt/stack/data/venv/lib/python3.12/site-packages/oslo_config/cfg.py:3560}}
Aug 20 01:56:52.928063 np0000007844 nova-scheduler[96552]: DEBUG cotyledon.oslo_config_glue [-] oslo_messaging_rabbit.ssl_key_file = {{(pid=96552) log_opt_values /opt/stack/data/venv/lib/python3.12/site-packages/oslo_config/cfg.py:3560}}
Aug 20 01:56:52.928063 np0000007844 nova-scheduler[96552]: DEBUG cotyledon.oslo_config_glue [-] oslo_messaging_rabbit.ssl_version = {{(pid=96552) log_opt_values /opt/stack/data/venv/lib/python3.12/site-packages/oslo_config/cfg.py:3560}}
Aug 20 01:56:52.928063 np0000007844 nova-scheduler[96552]: DEBUG cotyledon.oslo_config_glue [-] oslo_messaging_rabbit.use_queue_manager = False {{(pid=96552) log_opt_values /opt/stack/data/venv/lib/python3.12/site-packages/oslo_config/cfg.py:3560}}
Aug 20 01:56:52.928063 np0000007844 nova-scheduler[96552]: DEBUG cotyledon.oslo_config_glue [-] oslo_messaging_notifications.driver = ['messagingv2'] {{(pid=96552) log_opt_values /opt/stack/data/venv/lib/python3.12/site-packages/oslo_config/cfg.py:3560}}
Aug 20 01:56:52.928063 np0000007844 nova-scheduler[96552]: DEBUG cotyledon.oslo_config_glue [-] oslo_messaging_notifications.retry = -1 {{(pid=96552) log_opt_values /opt/stack/data/venv/lib/python3.12/site-packages/oslo_config/cfg.py:3560}}
Aug 20 01:56:52.928063 np0000007844 nova-scheduler[96552]: DEBUG cotyledon.oslo_config_glue [-] oslo_messaging_notifications.topics = ['notifications'] {{(pid=96552) log_opt_values /opt/stack/data/venv/lib/python3.12/site-packages/oslo_config/cfg.py:3560}}
Aug 20 01:56:52.928063 np0000007844 nova-scheduler[96552]: DEBUG cotyledon.oslo_config_glue [-] oslo_messaging_notifications.transport_url = **** {{(pid=96552) log_opt_values /opt/stack/data/venv/lib/python3.12/site-packages/oslo_config/cfg.py:3560}}
Aug 20 01:56:52.928273 np0000007844 nova-scheduler[96552]: DEBUG cotyledon.oslo_config_glue [-] oslo_limit.auth_section = None {{(pid=96552) log_opt_values /opt/stack/data/venv/lib/python3.12/site-packages/oslo_config/cfg.py:3560}}
Aug 20 01:56:52.928273 np0000007844 nova-scheduler[96552]: DEBUG cotyledon.oslo_config_glue [-] oslo_limit.auth_type = None {{(pid=96552) log_opt_values /opt/stack/data/venv/lib/python3.12/site-packages/oslo_config/cfg.py:3560}}
Aug 20 01:56:52.928273 np0000007844 nova-scheduler[96552]: DEBUG cotyledon.oslo_config_glue [-] oslo_limit.cafile = None {{(pid=96552) log_opt_values /opt/stack/data/venv/lib/python3.12/site-packages/oslo_config/cfg.py:3560}}
Aug 20 01:56:52.928273 np0000007844 nova-scheduler[96552]: DEBUG cotyledon.oslo_config_glue [-] oslo_limit.certfile = None {{(pid=96552) log_opt_values /opt/stack/data/venv/lib/python3.12/site-packages/oslo_config/cfg.py:3560}}
Aug 20 01:56:52.928273 np0000007844 nova-scheduler[96552]: DEBUG cotyledon.oslo_config_glue [-] oslo_limit.collect_timing = False {{(pid=96552) log_opt_values /opt/stack/data/venv/lib/python3.12/site-packages/oslo_config/cfg.py:3560}}
Aug 20 01:56:52.928273 np0000007844 nova-scheduler[96552]: DEBUG cotyledon.oslo_config_glue [-] oslo_limit.connect_retries = None {{(pid=96552) log_opt_values /opt/stack/data/venv/lib/python3.12/site-packages/oslo_config/cfg.py:3560}}
Aug 20 01:56:52.928273 np0000007844 nova-scheduler[96552]: DEBUG cotyledon.oslo_config_glue [-] oslo_limit.connect_retry_delay = None {{(pid=96552) log_opt_values /opt/stack/data/venv/lib/python3.12/site-packages/oslo_config/cfg.py:3560}}
Aug 20 01:56:52.928273 np0000007844 nova-scheduler[96552]: DEBUG cotyledon.oslo_config_glue [-] oslo_limit.endpoint_id = None {{(pid=96552) log_opt_values /opt/stack/data/venv/lib/python3.12/site-packages/oslo_config/cfg.py:3560}}
Aug 20 01:56:52.928273 np0000007844 nova-scheduler[96552]: DEBUG cotyledon.oslo_config_glue [-] oslo_limit.endpoint_interface = public {{(pid=96552) log_opt_values /opt/stack/data/venv/lib/python3.12/site-packages/oslo_config/cfg.py:3560}}
Aug 20 01:56:52.928452 np0000007844 nova-scheduler[96552]: DEBUG cotyledon.oslo_config_glue [-] oslo_limit.endpoint_override = None {{(pid=96552) log_opt_values /opt/stack/data/venv/lib/python3.12/site-packages/oslo_config/cfg.py:3560}}
Aug 20 01:56:52.928452 np0000007844 nova-scheduler[96552]: DEBUG cotyledon.oslo_config_glue [-] oslo_limit.endpoint_region_name = None {{(pid=96552) log_opt_values /opt/stack/data/venv/lib/python3.12/site-packages/oslo_config/cfg.py:3560}}
Aug 20 01:56:52.928452 np0000007844 nova-scheduler[96552]: DEBUG cotyledon.oslo_config_glue [-] oslo_limit.endpoint_service_name = None {{(pid=96552) log_opt_values /opt/stack/data/venv/lib/python3.12/site-packages/oslo_config/cfg.py:3560}}
Aug 20 01:56:52.928452 np0000007844 nova-scheduler[96552]: DEBUG cotyledon.oslo_config_glue [-] oslo_limit.endpoint_service_type = None {{(pid=96552) log_opt_values /opt/stack/data/venv/lib/python3.12/site-packages/oslo_config/cfg.py:3560}}
Aug 20 01:56:52.928452 np0000007844 nova-scheduler[96552]: DEBUG cotyledon.oslo_config_glue [-] oslo_limit.insecure = False {{(pid=96552) log_opt_values /opt/stack/data/venv/lib/python3.12/site-packages/oslo_config/cfg.py:3560}}
Aug 20 01:56:52.928452 np0000007844 nova-scheduler[96552]: DEBUG cotyledon.oslo_config_glue [-] oslo_limit.keyfile = None {{(pid=96552) log_opt_values /opt/stack/data/venv/lib/python3.12/site-packages/oslo_config/cfg.py:3560}}
Aug 20 01:56:52.928452 np0000007844 nova-scheduler[96552]: DEBUG cotyledon.oslo_config_glue [-] oslo_limit.max_version = None {{(pid=96552) log_opt_values /opt/stack/data/venv/lib/python3.12/site-packages/oslo_config/cfg.py:3560}}
Aug 20 01:56:52.928452 np0000007844 nova-scheduler[96552]: DEBUG cotyledon.oslo_config_glue [-] oslo_limit.min_version = None {{(pid=96552) log_opt_values /opt/stack/data/venv/lib/python3.12/site-packages/oslo_config/cfg.py:3560}}
Aug 20 01:56:52.928452 np0000007844 nova-scheduler[96552]: DEBUG cotyledon.oslo_config_glue [-] oslo_limit.region_name = None {{(pid=96552) log_opt_values /opt/stack/data/venv/lib/python3.12/site-packages/oslo_config/cfg.py:3560}}
Aug 20 01:56:52.928623 np0000007844 nova-scheduler[96552]: DEBUG cotyledon.oslo_config_glue [-] oslo_limit.retriable_status_codes = None {{(pid=96552) log_opt_values /opt/stack/data/venv/lib/python3.12/site-packages/oslo_config/cfg.py:3560}}
Aug 20 01:56:52.928623 np0000007844 nova-scheduler[96552]: DEBUG cotyledon.oslo_config_glue [-] oslo_limit.service_name = None {{(pid=96552) log_opt_values /opt/stack/data/venv/lib/python3.12/site-packages/oslo_config/cfg.py:3560}}
Aug 20 01:56:52.928623 np0000007844 nova-scheduler[96552]: DEBUG cotyledon.oslo_config_glue [-] oslo_limit.service_type = None {{(pid=96552) log_opt_values /opt/stack/data/venv/lib/python3.12/site-packages/oslo_config/cfg.py:3560}}
Aug 20 01:56:52.928623 np0000007844 nova-scheduler[96552]: DEBUG cotyledon.oslo_config_glue [-] oslo_limit.split_loggers = False {{(pid=96552) log_opt_values /opt/stack/data/venv/lib/python3.12/site-packages/oslo_config/cfg.py:3560}}
Aug 20 01:56:52.928623 np0000007844 nova-scheduler[96552]: DEBUG cotyledon.oslo_config_glue [-] oslo_limit.status_code_retries = None {{(pid=96552) log_opt_values /opt/stack/data/venv/lib/python3.12/site-packages/oslo_config/cfg.py:3560}}
Aug 20 01:56:52.928623 np0000007844 nova-scheduler[96552]: DEBUG cotyledon.oslo_config_glue [-] oslo_limit.status_code_retry_delay = None {{(pid=96552) log_opt_values /opt/stack/data/venv/lib/python3.12/site-packages/oslo_config/cfg.py:3560}}
Aug 20 01:56:52.928623 np0000007844 nova-scheduler[96552]: DEBUG cotyledon.oslo_config_glue [-] oslo_limit.timeout = None {{(pid=96552) log_opt_values /opt/stack/data/venv/lib/python3.12/site-packages/oslo_config/cfg.py:3560}}
Aug 20 01:56:52.928623 np0000007844 nova-scheduler[96552]: DEBUG cotyledon.oslo_config_glue [-] oslo_limit.valid_interfaces = None {{(pid=96552) log_opt_values /opt/stack/data/venv/lib/python3.12/site-packages/oslo_config/cfg.py:3560}}
Aug 20 01:56:52.928623 np0000007844 nova-scheduler[96552]: DEBUG cotyledon.oslo_config_glue [-] oslo_limit.version = None {{(pid=96552) log_opt_values /opt/stack/data/venv/lib/python3.12/site-packages/oslo_config/cfg.py:3560}}
Aug 20 01:56:52.928872 np0000007844 nova-scheduler[96552]: DEBUG cotyledon.oslo_config_glue [-] oslo_reports.file_event_handler = None {{(pid=96552) log_opt_values /opt/stack/data/venv/lib/python3.12/site-packages/oslo_config/cfg.py:3560}}
Aug 20 01:56:52.928872 np0000007844 nova-scheduler[96552]: DEBUG cotyledon.oslo_config_glue [-] oslo_reports.file_event_handler_interval = 1 {{(pid=96552) log_opt_values /opt/stack/data/venv/lib/python3.12/site-packages/oslo_config/cfg.py:3560}}
Aug 20 01:56:52.928872 np0000007844 nova-scheduler[96552]: DEBUG cotyledon.oslo_config_glue [-] oslo_reports.log_dir = None {{(pid=96552) log_opt_values /opt/stack/data/venv/lib/python3.12/site-packages/oslo_config/cfg.py:3560}}
Aug 20 01:56:52.928872 np0000007844 nova-scheduler[96552]: DEBUG cotyledon.oslo_config_glue [-] ******************************************************************************** {{(pid=96552) log_opt_values /opt/stack/data/venv/lib/python3.12/site-packages/oslo_config/cfg.py:3567}}
Aug 20 01:56:52.928872 np0000007844 nova-scheduler[96552]: DEBUG cotyledon._service_worker [-] Run service ServiceWrapper(2) [96552] {{(pid=96552) wait_forever /opt/stack/data/venv/lib/python3.12/site-packages/cotyledon/_service_worker.py:218}}
Aug 20 01:56:52.928872 np0000007844 nova-scheduler[96552]: INFO nova.service [-] Starting scheduler node (version 33.1.0)
Aug 20 01:56:52.929101 np0000007844 nova-scheduler[96550]: DEBUG oslo_db.sqlalchemy.engines [None req-540debd7-309e-407e-b320-d087a4b746a0 None None] MySQL server mode set to STRICT_TRANS_TABLES,STRICT_ALL_TABLES,NO_ZERO_IN_DATE,NO_ZERO_DATE,ERROR_FOR_DIVISION_BY_ZERO,TRADITIONAL,NO_ENGINE_SUBSTITUTION {{(pid=96550) _check_effective_sql_mode /opt/stack/data/venv/lib/python3.12/site-packages/oslo_db/sqlalchemy/engines.py:325}}
Aug 20 01:56:52.929146 np0000007844 nova-scheduler[96552]: INFO dbcounter [None req-b305b0f6-5eaf-4071-bb60-1bf5041fd4ff None None] Registered counter for database nova_cell0
Aug 20 01:56:52.929173 np0000007844 nova-scheduler[96548]: DEBUG oslo_db.sqlalchemy.engines [None req-f43f3947-baa1-411d-97ce-bc366a3da794 None None] MySQL server mode set to STRICT_TRANS_TABLES,STRICT_ALL_TABLES,NO_ZERO_IN_DATE,NO_ZERO_DATE,ERROR_FOR_DIVISION_BY_ZERO,TRADITIONAL,NO_ENGINE_SUBSTITUTION {{(pid=96548) _check_effective_sql_mode /opt/stack/data/venv/lib/python3.12/site-packages/oslo_db/sqlalchemy/engines.py:325}}
Aug 20 01:56:52.929208 np0000007844 nova-scheduler[96550]: DEBUG dbcounter [-] [96550] Writer thread running {{(pid=96550) stat_writer /opt/stack/data/venv/lib/python3.12/site-packages/dbcounter.py:102}}
Aug 20 01:56:52.929253 np0000007844 nova-scheduler[96548]: DEBUG dbcounter [-] [96548] Writer thread running {{(pid=96548) stat_writer /opt/stack/data/venv/lib/python3.12/site-packages/dbcounter.py:102}}
Aug 20 01:56:52.934798 np0000007844 nova-scheduler[96554]: DEBUG oslo_db.sqlalchemy.engines [None req-cdab20ff-b5f5-4279-9b41-131ed279d776 None None] MySQL server mode set to STRICT_TRANS_TABLES,STRICT_ALL_TABLES,NO_ZERO_IN_DATE,NO_ZERO_DATE,ERROR_FOR_DIVISION_BY_ZERO,TRADITIONAL,NO_ENGINE_SUBSTITUTION {{(pid=96554) _check_effective_sql_mode /opt/stack/data/venv/lib/python3.12/site-packages/oslo_db/sqlalchemy/engines.py:325}}
Aug 20 01:56:52.939486 np0000007844 nova-scheduler[96550]: DEBUG nova.service [None req-540debd7-309e-407e-b320-d087a4b746a0 None None] Creating RPC server for service: nova-scheduler on topic: scheduler {{(pid=96550) start /opt/stack/nova/nova/service.py:262}}
Aug 20 01:56:52.944037 np0000007844 nova-scheduler[96548]: DEBUG nova.service [None req-f43f3947-baa1-411d-97ce-bc366a3da794 None None] Creating RPC server for service: nova-scheduler on topic: scheduler {{(pid=96548) start /opt/stack/nova/nova/service.py:262}}
Aug 20 01:56:52.944403 np0000007844 nova-scheduler[96554]: DEBUG dbcounter [-] [96554] Writer thread running {{(pid=96554) stat_writer /opt/stack/data/venv/lib/python3.12/site-packages/dbcounter.py:102}}
Aug 20 01:56:52.947697 np0000007844 nova-scheduler[96554]: DEBUG nova.service [None req-cdab20ff-b5f5-4279-9b41-131ed279d776 None None] Creating RPC server for service: nova-scheduler on topic: scheduler {{(pid=96554) start /opt/stack/nova/nova/service.py:262}}
Aug 20 01:56:52.955593 np0000007844 nova-scheduler[96552]: DEBUG oslo_db.sqlalchemy.engines [None req-b305b0f6-5eaf-4071-bb60-1bf5041fd4ff None None] MySQL server mode set to STRICT_TRANS_TABLES,STRICT_ALL_TABLES,NO_ZERO_IN_DATE,NO_ZERO_DATE,ERROR_FOR_DIVISION_BY_ZERO,TRADITIONAL,NO_ENGINE_SUBSTITUTION {{(pid=96552) _check_effective_sql_mode /opt/stack/data/venv/lib/python3.12/site-packages/oslo_db/sqlalchemy/engines.py:325}}
Aug 20 01:56:52.964859 np0000007844 nova-scheduler[96552]: DEBUG dbcounter [-] [96552] Writer thread running {{(pid=96552) stat_writer /opt/stack/data/venv/lib/python3.12/site-packages/dbcounter.py:102}}
Aug 20 01:56:52.968848 np0000007844 nova-scheduler[96552]: DEBUG nova.service [None req-b305b0f6-5eaf-4071-bb60-1bf5041fd4ff None None] Creating RPC server for service: nova-scheduler on topic: scheduler {{(pid=96552) start /opt/stack/nova/nova/service.py:262}}
Aug 20 01:56:52.972487 np0000007844 nova-scheduler[96550]: DEBUG nova.service [None req-540debd7-309e-407e-b320-d087a4b746a0 None None] Join ServiceGroup membership for this service scheduler {{(pid=96550) start /opt/stack/nova/nova/service.py:288}}
Aug 20 01:56:52.972671 np0000007844 nova-scheduler[96550]: DEBUG nova.servicegroup.drivers.db [None req-540debd7-309e-407e-b320-d087a4b746a0 None None] DB_Driver: join new ServiceGroup member np0000007844 to the scheduler group, service = {{(pid=96550) join /opt/stack/nova/nova/servicegroup/drivers/db.py:44}}
Aug 20 01:56:52.973455 np0000007844 nova-scheduler[96548]: DEBUG nova.service [None req-f43f3947-baa1-411d-97ce-bc366a3da794 None None] Join ServiceGroup membership for this service scheduler {{(pid=96548) start /opt/stack/nova/nova/service.py:288}}
Aug 20 01:56:52.973531 np0000007844 nova-scheduler[96548]: DEBUG nova.servicegroup.drivers.db [None req-f43f3947-baa1-411d-97ce-bc366a3da794 None None] DB_Driver: join new ServiceGroup member np0000007844 to the scheduler group, service = {{(pid=96548) join /opt/stack/nova/nova/servicegroup/drivers/db.py:44}}
Aug 20 01:56:52.985243 np0000007844 nova-scheduler[96554]: DEBUG nova.service [None req-cdab20ff-b5f5-4279-9b41-131ed279d776 None None] Join ServiceGroup membership for this service scheduler {{(pid=96554) start /opt/stack/nova/nova/service.py:288}}
Aug 20 01:56:52.985505 np0000007844 nova-scheduler[96554]: DEBUG nova.servicegroup.drivers.db [None req-cdab20ff-b5f5-4279-9b41-131ed279d776 None None] DB_Driver: join new ServiceGroup member np0000007844 to the scheduler group, service = {{(pid=96554) join /opt/stack/nova/nova/servicegroup/drivers/db.py:44}}
Aug 20 01:56:52.989276 np0000007844 nova-scheduler[96552]: DEBUG nova.service [None req-b305b0f6-5eaf-4071-bb60-1bf5041fd4ff None None] Join ServiceGroup membership for this service scheduler {{(pid=96552) start /opt/stack/nova/nova/service.py:288}}
Aug 20 01:56:52.989525 np0000007844 nova-scheduler[96552]: DEBUG nova.servicegroup.drivers.db [None req-b305b0f6-5eaf-4071-bb60-1bf5041fd4ff None None] DB_Driver: join new ServiceGroup member np0000007844 to the scheduler group, service = {{(pid=96552) join /opt/stack/nova/nova/servicegroup/drivers/db.py:44}}
Aug 20 01:56:56.975495 np0000007844 nova-scheduler[96548]: DEBUG oslo.service.backend._threading.loopingcall [None req-56345b13-210f-4f3e-912a-9e3b980cc44b None None] Dynamic interval looping call 'nova.service.Service.periodic_tasks' sleeping for 60.00 seconds {{(pid=96548) _run_loop /opt/stack/data/venv/lib/python3.12/site-packages/oslo_service/backend/_threading/loopingcall.py:125}}
Aug 20 01:56:57.987741 np0000007844 nova-scheduler[96548]: DEBUG oslo.service.backend._threading.loopingcall [-] Fixed interval looping call 'nova.servicegroup.drivers.db.DbDriver._report_state' sleeping for 119.99 seconds {{(pid=96548) _run_loop /opt/stack/data/venv/lib/python3.12/site-packages/oslo_service/backend/_threading/loopingcall.py:125}}
Aug 20 01:56:57.988563 np0000007844 nova-scheduler[96550]: DEBUG oslo.service.backend._threading.loopingcall [-] Fixed interval looping call 'nova.servicegroup.drivers.db.DbDriver._report_state' sleeping for 119.99 seconds {{(pid=96550) _run_loop /opt/stack/data/venv/lib/python3.12/site-packages/oslo_service/backend/_threading/loopingcall.py:125}}
Aug 20 01:56:58.000803 np0000007844 nova-scheduler[96554]: DEBUG oslo.service.backend._threading.loopingcall [-] Fixed interval looping call 'nova.servicegroup.drivers.db.DbDriver._report_state' sleeping for 119.99 seconds {{(pid=96554) _run_loop /opt/stack/data/venv/lib/python3.12/site-packages/oslo_service/backend/_threading/loopingcall.py:125}}
Aug 20 01:56:58.001284 np0000007844 nova-scheduler[96552]: DEBUG oslo.service.backend._threading.loopingcall [-] Fixed interval looping call 'nova.servicegroup.drivers.db.DbDriver._report_state' sleeping for 119.99 seconds {{(pid=96552) _run_loop /opt/stack/data/venv/lib/python3.12/site-packages/oslo_service/backend/_threading/loopingcall.py:125}}
Aug 20 01:57:01.549185 np0000007844 nova-scheduler[95354]: DEBUG dbcounter [-] [95354] Writing DB stats nova_api:SELECT=3 {{(pid=95354) stat_writer /opt/stack/data/venv/lib/python3.12/site-packages/dbcounter.py:115}}
Aug 20 01:57:01.679506 np0000007844 nova-scheduler[95354]: DEBUG dbcounter [-] [95354] Writing DB stats nova_cell1:SELECT=1 {{(pid=95354) stat_writer /opt/stack/data/venv/lib/python3.12/site-packages/dbcounter.py:115}}
Aug 20 01:57:01.684985 np0000007844 nova-scheduler[95354]: DEBUG dbcounter [-] [95354] Writing DB stats nova_cell0:SELECT=1 {{(pid=95354) stat_writer /opt/stack/data/venv/lib/python3.12/site-packages/dbcounter.py:115}}
Aug 20 01:57:07.984147 np0000007844 nova-scheduler[96548]: DEBUG dbcounter [-] [96548] Writing DB stats nova_cell0:SELECT=5,nova_cell0:INSERT=1,nova_cell0:UPDATE=1 {{(pid=96548) stat_writer /opt/stack/data/venv/lib/python3.12/site-packages/dbcounter.py:115}}
Aug 20 01:57:07.984609 np0000007844 nova-scheduler[96550]: DEBUG dbcounter [-] [96550] Writing DB stats nova_cell0:SELECT=4,nova_cell0:INSERT=1,nova_cell0:UPDATE=1 {{(pid=96550) stat_writer /opt/stack/data/venv/lib/python3.12/site-packages/dbcounter.py:115}}
Aug 20 01:57:07.994346 np0000007844 nova-scheduler[96554]: DEBUG dbcounter [-] [96554] Writing DB stats nova_cell0:SELECT=3 {{(pid=96554) stat_writer /opt/stack/data/venv/lib/python3.12/site-packages/dbcounter.py:115}}
Aug 20 01:57:07.998124 np0000007844 nova-scheduler[96552]: DEBUG dbcounter [-] [96552] Writing DB stats nova_cell0:SELECT=3 {{(pid=96552) stat_writer /opt/stack/data/venv/lib/python3.12/site-packages/dbcounter.py:115}}
Aug 20 01:57:40.974687 np0000007844 nova-scheduler[96550]: DEBUG oslo.service.backend._threading.loopingcall [None req-b401a8ce-39a3-4ef8-be47-033957921c75 None None] Dynamic interval looping call 'nova.service.Service.periodic_tasks' sleeping for 60.00 seconds {{(pid=96550) _run_loop /opt/stack/data/venv/lib/python3.12/site-packages/oslo_service/backend/_threading/loopingcall.py:125}}
Aug 20 01:57:46.991662 np0000007844 nova-scheduler[96552]: DEBUG oslo.service.backend._threading.loopingcall [None req-0445f91f-bc88-44ff-ba55-6842b781115e None None] Dynamic interval looping call 'nova.service.Service.periodic_tasks' sleeping for 60.00 seconds {{(pid=96552) _run_loop /opt/stack/data/venv/lib/python3.12/site-packages/oslo_service/backend/_threading/loopingcall.py:125}}
Aug 20 01:57:48.987462 np0000007844 nova-scheduler[96554]: DEBUG oslo.service.backend._threading.loopingcall [None req-f4b31c16-b908-40d0-ad44-046b51deeae4 None None] Dynamic interval looping call 'nova.service.Service.periodic_tasks' sleeping for 60.00 seconds {{(pid=96554) _run_loop /opt/stack/data/venv/lib/python3.12/site-packages/oslo_service/backend/_threading/loopingcall.py:125}}
Aug 20 01:57:56.975995 np0000007844 nova-scheduler[96548]: DEBUG oslo.service.backend._threading.loopingcall [None req-56345b13-210f-4f3e-912a-9e3b980cc44b None None] Dynamic interval looping call 'nova.service.Service.periodic_tasks' sleeping for 60.00 seconds {{(pid=96548) _run_loop /opt/stack/data/venv/lib/python3.12/site-packages/oslo_service/backend/_threading/loopingcall.py:125}}
Aug 20 01:58:40.975180 np0000007844 nova-scheduler[96550]: DEBUG oslo.service.backend._threading.loopingcall [None req-b401a8ce-39a3-4ef8-be47-033957921c75 None None] Dynamic interval looping call 'nova.service.Service.periodic_tasks' sleeping for 60.00 seconds {{(pid=96550) _run_loop /opt/stack/data/venv/lib/python3.12/site-packages/oslo_service/backend/_threading/loopingcall.py:125}}
Aug 20 01:58:46.992274 np0000007844 nova-scheduler[96552]: DEBUG oslo.service.backend._threading.loopingcall [None req-0445f91f-bc88-44ff-ba55-6842b781115e None None] Dynamic interval looping call 'nova.service.Service.periodic_tasks' sleeping for 60.00 seconds {{(pid=96552) _run_loop /opt/stack/data/venv/lib/python3.12/site-packages/oslo_service/backend/_threading/loopingcall.py:125}}
Aug 20 01:58:48.988316 np0000007844 nova-scheduler[96554]: DEBUG oslo.service.backend._threading.loopingcall [None req-f4b31c16-b908-40d0-ad44-046b51deeae4 None None] Dynamic interval looping call 'nova.service.Service.periodic_tasks' sleeping for 60.00 seconds {{(pid=96554) _run_loop /opt/stack/data/venv/lib/python3.12/site-packages/oslo_service/backend/_threading/loopingcall.py:125}}
Aug 20 01:58:56.976670 np0000007844 nova-scheduler[96548]: DEBUG oslo.service.backend._threading.loopingcall [None req-56345b13-210f-4f3e-912a-9e3b980cc44b None None] Dynamic interval looping call 'nova.service.Service.periodic_tasks' sleeping for 60.00 seconds {{(pid=96548) _run_loop /opt/stack/data/venv/lib/python3.12/site-packages/oslo_service/backend/_threading/loopingcall.py:125}}
Aug 20 01:58:57.987814 np0000007844 nova-scheduler[96548]: DEBUG oslo.service.backend._threading.loopingcall [-] Fixed interval looping call 'nova.servicegroup.drivers.db.DbDriver._report_state' sleeping for 119.99 seconds {{(pid=96548) _run_loop /opt/stack/data/venv/lib/python3.12/site-packages/oslo_service/backend/_threading/loopingcall.py:125}}
Aug 20 01:58:57.989038 np0000007844 nova-scheduler[96550]: DEBUG oslo.service.backend._threading.loopingcall [-] Fixed interval looping call 'nova.servicegroup.drivers.db.DbDriver._report_state' sleeping for 119.99 seconds {{(pid=96550) _run_loop /opt/stack/data/venv/lib/python3.12/site-packages/oslo_service/backend/_threading/loopingcall.py:125}}
Aug 20 01:58:57.996131 np0000007844 nova-scheduler[96554]: DEBUG oslo.service.backend._threading.loopingcall [-] Fixed interval looping call 'nova.servicegroup.drivers.db.DbDriver._report_state' sleeping for 120.00 seconds {{(pid=96554) _run_loop /opt/stack/data/venv/lib/python3.12/site-packages/oslo_service/backend/_threading/loopingcall.py:125}}
Aug 20 01:58:57.997583 np0000007844 nova-scheduler[96552]: DEBUG oslo.service.backend._threading.loopingcall [-] Fixed interval looping call 'nova.servicegroup.drivers.db.DbDriver._report_state' sleeping for 119.99 seconds {{(pid=96552) _run_loop /opt/stack/data/venv/lib/python3.12/site-packages/oslo_service/backend/_threading/loopingcall.py:125}}
Aug 20 01:59:07.982074 np0000007844 nova-scheduler[96548]: DEBUG dbcounter [-] [96548] Writing DB stats nova_cell0:SELECT=1,nova_cell0:UPDATE=1 {{(pid=96548) stat_writer /opt/stack/data/venv/lib/python3.12/site-packages/dbcounter.py:115}}
Aug 20 01:59:07.982614 np0000007844 nova-scheduler[96550]: DEBUG dbcounter [-] [96550] Writing DB stats nova_cell0:SELECT=1,nova_cell0:UPDATE=1 {{(pid=96550) stat_writer /opt/stack/data/venv/lib/python3.12/site-packages/dbcounter.py:115}}
Aug 20 01:59:07.993585 np0000007844 nova-scheduler[96554]: DEBUG dbcounter [-] [96554] Writing DB stats nova_cell0:SELECT=1 {{(pid=96554) stat_writer /opt/stack/data/venv/lib/python3.12/site-packages/dbcounter.py:115}}
Aug 20 01:59:07.996540 np0000007844 nova-scheduler[96552]: DEBUG dbcounter [-] [96552] Writing DB stats nova_cell0:SELECT=1 {{(pid=96552) stat_writer /opt/stack/data/venv/lib/python3.12/site-packages/dbcounter.py:115}}
Aug 20 01:59:17.003509 np0000007844 nova-scheduler[96550]: DEBUG nova.scheduler.manager [None req-e960bdb4-4b4d-4fcd-9cb0-c1826730a58c tempest-ServersNegativeTestJSON-672587473 tempest-ServersNegativeTestJSON-672587473-project-member] Starting to schedule for instances: ['bf2d538d-6010-49a3-a36e-6c0f36734891'] {{(pid=96550) select_destinations /opt/stack/nova/nova/scheduler/manager.py:197}}
Aug 20 01:59:17.003974 np0000007844 nova-scheduler[96550]: DEBUG nova.scheduler.request_filter [None req-e960bdb4-4b4d-4fcd-9cb0-c1826730a58c tempest-ServersNegativeTestJSON-672587473 tempest-ServersNegativeTestJSON-672587473-project-member] compute_status_filter request filter added forbidden trait COMPUTE_STATUS_DISABLED {{(pid=96550) compute_status_filter /opt/stack/nova/nova/scheduler/request_filter.py:253}}
Aug 20 01:59:17.006709 np0000007844 nova-scheduler[96550]: DEBUG nova.scheduler.request_filter [None req-e960bdb4-4b4d-4fcd-9cb0-c1826730a58c tempest-ServersNegativeTestJSON-672587473 tempest-ServersNegativeTestJSON-672587473-project-member] Request filter 'compute_status_filter' took 0.0 seconds {{(pid=96550) wrapper /opt/stack/nova/nova/scheduler/request_filter.py:46}}
Aug 20 01:59:17.007049 np0000007844 nova-scheduler[96550]: DEBUG nova.scheduler.request_filter [None req-e960bdb4-4b4d-4fcd-9cb0-c1826730a58c tempest-ServersNegativeTestJSON-672587473 tempest-ServersNegativeTestJSON-672587473-project-member] Request filter 'accelerators_filter' took 0.0 seconds {{(pid=96550) wrapper /opt/stack/nova/nova/scheduler/request_filter.py:46}}
Aug 20 01:59:17.007189 np0000007844 nova-scheduler[96550]: DEBUG nova.scheduler.request_filter [None req-e960bdb4-4b4d-4fcd-9cb0-c1826730a58c tempest-ServersNegativeTestJSON-672587473 tempest-ServersNegativeTestJSON-672587473-project-member] Request filter 'packed_virtqueue_filter' took 0.0 seconds {{(pid=96550) wrapper /opt/stack/nova/nova/scheduler/request_filter.py:46}}
Aug 20 01:59:17.007482 np0000007844 nova-scheduler[96550]: DEBUG nova.scheduler.request_filter [None req-e960bdb4-4b4d-4fcd-9cb0-c1826730a58c tempest-ServersNegativeTestJSON-672587473 tempest-ServersNegativeTestJSON-672587473-project-member] Request filter 'remote_managed_ports_filter' took 0.0 seconds {{(pid=96550) wrapper /opt/stack/nova/nova/scheduler/request_filter.py:46}}
Aug 20 01:59:17.007612 np0000007844 nova-scheduler[96550]: DEBUG nova.scheduler.request_filter [None req-e960bdb4-4b4d-4fcd-9cb0-c1826730a58c tempest-ServersNegativeTestJSON-672587473 tempest-ServersNegativeTestJSON-672587473-project-member] ephemeral_encryption_filter skipped {{(pid=96550) ephemeral_encryption_filter /opt/stack/nova/nova/scheduler/request_filter.py:426}}
Aug 20 01:59:17.007760 np0000007844 nova-scheduler[96550]: DEBUG nova.scheduler.request_filter [None req-e960bdb4-4b4d-4fcd-9cb0-c1826730a58c tempest-ServersNegativeTestJSON-672587473 tempest-ServersNegativeTestJSON-672587473-project-member] virtio_sound_filter skipped {{(pid=96550) virtio_sound_filter /opt/stack/nova/nova/scheduler/request_filter.py:460}}
Aug 20 01:59:17.007888 np0000007844 nova-scheduler[96550]: DEBUG nova.scheduler.request_filter [None req-e960bdb4-4b4d-4fcd-9cb0-c1826730a58c tempest-ServersNegativeTestJSON-672587473 tempest-ServersNegativeTestJSON-672587473-project-member] tpm_secret_security_filter skipped {{(pid=96550) tpm_secret_security_filter /opt/stack/nova/nova/scheduler/request_filter.py:477}}
Aug 20 01:59:17.843177 np0000007844 nova-scheduler[96550]: INFO nova.utils [None req-e960bdb4-4b4d-4fcd-9cb0-c1826730a58c tempest-ServersNegativeTestJSON-672587473 tempest-ServersNegativeTestJSON-672587473-project-member] The cell worker thread pool ForkProcess-2.cell_worker is initialized
Aug 20 01:59:17.843177 np0000007844 nova-scheduler[96550]: DEBUG oslo_concurrency.lockutils [None req-e960bdb4-4b4d-4fcd-9cb0-c1826730a58c tempest-ServersNegativeTestJSON-672587473 tempest-ServersNegativeTestJSON-672587473-project-member] Acquiring lock "35cfd428-ec84-4657-a12e-9a30278d3147" by "nova.context.set_target_cell..get_or_set_cached_cell_and_set_connections" {{(pid=96550) inner /opt/stack/data/venv/lib/python3.12/site-packages/oslo_concurrency/lockutils.py:512}}
Aug 20 01:59:17.843177 np0000007844 nova-scheduler[96550]: DEBUG oslo_concurrency.lockutils [None req-e960bdb4-4b4d-4fcd-9cb0-c1826730a58c tempest-ServersNegativeTestJSON-672587473 tempest-ServersNegativeTestJSON-672587473-project-member] Lock "35cfd428-ec84-4657-a12e-9a30278d3147" acquired by "nova.context.set_target_cell..get_or_set_cached_cell_and_set_connections" :: waited 0.000s {{(pid=96550) inner /opt/stack/data/venv/lib/python3.12/site-packages/oslo_concurrency/lockutils.py:525}}
Aug 20 01:59:17.844829 np0000007844 nova-scheduler[96550]: DEBUG oslo_concurrency.lockutils [None req-e960bdb4-4b4d-4fcd-9cb0-c1826730a58c tempest-ServersNegativeTestJSON-672587473 tempest-ServersNegativeTestJSON-672587473-project-member] Lock "35cfd428-ec84-4657-a12e-9a30278d3147" "released" by "nova.context.set_target_cell..get_or_set_cached_cell_and_set_connections" :: held 0.002s {{(pid=96550) inner /opt/stack/data/venv/lib/python3.12/site-packages/oslo_concurrency/lockutils.py:544}}
Aug 20 01:59:17.846940 np0000007844 nova-scheduler[96550]: INFO dbcounter [None req-e960bdb4-4b4d-4fcd-9cb0-c1826730a58c tempest-ServersNegativeTestJSON-672587473 tempest-ServersNegativeTestJSON-672587473-project-member] Registered counter for database nova_cell1
Aug 20 01:59:17.893097 np0000007844 nova-scheduler[96550]: DEBUG oslo_db.sqlalchemy.engines [None req-e960bdb4-4b4d-4fcd-9cb0-c1826730a58c tempest-ServersNegativeTestJSON-672587473 tempest-ServersNegativeTestJSON-672587473-project-member] MySQL server mode set to STRICT_TRANS_TABLES,STRICT_ALL_TABLES,NO_ZERO_IN_DATE,NO_ZERO_DATE,ERROR_FOR_DIVISION_BY_ZERO,TRADITIONAL,NO_ENGINE_SUBSTITUTION {{(pid=96550) _check_effective_sql_mode /opt/stack/data/venv/lib/python3.12/site-packages/oslo_db/sqlalchemy/engines.py:325}}
Aug 20 01:59:17.902703 np0000007844 nova-scheduler[96550]: DEBUG dbcounter [-] [96550] Writer thread running {{(pid=96550) stat_writer /opt/stack/data/venv/lib/python3.12/site-packages/dbcounter.py:102}}
Aug 20 01:59:17.918716 np0000007844 nova-scheduler[96550]: DEBUG oslo_db.sqlalchemy.engines [None req-e960bdb4-4b4d-4fcd-9cb0-c1826730a58c tempest-ServersNegativeTestJSON-672587473 tempest-ServersNegativeTestJSON-672587473-project-member] Parent process 95354 forked (96550) with an open database connection, which is being discarded and recreated. {{(pid=96550) checkout /opt/stack/data/venv/lib/python3.12/site-packages/oslo_db/sqlalchemy/engines.py:402}}
Aug 20 01:59:17.972005 np0000007844 nova-scheduler[96550]: DEBUG dbcounter [-] [96550] Writer thread running {{(pid=96550) stat_writer /opt/stack/data/venv/lib/python3.12/site-packages/dbcounter.py:102}}
Aug 20 01:59:17.975800 np0000007844 nova-scheduler[96550]: DEBUG oslo_concurrency.lockutils [None req-e960bdb4-4b4d-4fcd-9cb0-c1826730a58c tempest-ServersNegativeTestJSON-672587473 tempest-ServersNegativeTestJSON-672587473-project-member] Acquiring lock "35cfd428-ec84-4657-a12e-9a30278d3147" by "nova.context.set_target_cell..get_or_set_cached_cell_and_set_connections" {{(pid=96550) inner /opt/stack/data/venv/lib/python3.12/site-packages/oslo_concurrency/lockutils.py:512}}
