Jun 10 18:04:41.161669 np0000002531 devstack@g-api.service[101993]: DEBUG glance_store.location [-] Registering scheme http with {'store': , 'location_class': , 'store_entry': 'http'} {{(pid=101993) register_scheme_map /opt/stack/data/venv/lib/python3.12/site-packages/glance_store/location.py:146}}
Jun 10 18:04:41.161713 np0000002531 devstack@g-api.service[101993]: DEBUG glance_store.location [-] Registering scheme https with {'store': , 'location_class': , 'store_entry': 'http'} {{(pid=101993) register_scheme_map /opt/stack/data/venv/lib/python3.12/site-packages/glance_store/location.py:146}}
Jun 10 18:04:41.161763 np0000002531 devstack@g-api.service[101993]: DEBUG glance_store.backend [-] Attempting to import store swift {{(pid=101993) _load_store /opt/stack/data/venv/lib/python3.12/site-packages/glance_store/backend.py:215}}
Jun 10 18:04:41.161968 np0000002531 devstack@g-api.service[101993]: WARNING oslo_config.cfg [-] Deprecated: Option "default_store" from group "glance_store" is deprecated for removal (
Jun 10 18:04:41.161968 np0000002531 devstack@g-api.service[101993]: This option is deprecated against new config option
Jun 10 18:04:41.161968 np0000002531 devstack@g-api.service[101993]: ``default_backend`` which acts similar to ``default_store`` config
Jun 10 18:04:41.161968 np0000002531 devstack@g-api.service[101993]: option.
Jun 10 18:04:41.161968 np0000002531 devstack@g-api.service[101993]: This option is scheduled for removal in the U development
Jun 10 18:04:41.161968 np0000002531 devstack@g-api.service[101993]: cycle.
Jun 10 18:04:41.161968 np0000002531 devstack@g-api.service[101993]: ). Its value may be silently ignored in the future.
Jun 10 18:04:41.163187 np0000002531 devstack@g-api.service[101993]: DEBUG glance_store.capabilities [-] Store glance_store._drivers.swift.store.SingleTenantStore doesn't support updating dynamic storage capabilities. Please overwrite 'update_capabilities' method of the store to implement updating logics if needed. {{(pid=101993) update_capabilities /opt/stack/data/venv/lib/python3.12/site-packages/glance_store/capabilities.py:91}}
Jun 10 18:04:41.163239 np0000002531 devstack@g-api.service[101993]: DEBUG glance_store.backend [-] Registering store swift with schemes ('swift+https', 'swift', 'swift+http', 'swift+config') {{(pid=101993) create_stores /opt/stack/data/venv/lib/python3.12/site-packages/glance_store/backend.py:261}}
Jun 10 18:04:41.163298 np0000002531 devstack@g-api.service[101993]: DEBUG glance_store.driver [-] Late loading location class glance_store._drivers.swift.store.StoreLocation {{(pid=101993) get_store_location_class /opt/stack/data/venv/lib/python3.12/site-packages/glance_store/driver.py:134}}
Jun 10 18:04:41.163352 np0000002531 devstack@g-api.service[101993]: DEBUG glance_store.location [-] Registering scheme swift+https with {'store': , 'location_class': , 'store_entry': 'swift'} {{(pid=101993) register_scheme_map /opt/stack/data/venv/lib/python3.12/site-packages/glance_store/location.py:146}}
Jun 10 18:04:41.163408 np0000002531 devstack@g-api.service[101993]: DEBUG glance_store.location [-] Registering scheme swift with {'store': , 'location_class': , 'store_entry': 'swift'} {{(pid=101993) register_scheme_map /opt/stack/data/venv/lib/python3.12/site-packages/glance_store/location.py:146}}
Jun 10 18:04:41.163451 np0000002531 devstack@g-api.service[101993]: DEBUG glance_store.location [-] Registering scheme swift+http with {'store': , 'location_class': , 'store_entry': 'swift'} {{(pid=101993) register_scheme_map /opt/stack/data/venv/lib/python3.12/site-packages/glance_store/location.py:146}}
Jun 10 18:04:41.163501 np0000002531 devstack@g-api.service[101993]: DEBUG glance_store.location [-] Registering scheme swift+config with {'store': , 'location_class': , 'store_entry': 'swift'} {{(pid=101993) register_scheme_map /opt/stack/data/venv/lib/python3.12/site-packages/glance_store/location.py:146}}
Jun 10 18:04:41.163604 np0000002531 devstack@g-api.service[101993]: DEBUG glance_store.backend [-] Attempting to import store swift {{(pid=101993) _load_store /opt/stack/data/venv/lib/python3.12/site-packages/glance_store/backend.py:215}}
Jun 10 18:04:41.164575 np0000002531 devstack@g-api.service[101993]: DEBUG glance_store.capabilities [-] Store glance_store._drivers.swift.store.SingleTenantStore doesn't support updating dynamic storage capabilities. Please overwrite 'update_capabilities' method of the store to implement updating logics if needed. {{(pid=101993) update_capabilities /opt/stack/data/venv/lib/python3.12/site-packages/glance_store/capabilities.py:91}}
Jun 10 18:04:41.164623 np0000002531 devstack@g-api.service[101993]: DEBUG glance_store.driver [-] Late loading location class glance_store._drivers.swift.store.StoreLocation {{(pid=101993) get_store_location_class /opt/stack/data/venv/lib/python3.12/site-packages/glance_store/driver.py:134}}
Jun 10 18:04:41.164690 np0000002531 devstack@g-api.service[101993]: DEBUG glance_store.location [-] Registering scheme swift+https with {'store': , 'location_class': , 'store_entry': 'swift'} {{(pid=101993) register_scheme_map /opt/stack/data/venv/lib/python3.12/site-packages/glance_store/location.py:146}}
Jun 10 18:04:41.164729 np0000002531 devstack@g-api.service[101993]: DEBUG glance_store.location [-] Registering scheme swift+https with {'store': , 'location_class': , 'store_entry': 'swift'} {{(pid=101993) register_scheme_map /opt/stack/data/venv/lib/python3.12/site-packages/glance_store/location.py:146}}
Jun 10 18:04:41.164884 np0000002531 devstack@g-api.service[101993]: DEBUG glance_store.location [-] Registering scheme swift with {'store': , 'location_class': , 'store_entry': 'swift'} {{(pid=101993) register_scheme_map /opt/stack/data/venv/lib/python3.12/site-packages/glance_store/location.py:146}}
Jun 10 18:04:41.164884 np0000002531 devstack@g-api.service[101993]: DEBUG glance_store.location [-] Registering scheme swift+https with {'store': , 'location_class': , 'store_entry': 'swift'} {{(pid=101993) register_scheme_map /opt/stack/data/venv/lib/python3.12/site-packages/glance_store/location.py:146}}
Jun 10 18:04:41.165009 np0000002531 devstack@g-api.service[101993]: DEBUG glance_store.location [-] Registering scheme swift with {'store': , 'location_class': , 'store_entry': 'swift'} {{(pid=101993) register_scheme_map /opt/stack/data/venv/lib/python3.12/site-packages/glance_store/location.py:146}}
Jun 10 18:04:41.165009 np0000002531 devstack@g-api.service[101993]: DEBUG glance_store.location [-] Registering scheme swift+http with {'store': , 'location_class': , 'store_entry': 'swift'} {{(pid=101993) register_scheme_map /opt/stack/data/venv/lib/python3.12/site-packages/glance_store/location.py:146}}
Jun 10 18:04:41.165070 np0000002531 devstack@g-api.service[101993]: DEBUG glance_store.location [-] Registering scheme swift+https with {'store': , 'location_class': , 'store_entry': 'swift'} {{(pid=101993) register_scheme_map /opt/stack/data/venv/lib/python3.12/site-packages/glance_store/location.py:146}}
Jun 10 18:04:41.165070 np0000002531 devstack@g-api.service[101993]: DEBUG glance_store.location [-] Registering scheme swift with {'store': , 'location_class': , 'store_entry': 'swift'} {{(pid=101993) register_scheme_map /opt/stack/data/venv/lib/python3.12/site-packages/glance_store/location.py:146}}
Jun 10 18:04:41.165125 np0000002531 devstack@g-api.service[101993]: DEBUG glance_store.location [-] Registering scheme swift+http with {'store': , 'location_class': , 'store_entry': 'swift'} {{(pid=101993) register_scheme_map /opt/stack/data/venv/lib/python3.12/site-packages/glance_store/location.py:146}}
Jun 10 18:04:41.165156 np0000002531 devstack@g-api.service[101993]: DEBUG glance_store.location [-] Registering scheme swift+config with {'store': , 'location_class': , 'store_entry': 'swift'} {{(pid=101993) register_scheme_map /opt/stack/data/venv/lib/python3.12/site-packages/glance_store/location.py:146}}
Jun 10 18:04:41.165389 np0000002531 devstack@g-api.service[101993]: DEBUG glance.sqlite_migration [-] SQLite caching database not located, skipping migration {{(pid=101993) get_db_path /opt/stack/glance/glance/sqlite_migration.py:68}}
Jun 10 18:04:41.165559 np0000002531 devstack@g-api.service[101993]: WARNING glance.common.wsgi_app [-] Import methods are enabled but staging directory /tmp/staging/ does not exist; Imports will fail!
Jun 10 18:04:41.397538 np0000002531 devstack@g-api.service[101992]: DEBUG glance.common.config [None req-432f639f-b351-4be4-bf9f-f43a9f02532f None None] Loading glance-api-keystone+cachemanagement from /etc/glance/glance-api-paste.ini {{(pid=101992) load_paste_app /opt/stack/glance/glance/common/config.py:758}}
Jun 10 18:04:41.408542 np0000002531 devstack@g-api.service[101994]: DEBUG glance.common.config [None req-0dfa40c4-350d-47c1-bc61-301eb5ee3868 None None] Loading glance-api-keystone+cachemanagement from /etc/glance/glance-api-paste.ini {{(pid=101994) load_paste_app /opt/stack/glance/glance/common/config.py:758}}
Jun 10 18:04:41.419027 np0000002531 devstack@g-api.service[101993]: DEBUG glance.common.config [None req-3ffea272-f694-4db4-8559-aa2a1b808325 None None] Loading glance-api-keystone+cachemanagement from /etc/glance/glance-api-paste.ini {{(pid=101993) load_paste_app /opt/stack/glance/glance/common/config.py:758}}
Jun 10 18:04:41.976219 np0000002531 devstack@g-api.service[101992]: INFO glance.image_cache [None req-432f639f-b351-4be4-bf9f-f43a9f02532f None None] Image cache loaded driver 'centralized_db'.
Jun 10 18:04:41.976684 np0000002531 devstack@g-api.service[101993]: INFO glance.image_cache [None req-3ffea272-f694-4db4-8559-aa2a1b808325 None None] Image cache loaded driver 'centralized_db'.
Jun 10 18:04:41.979711 np0000002531 devstack@g-api.service[101994]: INFO glance.image_cache [None req-0dfa40c4-350d-47c1-bc61-301eb5ee3868 None None] Image cache loaded driver 'centralized_db'.
Jun 10 18:04:42.018824 np0000002531 devstack@g-api.service[101993]: INFO dbcounter [None req-3ffea272-f694-4db4-8559-aa2a1b808325 None None] Registered counter for database glance
Jun 10 18:04:42.018996 np0000002531 devstack@g-api.service[101992]: INFO dbcounter [None req-432f639f-b351-4be4-bf9f-f43a9f02532f None None] Registered counter for database glance
Jun 10 18:04:42.022284 np0000002531 devstack@g-api.service[101994]: INFO dbcounter [None req-0dfa40c4-350d-47c1-bc61-301eb5ee3868 None None] Registered counter for database glance
Jun 10 18:04:42.060904 np0000002531 devstack@g-api.service[101993]: DEBUG oslo_db.sqlalchemy.engines [None req-3ffea272-f694-4db4-8559-aa2a1b808325 None None] MySQL server mode set to STRICT_TRANS_TABLES,STRICT_ALL_TABLES,NO_ZERO_IN_DATE,NO_ZERO_DATE,ERROR_FOR_DIVISION_BY_ZERO,TRADITIONAL,NO_ENGINE_SUBSTITUTION {{(pid=101993) _check_effective_sql_mode /opt/stack/data/venv/lib/python3.12/site-packages/oslo_db/sqlalchemy/engines.py:325}}
Jun 10 18:04:42.063585 np0000002531 devstack@g-api.service[101992]: DEBUG oslo_db.sqlalchemy.engines [None req-432f639f-b351-4be4-bf9f-f43a9f02532f None None] MySQL server mode set to STRICT_TRANS_TABLES,STRICT_ALL_TABLES,NO_ZERO_IN_DATE,NO_ZERO_DATE,ERROR_FOR_DIVISION_BY_ZERO,TRADITIONAL,NO_ENGINE_SUBSTITUTION {{(pid=101992) _check_effective_sql_mode /opt/stack/data/venv/lib/python3.12/site-packages/oslo_db/sqlalchemy/engines.py:325}}
Jun 10 18:04:42.067223 np0000002531 devstack@g-api.service[101994]: DEBUG oslo_db.sqlalchemy.engines [None req-0dfa40c4-350d-47c1-bc61-301eb5ee3868 None None] MySQL server mode set to STRICT_TRANS_TABLES,STRICT_ALL_TABLES,NO_ZERO_IN_DATE,NO_ZERO_DATE,ERROR_FOR_DIVISION_BY_ZERO,TRADITIONAL,NO_ENGINE_SUBSTITUTION {{(pid=101994) _check_effective_sql_mode /opt/stack/data/venv/lib/python3.12/site-packages/oslo_db/sqlalchemy/engines.py:325}}
Jun 10 18:04:42.082557 np0000002531 devstack@g-api.service[101993]: DEBUG dbcounter [-] [101993] Writer thread running {{(pid=101993) stat_writer /opt/stack/data/venv/lib/python3.12/site-packages/dbcounter.py:102}}
Jun 10 18:04:42.084275 np0000002531 devstack@g-api.service[101992]: DEBUG dbcounter [-] [101992] Writer thread running {{(pid=101992) stat_writer /opt/stack/data/venv/lib/python3.12/site-packages/dbcounter.py:102}}
Jun 10 18:04:42.089163 np0000002531 devstack@g-api.service[101994]: DEBUG dbcounter [-] [101994] Writer thread running {{(pid=101994) stat_writer /opt/stack/data/venv/lib/python3.12/site-packages/dbcounter.py:102}}
Jun 10 18:04:42.089282 np0000002531 devstack@g-api.service[101992]: DEBUG glance.image_cache.drivers.centralized_db [None req-432f639f-b351-4be4-bf9f-f43a9f02532f None None] Node reference is already recorded, ignoring it {{(pid=101992) configure /opt/stack/glance/glance/image_cache/drivers/centralized_db.py:71}}
Jun 10 18:04:42.091538 np0000002531 devstack@g-api.service[101994]: DEBUG glance.image_cache.drivers.centralized_db [None req-0dfa40c4-350d-47c1-bc61-301eb5ee3868 None None] Node reference is already recorded, ignoring it {{(pid=101994) configure /opt/stack/glance/glance/image_cache/drivers/centralized_db.py:71}}
Jun 10 18:04:42.094090 np0000002531 devstack@g-api.service[101993]: INFO glance.image_cache [None req-3ffea272-f694-4db4-8559-aa2a1b808325 None None] Image cache loaded driver 'centralized_db'.
Jun 10 18:04:42.095334 np0000002531 devstack@g-api.service[101992]: INFO glance.image_cache [None req-432f639f-b351-4be4-bf9f-f43a9f02532f None None] Image cache loaded driver 'centralized_db'.
Jun 10 18:04:42.097731 np0000002531 devstack@g-api.service[101994]: INFO glance.image_cache [None req-0dfa40c4-350d-47c1-bc61-301eb5ee3868 None None] Image cache loaded driver 'centralized_db'.
Jun 10 18:04:42.100872 np0000002531 devstack@g-api.service[101993]: DEBUG glance.image_cache.drivers.centralized_db [None req-3ffea272-f694-4db4-8559-aa2a1b808325 None None] Node reference is already recorded, ignoring it {{(pid=101993) configure /opt/stack/glance/glance/image_cache/drivers/centralized_db.py:71}}
Jun 10 18:04:42.103212 np0000002531 devstack@g-api.service[101992]: DEBUG glance.image_cache.drivers.centralized_db [None req-432f639f-b351-4be4-bf9f-f43a9f02532f None None] Node reference is already recorded, ignoring it {{(pid=101992) configure /opt/stack/glance/glance/image_cache/drivers/centralized_db.py:71}}
Jun 10 18:04:42.104602 np0000002531 devstack@g-api.service[101994]: DEBUG glance.image_cache.drivers.centralized_db [None req-0dfa40c4-350d-47c1-bc61-301eb5ee3868 None None] Node reference is already recorded, ignoring it {{(pid=101994) configure /opt/stack/glance/glance/image_cache/drivers/centralized_db.py:71}}
Jun 10 18:04:42.106508 np0000002531 devstack@g-api.service[101993]: DEBUG glance.api.v2.cached_images [None req-3ffea272-f694-4db4-8559-aa2a1b808325 None None] Started cache worker thread {{(pid=101993) __init__ /opt/stack/glance/glance/api/v2/cached_images.py:69}}
Jun 10 18:04:42.107178 np0000002531 devstack@g-api.service[101993]: INFO glance.image_cache [None req-3ffea272-f694-4db4-8559-aa2a1b808325 None None] Image cache loaded driver 'centralized_db'.
Jun 10 18:04:42.108103 np0000002531 devstack@g-api.service[101992]: DEBUG glance.api.v2.cached_images [None req-432f639f-b351-4be4-bf9f-f43a9f02532f None None] Started cache worker thread {{(pid=101992) __init__ /opt/stack/glance/glance/api/v2/cached_images.py:69}}
Jun 10 18:04:42.108580 np0000002531 devstack@g-api.service[101992]: INFO glance.image_cache [None req-432f639f-b351-4be4-bf9f-f43a9f02532f None None] Image cache loaded driver 'centralized_db'.
Jun 10 18:04:42.109202 np0000002531 devstack@g-api.service[101994]: DEBUG glance.api.v2.cached_images [None req-0dfa40c4-350d-47c1-bc61-301eb5ee3868 None None] Started cache worker thread {{(pid=101994) __init__ /opt/stack/glance/glance/api/v2/cached_images.py:69}}
Jun 10 18:04:42.109810 np0000002531 devstack@g-api.service[101994]: INFO glance.image_cache [None req-0dfa40c4-350d-47c1-bc61-301eb5ee3868 None None] Image cache loaded driver 'centralized_db'.
Jun 10 18:04:42.113832 np0000002531 devstack@g-api.service[101993]: DEBUG glance.image_cache.drivers.centralized_db [None req-3ffea272-f694-4db4-8559-aa2a1b808325 None None] Node reference is already recorded, ignoring it {{(pid=101993) configure /opt/stack/glance/glance/image_cache/drivers/centralized_db.py:71}}
Jun 10 18:04:42.113936 np0000002531 devstack@g-api.service[101992]: DEBUG glance.image_cache.drivers.centralized_db [None req-432f639f-b351-4be4-bf9f-f43a9f02532f None None] Node reference is already recorded, ignoring it {{(pid=101992) configure /opt/stack/glance/glance/image_cache/drivers/centralized_db.py:71}}
Jun 10 18:04:42.115754 np0000002531 devstack@g-api.service[101994]: DEBUG glance.image_cache.drivers.centralized_db [None req-0dfa40c4-350d-47c1-bc61-301eb5ee3868 None None] Node reference is already recorded, ignoring it {{(pid=101994) configure /opt/stack/glance/glance/image_cache/drivers/centralized_db.py:71}}
Jun 10 18:04:42.118279 np0000002531 devstack@g-api.service[101992]: INFO glance.api.middleware.cache_manage [None req-432f639f-b351-4be4-bf9f-f43a9f02532f None None] Initialized image cache management middleware
Jun 10 18:04:42.118373 np0000002531 devstack@g-api.service[101993]: INFO glance.api.middleware.cache_manage [None req-3ffea272-f694-4db4-8559-aa2a1b808325 None None] Initialized image cache management middleware
Jun 10 18:04:42.118423 np0000002531 devstack@g-api.service[101992]: INFO glance.image_cache [None req-432f639f-b351-4be4-bf9f-f43a9f02532f None None] Image cache loaded driver 'centralized_db'.
Jun 10 18:04:42.118465 np0000002531 devstack@g-api.service[101993]: INFO glance.image_cache [None req-3ffea272-f694-4db4-8559-aa2a1b808325 None None] Image cache loaded driver 'centralized_db'.
Jun 10 18:04:42.120169 np0000002531 devstack@g-api.service[101994]: INFO glance.api.middleware.cache_manage [None req-0dfa40c4-350d-47c1-bc61-301eb5ee3868 None None] Initialized image cache management middleware
Jun 10 18:04:42.120337 np0000002531 devstack@g-api.service[101994]: INFO glance.image_cache [None req-0dfa40c4-350d-47c1-bc61-301eb5ee3868 None None] Image cache loaded driver 'centralized_db'.
Jun 10 18:04:42.124600 np0000002531 devstack@g-api.service[101993]: DEBUG glance.image_cache.drivers.centralized_db [None req-3ffea272-f694-4db4-8559-aa2a1b808325 None None] Node reference is already recorded, ignoring it {{(pid=101993) configure /opt/stack/glance/glance/image_cache/drivers/centralized_db.py:71}}
Jun 10 18:04:42.124741 np0000002531 devstack@g-api.service[101992]: DEBUG glance.image_cache.drivers.centralized_db [None req-432f639f-b351-4be4-bf9f-f43a9f02532f None None] Node reference is already recorded, ignoring it {{(pid=101992) configure /opt/stack/glance/glance/image_cache/drivers/centralized_db.py:71}}
Jun 10 18:04:42.126237 np0000002531 devstack@g-api.service[101994]: DEBUG glance.image_cache.drivers.centralized_db [None req-0dfa40c4-350d-47c1-bc61-301eb5ee3868 None None] Node reference is already recorded, ignoring it {{(pid=101994) configure /opt/stack/glance/glance/image_cache/drivers/centralized_db.py:71}}
Jun 10 18:04:42.128194 np0000002531 devstack@g-api.service[101993]: INFO glance.api.middleware.cache [None req-3ffea272-f694-4db4-8559-aa2a1b808325 None None] Initialized image cache middleware
Jun 10 18:04:42.129912 np0000002531 devstack@g-api.service[101992]: INFO glance.api.middleware.cache [None req-432f639f-b351-4be4-bf9f-f43a9f02532f None None] Initialized image cache middleware
Jun 10 18:04:42.131389 np0000002531 devstack@g-api.service[101994]: INFO glance.api.middleware.cache [None req-0dfa40c4-350d-47c1-bc61-301eb5ee3868 None None] Initialized image cache middleware
Jun 10 18:04:42.146604 np0000002531 devstack@g-api.service[101994]: DEBUG glance.common.config [None req-0dfa40c4-350d-47c1-bc61-301eb5ee3868 None None] ******************************************************************************** {{(pid=101994) log_opt_values /opt/stack/data/venv/lib/python3.12/site-packages/oslo_config/cfg.py:3229}}
Jun 10 18:04:42.146728 np0000002531 devstack@g-api.service[101994]: DEBUG glance.common.config [None req-0dfa40c4-350d-47c1-bc61-301eb5ee3868 None None] Configuration options gathered from: {{(pid=101994) log_opt_values /opt/stack/data/venv/lib/python3.12/site-packages/oslo_config/cfg.py:3230}}
Jun 10 18:04:42.147081 np0000002531 devstack@g-api.service[101994]: DEBUG glance.common.config [None req-0dfa40c4-350d-47c1-bc61-301eb5ee3868 None None] command line args: [] {{(pid=101994) log_opt_values /opt/stack/data/venv/lib/python3.12/site-packages/oslo_config/cfg.py:3231}}
Jun 10 18:04:42.147230 np0000002531 devstack@g-api.service[101994]: DEBUG glance.common.config [None req-0dfa40c4-350d-47c1-bc61-301eb5ee3868 None None] config files: ['/etc/glance/glance-image-import.conf', '/etc/glance/glance-api.conf'] {{(pid=101994) log_opt_values /opt/stack/data/venv/lib/python3.12/site-packages/oslo_config/cfg.py:3232}}
Jun 10 18:04:42.147319 np0000002531 devstack@g-api.service[101994]: DEBUG glance.common.config [None req-0dfa40c4-350d-47c1-bc61-301eb5ee3868 None None] ================================================================================ {{(pid=101994) log_opt_values /opt/stack/data/venv/lib/python3.12/site-packages/oslo_config/cfg.py:3237}}
Jun 10 18:04:42.147463 np0000002531 devstack@g-api.service[101994]: DEBUG glance.common.config [None req-0dfa40c4-350d-47c1-bc61-301eb5ee3868 None None] allow_anonymous_access = False {{(pid=101994) log_opt_values /opt/stack/data/venv/lib/python3.12/site-packages/oslo_config/cfg.py:3245}}
Jun 10 18:04:42.147588 np0000002531 devstack@g-api.service[101994]: DEBUG glance.common.config [None req-0dfa40c4-350d-47c1-bc61-301eb5ee3868 None None] api_limit_max = 1000 {{(pid=101994) log_opt_values /opt/stack/data/venv/lib/python3.12/site-packages/oslo_config/cfg.py:3245}}
Jun 10 18:04:42.147701 np0000002531 devstack@g-api.service[101994]: DEBUG glance.common.config [None req-0dfa40c4-350d-47c1-bc61-301eb5ee3868 None None] backlog = 4096 {{(pid=101994) log_opt_values /opt/stack/data/venv/lib/python3.12/site-packages/oslo_config/cfg.py:3245}}
Jun 10 18:04:42.147852 np0000002531 devstack@g-api.service[101994]: DEBUG glance.common.config [None req-0dfa40c4-350d-47c1-bc61-301eb5ee3868 None None] bind_host = 0.0.0.0 {{(pid=101994) log_opt_values /opt/stack/data/venv/lib/python3.12/site-packages/oslo_config/cfg.py:3245}}
Jun 10 18:04:42.148006 np0000002531 devstack@g-api.service[101994]: DEBUG glance.common.config [None req-0dfa40c4-350d-47c1-bc61-301eb5ee3868 None None] bind_port = 19292 {{(pid=101994) log_opt_values /opt/stack/data/venv/lib/python3.12/site-packages/oslo_config/cfg.py:3245}}
Jun 10 18:04:42.148129 np0000002531 devstack@g-api.service[101994]: DEBUG glance.common.config [None req-0dfa40c4-350d-47c1-bc61-301eb5ee3868 None None] client_socket_timeout = 900 {{(pid=101994) log_opt_values /opt/stack/data/venv/lib/python3.12/site-packages/oslo_config/cfg.py:3245}}
Jun 10 18:04:42.148251 np0000002531 devstack@g-api.service[101994]: DEBUG glance.common.config [None req-0dfa40c4-350d-47c1-bc61-301eb5ee3868 None None] config_dir = [] {{(pid=101994) log_opt_values /opt/stack/data/venv/lib/python3.12/site-packages/oslo_config/cfg.py:3245}}
Jun 10 18:04:42.148343 np0000002531 devstack@g-api.service[101994]: DEBUG glance.common.config [None req-0dfa40c4-350d-47c1-bc61-301eb5ee3868 None None] config_file = ['/etc/glance/glance-image-import.conf', '/etc/glance/glance-api.conf'] {{(pid=101994) log_opt_values /opt/stack/data/venv/lib/python3.12/site-packages/oslo_config/cfg.py:3245}}
Jun 10 18:04:42.148457 np0000002531 devstack@g-api.service[101994]: DEBUG glance.common.config [None req-0dfa40c4-350d-47c1-bc61-301eb5ee3868 None None] config_source = [] {{(pid=101994) log_opt_values /opt/stack/data/venv/lib/python3.12/site-packages/oslo_config/cfg.py:3245}}
Jun 10 18:04:42.148580 np0000002531 devstack@g-api.service[101994]: DEBUG glance.common.config [None req-0dfa40c4-350d-47c1-bc61-301eb5ee3868 None None] control_exchange = glance {{(pid=101994) log_opt_values /opt/stack/data/venv/lib/python3.12/site-packages/oslo_config/cfg.py:3245}}
Jun 10 18:04:42.148666 np0000002531 devstack@g-api.service[101994]: DEBUG glance.common.config [None req-0dfa40c4-350d-47c1-bc61-301eb5ee3868 None None] debug = True {{(pid=101994) log_opt_values /opt/stack/data/venv/lib/python3.12/site-packages/oslo_config/cfg.py:3245}}
Jun 10 18:04:42.148870 np0000002531 devstack@g-api.service[101994]: DEBUG glance.common.config [None req-0dfa40c4-350d-47c1-bc61-301eb5ee3868 None None] default_log_levels = ['amqp=WARN', 'boto=WARN', 'sqlalchemy=WARN', 'suds=INFO', 'oslo.messaging=INFO', 'oslo_messaging=INFO', 'iso8601=WARN', 'requests.packages.urllib3.connectionpool=WARN', 'urllib3.connectionpool=WARN', 'websocket=WARN', 'requests.packages.urllib3.util.retry=WARN', 'urllib3.util.retry=WARN', 'keystonemiddleware=WARN', 'routes.middleware=WARN', 'stevedore=WARN', 'taskflow=WARN', 'keystoneauth=WARN', 'oslo.cache=INFO', 'oslo_policy=INFO', 'dogpile.core.dogpile=INFO'] {{(pid=101994) log_opt_values /opt/stack/data/venv/lib/python3.12/site-packages/oslo_config/cfg.py:3245}}
Jun 10 18:04:42.149019 np0000002531 devstack@g-api.service[101994]: DEBUG glance.common.config [None req-0dfa40c4-350d-47c1-bc61-301eb5ee3868 None None] default_publisher_id = image.localhost {{(pid=101994) log_opt_values /opt/stack/data/venv/lib/python3.12/site-packages/oslo_config/cfg.py:3245}}
Jun 10 18:04:42.149135 np0000002531 devstack@g-api.service[101994]: DEBUG glance.common.config [None req-0dfa40c4-350d-47c1-bc61-301eb5ee3868 None None] delayed_delete = False {{(pid=101994) log_opt_values /opt/stack/data/venv/lib/python3.12/site-packages/oslo_config/cfg.py:3245}}
Jun 10 18:04:42.149252 np0000002531 devstack@g-api.service[101994]: DEBUG glance.common.config [None req-0dfa40c4-350d-47c1-bc61-301eb5ee3868 None None] digest_algorithm = sha256 {{(pid=101994) log_opt_values /opt/stack/data/venv/lib/python3.12/site-packages/oslo_config/cfg.py:3245}}
Jun 10 18:04:42.149370 np0000002531 devstack@g-api.service[101994]: DEBUG glance.common.config [None req-0dfa40c4-350d-47c1-bc61-301eb5ee3868 None None] disabled_notifications = [] {{(pid=101994) log_opt_values /opt/stack/data/venv/lib/python3.12/site-packages/oslo_config/cfg.py:3245}}
Jun 10 18:04:42.149484 np0000002531 devstack@g-api.service[101994]: DEBUG glance.common.config [None req-0dfa40c4-350d-47c1-bc61-301eb5ee3868 None None] do_secure_hash = True {{(pid=101994) log_opt_values /opt/stack/data/venv/lib/python3.12/site-packages/oslo_config/cfg.py:3245}}
Jun 10 18:04:42.149601 np0000002531 devstack@g-api.service[101994]: DEBUG glance.common.config [None req-0dfa40c4-350d-47c1-bc61-301eb5ee3868 None None] enabled_backends = None {{(pid=101994) log_opt_values /opt/stack/data/venv/lib/python3.12/site-packages/oslo_config/cfg.py:3245}}
Jun 10 18:04:42.149734 np0000002531 devstack@g-api.service[101994]: DEBUG glance.common.config [None req-0dfa40c4-350d-47c1-bc61-301eb5ee3868 None None] enabled_import_methods = ['glance-direct', 'web-download', 'copy-image'] {{(pid=101994) log_opt_values /opt/stack/data/venv/lib/python3.12/site-packages/oslo_config/cfg.py:3245}}
Jun 10 18:04:42.149847 np0000002531 devstack@g-api.service[101994]: DEBUG glance.common.config [None req-0dfa40c4-350d-47c1-bc61-301eb5ee3868 None None] fatal_deprecations = False {{(pid=101994) log_opt_values /opt/stack/data/venv/lib/python3.12/site-packages/oslo_config/cfg.py:3245}}
Jun 10 18:04:42.149985 np0000002531 devstack@g-api.service[101994]: DEBUG glance.common.config [None req-0dfa40c4-350d-47c1-bc61-301eb5ee3868 None None] hashing_algorithm = sha512 {{(pid=101994) log_opt_values /opt/stack/data/venv/lib/python3.12/site-packages/oslo_config/cfg.py:3245}}
Jun 10 18:04:42.150118 np0000002531 devstack@g-api.service[101994]: DEBUG glance.common.config [None req-0dfa40c4-350d-47c1-bc61-301eb5ee3868 None None] http_keepalive = True {{(pid=101994) log_opt_values /opt/stack/data/venv/lib/python3.12/site-packages/oslo_config/cfg.py:3245}}
Jun 10 18:04:42.150233 np0000002531 devstack@g-api.service[101994]: DEBUG glance.common.config [None req-0dfa40c4-350d-47c1-bc61-301eb5ee3868 None None] http_retries = 3 {{(pid=101994) log_opt_values /opt/stack/data/venv/lib/python3.12/site-packages/oslo_config/cfg.py:3245}}
Jun 10 18:04:42.150356 np0000002531 devstack@g-api.service[101994]: DEBUG glance.common.config [None req-0dfa40c4-350d-47c1-bc61-301eb5ee3868 None None] image_cache_dir = /opt/stack/data/glance/cache/ {{(pid=101994) log_opt_values /opt/stack/data/venv/lib/python3.12/site-packages/oslo_config/cfg.py:3245}}
Jun 10 18:04:42.150476 np0000002531 devstack@g-api.service[101994]: DEBUG glance.common.config [None req-0dfa40c4-350d-47c1-bc61-301eb5ee3868 None None] image_cache_driver = centralized_db {{(pid=101994) log_opt_values /opt/stack/data/venv/lib/python3.12/site-packages/oslo_config/cfg.py:3245}}
Jun 10 18:04:42.150590 np0000002531 devstack@g-api.service[101994]: DEBUG glance.common.config [None req-0dfa40c4-350d-47c1-bc61-301eb5ee3868 None None] image_cache_max_size = 10737418240 {{(pid=101994) log_opt_values /opt/stack/data/venv/lib/python3.12/site-packages/oslo_config/cfg.py:3245}}
Jun 10 18:04:42.150708 np0000002531 devstack@g-api.service[101994]: DEBUG glance.common.config [None req-0dfa40c4-350d-47c1-bc61-301eb5ee3868 None None] image_cache_sqlite_db = cache.db {{(pid=101994) log_opt_values /opt/stack/data/venv/lib/python3.12/site-packages/oslo_config/cfg.py:3245}}
Jun 10 18:04:42.150825 np0000002531 devstack@g-api.service[101994]: DEBUG glance.common.config [None req-0dfa40c4-350d-47c1-bc61-301eb5ee3868 None None] image_cache_stall_time = 86400 {{(pid=101994) log_opt_values /opt/stack/data/venv/lib/python3.12/site-packages/oslo_config/cfg.py:3245}}
Jun 10 18:04:42.150955 np0000002531 devstack@g-api.service[101994]: DEBUG glance.common.config [None req-0dfa40c4-350d-47c1-bc61-301eb5ee3868 None None] image_location_quota = 10 {{(pid=101994) log_opt_values /opt/stack/data/venv/lib/python3.12/site-packages/oslo_config/cfg.py:3245}}
Jun 10 18:04:42.151092 np0000002531 devstack@g-api.service[101994]: DEBUG glance.common.config [None req-0dfa40c4-350d-47c1-bc61-301eb5ee3868 None None] image_member_quota = 128 {{(pid=101994) log_opt_values /opt/stack/data/venv/lib/python3.12/site-packages/oslo_config/cfg.py:3245}}
Jun 10 18:04:42.151205 np0000002531 devstack@g-api.service[101994]: DEBUG glance.common.config [None req-0dfa40c4-350d-47c1-bc61-301eb5ee3868 None None] image_property_quota = 128 {{(pid=101994) log_opt_values /opt/stack/data/venv/lib/python3.12/site-packages/oslo_config/cfg.py:3245}}
Jun 10 18:04:42.151319 np0000002531 devstack@g-api.service[101994]: DEBUG glance.common.config [None req-0dfa40c4-350d-47c1-bc61-301eb5ee3868 None None] image_size_cap = 1099511627776 {{(pid=101994) log_opt_values /opt/stack/data/venv/lib/python3.12/site-packages/oslo_config/cfg.py:3245}}
Jun 10 18:04:42.151430 np0000002531 devstack@g-api.service[101994]: DEBUG glance.common.config [None req-0dfa40c4-350d-47c1-bc61-301eb5ee3868 None None] image_tag_quota = 128 {{(pid=101994) log_opt_values /opt/stack/data/venv/lib/python3.12/site-packages/oslo_config/cfg.py:3245}}
Jun 10 18:04:42.151548 np0000002531 devstack@g-api.service[101994]: DEBUG glance.common.config [None req-0dfa40c4-350d-47c1-bc61-301eb5ee3868 None None] instance_format = [instance: %(uuid)s] {{(pid=101994) log_opt_values /opt/stack/data/venv/lib/python3.12/site-packages/oslo_config/cfg.py:3245}}
Jun 10 18:04:42.151663 np0000002531 devstack@g-api.service[101994]: DEBUG glance.common.config [None req-0dfa40c4-350d-47c1-bc61-301eb5ee3868 None None] instance_uuid_format = [instance: %(uuid)s] {{(pid=101994) log_opt_values /opt/stack/data/venv/lib/python3.12/site-packages/oslo_config/cfg.py:3245}}
Jun 10 18:04:42.151774 np0000002531 devstack@g-api.service[101994]: DEBUG glance.common.config [None req-0dfa40c4-350d-47c1-bc61-301eb5ee3868 None None] limit_param_default = 25 {{(pid=101994) log_opt_values /opt/stack/data/venv/lib/python3.12/site-packages/oslo_config/cfg.py:3245}}
Jun 10 18:04:42.151904 np0000002531 devstack@g-api.service[101994]: DEBUG glance.common.config [None req-0dfa40c4-350d-47c1-bc61-301eb5ee3868 None None] log_color = False {{(pid=101994) log_opt_values /opt/stack/data/venv/lib/python3.12/site-packages/oslo_config/cfg.py:3245}}
Jun 10 18:04:42.152051 np0000002531 devstack@g-api.service[101994]: DEBUG glance.common.config [None req-0dfa40c4-350d-47c1-bc61-301eb5ee3868 None None] log_config_append = None {{(pid=101994) log_opt_values /opt/stack/data/venv/lib/python3.12/site-packages/oslo_config/cfg.py:3245}}
Jun 10 18:04:42.152176 np0000002531 devstack@g-api.service[101994]: DEBUG glance.common.config [None req-0dfa40c4-350d-47c1-bc61-301eb5ee3868 None None] log_date_format = %Y-%m-%d %H:%M:%S {{(pid=101994) log_opt_values /opt/stack/data/venv/lib/python3.12/site-packages/oslo_config/cfg.py:3245}}
Jun 10 18:04:42.152293 np0000002531 devstack@g-api.service[101994]: DEBUG glance.common.config [None req-0dfa40c4-350d-47c1-bc61-301eb5ee3868 None None] log_dir = None {{(pid=101994) log_opt_values /opt/stack/data/venv/lib/python3.12/site-packages/oslo_config/cfg.py:3245}}
Jun 10 18:04:42.152406 np0000002531 devstack@g-api.service[101994]: DEBUG glance.common.config [None req-0dfa40c4-350d-47c1-bc61-301eb5ee3868 None None] log_file = None {{(pid=101994) log_opt_values /opt/stack/data/venv/lib/python3.12/site-packages/oslo_config/cfg.py:3245}}
Jun 10 18:04:42.152522 np0000002531 devstack@g-api.service[101994]: DEBUG glance.common.config [None req-0dfa40c4-350d-47c1-bc61-301eb5ee3868 None None] log_rotate_interval = 1 {{(pid=101994) log_opt_values /opt/stack/data/venv/lib/python3.12/site-packages/oslo_config/cfg.py:3245}}
Jun 10 18:04:42.152642 np0000002531 devstack@g-api.service[101994]: DEBUG glance.common.config [None req-0dfa40c4-350d-47c1-bc61-301eb5ee3868 None None] log_rotate_interval_type = days {{(pid=101994) log_opt_values /opt/stack/data/venv/lib/python3.12/site-packages/oslo_config/cfg.py:3245}}
Jun 10 18:04:42.152767 np0000002531 devstack@g-api.service[101994]: DEBUG glance.common.config [None req-0dfa40c4-350d-47c1-bc61-301eb5ee3868 None None] log_rotation_type = none {{(pid=101994) log_opt_values /opt/stack/data/venv/lib/python3.12/site-packages/oslo_config/cfg.py:3245}}
Jun 10 18:04:42.152854 np0000002531 devstack@g-api.service[101994]: DEBUG glance.common.config [None req-0dfa40c4-350d-47c1-bc61-301eb5ee3868 None None] logging_context_format_string = %(color)s%(levelname)s %(name)s [%(global_request_id)s %(request_id)s %(project_name)s %(user_name)s%(color)s] %(instance)s%(color)s%(message)s {{(pid=101994) log_opt_values /opt/stack/data/venv/lib/python3.12/site-packages/oslo_config/cfg.py:3245}}
Jun 10 18:04:42.152952 np0000002531 devstack@g-api.service[101994]: DEBUG glance.common.config [None req-0dfa40c4-350d-47c1-bc61-301eb5ee3868 None None] logging_debug_format_suffix = {{(pid=%(process)d) %(funcName)s %(pathname)s:%(lineno)d}} {{(pid=101994) log_opt_values /opt/stack/data/venv/lib/python3.12/site-packages/oslo_config/cfg.py:3245}}
Jun 10 18:04:42.153095 np0000002531 devstack@g-api.service[101994]: DEBUG glance.common.config [None req-0dfa40c4-350d-47c1-bc61-301eb5ee3868 None None] logging_default_format_string = %(color)s%(levelname)s %(name)s [-%(color)s] %(instance)s%(color)s%(message)s {{(pid=101994) log_opt_values /opt/stack/data/venv/lib/python3.12/site-packages/oslo_config/cfg.py:3245}}
Jun 10 18:04:42.153216 np0000002531 devstack@g-api.service[101994]: DEBUG glance.common.config [None req-0dfa40c4-350d-47c1-bc61-301eb5ee3868 None None] logging_exception_prefix = ERROR %(name)s %(instance)s {{(pid=101994) log_opt_values /opt/stack/data/venv/lib/python3.12/site-packages/oslo_config/cfg.py:3245}}
Jun 10 18:04:42.153302 np0000002531 devstack@g-api.service[101994]: DEBUG glance.common.config [None req-0dfa40c4-350d-47c1-bc61-301eb5ee3868 None None] logging_user_identity_format = %(user)s %(project)s %(domain)s %(system_scope)s %(user_domain)s %(project_domain)s {{(pid=101994) log_opt_values /opt/stack/data/venv/lib/python3.12/site-packages/oslo_config/cfg.py:3245}}
Jun 10 18:04:42.153416 np0000002531 devstack@g-api.service[101994]: DEBUG glance.common.config [None req-0dfa40c4-350d-47c1-bc61-301eb5ee3868 None None] max_header_line = 16384 {{(pid=101994) log_opt_values /opt/stack/data/venv/lib/python3.12/site-packages/oslo_config/cfg.py:3245}}
Jun 10 18:04:42.153528 np0000002531 devstack@g-api.service[101994]: DEBUG glance.common.config [None req-0dfa40c4-350d-47c1-bc61-301eb5ee3868 None None] max_logfile_count = 30 {{(pid=101994) log_opt_values /opt/stack/data/venv/lib/python3.12/site-packages/oslo_config/cfg.py:3245}}
Jun 10 18:04:42.153638 np0000002531 devstack@g-api.service[101994]: DEBUG glance.common.config [None req-0dfa40c4-350d-47c1-bc61-301eb5ee3868 None None] max_logfile_size_mb = 200 {{(pid=101994) log_opt_values /opt/stack/data/venv/lib/python3.12/site-packages/oslo_config/cfg.py:3245}}
Jun 10 18:04:42.153748 np0000002531 devstack@g-api.service[101994]: DEBUG glance.common.config [None req-0dfa40c4-350d-47c1-bc61-301eb5ee3868 None None] max_request_id_length = 64 {{(pid=101994) log_opt_values /opt/stack/data/venv/lib/python3.12/site-packages/oslo_config/cfg.py:3245}}
Jun 10 18:04:42.153865 np0000002531 devstack@g-api.service[101994]: DEBUG glance.common.config [None req-0dfa40c4-350d-47c1-bc61-301eb5ee3868 None None] metadata_encryption_key = **** {{(pid=101994) log_opt_values /opt/stack/data/venv/lib/python3.12/site-packages/oslo_config/cfg.py:3245}}
Jun 10 18:04:42.154016 np0000002531 devstack@g-api.service[101994]: DEBUG glance.common.config [None req-0dfa40c4-350d-47c1-bc61-301eb5ee3868 None None] node_staging_uri = file:///tmp/staging/ {{(pid=101994) log_opt_values /opt/stack/data/venv/lib/python3.12/site-packages/oslo_config/cfg.py:3245}}
Jun 10 18:04:42.154130 np0000002531 devstack@g-api.service[101994]: DEBUG glance.common.config [None req-0dfa40c4-350d-47c1-bc61-301eb5ee3868 None None] property_protection_file = None {{(pid=101994) log_opt_values /opt/stack/data/venv/lib/python3.12/site-packages/oslo_config/cfg.py:3245}}
Jun 10 18:04:42.154250 np0000002531 devstack@g-api.service[101994]: DEBUG glance.common.config [None req-0dfa40c4-350d-47c1-bc61-301eb5ee3868 None None] property_protection_rule_format = roles {{(pid=101994) log_opt_values /opt/stack/data/venv/lib/python3.12/site-packages/oslo_config/cfg.py:3245}}
Jun 10 18:04:42.154367 np0000002531 devstack@g-api.service[101994]: DEBUG glance.common.config [None req-0dfa40c4-350d-47c1-bc61-301eb5ee3868 None None] public_endpoint = https://10.4.3.197/image {{(pid=101994) log_opt_values /opt/stack/data/venv/lib/python3.12/site-packages/oslo_config/cfg.py:3245}}
Jun 10 18:04:42.154479 np0000002531 devstack@g-api.service[101994]: DEBUG glance.common.config [None req-0dfa40c4-350d-47c1-bc61-301eb5ee3868 None None] publish_errors = False {{(pid=101994) log_opt_values /opt/stack/data/venv/lib/python3.12/site-packages/oslo_config/cfg.py:3245}}
Jun 10 18:04:42.154591 np0000002531 devstack@g-api.service[101994]: DEBUG glance.common.config [None req-0dfa40c4-350d-47c1-bc61-301eb5ee3868 None None] pydev_worker_debug_host = None {{(pid=101994) log_opt_values /opt/stack/data/venv/lib/python3.12/site-packages/oslo_config/cfg.py:3245}}
Jun 10 18:04:42.154710 np0000002531 devstack@g-api.service[101994]: DEBUG glance.common.config [None req-0dfa40c4-350d-47c1-bc61-301eb5ee3868 None None] pydev_worker_debug_port = 5678 {{(pid=101994) log_opt_values /opt/stack/data/venv/lib/python3.12/site-packages/oslo_config/cfg.py:3245}}
Jun 10 18:04:42.154822 np0000002531 devstack@g-api.service[101994]: DEBUG glance.common.config [None req-0dfa40c4-350d-47c1-bc61-301eb5ee3868 None None] rate_limit_burst = 0 {{(pid=101994) log_opt_values /opt/stack/data/venv/lib/python3.12/site-packages/oslo_config/cfg.py:3245}}
Jun 10 18:04:42.154955 np0000002531 devstack@g-api.service[101994]: DEBUG glance.common.config [None req-0dfa40c4-350d-47c1-bc61-301eb5ee3868 None None] rate_limit_except_level = CRITICAL {{(pid=101994) log_opt_values /opt/stack/data/venv/lib/python3.12/site-packages/oslo_config/cfg.py:3245}}
Jun 10 18:04:42.155087 np0000002531 devstack@g-api.service[101994]: DEBUG glance.common.config [None req-0dfa40c4-350d-47c1-bc61-301eb5ee3868 None None] rate_limit_interval = 0 {{(pid=101994) log_opt_values /opt/stack/data/venv/lib/python3.12/site-packages/oslo_config/cfg.py:3245}}
Jun 10 18:04:42.155200 np0000002531 devstack@g-api.service[101994]: DEBUG glance.common.config [None req-0dfa40c4-350d-47c1-bc61-301eb5ee3868 None None] scrub_pool_size = 1 {{(pid=101994) log_opt_values /opt/stack/data/venv/lib/python3.12/site-packages/oslo_config/cfg.py:3245}}
Jun 10 18:04:42.155313 np0000002531 devstack@g-api.service[101994]: DEBUG glance.common.config [None req-0dfa40c4-350d-47c1-bc61-301eb5ee3868 None None] scrub_time = 0 {{(pid=101994) log_opt_values /opt/stack/data/venv/lib/python3.12/site-packages/oslo_config/cfg.py:3245}}
Jun 10 18:04:42.155423 np0000002531 devstack@g-api.service[101994]: DEBUG glance.common.config [None req-0dfa40c4-350d-47c1-bc61-301eb5ee3868 None None] shell_completion = None {{(pid=101994) log_opt_values /opt/stack/data/venv/lib/python3.12/site-packages/oslo_config/cfg.py:3245}}
Jun 10 18:04:42.155546 np0000002531 devstack@g-api.service[101994]: DEBUG glance.common.config [None req-0dfa40c4-350d-47c1-bc61-301eb5ee3868 None None] show_image_direct_url = False {{(pid=101994) log_opt_values /opt/stack/data/venv/lib/python3.12/site-packages/oslo_config/cfg.py:3245}}
Jun 10 18:04:42.155840 np0000002531 devstack@g-api.service[101994]: WARNING oslo_config.cfg [None req-0dfa40c4-350d-47c1-bc61-301eb5ee3868 None None] Deprecated: Option "show_multiple_locations" from group "DEFAULT" is deprecated for removal (Use of this option, deprecated since Newton, is a security risk and will be removed once we figure out a way to satisfy those use cases that currently require it. An earlier announcement that the same functionality can be achieved with greater granularity by using policies is incorrect. You cannot work around this option via policy configuration at the present time, though that is the direction we believe the fix will take. Please keep an eye on the Glance release notes to stay up to date on progress in addressing this issue.). Its value may be silently ignored in the future.
Jun 10 18:04:42.155994 np0000002531 devstack@g-api.service[101994]: DEBUG glance.common.config [None req-0dfa40c4-350d-47c1-bc61-301eb5ee3868 None None] show_multiple_locations = False {{(pid=101994) log_opt_values /opt/stack/data/venv/lib/python3.12/site-packages/oslo_config/cfg.py:3245}}
Jun 10 18:04:42.156137 np0000002531 devstack@g-api.service[101994]: DEBUG glance.common.config [None req-0dfa40c4-350d-47c1-bc61-301eb5ee3868 None None] syslog_log_facility = LOG_USER {{(pid=101994) log_opt_values /opt/stack/data/venv/lib/python3.12/site-packages/oslo_config/cfg.py:3245}}
Jun 10 18:04:42.156256 np0000002531 devstack@g-api.service[101994]: DEBUG glance.common.config [None req-0dfa40c4-350d-47c1-bc61-301eb5ee3868 None None] tcp_keepidle = 600 {{(pid=101994) log_opt_values /opt/stack/data/venv/lib/python3.12/site-packages/oslo_config/cfg.py:3245}}
Jun 10 18:04:42.156379 np0000002531 devstack@g-api.service[101994]: DEBUG glance.common.config [None req-0dfa40c4-350d-47c1-bc61-301eb5ee3868 None None] transport_url = **** {{(pid=101994) log_opt_values /opt/stack/data/venv/lib/python3.12/site-packages/oslo_config/cfg.py:3245}}
Jun 10 18:04:42.156491 np0000002531 devstack@g-api.service[101994]: DEBUG glance.common.config [None req-0dfa40c4-350d-47c1-bc61-301eb5ee3868 None None] use_journal = False {{(pid=101994) log_opt_values /opt/stack/data/venv/lib/python3.12/site-packages/oslo_config/cfg.py:3245}}
Jun 10 18:04:42.156604 np0000002531 devstack@g-api.service[101994]: DEBUG glance.common.config [None req-0dfa40c4-350d-47c1-bc61-301eb5ee3868 None None] use_json = False {{(pid=101994) log_opt_values /opt/stack/data/venv/lib/python3.12/site-packages/oslo_config/cfg.py:3245}}
Jun 10 18:04:42.156724 np0000002531 devstack@g-api.service[101994]: DEBUG glance.common.config [None req-0dfa40c4-350d-47c1-bc61-301eb5ee3868 None None] use_keystone_limits = True {{(pid=101994) log_opt_values /opt/stack/data/venv/lib/python3.12/site-packages/oslo_config/cfg.py:3245}}
Jun 10 18:04:42.156838 np0000002531 devstack@g-api.service[101994]: DEBUG glance.common.config [None req-0dfa40c4-350d-47c1-bc61-301eb5ee3868 None None] use_stderr = False {{(pid=101994) log_opt_values /opt/stack/data/venv/lib/python3.12/site-packages/oslo_config/cfg.py:3245}}
Jun 10 18:04:42.156971 np0000002531 devstack@g-api.service[101994]: DEBUG glance.common.config [None req-0dfa40c4-350d-47c1-bc61-301eb5ee3868 None None] use_syslog = False {{(pid=101994) log_opt_values /opt/stack/data/venv/lib/python3.12/site-packages/oslo_config/cfg.py:3245}}
Jun 10 18:04:42.157109 np0000002531 devstack@g-api.service[101994]: DEBUG glance.common.config [None req-0dfa40c4-350d-47c1-bc61-301eb5ee3868 None None] user_storage_quota = 0 {{(pid=101994) log_opt_values /opt/stack/data/venv/lib/python3.12/site-packages/oslo_config/cfg.py:3245}}
Jun 10 18:04:42.157225 np0000002531 devstack@g-api.service[101994]: DEBUG glance.common.config [None req-0dfa40c4-350d-47c1-bc61-301eb5ee3868 None None] worker_self_reference_url = http://127.0.0.1:60999 {{(pid=101994) log_opt_values /opt/stack/data/venv/lib/python3.12/site-packages/oslo_config/cfg.py:3245}}
Jun 10 18:04:42.157338 np0000002531 devstack@g-api.service[101994]: DEBUG glance.common.config [None req-0dfa40c4-350d-47c1-bc61-301eb5ee3868 None None] workers = None {{(pid=101994) log_opt_values /opt/stack/data/venv/lib/python3.12/site-packages/oslo_config/cfg.py:3245}}
Jun 10 18:04:42.157483 np0000002531 devstack@g-api.service[101994]: DEBUG glance.common.config [None req-0dfa40c4-350d-47c1-bc61-301eb5ee3868 None None] oslo_concurrency.disable_process_locking = False {{(pid=101994) log_opt_values /opt/stack/data/venv/lib/python3.12/site-packages/oslo_config/cfg.py:3256}}
Jun 10 18:04:42.157602 np0000002531 devstack@g-api.service[101994]: DEBUG glance.common.config [None req-0dfa40c4-350d-47c1-bc61-301eb5ee3868 None None] oslo_concurrency.lock_path = /opt/stack/data/glance/locks {{(pid=101994) log_opt_values /opt/stack/data/venv/lib/python3.12/site-packages/oslo_config/cfg.py:3256}}
Jun 10 18:04:42.157725 np0000002531 devstack@g-api.service[101994]: DEBUG glance.common.config [None req-0dfa40c4-350d-47c1-bc61-301eb5ee3868 None None] oslo_middleware.enable_proxy_headers_parsing = False {{(pid=101994) log_opt_values /opt/stack/data/venv/lib/python3.12/site-packages/oslo_config/cfg.py:3256}}
Jun 10 18:04:42.157846 np0000002531 devstack@g-api.service[101994]: DEBUG glance.common.config [None req-0dfa40c4-350d-47c1-bc61-301eb5ee3868 None None] oslo_middleware.http_basic_auth_user_file = /etc/htpasswd {{(pid=101994) log_opt_values /opt/stack/data/venv/lib/python3.12/site-packages/oslo_config/cfg.py:3256}}
Jun 10 18:04:42.157991 np0000002531 devstack@g-api.service[101994]: DEBUG glance.common.config [None req-0dfa40c4-350d-47c1-bc61-301eb5ee3868 None None] paste_deploy.config_file = None {{(pid=101994) log_opt_values /opt/stack/data/venv/lib/python3.12/site-packages/oslo_config/cfg.py:3256}}
Jun 10 18:04:42.158123 np0000002531 devstack@g-api.service[101994]: DEBUG glance.common.config [None req-0dfa40c4-350d-47c1-bc61-301eb5ee3868 None None] paste_deploy.flavor = keystone+cachemanagement {{(pid=101994) log_opt_values /opt/stack/data/venv/lib/python3.12/site-packages/oslo_config/cfg.py:3256}}
Jun 10 18:04:42.158297 np0000002531 devstack@g-api.service[101994]: DEBUG glance.common.config [None req-0dfa40c4-350d-47c1-bc61-301eb5ee3868 None None] image_format.container_formats = ['ami', 'ari', 'aki', 'bare', 'ovf', 'ova', 'docker', 'compressed'] {{(pid=101994) log_opt_values /opt/stack/data/venv/lib/python3.12/site-packages/oslo_config/cfg.py:3256}}
Jun 10 18:04:42.158470 np0000002531 devstack@g-api.service[101994]: DEBUG glance.common.config [None req-0dfa40c4-350d-47c1-bc61-301eb5ee3868 None None] image_format.disk_formats = ['ami', 'ari', 'aki', 'vhd', 'vhdx', 'vmdk', 'raw', 'qcow2', 'vdi', 'iso', 'ploop'] {{(pid=101994) log_opt_values /opt/stack/data/venv/lib/python3.12/site-packages/oslo_config/cfg.py:3256}}
Jun 10 18:04:42.158589 np0000002531 devstack@g-api.service[101994]: DEBUG glance.common.config [None req-0dfa40c4-350d-47c1-bc61-301eb5ee3868 None None] image_format.gpt_safety_checks_nonfatal = [] {{(pid=101994) log_opt_values /opt/stack/data/venv/lib/python3.12/site-packages/oslo_config/cfg.py:3256}}
Jun 10 18:04:42.158713 np0000002531 devstack@g-api.service[101994]: DEBUG glance.common.config [None req-0dfa40c4-350d-47c1-bc61-301eb5ee3868 None None] image_format.require_image_format_match = True {{(pid=101994) log_opt_values /opt/stack/data/venv/lib/python3.12/site-packages/oslo_config/cfg.py:3256}}
Jun 10 18:04:42.158843 np0000002531 devstack@g-api.service[101994]: DEBUG glance.common.config [None req-0dfa40c4-350d-47c1-bc61-301eb5ee3868 None None] image_format.vmdk_allowed_types = ['streamOptimized', 'monolithicSparse'] {{(pid=101994) log_opt_values /opt/stack/data/venv/lib/python3.12/site-packages/oslo_config/cfg.py:3256}}
Jun 10 18:04:42.158991 np0000002531 devstack@g-api.service[101994]: DEBUG glance.common.config [None req-0dfa40c4-350d-47c1-bc61-301eb5ee3868 None None] task.task_executor = taskflow {{(pid=101994) log_opt_values /opt/stack/data/venv/lib/python3.12/site-packages/oslo_config/cfg.py:3256}}
Jun 10 18:04:42.159124 np0000002531 devstack@g-api.service[101994]: DEBUG glance.common.config [None req-0dfa40c4-350d-47c1-bc61-301eb5ee3868 None None] task.task_time_to_live = 48 {{(pid=101994) log_opt_values /opt/stack/data/venv/lib/python3.12/site-packages/oslo_config/cfg.py:3256}}
