Jun 10 18:04:19.679750 np0000002531 nova-scheduler[95740]: DEBUG cotyledon.oslo_config_glue [-] oslo_limit.connect_retries = None {{(pid=95740) log_opt_values /opt/stack/data/venv/lib/python3.12/site-packages/oslo_config/cfg.py:3256}}
Jun 10 18:04:19.679908 np0000002531 nova-scheduler[95740]: DEBUG cotyledon.oslo_config_glue [-] oslo_limit.connect_retry_delay = None {{(pid=95740) log_opt_values /opt/stack/data/venv/lib/python3.12/site-packages/oslo_config/cfg.py:3256}}
Jun 10 18:04:19.679908 np0000002531 nova-scheduler[95740]: DEBUG cotyledon.oslo_config_glue [-] oslo_limit.endpoint_id = None {{(pid=95740) log_opt_values /opt/stack/data/venv/lib/python3.12/site-packages/oslo_config/cfg.py:3256}}
Jun 10 18:04:19.679908 np0000002531 nova-scheduler[95740]: DEBUG cotyledon.oslo_config_glue [-] oslo_limit.endpoint_interface = public {{(pid=95740) log_opt_values /opt/stack/data/venv/lib/python3.12/site-packages/oslo_config/cfg.py:3256}}
Jun 10 18:04:19.679908 np0000002531 nova-scheduler[95740]: DEBUG cotyledon.oslo_config_glue [-] oslo_limit.endpoint_override = None {{(pid=95740) log_opt_values /opt/stack/data/venv/lib/python3.12/site-packages/oslo_config/cfg.py:3256}}
Jun 10 18:04:19.679908 np0000002531 nova-scheduler[95740]: DEBUG cotyledon.oslo_config_glue [-] oslo_limit.endpoint_region_name = None {{(pid=95740) log_opt_values /opt/stack/data/venv/lib/python3.12/site-packages/oslo_config/cfg.py:3256}}
Jun 10 18:04:19.679908 np0000002531 nova-scheduler[95740]: DEBUG cotyledon.oslo_config_glue [-] oslo_limit.endpoint_service_name = None {{(pid=95740) log_opt_values /opt/stack/data/venv/lib/python3.12/site-packages/oslo_config/cfg.py:3256}}
Jun 10 18:04:19.679908 np0000002531 nova-scheduler[95740]: DEBUG cotyledon.oslo_config_glue [-] oslo_limit.endpoint_service_type = None {{(pid=95740) log_opt_values /opt/stack/data/venv/lib/python3.12/site-packages/oslo_config/cfg.py:3256}}
Jun 10 18:04:19.679908 np0000002531 nova-scheduler[95740]: DEBUG cotyledon.oslo_config_glue [-] oslo_limit.insecure = False {{(pid=95740) log_opt_values /opt/stack/data/venv/lib/python3.12/site-packages/oslo_config/cfg.py:3256}}
Jun 10 18:04:19.679908 np0000002531 nova-scheduler[95740]: DEBUG cotyledon.oslo_config_glue [-] oslo_limit.keyfile = None {{(pid=95740) log_opt_values /opt/stack/data/venv/lib/python3.12/site-packages/oslo_config/cfg.py:3256}}
Jun 10 18:04:19.680093 np0000002531 nova-scheduler[95740]: DEBUG cotyledon.oslo_config_glue [-] oslo_limit.max_version = None {{(pid=95740) log_opt_values /opt/stack/data/venv/lib/python3.12/site-packages/oslo_config/cfg.py:3256}}
Jun 10 18:04:19.680093 np0000002531 nova-scheduler[95740]: DEBUG cotyledon.oslo_config_glue [-] oslo_limit.min_version = None {{(pid=95740) log_opt_values /opt/stack/data/venv/lib/python3.12/site-packages/oslo_config/cfg.py:3256}}
Jun 10 18:04:19.680093 np0000002531 nova-scheduler[95740]: DEBUG cotyledon.oslo_config_glue [-] oslo_limit.region_name = None {{(pid=95740) log_opt_values /opt/stack/data/venv/lib/python3.12/site-packages/oslo_config/cfg.py:3256}}
Jun 10 18:04:19.680093 np0000002531 nova-scheduler[95740]: DEBUG cotyledon.oslo_config_glue [-] oslo_limit.retriable_status_codes = None {{(pid=95740) log_opt_values /opt/stack/data/venv/lib/python3.12/site-packages/oslo_config/cfg.py:3256}}
Jun 10 18:04:19.680093 np0000002531 nova-scheduler[95740]: DEBUG cotyledon.oslo_config_glue [-] oslo_limit.service_name = None {{(pid=95740) log_opt_values /opt/stack/data/venv/lib/python3.12/site-packages/oslo_config/cfg.py:3256}}
Jun 10 18:04:19.680093 np0000002531 nova-scheduler[95740]: DEBUG cotyledon.oslo_config_glue [-] oslo_limit.service_type = None {{(pid=95740) log_opt_values /opt/stack/data/venv/lib/python3.12/site-packages/oslo_config/cfg.py:3256}}
Jun 10 18:04:19.680093 np0000002531 nova-scheduler[95740]: DEBUG cotyledon.oslo_config_glue [-] oslo_limit.split_loggers = False {{(pid=95740) log_opt_values /opt/stack/data/venv/lib/python3.12/site-packages/oslo_config/cfg.py:3256}}
Jun 10 18:04:19.680093 np0000002531 nova-scheduler[95740]: DEBUG cotyledon.oslo_config_glue [-] oslo_limit.status_code_retries = None {{(pid=95740) log_opt_values /opt/stack/data/venv/lib/python3.12/site-packages/oslo_config/cfg.py:3256}}
Jun 10 18:04:19.680093 np0000002531 nova-scheduler[95740]: DEBUG cotyledon.oslo_config_glue [-] oslo_limit.status_code_retry_delay = None {{(pid=95740) log_opt_values /opt/stack/data/venv/lib/python3.12/site-packages/oslo_config/cfg.py:3256}}
Jun 10 18:04:19.680284 np0000002531 nova-scheduler[95740]: DEBUG cotyledon.oslo_config_glue [-] oslo_limit.timeout = None {{(pid=95740) log_opt_values /opt/stack/data/venv/lib/python3.12/site-packages/oslo_config/cfg.py:3256}}
Jun 10 18:04:19.680284 np0000002531 nova-scheduler[95740]: DEBUG cotyledon.oslo_config_glue [-] oslo_limit.valid_interfaces = None {{(pid=95740) log_opt_values /opt/stack/data/venv/lib/python3.12/site-packages/oslo_config/cfg.py:3256}}
Jun 10 18:04:19.680284 np0000002531 nova-scheduler[95740]: DEBUG cotyledon.oslo_config_glue [-] oslo_limit.version = None {{(pid=95740) log_opt_values /opt/stack/data/venv/lib/python3.12/site-packages/oslo_config/cfg.py:3256}}
Jun 10 18:04:19.680284 np0000002531 nova-scheduler[95740]: DEBUG cotyledon.oslo_config_glue [-] oslo_reports.file_event_handler = None {{(pid=95740) log_opt_values /opt/stack/data/venv/lib/python3.12/site-packages/oslo_config/cfg.py:3256}}
Jun 10 18:04:19.680284 np0000002531 nova-scheduler[95740]: DEBUG cotyledon.oslo_config_glue [-] oslo_reports.file_event_handler_interval = 1 {{(pid=95740) log_opt_values /opt/stack/data/venv/lib/python3.12/site-packages/oslo_config/cfg.py:3256}}
Jun 10 18:04:19.680284 np0000002531 nova-scheduler[95740]: DEBUG cotyledon.oslo_config_glue [-] oslo_reports.log_dir = None {{(pid=95740) log_opt_values /opt/stack/data/venv/lib/python3.12/site-packages/oslo_config/cfg.py:3256}}
Jun 10 18:04:19.680284 np0000002531 nova-scheduler[95740]: DEBUG cotyledon.oslo_config_glue [-] ******************************************************************************** {{(pid=95740) log_opt_values /opt/stack/data/venv/lib/python3.12/site-packages/oslo_config/cfg.py:3263}}
Jun 10 18:04:19.680284 np0000002531 nova-scheduler[95740]: DEBUG cotyledon._service_worker [-] Run service ServiceWrapper(1) [95740] {{(pid=95740) wait_forever /opt/stack/data/venv/lib/python3.12/site-packages/cotyledon/_service_worker.py:218}}
Jun 10 18:04:19.681251 np0000002531 nova-scheduler[95740]: INFO nova.service [-] Starting scheduler node (version 33.1.0)
Jun 10 18:04:19.681639 np0000002531 nova-scheduler[95742]: INFO dbcounter [None req-601a9e27-d1bd-41f0-9134-4401fcb5ce7d None None] Registered counter for database nova_cell0
Jun 10 18:04:19.685465 np0000002531 nova-scheduler[95740]: INFO dbcounter [None req-0555cc1e-4c5c-43bc-9f1a-93be83e04e11 None None] Registered counter for database nova_cell0
Jun 10 18:04:19.694788 np0000002531 nova-scheduler[95738]: DEBUG oslo_db.sqlalchemy.engines [None req-63542330-eefd-4705-a981-793588efee02 None None] MySQL server mode set to STRICT_TRANS_TABLES,STRICT_ALL_TABLES,NO_ZERO_IN_DATE,NO_ZERO_DATE,ERROR_FOR_DIVISION_BY_ZERO,TRADITIONAL,NO_ENGINE_SUBSTITUTION {{(pid=95738) _check_effective_sql_mode /opt/stack/data/venv/lib/python3.12/site-packages/oslo_db/sqlalchemy/engines.py:325}}
Jun 10 18:04:19.703649 np0000002531 nova-scheduler[95738]: DEBUG dbcounter [-] [95738] Writer thread running {{(pid=95738) stat_writer /opt/stack/data/venv/lib/python3.12/site-packages/dbcounter.py:102}}
Jun 10 18:04:19.717617 np0000002531 nova-scheduler[95738]: DEBUG nova.service [None req-63542330-eefd-4705-a981-793588efee02 None None] Creating RPC server for service: nova-scheduler on topic: scheduler {{(pid=95738) start /opt/stack/nova/nova/service.py:196}}
Jun 10 18:04:19.719366 np0000002531 nova-scheduler[95742]: DEBUG oslo_db.sqlalchemy.engines [None req-601a9e27-d1bd-41f0-9134-4401fcb5ce7d None None] MySQL server mode set to STRICT_TRANS_TABLES,STRICT_ALL_TABLES,NO_ZERO_IN_DATE,NO_ZERO_DATE,ERROR_FOR_DIVISION_BY_ZERO,TRADITIONAL,NO_ENGINE_SUBSTITUTION {{(pid=95742) _check_effective_sql_mode /opt/stack/data/venv/lib/python3.12/site-packages/oslo_db/sqlalchemy/engines.py:325}}
Jun 10 18:04:19.724169 np0000002531 nova-scheduler[95740]: DEBUG oslo_db.sqlalchemy.engines [None req-0555cc1e-4c5c-43bc-9f1a-93be83e04e11 None None] MySQL server mode set to STRICT_TRANS_TABLES,STRICT_ALL_TABLES,NO_ZERO_IN_DATE,NO_ZERO_DATE,ERROR_FOR_DIVISION_BY_ZERO,TRADITIONAL,NO_ENGINE_SUBSTITUTION {{(pid=95740) _check_effective_sql_mode /opt/stack/data/venv/lib/python3.12/site-packages/oslo_db/sqlalchemy/engines.py:325}}
Jun 10 18:04:19.732887 np0000002531 nova-scheduler[95742]: DEBUG dbcounter [-] [95742] Writer thread running {{(pid=95742) stat_writer /opt/stack/data/venv/lib/python3.12/site-packages/dbcounter.py:102}}
Jun 10 18:04:19.734449 np0000002531 nova-scheduler[95740]: DEBUG dbcounter [-] [95740] Writer thread running {{(pid=95740) stat_writer /opt/stack/data/venv/lib/python3.12/site-packages/dbcounter.py:102}}
Jun 10 18:04:19.736033 np0000002531 nova-scheduler[95742]: DEBUG nova.service [None req-601a9e27-d1bd-41f0-9134-4401fcb5ce7d None None] Creating RPC server for service: nova-scheduler on topic: scheduler {{(pid=95742) start /opt/stack/nova/nova/service.py:196}}
Jun 10 18:04:19.737403 np0000002531 nova-scheduler[95740]: DEBUG nova.service [None req-0555cc1e-4c5c-43bc-9f1a-93be83e04e11 None None] Creating RPC server for service: nova-scheduler on topic: scheduler {{(pid=95740) start /opt/stack/nova/nova/service.py:196}}
Jun 10 18:04:19.742950 np0000002531 nova-scheduler[95738]: DEBUG nova.service [None req-63542330-eefd-4705-a981-793588efee02 None None] Join ServiceGroup membership for this service scheduler {{(pid=95738) start /opt/stack/nova/nova/service.py:222}}
Jun 10 18:04:19.743194 np0000002531 nova-scheduler[95738]: DEBUG nova.servicegroup.drivers.db [None req-63542330-eefd-4705-a981-793588efee02 None None] DB_Driver: join new ServiceGroup member np0000002531 to the scheduler group, service = {{(pid=95738) join /opt/stack/nova/nova/servicegroup/drivers/db.py:44}}
Jun 10 18:04:19.753450 np0000002531 nova-scheduler[95742]: DEBUG nova.service [None req-601a9e27-d1bd-41f0-9134-4401fcb5ce7d None None] Join ServiceGroup membership for this service scheduler {{(pid=95742) start /opt/stack/nova/nova/service.py:222}}
Jun 10 18:04:19.753723 np0000002531 nova-scheduler[95742]: DEBUG nova.servicegroup.drivers.db [None req-601a9e27-d1bd-41f0-9134-4401fcb5ce7d None None] DB_Driver: join new ServiceGroup member np0000002531 to the scheduler group, service = {{(pid=95742) join /opt/stack/nova/nova/servicegroup/drivers/db.py:44}}
Jun 10 18:04:19.754149 np0000002531 nova-scheduler[95740]: DEBUG nova.service [None req-0555cc1e-4c5c-43bc-9f1a-93be83e04e11 None None] Join ServiceGroup membership for this service scheduler {{(pid=95740) start /opt/stack/nova/nova/service.py:222}}
Jun 10 18:04:19.754478 np0000002531 nova-scheduler[95740]: DEBUG nova.servicegroup.drivers.db [None req-0555cc1e-4c5c-43bc-9f1a-93be83e04e11 None None] DB_Driver: join new ServiceGroup member np0000002531 to the scheduler group, service = {{(pid=95740) join /opt/stack/nova/nova/servicegroup/drivers/db.py:44}}
Jun 10 18:04:24.761624 np0000002531 nova-scheduler[95738]: DEBUG oslo.service.backend._threading.loopingcall [-] Fixed interval looping call 'nova.servicegroup.drivers.db.DbDriver._report_state' sleeping for 119.99 seconds {{(pid=95738) _run_loop /opt/stack/data/venv/lib/python3.12/site-packages/oslo_service/backend/_threading/loopingcall.py:125}}
Jun 10 18:04:24.771418 np0000002531 nova-scheduler[95742]: DEBUG oslo.service.backend._threading.loopingcall [-] Fixed interval looping call 'nova.servicegroup.drivers.db.DbDriver._report_state' sleeping for 119.99 seconds {{(pid=95742) _run_loop /opt/stack/data/venv/lib/python3.12/site-packages/oslo_service/backend/_threading/loopingcall.py:125}}
Jun 10 18:04:24.772068 np0000002531 nova-scheduler[95740]: DEBUG oslo.service.backend._threading.loopingcall [-] Fixed interval looping call 'nova.servicegroup.drivers.db.DbDriver._report_state' sleeping for 119.99 seconds {{(pid=95740) _run_loop /opt/stack/data/venv/lib/python3.12/site-packages/oslo_service/backend/_threading/loopingcall.py:125}}
Jun 10 18:04:28.317234 np0000002531 nova-scheduler[94460]: DEBUG dbcounter [-] [94460] Writing DB stats nova_api:SELECT=3 {{(pid=94460) stat_writer /opt/stack/data/venv/lib/python3.12/site-packages/dbcounter.py:115}}
Jun 10 18:04:28.452830 np0000002531 nova-scheduler[94460]: DEBUG dbcounter [-] [94460] Writing DB stats nova_cell0:SELECT=1 {{(pid=94460) stat_writer /opt/stack/data/venv/lib/python3.12/site-packages/dbcounter.py:115}}
Jun 10 18:04:28.461900 np0000002531 nova-scheduler[94460]: DEBUG dbcounter [-] [94460] Writing DB stats nova_cell1:SELECT=1 {{(pid=94460) stat_writer /opt/stack/data/venv/lib/python3.12/site-packages/dbcounter.py:115}}
Jun 10 18:04:29.762180 np0000002531 nova-scheduler[95742]: DEBUG oslo.service.backend._threading.loopingcall [None req-2d684b67-28b1-4396-8251-f127ebd60186 None None] Dynamic interval looping call 'nova.service.Service.periodic_tasks' sleeping for 60.00 seconds {{(pid=95742) _run_loop /opt/stack/data/venv/lib/python3.12/site-packages/oslo_service/backend/_threading/loopingcall.py:125}}
Jun 10 18:04:34.755427 np0000002531 nova-scheduler[95738]: DEBUG dbcounter [-] [95738] Writing DB stats nova_cell0:SELECT=4,nova_cell0:INSERT=1,nova_cell0:UPDATE=1 {{(pid=95738) stat_writer /opt/stack/data/venv/lib/python3.12/site-packages/dbcounter.py:115}}
Jun 10 18:04:34.761969 np0000002531 nova-scheduler[95740]: DEBUG oslo.service.backend._threading.loopingcall [None req-6d1a9e86-21d5-447e-ae9a-53facc1845c1 None None] Dynamic interval looping call 'nova.service.Service.periodic_tasks' sleeping for 60.00 seconds {{(pid=95740) _run_loop /opt/stack/data/venv/lib/python3.12/site-packages/oslo_service/backend/_threading/loopingcall.py:125}}
Jun 10 18:04:34.767580 np0000002531 nova-scheduler[95742]: DEBUG dbcounter [-] [95742] Writing DB stats nova_cell0:SELECT=3 {{(pid=95742) stat_writer /opt/stack/data/venv/lib/python3.12/site-packages/dbcounter.py:115}}
Jun 10 18:04:34.768864 np0000002531 nova-scheduler[95740]: DEBUG dbcounter [-] [95740] Writing DB stats nova_cell0:SELECT=3 {{(pid=95740) stat_writer /opt/stack/data/venv/lib/python3.12/site-packages/dbcounter.py:115}}
Jun 10 18:04:52.746459 np0000002531 nova-scheduler[95738]: DEBUG oslo.service.backend._threading.loopingcall [None req-f2ee71e3-e405-4b52-9699-4e0ce84bf95a None None] Dynamic interval looping call 'nova.service.Service.periodic_tasks' sleeping for 60.00 seconds {{(pid=95738) _run_loop /opt/stack/data/venv/lib/python3.12/site-packages/oslo_service/backend/_threading/loopingcall.py:125}}
Jun 10 18:05:29.762079 np0000002531 nova-scheduler[95742]: DEBUG oslo.service.backend._threading.loopingcall [None req-2d684b67-28b1-4396-8251-f127ebd60186 None None] Dynamic interval looping call 'nova.service.Service.periodic_tasks' sleeping for 60.00 seconds {{(pid=95742) _run_loop /opt/stack/data/venv/lib/python3.12/site-packages/oslo_service/backend/_threading/loopingcall.py:125}}
Jun 10 18:05:34.762502 np0000002531 nova-scheduler[95740]: DEBUG oslo.service.backend._threading.loopingcall [None req-6d1a9e86-21d5-447e-ae9a-53facc1845c1 None None] Dynamic interval looping call 'nova.service.Service.periodic_tasks' sleeping for 60.00 seconds {{(pid=95740) _run_loop /opt/stack/data/venv/lib/python3.12/site-packages/oslo_service/backend/_threading/loopingcall.py:125}}
Jun 10 18:05:52.746917 np0000002531 nova-scheduler[95738]: DEBUG oslo.service.backend._threading.loopingcall [None req-f2ee71e3-e405-4b52-9699-4e0ce84bf95a None None] Dynamic interval looping call 'nova.service.Service.periodic_tasks' sleeping for 60.00 seconds {{(pid=95738) _run_loop /opt/stack/data/venv/lib/python3.12/site-packages/oslo_service/backend/_threading/loopingcall.py:125}}
Jun 10 18:06:24.757324 np0000002531 nova-scheduler[95738]: DEBUG oslo.service.backend._threading.loopingcall [-] Fixed interval looping call 'nova.servicegroup.drivers.db.DbDriver._report_state' sleeping for 119.99 seconds {{(pid=95738) _run_loop /opt/stack/data/venv/lib/python3.12/site-packages/oslo_service/backend/_threading/loopingcall.py:125}}
Jun 10 18:06:24.764412 np0000002531 nova-scheduler[95742]: DEBUG oslo.service.backend._threading.loopingcall [-] Fixed interval looping call 'nova.servicegroup.drivers.db.DbDriver._report_state' sleeping for 120.00 seconds {{(pid=95742) _run_loop /opt/stack/data/venv/lib/python3.12/site-packages/oslo_service/backend/_threading/loopingcall.py:125}}
Jun 10 18:06:24.764797 np0000002531 nova-scheduler[95740]: DEBUG oslo.service.backend._threading.loopingcall [-] Fixed interval looping call 'nova.servicegroup.drivers.db.DbDriver._report_state' sleeping for 120.00 seconds {{(pid=95740) _run_loop /opt/stack/data/venv/lib/python3.12/site-packages/oslo_service/backend/_threading/loopingcall.py:125}}
Jun 10 18:06:29.762565 np0000002531 nova-scheduler[95742]: DEBUG oslo.service.backend._threading.loopingcall [None req-2d684b67-28b1-4396-8251-f127ebd60186 None None] Dynamic interval looping call 'nova.service.Service.periodic_tasks' sleeping for 60.00 seconds {{(pid=95742) _run_loop /opt/stack/data/venv/lib/python3.12/site-packages/oslo_service/backend/_threading/loopingcall.py:125}}
Jun 10 18:06:34.754809 np0000002531 nova-scheduler[95738]: DEBUG dbcounter [-] [95738] Writing DB stats nova_cell0:SELECT=1,nova_cell0:UPDATE=1 {{(pid=95738) stat_writer /opt/stack/data/venv/lib/python3.12/site-packages/dbcounter.py:115}}
Jun 10 18:06:34.763116 np0000002531 nova-scheduler[95742]: DEBUG dbcounter [-] [95742] Writing DB stats nova_cell0:SELECT=1 {{(pid=95742) stat_writer /opt/stack/data/venv/lib/python3.12/site-packages/dbcounter.py:115}}
Jun 10 18:06:34.763415 np0000002531 nova-scheduler[95740]: DEBUG oslo.service.backend._threading.loopingcall [None req-6d1a9e86-21d5-447e-ae9a-53facc1845c1 None None] Dynamic interval looping call 'nova.service.Service.periodic_tasks' sleeping for 60.00 seconds {{(pid=95740) _run_loop /opt/stack/data/venv/lib/python3.12/site-packages/oslo_service/backend/_threading/loopingcall.py:125}}
Jun 10 18:06:34.763415 np0000002531 nova-scheduler[95740]: DEBUG dbcounter [-] [95740] Writing DB stats nova_cell0:SELECT=1 {{(pid=95740) stat_writer /opt/stack/data/venv/lib/python3.12/site-packages/dbcounter.py:115}}
Jun 10 18:06:52.748971 np0000002531 nova-scheduler[95738]: DEBUG oslo.service.backend._threading.loopingcall [None req-f2ee71e3-e405-4b52-9699-4e0ce84bf95a None None] Dynamic interval looping call 'nova.service.Service.periodic_tasks' sleeping for 60.00 seconds {{(pid=95738) _run_loop /opt/stack/data/venv/lib/python3.12/site-packages/oslo_service/backend/_threading/loopingcall.py:125}}
Jun 10 18:07:06.483930 np0000002531 nova-scheduler[95738]: DEBUG nova.scheduler.manager [None req-b7e8047b-7689-4cba-ad84-7fa35a5b71f7 tempest-ServersNegativeTestJSON-670928827 tempest-ServersNegativeTestJSON-670928827-project-member] Starting to schedule for instances: ['07f5b9fa-f280-4fd2-9b3b-c31db4e24143'] {{(pid=95738) select_destinations /opt/stack/nova/nova/scheduler/manager.py:210}}
Jun 10 18:07:06.485057 np0000002531 nova-scheduler[95738]: DEBUG nova.scheduler.request_filter [None req-b7e8047b-7689-4cba-ad84-7fa35a5b71f7 tempest-ServersNegativeTestJSON-670928827 tempest-ServersNegativeTestJSON-670928827-project-member] compute_status_filter request filter added forbidden trait COMPUTE_STATUS_DISABLED {{(pid=95738) compute_status_filter /opt/stack/nova/nova/scheduler/request_filter.py:253}}
Jun 10 18:07:06.486448 np0000002531 nova-scheduler[95738]: DEBUG nova.scheduler.request_filter [None req-b7e8047b-7689-4cba-ad84-7fa35a5b71f7 tempest-ServersNegativeTestJSON-670928827 tempest-ServersNegativeTestJSON-670928827-project-member] Request filter 'compute_status_filter' took 0.0 seconds {{(pid=95738) wrapper /opt/stack/nova/nova/scheduler/request_filter.py:46}}
Jun 10 18:07:06.486925 np0000002531 nova-scheduler[95738]: DEBUG nova.scheduler.request_filter [None req-b7e8047b-7689-4cba-ad84-7fa35a5b71f7 tempest-ServersNegativeTestJSON-670928827 tempest-ServersNegativeTestJSON-670928827-project-member] Request filter 'accelerators_filter' took 0.0 seconds {{(pid=95738) wrapper /opt/stack/nova/nova/scheduler/request_filter.py:46}}
Jun 10 18:07:06.487435 np0000002531 nova-scheduler[95738]: DEBUG nova.scheduler.request_filter [None req-b7e8047b-7689-4cba-ad84-7fa35a5b71f7 tempest-ServersNegativeTestJSON-670928827 tempest-ServersNegativeTestJSON-670928827-project-member] Request filter 'packed_virtqueue_filter' took 0.0 seconds {{(pid=95738) wrapper /opt/stack/nova/nova/scheduler/request_filter.py:46}}
Jun 10 18:07:06.488135 np0000002531 nova-scheduler[95738]: DEBUG nova.scheduler.request_filter [None req-b7e8047b-7689-4cba-ad84-7fa35a5b71f7 tempest-ServersNegativeTestJSON-670928827 tempest-ServersNegativeTestJSON-670928827-project-member] Request filter 'remote_managed_ports_filter' took 0.0 seconds {{(pid=95738) wrapper /opt/stack/nova/nova/scheduler/request_filter.py:46}}
Jun 10 18:07:06.488135 np0000002531 nova-scheduler[95738]: DEBUG nova.scheduler.request_filter [None req-b7e8047b-7689-4cba-ad84-7fa35a5b71f7 tempest-ServersNegativeTestJSON-670928827 tempest-ServersNegativeTestJSON-670928827-project-member] ephemeral_encryption_filter skipped {{(pid=95738) ephemeral_encryption_filter /opt/stack/nova/nova/scheduler/request_filter.py:426}}
Jun 10 18:07:06.488301 np0000002531 nova-scheduler[95738]: DEBUG nova.scheduler.request_filter [None req-b7e8047b-7689-4cba-ad84-7fa35a5b71f7 tempest-ServersNegativeTestJSON-670928827 tempest-ServersNegativeTestJSON-670928827-project-member] virtio_sound_filter skipped {{(pid=95738) virtio_sound_filter /opt/stack/nova/nova/scheduler/request_filter.py:460}}
Jun 10 18:07:06.488450 np0000002531 nova-scheduler[95738]: DEBUG nova.scheduler.request_filter [None req-b7e8047b-7689-4cba-ad84-7fa35a5b71f7 tempest-ServersNegativeTestJSON-670928827 tempest-ServersNegativeTestJSON-670928827-project-member] tpm_secret_security_filter skipped {{(pid=95738) tpm_secret_security_filter /opt/stack/nova/nova/scheduler/request_filter.py:477}}
Jun 10 18:07:06.611669 np0000002531 nova-scheduler[95742]: DEBUG nova.scheduler.manager [None req-87d40933-cb49-4720-9a51-a5828af4e0db tempest-ServerActionsTestOtherB-295292567 tempest-ServerActionsTestOtherB-295292567-project-member] Starting to schedule for instances: ['6913893e-b3df-470f-84b8-e66ecfcf5263'] {{(pid=95742) select_destinations /opt/stack/nova/nova/scheduler/manager.py:210}}
Jun 10 18:07:06.612014 np0000002531 nova-scheduler[95742]: DEBUG nova.scheduler.request_filter [None req-87d40933-cb49-4720-9a51-a5828af4e0db tempest-ServerActionsTestOtherB-295292567 tempest-ServerActionsTestOtherB-295292567-project-member] compute_status_filter request filter added forbidden trait COMPUTE_STATUS_DISABLED {{(pid=95742) compute_status_filter /opt/stack/nova/nova/scheduler/request_filter.py:253}}
Jun 10 18:07:06.612066 np0000002531 nova-scheduler[95742]: DEBUG nova.scheduler.request_filter [None req-87d40933-cb49-4720-9a51-a5828af4e0db tempest-ServerActionsTestOtherB-295292567 tempest-ServerActionsTestOtherB-295292567-project-member] Request filter 'compute_status_filter' took 0.0 seconds {{(pid=95742) wrapper /opt/stack/nova/nova/scheduler/request_filter.py:46}}
Jun 10 18:07:06.612404 np0000002531 nova-scheduler[95742]: DEBUG nova.scheduler.request_filter [None req-87d40933-cb49-4720-9a51-a5828af4e0db tempest-ServerActionsTestOtherB-295292567 tempest-ServerActionsTestOtherB-295292567-project-member] Request filter 'accelerators_filter' took 0.0 seconds {{(pid=95742) wrapper /opt/stack/nova/nova/scheduler/request_filter.py:46}}
Jun 10 18:07:06.612512 np0000002531 nova-scheduler[95742]: DEBUG nova.scheduler.request_filter [None req-87d40933-cb49-4720-9a51-a5828af4e0db tempest-ServerActionsTestOtherB-295292567 tempest-ServerActionsTestOtherB-295292567-project-member] Request filter 'packed_virtqueue_filter' took 0.0 seconds {{(pid=95742) wrapper /opt/stack/nova/nova/scheduler/request_filter.py:46}}
Jun 10 18:07:06.612830 np0000002531 nova-scheduler[95742]: DEBUG nova.scheduler.request_filter [None req-87d40933-cb49-4720-9a51-a5828af4e0db tempest-ServerActionsTestOtherB-295292567 tempest-ServerActionsTestOtherB-295292567-project-member] Request filter 'remote_managed_ports_filter' took 0.0 seconds {{(pid=95742) wrapper /opt/stack/nova/nova/scheduler/request_filter.py:46}}
Jun 10 18:07:06.612968 np0000002531 nova-scheduler[95742]: DEBUG nova.scheduler.request_filter [None req-87d40933-cb49-4720-9a51-a5828af4e0db tempest-ServerActionsTestOtherB-295292567 tempest-ServerActionsTestOtherB-295292567-project-member] ephemeral_encryption_filter skipped {{(pid=95742) ephemeral_encryption_filter /opt/stack/nova/nova/scheduler/request_filter.py:426}}
Jun 10 18:07:06.613130 np0000002531 nova-scheduler[95742]: DEBUG nova.scheduler.request_filter [None req-87d40933-cb49-4720-9a51-a5828af4e0db tempest-ServerActionsTestOtherB-295292567 tempest-ServerActionsTestOtherB-295292567-project-member] virtio_sound_filter skipped {{(pid=95742) virtio_sound_filter /opt/stack/nova/nova/scheduler/request_filter.py:460}}
Jun 10 18:07:06.613291 np0000002531 nova-scheduler[95742]: DEBUG nova.scheduler.request_filter [None req-87d40933-cb49-4720-9a51-a5828af4e0db tempest-ServerActionsTestOtherB-295292567 tempest-ServerActionsTestOtherB-295292567-project-member] tpm_secret_security_filter skipped {{(pid=95742) tpm_secret_security_filter /opt/stack/nova/nova/scheduler/request_filter.py:477}}
Jun 10 18:07:07.068264 np0000002531 nova-scheduler[95742]: INFO nova.utils [None req-87d40933-cb49-4720-9a51-a5828af4e0db tempest-ServerActionsTestOtherB-295292567 tempest-ServerActionsTestOtherB-295292567-project-member] The cell worker thread pool ForkProcess-3.cell_worker is initialized
Jun 10 18:07:07.068705 np0000002531 nova-scheduler[95742]: DEBUG oslo_concurrency.lockutils [None req-87d40933-cb49-4720-9a51-a5828af4e0db tempest-ServerActionsTestOtherB-295292567 tempest-ServerActionsTestOtherB-295292567-project-member] Acquiring lock "335a0ddf-61cc-4adb-8f81-98f90aed62e8" by "nova.context.set_target_cell..get_or_set_cached_cell_and_set_connections" {{(pid=95742) inner /opt/stack/data/venv/lib/python3.12/site-packages/oslo_concurrency/lockutils.py:511}}
Jun 10 18:07:07.068993 np0000002531 nova-scheduler[95742]: DEBUG oslo_concurrency.lockutils [None req-87d40933-cb49-4720-9a51-a5828af4e0db tempest-ServerActionsTestOtherB-295292567 tempest-ServerActionsTestOtherB-295292567-project-member] Lock "335a0ddf-61cc-4adb-8f81-98f90aed62e8" acquired by "nova.context.set_target_cell..get_or_set_cached_cell_and_set_connections" :: waited 0.000s {{(pid=95742) inner /opt/stack/data/venv/lib/python3.12/site-packages/oslo_concurrency/lockutils.py:524}}
Jun 10 18:07:07.071000 np0000002531 nova-scheduler[95742]: DEBUG oslo_concurrency.lockutils [None req-87d40933-cb49-4720-9a51-a5828af4e0db tempest-ServerActionsTestOtherB-295292567 tempest-ServerActionsTestOtherB-295292567-project-member] Lock "335a0ddf-61cc-4adb-8f81-98f90aed62e8" "released" by "nova.context.set_target_cell..get_or_set_cached_cell_and_set_connections" :: held 0.002s {{(pid=95742) inner /opt/stack/data/venv/lib/python3.12/site-packages/oslo_concurrency/lockutils.py:543}}
Jun 10 18:07:07.074189 np0000002531 nova-scheduler[95742]: INFO dbcounter [None req-87d40933-cb49-4720-9a51-a5828af4e0db tempest-ServerActionsTestOtherB-295292567 tempest-ServerActionsTestOtherB-295292567-project-member] Registered counter for database nova_cell1
Jun 10 18:07:07.116393 np0000002531 nova-scheduler[95742]: DEBUG oslo_db.sqlalchemy.engines [None req-87d40933-cb49-4720-9a51-a5828af4e0db tempest-ServerActionsTestOtherB-295292567 tempest-ServerActionsTestOtherB-295292567-project-member] MySQL server mode set to STRICT_TRANS_TABLES,STRICT_ALL_TABLES,NO_ZERO_IN_DATE,NO_ZERO_DATE,ERROR_FOR_DIVISION_BY_ZERO,TRADITIONAL,NO_ENGINE_SUBSTITUTION {{(pid=95742) _check_effective_sql_mode /opt/stack/data/venv/lib/python3.12/site-packages/oslo_db/sqlalchemy/engines.py:325}}
Jun 10 18:07:07.121812 np0000002531 nova-scheduler[95742]: DEBUG dbcounter [-] [95742] Writer thread running {{(pid=95742) stat_writer /opt/stack/data/venv/lib/python3.12/site-packages/dbcounter.py:102}}
Jun 10 18:07:07.131577 np0000002531 nova-scheduler[95742]: DEBUG oslo_db.sqlalchemy.engines [None req-87d40933-cb49-4720-9a51-a5828af4e0db tempest-ServerActionsTestOtherB-295292567 tempest-ServerActionsTestOtherB-295292567-project-member] Parent process 94460 forked (95742) with an open database connection, which is being discarded and recreated. {{(pid=95742) checkout /opt/stack/data/venv/lib/python3.12/site-packages/oslo_db/sqlalchemy/engines.py:402}}
Jun 10 18:07:07.146367 np0000002531 nova-scheduler[95738]: INFO nova.utils [None req-b7e8047b-7689-4cba-ad84-7fa35a5b71f7 tempest-ServersNegativeTestJSON-670928827 tempest-ServersNegativeTestJSON-670928827-project-member] The cell worker thread pool ForkProcess-1.cell_worker is initialized
Jun 10 18:07:07.146699 np0000002531 nova-scheduler[95738]: DEBUG oslo_concurrency.lockutils [None req-b7e8047b-7689-4cba-ad84-7fa35a5b71f7 tempest-ServersNegativeTestJSON-670928827 tempest-ServersNegativeTestJSON-670928827-project-member] Acquiring lock "335a0ddf-61cc-4adb-8f81-98f90aed62e8" by "nova.context.set_target_cell..get_or_set_cached_cell_and_set_connections" {{(pid=95738) inner /opt/stack/data/venv/lib/python3.12/site-packages/oslo_concurrency/lockutils.py:511}}
Jun 10 18:07:07.146967 np0000002531 nova-scheduler[95738]: DEBUG oslo_concurrency.lockutils [None req-b7e8047b-7689-4cba-ad84-7fa35a5b71f7 tempest-ServersNegativeTestJSON-670928827 tempest-ServersNegativeTestJSON-670928827-project-member] Lock "335a0ddf-61cc-4adb-8f81-98f90aed62e8" acquired by "nova.context.set_target_cell..get_or_set_cached_cell_and_set_connections" :: waited 0.000s {{(pid=95738) inner /opt/stack/data/venv/lib/python3.12/site-packages/oslo_concurrency/lockutils.py:524}}
Jun 10 18:07:07.148760 np0000002531 nova-scheduler[95738]: DEBUG oslo_concurrency.lockutils [None req-b7e8047b-7689-4cba-ad84-7fa35a5b71f7 tempest-ServersNegativeTestJSON-670928827 tempest-ServersNegativeTestJSON-670928827-project-member] Lock "335a0ddf-61cc-4adb-8f81-98f90aed62e8" "released" by "nova.context.set_target_cell..get_or_set_cached_cell_and_set_connections" :: held 0.002s {{(pid=95738) inner /opt/stack/data/venv/lib/python3.12/site-packages/oslo_concurrency/lockutils.py:543}}
Jun 10 18:07:07.151024 np0000002531 nova-scheduler[95738]: INFO dbcounter [None req-b7e8047b-7689-4cba-ad84-7fa35a5b71f7 tempest-ServersNegativeTestJSON-670928827 tempest-ServersNegativeTestJSON-670928827-project-member] Registered counter for database nova_cell1
Jun 10 18:07:07.179153 np0000002531 nova-scheduler[95742]: DEBUG dbcounter [-] [95742] Writer thread running {{(pid=95742) stat_writer /opt/stack/data/venv/lib/python3.12/site-packages/dbcounter.py:102}}
Jun 10 18:07:07.182016 np0000002531 nova-scheduler[95742]: DEBUG oslo_concurrency.lockutils [None req-87d40933-cb49-4720-9a51-a5828af4e0db tempest-ServerActionsTestOtherB-295292567 tempest-ServerActionsTestOtherB-295292567-project-member] Acquiring lock "335a0ddf-61cc-4adb-8f81-98f90aed62e8" by "nova.context.set_target_cell..get_or_set_cached_cell_and_set_connections" {{(pid=95742) inner /opt/stack/data/venv/lib/python3.12/site-packages/oslo_concurrency/lockutils.py:511}}
Jun 10 18:07:07.182184 np0000002531 nova-scheduler[95742]: DEBUG oslo_concurrency.lockutils [None req-87d40933-cb49-4720-9a51-a5828af4e0db tempest-ServerActionsTestOtherB-295292567 tempest-ServerActionsTestOtherB-295292567-project-member] Lock "335a0ddf-61cc-4adb-8f81-98f90aed62e8" acquired by "nova.context.set_target_cell..get_or_set_cached_cell_and_set_connections" :: waited 0.000s {{(pid=95742) inner /opt/stack/data/venv/lib/python3.12/site-packages/oslo_concurrency/lockutils.py:524}}
Jun 10 18:07:07.182353 np0000002531 nova-scheduler[95742]: DEBUG oslo_concurrency.lockutils [None req-87d40933-cb49-4720-9a51-a5828af4e0db tempest-ServerActionsTestOtherB-295292567 tempest-ServerActionsTestOtherB-295292567-project-member] Lock "335a0ddf-61cc-4adb-8f81-98f90aed62e8" "released" by "nova.context.set_target_cell..get_or_set_cached_cell_and_set_connections" :: held 0.000s {{(pid=95742) inner /opt/stack/data/venv/lib/python3.12/site-packages/oslo_concurrency/lockutils.py:543}}
Jun 10 18:07:07.189345 np0000002531 nova-scheduler[95742]: DEBUG oslo_concurrency.lockutils [None req-87d40933-cb49-4720-9a51-a5828af4e0db tempest-ServerActionsTestOtherB-295292567 tempest-ServerActionsTestOtherB-295292567-project-member] Acquiring lock "('np0000002531', 'np0000002531')" by "nova.scheduler.host_manager.HostState.update.._locked_update" {{(pid=95742) inner /opt/stack/data/venv/lib/python3.12/site-packages/oslo_concurrency/lockutils.py:511}}
Jun 10 18:07:07.189345 np0000002531 nova-scheduler[95742]: DEBUG oslo_concurrency.lockutils [None req-87d40933-cb49-4720-9a51-a5828af4e0db tempest-ServerActionsTestOtherB-295292567 tempest-ServerActionsTestOtherB-295292567-project-member] Lock "('np0000002531', 'np0000002531')" acquired by "nova.scheduler.host_manager.HostState.update.._locked_update" :: waited 0.000s {{(pid=95742) inner /opt/stack/data/venv/lib/python3.12/site-packages/oslo_concurrency/lockutils.py:524}}
Jun 10 18:07:07.189951 np0000002531 nova-scheduler[95742]: DEBUG nova.scheduler.host_manager [None req-87d40933-cb49-4720-9a51-a5828af4e0db tempest-ServerActionsTestOtherB-295292567 tempest-ServerActionsTestOtherB-295292567-project-member] Update host state from compute node: ComputeNode(cpu_allocation_ratio=4.0,cpu_info='{"arch": "x86_64", "model": "EPYC-Milan", "vendor": "AMD", "topology": {"cells": 1, "sockets": 12, "cores": 1, "threads": 1}, "maxphysaddr": {"mode": "emulate", "bits": 40}, "features": ["pschange-mc-no", "arat", "fxsr", "pcid", "popcnt", "sse4.2", "svm", "pku", "pge", "v-vmsave-vmload", "bmi2", "xsaveerptr", "lfence-always-serializing", "3dnowprefetch", "msr", "mtrr", "sep", "aes", "cx8", "misalignsse", "sse4.1", "cr8legacy", "umip", "ssbd", "mce", "rdtscp", "vpclmulqdq", "xsaveopt", "vmcb-clean", "fma", "osvw", "virt-ssbd", "pfthreshold", "skip-l1dfl-vmentry", "pse", "xsavec", "rdrand", "tsc-deadline", "npt", "stibp", "fsgsbase", "fpu", "mmx", "rdseed", "cmov", "mds-no", "tsc-scale", "de", "clflush", "smep", "apic", "no-nested-data-bp", "amd-ssbd", "pclmuldq", "abm", "ibpb", "topoext", "sse4a", "xgetbv1", "cx16", "adx", "bmi1", "lbrv", "tsc_adjust", "fxsr_opt", "xsave", "fsrm", "flushbyasid", "cmp_legacy", "stibp-always-on", "lm", "f16c", "null-sel-clr-base", "ssse3", "hypervisor", "ibrs", "rdctl-no", "amd-stibp", "movbe", "clwb", "erms", "pdpe1gb", "amd-psfd", "mmxext", "nrip-save", "vme", "pat", "vaes", "syscall", "pse36", "pni", "perfctr_core", "lahf_lm", "nx", "pause-filter", "sha-ni", "wbnoinvd", "gds-no", "smap", "mca", "pae", "x2apic", "clflushopt", "clzero", "svme-addr-chk", "vgif", "avx", "invpcid", "sse2", "arch-capabilities", "xsaves", "spec-ctrl", "sse", "tsc", "rdpid", "avx2"]}',created_at=2026-06-10T18:04:44Z,current_workload=0,deleted=False,deleted_at=None,disk_allocation_ratio=1.0,disk_available_least=74,free_disk_gb=95,free_ram_mb=23518,host='np0000002531',host_ip=10.4.3.197,hypervisor_hostname='np0000002531',hypervisor_type='QEMU',hypervisor_version=8002002,id=1,local_gb=95,local_gb_used=0,mapped=1,memory_mb=24030,memory_mb_used=512,metrics='[]',numa_topology='{"nova_object.name": "NUMATopology", "nova_object.namespace": "nova", "nova_object.version": "1.2", "nova_object.data": {"cells": [{"nova_object.name": "NUMACell", "nova_object.namespace": "nova", "nova_object.version": "1.5", "nova_object.data": {"id": 0, "cpuset": [0, 1, 2, 3, 4, 5, 6, 7, 8, 9, 10, 11], "pcpuset": [0, 1, 2, 3, 4, 5, 6, 7, 8, 9, 10, 11], "memory": 24030, "cpu_usage": 0, "memory_usage": 0, "pinned_cpus": [], "siblings": [[6], [2], [5], [11], [8], [4], [1], [7], [10], [0], [3], [9]], "mempages": [{"nova_object.name": "NUMAPagesTopology", "nova_object.namespace": "nova", "nova_object.version": "1.1", "nova_object.data": {"size_kb": 4, "total": 6151798, "used": 0, "reserved": 0}, "nova_object.changes": ["total", "size_kb", "reserved", "used"]}, {"nova_object.name": "NUMAPagesTopology", "nova_object.namespace": "nova", "nova_object.version": "1.1", "nova_object.data": {"size_kb": 2048, "total": 0, "used": 0, "reserved": 0}, "nova_object.changes": ["total", "size_kb", "reserved", "used"]}, {"nova_object.name": "NUMAPagesTopology", "nova_object.namespace": "nova", "nova_object.version": "1.1", "nova_object.data": {"size_kb": 1048576, "total": 0, "used": 0, "reserved": 0}, "nova_object.changes": ["total", "size_kb", "reserved", "used"]}], "network_metadata": {"nova_object.name": "NetworkMetadata", "nova_object.namespace": "nova", "nova_object.version": "1.0", "nova_object.data": {"physnets": [], "tunneled": false}, "nova_object.changes": ["tunneled", "physnets"]}, "socket": null}, "nova_object.changes": ["siblings", "socket", "network_metadata", "mempages", "memory", "cpuset", "memory_usage", "cpu_usage", "id", "pinned_cpus", "pcpuset"]}]}, "nova_object.changes": ["cells"]}',pci_device_pools=PciDevicePoolList,ram_allocation_ratio=1.0,running_vms=0,service_id=3,stats={failed_builds='0',uptime=' 18:06:30 up 24 min, 2 users, load average: 1.00, 1.28, 0.79
Jun 10 18:07:07.189951 np0000002531 nova-scheduler[95742]: '},supported_hv_specs=[HVSpec,HVSpec,HVSpec,HVSpec,HVSpec,HVSpec,HVSpec,HVSpec,HVSpec,HVSpec,HVSpec,HVSpec,HVSpec,HVSpec,HVSpec,HVSpec,HVSpec,HVSpec,HVSpec,HVSpec,HVSpec,HVSpec,HVSpec,HVSpec,HVSpec],updated_at=2026-06-10T18:06:32Z,uuid=3f543237-df6c-45cc-8a09-71514c127b84,vcpus=12,vcpus_used=0) {{(pid=95742) _locked_update /opt/stack/nova/nova/scheduler/host_manager.py:168}}
Jun 10 18:07:07.190631 np0000002531 nova-scheduler[95742]: DEBUG nova.scheduler.host_manager [None req-87d40933-cb49-4720-9a51-a5828af4e0db tempest-ServerActionsTestOtherB-295292567 tempest-ServerActionsTestOtherB-295292567-project-member] Update host state with aggregates: [] {{(pid=95742) _locked_update /opt/stack/nova/nova/scheduler/host_manager.py:171}}
Jun 10 18:07:07.190751 np0000002531 nova-scheduler[95742]: DEBUG nova.scheduler.host_manager [None req-87d40933-cb49-4720-9a51-a5828af4e0db tempest-ServerActionsTestOtherB-295292567 tempest-ServerActionsTestOtherB-295292567-project-member] Update host state with service dict: {'id': 3, 'uuid': '23fae535-1ba6-4b96-9674-dc7306e08c87', 'host': 'np0000002531', 'binary': 'nova-compute', 'topic': 'compute', 'report_count': 2, 'disabled': False, 'disabled_reason': None, 'last_seen_up': datetime.datetime(2026, 6, 10, 18, 6, 53, tzinfo=datetime.timezone.utc), 'forced_down': False, 'version': 72, 'created_at': datetime.datetime(2026, 6, 10, 18, 4, 43, tzinfo=datetime.timezone.utc), 'updated_at': datetime.datetime(2026, 6, 10, 18, 6, 53, tzinfo=datetime.timezone.utc), 'deleted_at': None, 'deleted': False} {{(pid=95742) _locked_update /opt/stack/nova/nova/scheduler/host_manager.py:174}}
Jun 10 18:07:07.190864 np0000002531 nova-scheduler[95742]: DEBUG nova.scheduler.host_manager [None req-87d40933-cb49-4720-9a51-a5828af4e0db tempest-ServerActionsTestOtherB-295292567 tempest-ServerActionsTestOtherB-295292567-project-member] Update host state with instances: [] {{(pid=95742) _locked_update /opt/stack/nova/nova/scheduler/host_manager.py:177}}
Jun 10 18:07:07.190964 np0000002531 nova-scheduler[95742]: DEBUG oslo_concurrency.lockutils [None req-87d40933-cb49-4720-9a51-a5828af4e0db tempest-ServerActionsTestOtherB-295292567 tempest-ServerActionsTestOtherB-295292567-project-member] Lock "('np0000002531', 'np0000002531')" "released" by "nova.scheduler.host_manager.HostState.update.._locked_update" :: held 0.002s {{(pid=95742) inner /opt/stack/data/venv/lib/python3.12/site-packages/oslo_concurrency/lockutils.py:543}}
Jun 10 18:07:07.191541 np0000002531 nova-scheduler[95742]: DEBUG nova.filters [None req-87d40933-cb49-4720-9a51-a5828af4e0db tempest-ServerActionsTestOtherB-295292567 tempest-ServerActionsTestOtherB-295292567-project-member] Starting with 1 host(s) {{(pid=95742) get_filtered_objects /opt/stack/nova/nova/filters.py:70}}
Jun 10 18:07:07.191793 np0000002531 nova-scheduler[95742]: DEBUG nova.filters [None req-87d40933-cb49-4720-9a51-a5828af4e0db tempest-ServerActionsTestOtherB-295292567 tempest-ServerActionsTestOtherB-295292567-project-member] Filter ComputeFilter returned 1 host(s) {{(pid=95742) get_filtered_objects /opt/stack/nova/nova/filters.py:102}}
Jun 10 18:07:07.191917 np0000002531 nova-scheduler[95742]: DEBUG nova.filters [None req-87d40933-cb49-4720-9a51-a5828af4e0db tempest-ServerActionsTestOtherB-295292567 tempest-ServerActionsTestOtherB-295292567-project-member] Filter ComputeCapabilitiesFilter returned 1 host(s) {{(pid=95742) get_filtered_objects /opt/stack/nova/nova/filters.py:102}}
Jun 10 18:07:07.192124 np0000002531 nova-scheduler[95742]: DEBUG nova.filters [None req-87d40933-cb49-4720-9a51-a5828af4e0db tempest-ServerActionsTestOtherB-295292567 tempest-ServerActionsTestOtherB-295292567-project-member] Filter ImagePropertiesFilter returned 1 host(s) {{(pid=95742) get_filtered_objects /opt/stack/nova/nova/filters.py:102}}
Jun 10 18:07:07.192243 np0000002531 nova-scheduler[95742]: DEBUG nova.filters [None req-87d40933-cb49-4720-9a51-a5828af4e0db tempest-ServerActionsTestOtherB-295292567 tempest-ServerActionsTestOtherB-295292567-project-member] Filter ServerGroupAntiAffinityFilter returned 1 host(s) {{(pid=95742) get_filtered_objects /opt/stack/nova/nova/filters.py:102}}
Jun 10 18:07:07.192351 np0000002531 nova-scheduler[95742]: DEBUG nova.filters [None req-87d40933-cb49-4720-9a51-a5828af4e0db tempest-ServerActionsTestOtherB-295292567 tempest-ServerActionsTestOtherB-295292567-project-member] Filter ServerGroupAffinityFilter returned 1 host(s) {{(pid=95742) get_filtered_objects /opt/stack/nova/nova/filters.py:102}}
Jun 10 18:07:07.192471 np0000002531 nova-scheduler[95742]: DEBUG nova.filters [None req-87d40933-cb49-4720-9a51-a5828af4e0db tempest-ServerActionsTestOtherB-295292567 tempest-ServerActionsTestOtherB-295292567-project-member] Filter SameHostFilter returned 1 host(s) {{(pid=95742) get_filtered_objects /opt/stack/nova/nova/filters.py:102}}
Jun 10 18:07:07.192596 np0000002531 nova-scheduler[95742]: DEBUG nova.filters [None req-87d40933-cb49-4720-9a51-a5828af4e0db tempest-ServerActionsTestOtherB-295292567 tempest-ServerActionsTestOtherB-295292567-project-member] Filter DifferentHostFilter returned 1 host(s) {{(pid=95742) get_filtered_objects /opt/stack/nova/nova/filters.py:102}}
Jun 10 18:07:07.192714 np0000002531 nova-scheduler[95742]: DEBUG nova.scheduler.manager [None req-87d40933-cb49-4720-9a51-a5828af4e0db tempest-ServerActionsTestOtherB-295292567 tempest-ServerActionsTestOtherB-295292567-project-member] Filtered [(np0000002531, np0000002531) ram: 23518MB disk: 75776MB io_ops: 0 instances: 0, allocation_candidates: 1] {{(pid=95742) _get_sorted_hosts /opt/stack/nova/nova/scheduler/manager.py:743}}
Jun 10 18:07:07.192927 np0000002531 nova-scheduler[95742]: DEBUG nova.scheduler.manager [None req-87d40933-cb49-4720-9a51-a5828af4e0db tempest-ServerActionsTestOtherB-295292567 tempest-ServerActionsTestOtherB-295292567-project-member] Weighed [WeighedHost [host: (np0000002531, np0000002531) ram: 23518MB disk: 75776MB io_ops: 0 instances: 0, allocation_candidates: 1, weight: 0.0]] {{(pid=95742) _get_sorted_hosts /opt/stack/nova/nova/scheduler/manager.py:765}}
Jun 10 18:07:07.193090 np0000002531 nova-scheduler[95742]: DEBUG nova.scheduler.utils [None req-87d40933-cb49-4720-9a51-a5828af4e0db tempest-ServerActionsTestOtherB-295292567 tempest-ServerActionsTestOtherB-295292567-project-member] Attempting to claim resources in the placement API for instance 6913893e-b3df-470f-84b8-e66ecfcf5263 {{(pid=95742) claim_resources /opt/stack/nova/nova/scheduler/utils.py:1345}}
Jun 10 18:07:07.197244 np0000002531 nova-scheduler[95738]: DEBUG oslo_db.sqlalchemy.engines [None req-b7e8047b-7689-4cba-ad84-7fa35a5b71f7 tempest-ServersNegativeTestJSON-670928827 tempest-ServersNegativeTestJSON-670928827-project-member] MySQL server mode set to STRICT_TRANS_TABLES,STRICT_ALL_TABLES,NO_ZERO_IN_DATE,NO_ZERO_DATE,ERROR_FOR_DIVISION_BY_ZERO,TRADITIONAL,NO_ENGINE_SUBSTITUTION {{(pid=95738) _check_effective_sql_mode /opt/stack/data/venv/lib/python3.12/site-packages/oslo_db/sqlalchemy/engines.py:325}}
Jun 10 18:07:07.203241 np0000002531 nova-scheduler[95738]: DEBUG dbcounter [-] [95738] Writer thread running {{(pid=95738) stat_writer /opt/stack/data/venv/lib/python3.12/site-packages/dbcounter.py:102}}
Jun 10 18:07:07.283535 np0000002531 nova-scheduler[95738]: DEBUG dbcounter [-] [95738] Writer thread running {{(pid=95738) stat_writer /opt/stack/data/venv/lib/python3.12/site-packages/dbcounter.py:102}}
Jun 10 18:07:07.286599 np0000002531 nova-scheduler[95738]: DEBUG oslo_concurrency.lockutils [None req-b7e8047b-7689-4cba-ad84-7fa35a5b71f7 tempest-ServersNegativeTestJSON-670928827 tempest-ServersNegativeTestJSON-670928827-project-member] Acquiring lock "335a0ddf-61cc-4adb-8f81-98f90aed62e8" by "nova.context.set_target_cell..get_or_set_cached_cell_and_set_connections" {{(pid=95738) inner /opt/stack/data/venv/lib/python3.12/site-packages/oslo_concurrency/lockutils.py:511}}
Jun 10 18:07:07.286819 np0000002531 nova-scheduler[95738]: DEBUG oslo_concurrency.lockutils [None req-b7e8047b-7689-4cba-ad84-7fa35a5b71f7 tempest-ServersNegativeTestJSON-670928827 tempest-ServersNegativeTestJSON-670928827-project-member] Lock "335a0ddf-61cc-4adb-8f81-98f90aed62e8" acquired by "nova.context.set_target_cell..get_or_set_cached_cell_and_set_connections" :: waited 0.000s {{(pid=95738) inner /opt/stack/data/venv/lib/python3.12/site-packages/oslo_concurrency/lockutils.py:524}}
Jun 10 18:07:07.287004 np0000002531 nova-scheduler[95738]: DEBUG oslo_concurrency.lockutils [None req-b7e8047b-7689-4cba-ad84-7fa35a5b71f7 tempest-ServersNegativeTestJSON-670928827 tempest-ServersNegativeTestJSON-670928827-project-member] Lock "335a0ddf-61cc-4adb-8f81-98f90aed62e8" "released" by "nova.context.set_target_cell..get_or_set_cached_cell_and_set_connections" :: held 0.000s {{(pid=95738) inner /opt/stack/data/venv/lib/python3.12/site-packages/oslo_concurrency/lockutils.py:543}}
Jun 10 18:07:07.292161 np0000002531 nova-scheduler[95738]: DEBUG oslo_concurrency.lockutils [None req-b7e8047b-7689-4cba-ad84-7fa35a5b71f7 tempest-ServersNegativeTestJSON-670928827 tempest-ServersNegativeTestJSON-670928827-project-member] Acquiring lock "('np0000002531', 'np0000002531')" by "nova.scheduler.host_manager.HostState.update.._locked_update" {{(pid=95738) inner /opt/stack/data/venv/lib/python3.12/site-packages/oslo_concurrency/lockutils.py:511}}
Jun 10 18:07:07.292312 np0000002531 nova-scheduler[95738]: DEBUG oslo_concurrency.lockutils [None req-b7e8047b-7689-4cba-ad84-7fa35a5b71f7 tempest-ServersNegativeTestJSON-670928827 tempest-ServersNegativeTestJSON-670928827-project-member] Lock "('np0000002531', 'np0000002531')" acquired by "nova.scheduler.host_manager.HostState.update.._locked_update" :: waited 0.000s {{(pid=95738) inner /opt/stack/data/venv/lib/python3.12/site-packages/oslo_concurrency/lockutils.py:524}}
