Jun 17 19:59:07.034887 np0000003092 nova-scheduler[95747]: DEBUG cotyledon.oslo_config_glue [-] oslo_limit.auth_section = None {{(pid=95747) log_opt_values /opt/stack/data/venv/lib/python3.12/site-packages/oslo_config/cfg.py:3253}}
Jun 17 19:59:07.034963 np0000003092 nova-scheduler[95747]: DEBUG cotyledon.oslo_config_glue [-] oslo_limit.auth_type = None {{(pid=95747) log_opt_values /opt/stack/data/venv/lib/python3.12/site-packages/oslo_config/cfg.py:3253}}
Jun 17 19:59:07.035055 np0000003092 nova-scheduler[95747]: DEBUG cotyledon.oslo_config_glue [-] oslo_limit.cafile = None {{(pid=95747) log_opt_values /opt/stack/data/venv/lib/python3.12/site-packages/oslo_config/cfg.py:3253}}
Jun 17 19:59:07.035127 np0000003092 nova-scheduler[95747]: DEBUG cotyledon.oslo_config_glue [-] oslo_limit.certfile = None {{(pid=95747) log_opt_values /opt/stack/data/venv/lib/python3.12/site-packages/oslo_config/cfg.py:3253}}
Jun 17 19:59:07.035203 np0000003092 nova-scheduler[95747]: DEBUG cotyledon.oslo_config_glue [-] oslo_limit.collect_timing = False {{(pid=95747) log_opt_values /opt/stack/data/venv/lib/python3.12/site-packages/oslo_config/cfg.py:3253}}
Jun 17 19:59:07.035277 np0000003092 nova-scheduler[95747]: DEBUG cotyledon.oslo_config_glue [-] oslo_limit.connect_retries = None {{(pid=95747) log_opt_values /opt/stack/data/venv/lib/python3.12/site-packages/oslo_config/cfg.py:3253}}
Jun 17 19:59:07.035373 np0000003092 nova-scheduler[95747]: DEBUG cotyledon.oslo_config_glue [-] oslo_limit.connect_retry_delay = None {{(pid=95747) log_opt_values /opt/stack/data/venv/lib/python3.12/site-packages/oslo_config/cfg.py:3253}}
Jun 17 19:59:07.035429 np0000003092 nova-scheduler[95747]: DEBUG cotyledon.oslo_config_glue [-] oslo_limit.endpoint_id = None {{(pid=95747) log_opt_values /opt/stack/data/venv/lib/python3.12/site-packages/oslo_config/cfg.py:3253}}
Jun 17 19:59:07.035489 np0000003092 nova-scheduler[95747]: DEBUG cotyledon.oslo_config_glue [-] oslo_limit.endpoint_interface = public {{(pid=95747) log_opt_values /opt/stack/data/venv/lib/python3.12/site-packages/oslo_config/cfg.py:3253}}
Jun 17 19:59:07.035546 np0000003092 nova-scheduler[95747]: DEBUG cotyledon.oslo_config_glue [-] oslo_limit.endpoint_override = None {{(pid=95747) log_opt_values /opt/stack/data/venv/lib/python3.12/site-packages/oslo_config/cfg.py:3253}}
Jun 17 19:59:07.035609 np0000003092 nova-scheduler[95747]: DEBUG cotyledon.oslo_config_glue [-] oslo_limit.endpoint_region_name = None {{(pid=95747) log_opt_values /opt/stack/data/venv/lib/python3.12/site-packages/oslo_config/cfg.py:3253}}
Jun 17 19:59:07.035681 np0000003092 nova-scheduler[95747]: DEBUG cotyledon.oslo_config_glue [-] oslo_limit.endpoint_service_name = None {{(pid=95747) log_opt_values /opt/stack/data/venv/lib/python3.12/site-packages/oslo_config/cfg.py:3253}}
Jun 17 19:59:07.035738 np0000003092 nova-scheduler[95747]: DEBUG cotyledon.oslo_config_glue [-] oslo_limit.endpoint_service_type = None {{(pid=95747) log_opt_values /opt/stack/data/venv/lib/python3.12/site-packages/oslo_config/cfg.py:3253}}
Jun 17 19:59:07.035805 np0000003092 nova-scheduler[95747]: DEBUG cotyledon.oslo_config_glue [-] oslo_limit.insecure = False {{(pid=95747) log_opt_values /opt/stack/data/venv/lib/python3.12/site-packages/oslo_config/cfg.py:3253}}
Jun 17 19:59:07.035871 np0000003092 nova-scheduler[95747]: DEBUG cotyledon.oslo_config_glue [-] oslo_limit.keyfile = None {{(pid=95747) log_opt_values /opt/stack/data/venv/lib/python3.12/site-packages/oslo_config/cfg.py:3253}}
Jun 17 19:59:07.035930 np0000003092 nova-scheduler[95747]: DEBUG cotyledon.oslo_config_glue [-] oslo_limit.max_version = None {{(pid=95747) log_opt_values /opt/stack/data/venv/lib/python3.12/site-packages/oslo_config/cfg.py:3253}}
Jun 17 19:59:07.036001 np0000003092 nova-scheduler[95747]: DEBUG cotyledon.oslo_config_glue [-] oslo_limit.min_version = None {{(pid=95747) log_opt_values /opt/stack/data/venv/lib/python3.12/site-packages/oslo_config/cfg.py:3253}}
Jun 17 19:59:07.036074 np0000003092 nova-scheduler[95747]: DEBUG cotyledon.oslo_config_glue [-] oslo_limit.region_name = None {{(pid=95747) log_opt_values /opt/stack/data/venv/lib/python3.12/site-packages/oslo_config/cfg.py:3253}}
Jun 17 19:59:07.036132 np0000003092 nova-scheduler[95747]: DEBUG cotyledon.oslo_config_glue [-] oslo_limit.retriable_status_codes = None {{(pid=95747) log_opt_values /opt/stack/data/venv/lib/python3.12/site-packages/oslo_config/cfg.py:3253}}
Jun 17 19:59:07.036201 np0000003092 nova-scheduler[95747]: DEBUG cotyledon.oslo_config_glue [-] oslo_limit.service_name = None {{(pid=95747) log_opt_values /opt/stack/data/venv/lib/python3.12/site-packages/oslo_config/cfg.py:3253}}
Jun 17 19:59:07.036260 np0000003092 nova-scheduler[95747]: DEBUG cotyledon.oslo_config_glue [-] oslo_limit.service_type = None {{(pid=95747) log_opt_values /opt/stack/data/venv/lib/python3.12/site-packages/oslo_config/cfg.py:3253}}
Jun 17 19:59:07.036325 np0000003092 nova-scheduler[95747]: DEBUG cotyledon.oslo_config_glue [-] oslo_limit.split_loggers = False {{(pid=95747) log_opt_values /opt/stack/data/venv/lib/python3.12/site-packages/oslo_config/cfg.py:3253}}
Jun 17 19:59:07.036388 np0000003092 nova-scheduler[95747]: DEBUG cotyledon.oslo_config_glue [-] oslo_limit.status_code_retries = None {{(pid=95747) log_opt_values /opt/stack/data/venv/lib/python3.12/site-packages/oslo_config/cfg.py:3253}}
Jun 17 19:59:07.036452 np0000003092 nova-scheduler[95747]: DEBUG cotyledon.oslo_config_glue [-] oslo_limit.status_code_retry_delay = None {{(pid=95747) log_opt_values /opt/stack/data/venv/lib/python3.12/site-packages/oslo_config/cfg.py:3253}}
Jun 17 19:59:07.036519 np0000003092 nova-scheduler[95747]: DEBUG cotyledon.oslo_config_glue [-] oslo_limit.timeout = None {{(pid=95747) log_opt_values /opt/stack/data/venv/lib/python3.12/site-packages/oslo_config/cfg.py:3253}}
Jun 17 19:59:07.036591 np0000003092 nova-scheduler[95747]: DEBUG cotyledon.oslo_config_glue [-] oslo_limit.valid_interfaces = None {{(pid=95747) log_opt_values /opt/stack/data/venv/lib/python3.12/site-packages/oslo_config/cfg.py:3253}}
Jun 17 19:59:07.036660 np0000003092 nova-scheduler[95747]: DEBUG cotyledon.oslo_config_glue [-] oslo_limit.version = None {{(pid=95747) log_opt_values /opt/stack/data/venv/lib/python3.12/site-packages/oslo_config/cfg.py:3253}}
Jun 17 19:59:07.036755 np0000003092 nova-scheduler[95747]: DEBUG cotyledon.oslo_config_glue [-] oslo_reports.file_event_handler = None {{(pid=95747) log_opt_values /opt/stack/data/venv/lib/python3.12/site-packages/oslo_config/cfg.py:3253}}
Jun 17 19:59:07.036838 np0000003092 nova-scheduler[95747]: DEBUG cotyledon.oslo_config_glue [-] oslo_reports.file_event_handler_interval = 1 {{(pid=95747) log_opt_values /opt/stack/data/venv/lib/python3.12/site-packages/oslo_config/cfg.py:3253}}
Jun 17 19:59:07.036916 np0000003092 nova-scheduler[95747]: DEBUG cotyledon.oslo_config_glue [-] oslo_reports.log_dir = None {{(pid=95747) log_opt_values /opt/stack/data/venv/lib/python3.12/site-packages/oslo_config/cfg.py:3253}}
Jun 17 19:59:07.037003 np0000003092 nova-scheduler[95747]: DEBUG cotyledon.oslo_config_glue [-] ******************************************************************************** {{(pid=95747) log_opt_values /opt/stack/data/venv/lib/python3.12/site-packages/oslo_config/cfg.py:3260}}
Jun 17 19:59:07.037192 np0000003092 nova-scheduler[95747]: DEBUG cotyledon._service_worker [-] Run service ServiceWrapper(2) [95747] {{(pid=95747) wait_forever /opt/stack/data/venv/lib/python3.12/site-packages/cotyledon/_service_worker.py:218}}
Jun 17 19:59:07.038380 np0000003092 nova-scheduler[95747]: INFO nova.service [-] Starting scheduler node (version 33.1.0)
Jun 17 19:59:07.042630 np0000003092 nova-scheduler[95747]: INFO dbcounter [None req-7889fb35-e8ac-4b53-91e5-b999379a4a0d None None] Registered counter for database nova_cell0
Jun 17 19:59:07.047342 np0000003092 nova-scheduler[95745]: DEBUG oslo_db.sqlalchemy.engines [None req-d3bd69b6-cc48-4ece-970f-f3e39291f568 None None] MySQL server mode set to STRICT_TRANS_TABLES,STRICT_ALL_TABLES,NO_ZERO_IN_DATE,NO_ZERO_DATE,ERROR_FOR_DIVISION_BY_ZERO,TRADITIONAL,NO_ENGINE_SUBSTITUTION {{(pid=95745) _check_effective_sql_mode /opt/stack/data/venv/lib/python3.12/site-packages/oslo_db/sqlalchemy/engines.py:325}}
Jun 17 19:59:07.049028 np0000003092 nova-scheduler[95742]: DEBUG nova.service [None req-60ebb777-1b96-4477-99e7-5e7dc37ce66c None None] Creating RPC server for service: nova-scheduler on topic: scheduler {{(pid=95742) start /opt/stack/nova/nova/service.py:196}}
Jun 17 19:59:07.058643 np0000003092 nova-scheduler[95745]: DEBUG dbcounter [-] [95745] Writer thread running {{(pid=95745) stat_writer /opt/stack/data/venv/lib/python3.12/site-packages/dbcounter.py:102}}
Jun 17 19:59:07.062488 np0000003092 nova-scheduler[95745]: DEBUG nova.service [None req-d3bd69b6-cc48-4ece-970f-f3e39291f568 None None] Creating RPC server for service: nova-scheduler on topic: scheduler {{(pid=95745) start /opt/stack/nova/nova/service.py:196}}
Jun 17 19:59:07.070459 np0000003092 nova-scheduler[95742]: DEBUG nova.service [None req-60ebb777-1b96-4477-99e7-5e7dc37ce66c None None] Join ServiceGroup membership for this service scheduler {{(pid=95742) start /opt/stack/nova/nova/service.py:222}}
Jun 17 19:59:07.070655 np0000003092 nova-scheduler[95742]: DEBUG nova.servicegroup.drivers.db [None req-60ebb777-1b96-4477-99e7-5e7dc37ce66c None None] DB_Driver: join new ServiceGroup member np0000003092 to the scheduler group, service = {{(pid=95742) join /opt/stack/nova/nova/servicegroup/drivers/db.py:44}}
Jun 17 19:59:07.079791 np0000003092 nova-scheduler[95745]: DEBUG nova.service [None req-d3bd69b6-cc48-4ece-970f-f3e39291f568 None None] Join ServiceGroup membership for this service scheduler {{(pid=95745) start /opt/stack/nova/nova/service.py:222}}
Jun 17 19:59:07.079986 np0000003092 nova-scheduler[95745]: DEBUG nova.servicegroup.drivers.db [None req-d3bd69b6-cc48-4ece-970f-f3e39291f568 None None] DB_Driver: join new ServiceGroup member np0000003092 to the scheduler group, service = {{(pid=95745) join /opt/stack/nova/nova/servicegroup/drivers/db.py:44}}
Jun 17 19:59:07.083894 np0000003092 nova-scheduler[95747]: DEBUG oslo_db.sqlalchemy.engines [None req-7889fb35-e8ac-4b53-91e5-b999379a4a0d None None] MySQL server mode set to STRICT_TRANS_TABLES,STRICT_ALL_TABLES,NO_ZERO_IN_DATE,NO_ZERO_DATE,ERROR_FOR_DIVISION_BY_ZERO,TRADITIONAL,NO_ENGINE_SUBSTITUTION {{(pid=95747) _check_effective_sql_mode /opt/stack/data/venv/lib/python3.12/site-packages/oslo_db/sqlalchemy/engines.py:325}}
Jun 17 19:59:07.092692 np0000003092 nova-scheduler[95747]: DEBUG dbcounter [-] [95747] Writer thread running {{(pid=95747) stat_writer /opt/stack/data/venv/lib/python3.12/site-packages/dbcounter.py:102}}
Jun 17 19:59:07.095251 np0000003092 nova-scheduler[95747]: DEBUG nova.service [None req-7889fb35-e8ac-4b53-91e5-b999379a4a0d None None] Creating RPC server for service: nova-scheduler on topic: scheduler {{(pid=95747) start /opt/stack/nova/nova/service.py:196}}
Jun 17 19:59:07.110505 np0000003092 nova-scheduler[95747]: DEBUG nova.service [None req-7889fb35-e8ac-4b53-91e5-b999379a4a0d None None] Join ServiceGroup membership for this service scheduler {{(pid=95747) start /opt/stack/nova/nova/service.py:222}}
Jun 17 19:59:07.110660 np0000003092 nova-scheduler[95747]: DEBUG nova.servicegroup.drivers.db [None req-7889fb35-e8ac-4b53-91e5-b999379a4a0d None None] DB_Driver: join new ServiceGroup member np0000003092 to the scheduler group, service = {{(pid=95747) join /opt/stack/nova/nova/servicegroup/drivers/db.py:44}}
Jun 17 19:59:12.085525 np0000003092 nova-scheduler[95742]: DEBUG oslo.service.backend._threading.loopingcall [-] Fixed interval looping call 'nova.servicegroup.drivers.db.DbDriver._report_state' sleeping for 119.99 seconds {{(pid=95742) _run_loop /opt/stack/data/venv/lib/python3.12/site-packages/oslo_service/backend/_threading/loopingcall.py:125}}
Jun 17 19:59:12.091602 np0000003092 nova-scheduler[95745]: DEBUG oslo.service.backend._threading.loopingcall [-] Fixed interval looping call 'nova.servicegroup.drivers.db.DbDriver._report_state' sleeping for 119.99 seconds {{(pid=95745) _run_loop /opt/stack/data/venv/lib/python3.12/site-packages/oslo_service/backend/_threading/loopingcall.py:125}}
Jun 17 19:59:12.123325 np0000003092 nova-scheduler[95747]: DEBUG oslo.service.backend._threading.loopingcall [-] Fixed interval looping call 'nova.servicegroup.drivers.db.DbDriver._report_state' sleeping for 119.99 seconds {{(pid=95747) _run_loop /opt/stack/data/venv/lib/python3.12/site-packages/oslo_service/backend/_threading/loopingcall.py:125}}
Jun 17 19:59:15.651349 np0000003092 nova-scheduler[94492]: DEBUG dbcounter [-] [94492] Writing DB stats nova_api:SELECT=3 {{(pid=94492) stat_writer /opt/stack/data/venv/lib/python3.12/site-packages/dbcounter.py:115}}
Jun 17 19:59:15.779986 np0000003092 nova-scheduler[94492]: DEBUG dbcounter [-] [94492] Writing DB stats nova_cell1:SELECT=1 {{(pid=94492) stat_writer /opt/stack/data/venv/lib/python3.12/site-packages/dbcounter.py:115}}
Jun 17 19:59:15.786960 np0000003092 nova-scheduler[94492]: DEBUG dbcounter [-] [94492] Writing DB stats nova_cell0:SELECT=1 {{(pid=94492) stat_writer /opt/stack/data/venv/lib/python3.12/site-packages/dbcounter.py:115}}
Jun 17 19:59:22.080808 np0000003092 nova-scheduler[95742]: DEBUG dbcounter [-] [95742] Writing DB stats nova_cell0:SELECT=4,nova_cell0:INSERT=1,nova_cell0:UPDATE=1 {{(pid=95742) stat_writer /opt/stack/data/venv/lib/python3.12/site-packages/dbcounter.py:115}}
Jun 17 19:59:22.088569 np0000003092 nova-scheduler[95745]: DEBUG dbcounter [-] [95745] Writing DB stats nova_cell0:SELECT=3 {{(pid=95745) stat_writer /opt/stack/data/venv/lib/python3.12/site-packages/dbcounter.py:115}}
Jun 17 19:59:22.120048 np0000003092 nova-scheduler[95747]: DEBUG dbcounter [-] [95747] Writing DB stats nova_cell0:SELECT=3 {{(pid=95747) stat_writer /opt/stack/data/venv/lib/python3.12/site-packages/dbcounter.py:115}}
Jun 17 19:59:26.083721 np0000003092 nova-scheduler[95745]: DEBUG oslo.service.backend._threading.loopingcall [None req-4e35acbd-9109-45e1-b9f9-6677c7e1ff5e None None] Dynamic interval looping call 'nova.service.Service.periodic_tasks' sleeping for 60.00 seconds {{(pid=95745) _run_loop /opt/stack/data/venv/lib/python3.12/site-packages/oslo_service/backend/_threading/loopingcall.py:125}}
Jun 17 19:59:53.072511 np0000003092 nova-scheduler[95742]: DEBUG oslo.service.backend._threading.loopingcall [None req-b90265e0-ffae-4e2b-96df-3b05f080b89e None None] Dynamic interval looping call 'nova.service.Service.periodic_tasks' sleeping for 60.00 seconds {{(pid=95742) _run_loop /opt/stack/data/venv/lib/python3.12/site-packages/oslo_service/backend/_threading/loopingcall.py:125}}
Jun 17 20:00:03.112811 np0000003092 nova-scheduler[95747]: DEBUG oslo.service.backend._threading.loopingcall [None req-7e995b1f-da6a-4e06-a79d-758bcb1ec6ae None None] Dynamic interval looping call 'nova.service.Service.periodic_tasks' sleeping for 60.00 seconds {{(pid=95747) _run_loop /opt/stack/data/venv/lib/python3.12/site-packages/oslo_service/backend/_threading/loopingcall.py:125}}
Jun 17 20:00:26.082827 np0000003092 nova-scheduler[95745]: DEBUG oslo.service.backend._threading.loopingcall [None req-4e35acbd-9109-45e1-b9f9-6677c7e1ff5e None None] Dynamic interval looping call 'nova.service.Service.periodic_tasks' sleeping for 60.00 seconds {{(pid=95745) _run_loop /opt/stack/data/venv/lib/python3.12/site-packages/oslo_service/backend/_threading/loopingcall.py:125}}
Jun 17 20:00:53.073015 np0000003092 nova-scheduler[95742]: DEBUG oslo.service.backend._threading.loopingcall [None req-b90265e0-ffae-4e2b-96df-3b05f080b89e None None] Dynamic interval looping call 'nova.service.Service.periodic_tasks' sleeping for 60.00 seconds {{(pid=95742) _run_loop /opt/stack/data/venv/lib/python3.12/site-packages/oslo_service/backend/_threading/loopingcall.py:125}}
Jun 17 20:01:03.113417 np0000003092 nova-scheduler[95747]: DEBUG oslo.service.backend._threading.loopingcall [None req-7e995b1f-da6a-4e06-a79d-758bcb1ec6ae None None] Dynamic interval looping call 'nova.service.Service.periodic_tasks' sleeping for 60.00 seconds {{(pid=95747) _run_loop /opt/stack/data/venv/lib/python3.12/site-packages/oslo_service/backend/_threading/loopingcall.py:125}}
Jun 17 20:01:12.082147 np0000003092 nova-scheduler[95742]: DEBUG oslo.service.backend._threading.loopingcall [-] Fixed interval looping call 'nova.servicegroup.drivers.db.DbDriver._report_state' sleeping for 119.99 seconds {{(pid=95742) _run_loop /opt/stack/data/venv/lib/python3.12/site-packages/oslo_service/backend/_threading/loopingcall.py:125}}
Jun 17 20:01:12.085104 np0000003092 nova-scheduler[95745]: DEBUG oslo.service.backend._threading.loopingcall [-] Fixed interval looping call 'nova.servicegroup.drivers.db.DbDriver._report_state' sleeping for 120.00 seconds {{(pid=95745) _run_loop /opt/stack/data/venv/lib/python3.12/site-packages/oslo_service/backend/_threading/loopingcall.py:125}}
Jun 17 20:01:12.116909 np0000003092 nova-scheduler[95747]: DEBUG oslo.service.backend._threading.loopingcall [-] Fixed interval looping call 'nova.servicegroup.drivers.db.DbDriver._report_state' sleeping for 120.00 seconds {{(pid=95747) _run_loop /opt/stack/data/venv/lib/python3.12/site-packages/oslo_service/backend/_threading/loopingcall.py:125}}
Jun 17 20:01:22.078713 np0000003092 nova-scheduler[95742]: DEBUG dbcounter [-] [95742] Writing DB stats nova_cell0:SELECT=1,nova_cell0:UPDATE=1 {{(pid=95742) stat_writer /opt/stack/data/venv/lib/python3.12/site-packages/dbcounter.py:115}}
Jun 17 20:01:22.083402 np0000003092 nova-scheduler[95745]: DEBUG dbcounter [-] [95745] Writing DB stats nova_cell0:SELECT=1 {{(pid=95745) stat_writer /opt/stack/data/venv/lib/python3.12/site-packages/dbcounter.py:115}}
Jun 17 20:01:22.115252 np0000003092 nova-scheduler[95747]: DEBUG dbcounter [-] [95747] Writing DB stats nova_cell0:SELECT=1 {{(pid=95747) stat_writer /opt/stack/data/venv/lib/python3.12/site-packages/dbcounter.py:115}}
Jun 17 20:01:26.083298 np0000003092 nova-scheduler[95745]: DEBUG oslo.service.backend._threading.loopingcall [None req-4e35acbd-9109-45e1-b9f9-6677c7e1ff5e None None] Dynamic interval looping call 'nova.service.Service.periodic_tasks' sleeping for 60.00 seconds {{(pid=95745) _run_loop /opt/stack/data/venv/lib/python3.12/site-packages/oslo_service/backend/_threading/loopingcall.py:125}}
Jun 17 20:01:53.073707 np0000003092 nova-scheduler[95742]: DEBUG oslo.service.backend._threading.loopingcall [None req-b90265e0-ffae-4e2b-96df-3b05f080b89e None None] Dynamic interval looping call 'nova.service.Service.periodic_tasks' sleeping for 60.00 seconds {{(pid=95742) _run_loop /opt/stack/data/venv/lib/python3.12/site-packages/oslo_service/backend/_threading/loopingcall.py:125}}
Jun 17 20:01:58.184723 np0000003092 nova-scheduler[95742]: DEBUG nova.scheduler.manager [None req-99ee75fa-4512-46c9-aebb-65ea278bbb91 tempest-ServersNegativeTestJSON-1887921571 tempest-ServersNegativeTestJSON-1887921571-project-member] Starting to schedule for instances: ['beca310d-943a-4236-9714-6e61d1377162'] {{(pid=95742) select_destinations /opt/stack/nova/nova/scheduler/manager.py:210}}
Jun 17 20:01:58.186440 np0000003092 nova-scheduler[95742]: DEBUG nova.scheduler.request_filter [None req-99ee75fa-4512-46c9-aebb-65ea278bbb91 tempest-ServersNegativeTestJSON-1887921571 tempest-ServersNegativeTestJSON-1887921571-project-member] compute_status_filter request filter added forbidden trait COMPUTE_STATUS_DISABLED {{(pid=95742) compute_status_filter /opt/stack/nova/nova/scheduler/request_filter.py:253}}
Jun 17 20:01:58.186550 np0000003092 nova-scheduler[95742]: DEBUG nova.scheduler.request_filter [None req-99ee75fa-4512-46c9-aebb-65ea278bbb91 tempest-ServersNegativeTestJSON-1887921571 tempest-ServersNegativeTestJSON-1887921571-project-member] Request filter 'compute_status_filter' took 0.0 seconds {{(pid=95742) wrapper /opt/stack/nova/nova/scheduler/request_filter.py:46}}
Jun 17 20:01:58.186909 np0000003092 nova-scheduler[95742]: DEBUG nova.scheduler.request_filter [None req-99ee75fa-4512-46c9-aebb-65ea278bbb91 tempest-ServersNegativeTestJSON-1887921571 tempest-ServersNegativeTestJSON-1887921571-project-member] Request filter 'accelerators_filter' took 0.0 seconds {{(pid=95742) wrapper /opt/stack/nova/nova/scheduler/request_filter.py:46}}
Jun 17 20:01:58.187093 np0000003092 nova-scheduler[95742]: DEBUG nova.scheduler.request_filter [None req-99ee75fa-4512-46c9-aebb-65ea278bbb91 tempest-ServersNegativeTestJSON-1887921571 tempest-ServersNegativeTestJSON-1887921571-project-member] Request filter 'packed_virtqueue_filter' took 0.0 seconds {{(pid=95742) wrapper /opt/stack/nova/nova/scheduler/request_filter.py:46}}
Jun 17 20:01:58.187745 np0000003092 nova-scheduler[95742]: DEBUG nova.scheduler.request_filter [None req-99ee75fa-4512-46c9-aebb-65ea278bbb91 tempest-ServersNegativeTestJSON-1887921571 tempest-ServersNegativeTestJSON-1887921571-project-member] Request filter 'remote_managed_ports_filter' took 0.0 seconds {{(pid=95742) wrapper /opt/stack/nova/nova/scheduler/request_filter.py:46}}
Jun 17 20:01:58.187891 np0000003092 nova-scheduler[95742]: DEBUG nova.scheduler.request_filter [None req-99ee75fa-4512-46c9-aebb-65ea278bbb91 tempest-ServersNegativeTestJSON-1887921571 tempest-ServersNegativeTestJSON-1887921571-project-member] ephemeral_encryption_filter skipped {{(pid=95742) ephemeral_encryption_filter /opt/stack/nova/nova/scheduler/request_filter.py:426}}
Jun 17 20:01:58.188029 np0000003092 nova-scheduler[95742]: DEBUG nova.scheduler.request_filter [None req-99ee75fa-4512-46c9-aebb-65ea278bbb91 tempest-ServersNegativeTestJSON-1887921571 tempest-ServersNegativeTestJSON-1887921571-project-member] virtio_sound_filter skipped {{(pid=95742) virtio_sound_filter /opt/stack/nova/nova/scheduler/request_filter.py:460}}
Jun 17 20:01:58.188172 np0000003092 nova-scheduler[95742]: DEBUG nova.scheduler.request_filter [None req-99ee75fa-4512-46c9-aebb-65ea278bbb91 tempest-ServersNegativeTestJSON-1887921571 tempest-ServersNegativeTestJSON-1887921571-project-member] tpm_secret_security_filter skipped {{(pid=95742) tpm_secret_security_filter /opt/stack/nova/nova/scheduler/request_filter.py:477}}
Jun 17 20:01:58.811091 np0000003092 nova-scheduler[95742]: INFO nova.utils [None req-99ee75fa-4512-46c9-aebb-65ea278bbb91 tempest-ServersNegativeTestJSON-1887921571 tempest-ServersNegativeTestJSON-1887921571-project-member] The cell worker thread pool ForkProcess-1.cell_worker is initialized
Jun 17 20:01:58.811603 np0000003092 nova-scheduler[95742]: DEBUG oslo_concurrency.lockutils [None req-99ee75fa-4512-46c9-aebb-65ea278bbb91 tempest-ServersNegativeTestJSON-1887921571 tempest-ServersNegativeTestJSON-1887921571-project-member] Acquiring lock "99df4ff3-8637-4247-b127-f61df385dffa" by "nova.context.set_target_cell..get_or_set_cached_cell_and_set_connections" {{(pid=95742) inner /opt/stack/data/venv/lib/python3.12/site-packages/oslo_concurrency/lockutils.py:511}}
Jun 17 20:01:58.811759 np0000003092 nova-scheduler[95742]: DEBUG oslo_concurrency.lockutils [None req-99ee75fa-4512-46c9-aebb-65ea278bbb91 tempest-ServersNegativeTestJSON-1887921571 tempest-ServersNegativeTestJSON-1887921571-project-member] Lock "99df4ff3-8637-4247-b127-f61df385dffa" acquired by "nova.context.set_target_cell..get_or_set_cached_cell_and_set_connections" :: waited 0.000s {{(pid=95742) inner /opt/stack/data/venv/lib/python3.12/site-packages/oslo_concurrency/lockutils.py:524}}
Jun 17 20:01:58.813451 np0000003092 nova-scheduler[95742]: DEBUG oslo_concurrency.lockutils [None req-99ee75fa-4512-46c9-aebb-65ea278bbb91 tempest-ServersNegativeTestJSON-1887921571 tempest-ServersNegativeTestJSON-1887921571-project-member] Lock "99df4ff3-8637-4247-b127-f61df385dffa" "released" by "nova.context.set_target_cell..get_or_set_cached_cell_and_set_connections" :: held 0.002s {{(pid=95742) inner /opt/stack/data/venv/lib/python3.12/site-packages/oslo_concurrency/lockutils.py:543}}
Jun 17 20:01:58.815259 np0000003092 nova-scheduler[95742]: INFO dbcounter [None req-99ee75fa-4512-46c9-aebb-65ea278bbb91 tempest-ServersNegativeTestJSON-1887921571 tempest-ServersNegativeTestJSON-1887921571-project-member] Registered counter for database nova_cell1
Jun 17 20:01:58.850553 np0000003092 nova-scheduler[95742]: DEBUG oslo_db.sqlalchemy.engines [None req-99ee75fa-4512-46c9-aebb-65ea278bbb91 tempest-ServersNegativeTestJSON-1887921571 tempest-ServersNegativeTestJSON-1887921571-project-member] MySQL server mode set to STRICT_TRANS_TABLES,STRICT_ALL_TABLES,NO_ZERO_IN_DATE,NO_ZERO_DATE,ERROR_FOR_DIVISION_BY_ZERO,TRADITIONAL,NO_ENGINE_SUBSTITUTION {{(pid=95742) _check_effective_sql_mode /opt/stack/data/venv/lib/python3.12/site-packages/oslo_db/sqlalchemy/engines.py:325}}
Jun 17 20:01:58.855352 np0000003092 nova-scheduler[95742]: DEBUG dbcounter [-] [95742] Writer thread running {{(pid=95742) stat_writer /opt/stack/data/venv/lib/python3.12/site-packages/dbcounter.py:102}}
Jun 17 20:01:58.876042 np0000003092 nova-scheduler[95742]: DEBUG oslo_db.sqlalchemy.engines [None req-99ee75fa-4512-46c9-aebb-65ea278bbb91 tempest-ServersNegativeTestJSON-1887921571 tempest-ServersNegativeTestJSON-1887921571-project-member] Parent process 94492 forked (95742) with an open database connection, which is being discarded and recreated. {{(pid=95742) checkout /opt/stack/data/venv/lib/python3.12/site-packages/oslo_db/sqlalchemy/engines.py:402}}
Jun 17 20:01:58.913242 np0000003092 nova-scheduler[95742]: DEBUG dbcounter [-] [95742] Writer thread running {{(pid=95742) stat_writer /opt/stack/data/venv/lib/python3.12/site-packages/dbcounter.py:102}}
Jun 17 20:01:58.916008 np0000003092 nova-scheduler[95742]: DEBUG oslo_concurrency.lockutils [None req-99ee75fa-4512-46c9-aebb-65ea278bbb91 tempest-ServersNegativeTestJSON-1887921571 tempest-ServersNegativeTestJSON-1887921571-project-member] Acquiring lock "99df4ff3-8637-4247-b127-f61df385dffa" by "nova.context.set_target_cell..get_or_set_cached_cell_and_set_connections" {{(pid=95742) inner /opt/stack/data/venv/lib/python3.12/site-packages/oslo_concurrency/lockutils.py:511}}
Jun 17 20:01:58.916226 np0000003092 nova-scheduler[95742]: DEBUG oslo_concurrency.lockutils [None req-99ee75fa-4512-46c9-aebb-65ea278bbb91 tempest-ServersNegativeTestJSON-1887921571 tempest-ServersNegativeTestJSON-1887921571-project-member] Lock "99df4ff3-8637-4247-b127-f61df385dffa" acquired by "nova.context.set_target_cell..get_or_set_cached_cell_and_set_connections" :: waited 0.000s {{(pid=95742) inner /opt/stack/data/venv/lib/python3.12/site-packages/oslo_concurrency/lockutils.py:524}}
Jun 17 20:01:58.916420 np0000003092 nova-scheduler[95742]: DEBUG oslo_concurrency.lockutils [None req-99ee75fa-4512-46c9-aebb-65ea278bbb91 tempest-ServersNegativeTestJSON-1887921571 tempest-ServersNegativeTestJSON-1887921571-project-member] Lock "99df4ff3-8637-4247-b127-f61df385dffa" "released" by "nova.context.set_target_cell..get_or_set_cached_cell_and_set_connections" :: held 0.000s {{(pid=95742) inner /opt/stack/data/venv/lib/python3.12/site-packages/oslo_concurrency/lockutils.py:543}}
Jun 17 20:01:58.919737 np0000003092 nova-scheduler[95742]: DEBUG oslo_concurrency.lockutils [None req-99ee75fa-4512-46c9-aebb-65ea278bbb91 tempest-ServersNegativeTestJSON-1887921571 tempest-ServersNegativeTestJSON-1887921571-project-member] Acquiring lock "('np0000003092', 'np0000003092')" by "nova.scheduler.host_manager.HostState.update.._locked_update" {{(pid=95742) inner /opt/stack/data/venv/lib/python3.12/site-packages/oslo_concurrency/lockutils.py:511}}
Jun 17 20:01:58.919863 np0000003092 nova-scheduler[95742]: DEBUG oslo_concurrency.lockutils [None req-99ee75fa-4512-46c9-aebb-65ea278bbb91 tempest-ServersNegativeTestJSON-1887921571 tempest-ServersNegativeTestJSON-1887921571-project-member] Lock "('np0000003092', 'np0000003092')" acquired by "nova.scheduler.host_manager.HostState.update.._locked_update" :: waited 0.000s {{(pid=95742) inner /opt/stack/data/venv/lib/python3.12/site-packages/oslo_concurrency/lockutils.py:524}}
Jun 17 20:01:58.920817 np0000003092 nova-scheduler[95742]: DEBUG nova.scheduler.host_manager [None req-99ee75fa-4512-46c9-aebb-65ea278bbb91 tempest-ServersNegativeTestJSON-1887921571 tempest-ServersNegativeTestJSON-1887921571-project-member] Update host state from compute node: ComputeNode(cpu_allocation_ratio=4.0,cpu_info='{"arch": "x86_64", "model": "EPYC-Milan", "vendor": "AMD", "topology": {"cells": 1, "sockets": 12, "cores": 1, "threads": 1}, "maxphysaddr": {"mode": "emulate", "bits": 40}, "features": ["pse36", "fma", "npt", "3dnowprefetch", "topoext", "tsc-deadline", "tsc", "clflush", "xsave", "ibrs", "virt-ssbd", "lbrv", "null-sel-clr-base", "xsaves", "syscall", "aes", "lahf_lm", "pdpe1gb", "avx", "fxsr_opt", "bmi1", "vmcb-clean", "adx", "hypervisor", "sse2", "movbe", "clflushopt", "osvw", "lm", "perfctr_core", "erms", "cx16", "wbnoinvd", "stibp", "apic", "tsc-scale", "mds-no", "mmxext", "rdpid", "rdctl-no", "popcnt", "sha-ni", "xsaveopt", "smep", "abm", "sse4.2", "avx2", "pschange-mc-no", "sep", "sse4.1", "spec-ctrl", "gds-no", "ibpb", "mca", "pse", "rdtscp", "bmi2", "lfence-always-serializing", "de", "arat", "cx8", "fsgsbase", "vaes", "fsrm", "pku", "sse4a", "svm", "amd-psfd", "vgif", "amd-ssbd", "mce", "vpclmulqdq", "invpcid", "fpu", "mtrr", "pclmuldq", "xsaveerptr", "sse", "x2apic", "cmov", "vme", "pfthreshold", "misalignsse", "nrip-save", "pni", "nx", "pcid", "skip-l1dfl-vmentry", "svme-addr-chk", "flushbyasid", "no-nested-data-bp", "amd-stibp", "stibp-always-on", "rdrand", "pge", "ssse3", "umip", "f16c", "fxsr", "mmx", "xsavec", "pat", "cmp_legacy", "v-vmsave-vmload", "rdseed", "pause-filter", "smap", "msr", "xgetbv1", "arch-capabilities", "tsc_adjust", "clzero", "pae", "clwb", "ssbd", "cr8legacy"]}',created_at=2026-06-17T19:59:32Z,current_workload=0,deleted=False,deleted_at=None,disk_allocation_ratio=1.0,disk_available_least=74,free_disk_gb=95,free_ram_mb=23518,host='np0000003092',host_ip=10.4.3.202,hypervisor_hostname='np0000003092',hypervisor_type='QEMU',hypervisor_version=8002002,id=1,local_gb=95,local_gb_used=0,mapped=1,memory_mb=24030,memory_mb_used=512,metrics='[]',numa_topology='{"nova_object.name": "NUMATopology", "nova_object.namespace": "nova", "nova_object.version": "1.2", "nova_object.data": {"cells": [{"nova_object.name": "NUMACell", "nova_object.namespace": "nova", "nova_object.version": "1.5", "nova_object.data": {"id": 0, "cpuset": [0, 1, 2, 3, 4, 5, 6, 7, 8, 9, 10, 11], "pcpuset": [0, 1, 2, 3, 4, 5, 6, 7, 8, 9, 10, 11], "memory": 24030, "cpu_usage": 0, "memory_usage": 0, "pinned_cpus": [], "siblings": [[6], [2], [5], [11], [8], [4], [1], [7], [10], [0], [3], [9]], "mempages": [{"nova_object.name": "NUMAPagesTopology", "nova_object.namespace": "nova", "nova_object.version": "1.1", "nova_object.data": {"size_kb": 4, "total": 6151798, "used": 0, "reserved": 0}, "nova_object.changes": ["total", "used", "size_kb", "reserved"]}, {"nova_object.name": "NUMAPagesTopology", "nova_object.namespace": "nova", "nova_object.version": "1.1", "nova_object.data": {"size_kb": 2048, "total": 0, "used": 0, "reserved": 0}, "nova_object.changes": ["total", "used", "size_kb", "reserved"]}, {"nova_object.name": "NUMAPagesTopology", "nova_object.namespace": "nova", "nova_object.version": "1.1", "nova_object.data": {"size_kb": 1048576, "total": 0, "used": 0, "reserved": 0}, "nova_object.changes": ["total", "used", "size_kb", "reserved"]}], "network_metadata": {"nova_object.name": "NetworkMetadata", "nova_object.namespace": "nova", "nova_object.version": "1.0", "nova_object.data": {"physnets": [], "tunneled": false}, "nova_object.changes": ["physnets", "tunneled"]}, "socket": null}, "nova_object.changes": ["memory", "mempages", "cpu_usage", "pinned_cpus", "id", "siblings", "memory_usage", "socket", "pcpuset", "network_metadata", "cpuset"]}]}, "nova_object.changes": ["cells"]}',pci_device_pools=PciDevicePoolList,ram_allocation_ratio=1.0,running_vms=0,service_id=2,stats={failed_builds='0',uptime=' 20:01:17 up 24 min, 2 users, load average: 1.08, 1.36, 0.83
Jun 17 20:01:58.920817 np0000003092 nova-scheduler[95742]: '},supported_hv_specs=[HVSpec,HVSpec,HVSpec,HVSpec,HVSpec,HVSpec,HVSpec,HVSpec,HVSpec,HVSpec,HVSpec,HVSpec,HVSpec,HVSpec,HVSpec,HVSpec,HVSpec,HVSpec,HVSpec,HVSpec,HVSpec,HVSpec,HVSpec,HVSpec,HVSpec],updated_at=2026-06-17T20:01:19Z,uuid=221d2bdc-8abb-4aa6-b9a9-c8f8b9c1f5a8,vcpus=12,vcpus_used=0) {{(pid=95742) _locked_update /opt/stack/nova/nova/scheduler/host_manager.py:168}}
Jun 17 20:01:58.921694 np0000003092 nova-scheduler[95742]: DEBUG nova.scheduler.host_manager [None req-99ee75fa-4512-46c9-aebb-65ea278bbb91 tempest-ServersNegativeTestJSON-1887921571 tempest-ServersNegativeTestJSON-1887921571-project-member] Update host state with aggregates: [] {{(pid=95742) _locked_update /opt/stack/nova/nova/scheduler/host_manager.py:171}}
Jun 17 20:01:58.921848 np0000003092 nova-scheduler[95742]: DEBUG nova.scheduler.host_manager [None req-99ee75fa-4512-46c9-aebb-65ea278bbb91 tempest-ServersNegativeTestJSON-1887921571 tempest-ServersNegativeTestJSON-1887921571-project-member] Update host state with service dict: {'id': 2, 'uuid': '9de55658-7bfc-43a1-91dd-352b561cfeec', 'host': 'np0000003092', 'binary': 'nova-compute', 'topic': 'compute', 'report_count': 2, 'disabled': False, 'disabled_reason': None, 'last_seen_up': datetime.datetime(2026, 6, 17, 20, 1, 40, tzinfo=datetime.timezone.utc), 'forced_down': False, 'version': 72, 'created_at': datetime.datetime(2026, 6, 17, 19, 59, 30, tzinfo=datetime.timezone.utc), 'updated_at': datetime.datetime(2026, 6, 17, 20, 1, 40, tzinfo=datetime.timezone.utc), 'deleted_at': None, 'deleted': False} {{(pid=95742) _locked_update /opt/stack/nova/nova/scheduler/host_manager.py:174}}
Jun 17 20:01:58.922011 np0000003092 nova-scheduler[95742]: DEBUG nova.scheduler.host_manager [None req-99ee75fa-4512-46c9-aebb-65ea278bbb91 tempest-ServersNegativeTestJSON-1887921571 tempest-ServersNegativeTestJSON-1887921571-project-member] Update host state with instances: [] {{(pid=95742) _locked_update /opt/stack/nova/nova/scheduler/host_manager.py:177}}
Jun 17 20:01:58.922175 np0000003092 nova-scheduler[95742]: DEBUG oslo_concurrency.lockutils [None req-99ee75fa-4512-46c9-aebb-65ea278bbb91 tempest-ServersNegativeTestJSON-1887921571 tempest-ServersNegativeTestJSON-1887921571-project-member] Lock "('np0000003092', 'np0000003092')" "released" by "nova.scheduler.host_manager.HostState.update.._locked_update" :: held 0.002s {{(pid=95742) inner /opt/stack/data/venv/lib/python3.12/site-packages/oslo_concurrency/lockutils.py:543}}
Jun 17 20:01:58.922797 np0000003092 nova-scheduler[95742]: DEBUG nova.filters [None req-99ee75fa-4512-46c9-aebb-65ea278bbb91 tempest-ServersNegativeTestJSON-1887921571 tempest-ServersNegativeTestJSON-1887921571-project-member] Starting with 1 host(s) {{(pid=95742) get_filtered_objects /opt/stack/nova/nova/filters.py:70}}
Jun 17 20:01:58.922890 np0000003092 nova-scheduler[95742]: DEBUG nova.filters [None req-99ee75fa-4512-46c9-aebb-65ea278bbb91 tempest-ServersNegativeTestJSON-1887921571 tempest-ServersNegativeTestJSON-1887921571-project-member] Filter ComputeFilter returned 1 host(s) {{(pid=95742) get_filtered_objects /opt/stack/nova/nova/filters.py:102}}
Jun 17 20:01:58.923148 np0000003092 nova-scheduler[95742]: DEBUG nova.filters [None req-99ee75fa-4512-46c9-aebb-65ea278bbb91 tempest-ServersNegativeTestJSON-1887921571 tempest-ServersNegativeTestJSON-1887921571-project-member] Filter ComputeCapabilitiesFilter returned 1 host(s) {{(pid=95742) get_filtered_objects /opt/stack/nova/nova/filters.py:102}}
Jun 17 20:01:58.923414 np0000003092 nova-scheduler[95742]: DEBUG nova.filters [None req-99ee75fa-4512-46c9-aebb-65ea278bbb91 tempest-ServersNegativeTestJSON-1887921571 tempest-ServersNegativeTestJSON-1887921571-project-member] Filter ImagePropertiesFilter returned 1 host(s) {{(pid=95742) get_filtered_objects /opt/stack/nova/nova/filters.py:102}}
Jun 17 20:01:58.923581 np0000003092 nova-scheduler[95742]: DEBUG nova.filters [None req-99ee75fa-4512-46c9-aebb-65ea278bbb91 tempest-ServersNegativeTestJSON-1887921571 tempest-ServersNegativeTestJSON-1887921571-project-member] Filter ServerGroupAntiAffinityFilter returned 1 host(s) {{(pid=95742) get_filtered_objects /opt/stack/nova/nova/filters.py:102}}
Jun 17 20:01:58.923694 np0000003092 nova-scheduler[95742]: DEBUG nova.filters [None req-99ee75fa-4512-46c9-aebb-65ea278bbb91 tempest-ServersNegativeTestJSON-1887921571 tempest-ServersNegativeTestJSON-1887921571-project-member] Filter ServerGroupAffinityFilter returned 1 host(s) {{(pid=95742) get_filtered_objects /opt/stack/nova/nova/filters.py:102}}
Jun 17 20:01:58.923894 np0000003092 nova-scheduler[95742]: DEBUG nova.filters [None req-99ee75fa-4512-46c9-aebb-65ea278bbb91 tempest-ServersNegativeTestJSON-1887921571 tempest-ServersNegativeTestJSON-1887921571-project-member] Filter SameHostFilter returned 1 host(s) {{(pid=95742) get_filtered_objects /opt/stack/nova/nova/filters.py:102}}
Jun 17 20:01:58.924016 np0000003092 nova-scheduler[95742]: DEBUG nova.filters [None req-99ee75fa-4512-46c9-aebb-65ea278bbb91 tempest-ServersNegativeTestJSON-1887921571 tempest-ServersNegativeTestJSON-1887921571-project-member] Filter DifferentHostFilter returned 1 host(s) {{(pid=95742) get_filtered_objects /opt/stack/nova/nova/filters.py:102}}
Jun 17 20:01:58.924195 np0000003092 nova-scheduler[95742]: DEBUG nova.scheduler.manager [None req-99ee75fa-4512-46c9-aebb-65ea278bbb91 tempest-ServersNegativeTestJSON-1887921571 tempest-ServersNegativeTestJSON-1887921571-project-member] Filtered [(np0000003092, np0000003092) ram: 23518MB disk: 75776MB io_ops: 0 instances: 0, allocation_candidates: 1] {{(pid=95742) _get_sorted_hosts /opt/stack/nova/nova/scheduler/manager.py:743}}
Jun 17 20:01:58.924409 np0000003092 nova-scheduler[95742]: DEBUG nova.scheduler.manager [None req-99ee75fa-4512-46c9-aebb-65ea278bbb91 tempest-ServersNegativeTestJSON-1887921571 tempest-ServersNegativeTestJSON-1887921571-project-member] Weighed [WeighedHost [host: (np0000003092, np0000003092) ram: 23518MB disk: 75776MB io_ops: 0 instances: 0, allocation_candidates: 1, weight: 0.0]] {{(pid=95742) _get_sorted_hosts /opt/stack/nova/nova/scheduler/manager.py:765}}
Jun 17 20:01:58.924602 np0000003092 nova-scheduler[95742]: DEBUG nova.scheduler.utils [None req-99ee75fa-4512-46c9-aebb-65ea278bbb91 tempest-ServersNegativeTestJSON-1887921571 tempest-ServersNegativeTestJSON-1887921571-project-member] Attempting to claim resources in the placement API for instance beca310d-943a-4236-9714-6e61d1377162 {{(pid=95742) claim_resources /opt/stack/nova/nova/scheduler/utils.py:1345}}
Jun 17 20:01:59.065714 np0000003092 nova-scheduler[95742]: DEBUG nova.scheduler.manager [None req-99ee75fa-4512-46c9-aebb-65ea278bbb91 tempest-ServersNegativeTestJSON-1887921571 tempest-ServersNegativeTestJSON-1887921571-project-member] [instance: beca310d-943a-4236-9714-6e61d1377162] Selected host: (np0000003092, np0000003092) ram: 23518MB disk: 75776MB io_ops: 0 instances: 0, allocation_candidates: 1 {{(pid=95742) _consume_selected_host /opt/stack/nova/nova/scheduler/manager.py:625}}
Jun 17 20:01:59.066050 np0000003092 nova-scheduler[95742]: DEBUG oslo_concurrency.lockutils [None req-99ee75fa-4512-46c9-aebb-65ea278bbb91 tempest-ServersNegativeTestJSON-1887921571 tempest-ServersNegativeTestJSON-1887921571-project-member] Acquiring lock "('np0000003092', 'np0000003092')" by "nova.scheduler.host_manager.HostState.consume_from_request.._locked" {{(pid=95742) inner /opt/stack/data/venv/lib/python3.12/site-packages/oslo_concurrency/lockutils.py:511}}
Jun 17 20:01:59.066253 np0000003092 nova-scheduler[95742]: DEBUG oslo_concurrency.lockutils [None req-99ee75fa-4512-46c9-aebb-65ea278bbb91 tempest-ServersNegativeTestJSON-1887921571 tempest-ServersNegativeTestJSON-1887921571-project-member] Lock "('np0000003092', 'np0000003092')" acquired by "nova.scheduler.host_manager.HostState.consume_from_request.._locked" :: waited 0.000s {{(pid=95742) inner /opt/stack/data/venv/lib/python3.12/site-packages/oslo_concurrency/lockutils.py:524}}
Jun 17 20:01:59.066464 np0000003092 nova-scheduler[95742]: DEBUG oslo_concurrency.lockutils [None req-99ee75fa-4512-46c9-aebb-65ea278bbb91 tempest-ServersNegativeTestJSON-1887921571 tempest-ServersNegativeTestJSON-1887921571-project-member] Lock "('np0000003092', 'np0000003092')" "released" by "nova.scheduler.host_manager.HostState.consume_from_request.._locked" :: held 0.000s {{(pid=95742) inner /opt/stack/data/venv/lib/python3.12/site-packages/oslo_concurrency/lockutils.py:543}}
Jun 17 20:02:03.113869 np0000003092 nova-scheduler[95747]: DEBUG oslo.service.backend._threading.loopingcall [None req-7e995b1f-da6a-4e06-a79d-758bcb1ec6ae None None] Dynamic interval looping call 'nova.service.Service.periodic_tasks' sleeping for 60.00 seconds {{(pid=95747) _run_loop /opt/stack/data/venv/lib/python3.12/site-packages/oslo_service/backend/_threading/loopingcall.py:125}}
Jun 17 20:02:04.552191 np0000003092 nova-scheduler[95745]: DEBUG nova.scheduler.manager [None req-05f7125b-224e-4a6f-aa7f-a92b29f3bf6b tempest-AttachVolumeMultiAttachTest-1424653360 tempest-AttachVolumeMultiAttachTest-1424653360-project-member] Starting to schedule for instances: ['483eefe9-e59f-48ea-9195-3c832850d37d'] {{(pid=95745) select_destinations /opt/stack/nova/nova/scheduler/manager.py:210}}
Jun 17 20:02:04.552857 np0000003092 nova-scheduler[95745]: DEBUG nova.scheduler.request_filter [None req-05f7125b-224e-4a6f-aa7f-a92b29f3bf6b tempest-AttachVolumeMultiAttachTest-1424653360 tempest-AttachVolumeMultiAttachTest-1424653360-project-member] compute_status_filter request filter added forbidden trait COMPUTE_STATUS_DISABLED {{(pid=95745) compute_status_filter /opt/stack/nova/nova/scheduler/request_filter.py:253}}
Jun 17 20:02:04.553015 np0000003092 nova-scheduler[95745]: DEBUG nova.scheduler.request_filter [None req-05f7125b-224e-4a6f-aa7f-a92b29f3bf6b tempest-AttachVolumeMultiAttachTest-1424653360 tempest-AttachVolumeMultiAttachTest-1424653360-project-member] Request filter 'compute_status_filter' took 0.0 seconds {{(pid=95745) wrapper /opt/stack/nova/nova/scheduler/request_filter.py:46}}
Jun 17 20:02:04.553226 np0000003092 nova-scheduler[95745]: DEBUG nova.scheduler.request_filter [None req-05f7125b-224e-4a6f-aa7f-a92b29f3bf6b tempest-AttachVolumeMultiAttachTest-1424653360 tempest-AttachVolumeMultiAttachTest-1424653360-project-member] Request filter 'accelerators_filter' took 0.0 seconds {{(pid=95745) wrapper /opt/stack/nova/nova/scheduler/request_filter.py:46}}
Jun 17 20:02:04.553424 np0000003092 nova-scheduler[95745]: DEBUG nova.scheduler.request_filter [None req-05f7125b-224e-4a6f-aa7f-a92b29f3bf6b tempest-AttachVolumeMultiAttachTest-1424653360 tempest-AttachVolumeMultiAttachTest-1424653360-project-member] Request filter 'packed_virtqueue_filter' took 0.0 seconds {{(pid=95745) wrapper /opt/stack/nova/nova/scheduler/request_filter.py:46}}
Jun 17 20:02:04.553682 np0000003092 nova-scheduler[95745]: DEBUG nova.scheduler.request_filter [None req-05f7125b-224e-4a6f-aa7f-a92b29f3bf6b tempest-AttachVolumeMultiAttachTest-1424653360 tempest-AttachVolumeMultiAttachTest-1424653360-project-member] Request filter 'remote_managed_ports_filter' took 0.0 seconds {{(pid=95745) wrapper /opt/stack/nova/nova/scheduler/request_filter.py:46}}
Jun 17 20:02:04.553864 np0000003092 nova-scheduler[95745]: DEBUG nova.scheduler.request_filter [None req-05f7125b-224e-4a6f-aa7f-a92b29f3bf6b tempest-AttachVolumeMultiAttachTest-1424653360 tempest-AttachVolumeMultiAttachTest-1424653360-project-member] ephemeral_encryption_filter skipped {{(pid=95745) ephemeral_encryption_filter /opt/stack/nova/nova/scheduler/request_filter.py:426}}
Jun 17 20:02:04.554016 np0000003092 nova-scheduler[95745]: DEBUG nova.scheduler.request_filter [None req-05f7125b-224e-4a6f-aa7f-a92b29f3bf6b tempest-AttachVolumeMultiAttachTest-1424653360 tempest-AttachVolumeMultiAttachTest-1424653360-project-member] virtio_sound_filter skipped {{(pid=95745) virtio_sound_filter /opt/stack/nova/nova/scheduler/request_filter.py:460}}
Jun 17 20:02:04.554140 np0000003092 nova-scheduler[95745]: DEBUG nova.scheduler.request_filter [None req-05f7125b-224e-4a6f-aa7f-a92b29f3bf6b tempest-AttachVolumeMultiAttachTest-1424653360 tempest-AttachVolumeMultiAttachTest-1424653360-project-member] tpm_secret_security_filter skipped {{(pid=95745) tpm_secret_security_filter /opt/stack/nova/nova/scheduler/request_filter.py:477}}
Jun 17 20:02:04.645033 np0000003092 nova-scheduler[95745]: INFO nova.utils [None req-05f7125b-224e-4a6f-aa7f-a92b29f3bf6b tempest-AttachVolumeMultiAttachTest-1424653360 tempest-AttachVolumeMultiAttachTest-1424653360-project-member] The cell worker thread pool ForkProcess-2.cell_worker is initialized
Jun 17 20:02:04.645033 np0000003092 nova-scheduler[95745]: DEBUG oslo_concurrency.lockutils [None req-05f7125b-224e-4a6f-aa7f-a92b29f3bf6b tempest-AttachVolumeMultiAttachTest-1424653360 tempest-AttachVolumeMultiAttachTest-1424653360-project-member] Acquiring lock "99df4ff3-8637-4247-b127-f61df385dffa" by "nova.context.set_target_cell..get_or_set_cached_cell_and_set_connections" {{(pid=95745) inner /opt/stack/data/venv/lib/python3.12/site-packages/oslo_concurrency/lockutils.py:511}}
Jun 17 20:02:04.645181 np0000003092 nova-scheduler[95745]: DEBUG oslo_concurrency.lockutils [None req-05f7125b-224e-4a6f-aa7f-a92b29f3bf6b tempest-AttachVolumeMultiAttachTest-1424653360 tempest-AttachVolumeMultiAttachTest-1424653360-project-member] Lock "99df4ff3-8637-4247-b127-f61df385dffa" acquired by "nova.context.set_target_cell..get_or_set_cached_cell_and_set_connections" :: waited 0.000s {{(pid=95745) inner /opt/stack/data/venv/lib/python3.12/site-packages/oslo_concurrency/lockutils.py:524}}
Jun 17 20:02:04.646422 np0000003092 nova-scheduler[95745]: DEBUG oslo_concurrency.lockutils [None req-05f7125b-224e-4a6f-aa7f-a92b29f3bf6b tempest-AttachVolumeMultiAttachTest-1424653360 tempest-AttachVolumeMultiAttachTest-1424653360-project-member] Lock "99df4ff3-8637-4247-b127-f61df385dffa" "released" by "nova.context.set_target_cell..get_or_set_cached_cell_and_set_connections" :: held 0.001s {{(pid=95745) inner /opt/stack/data/venv/lib/python3.12/site-packages/oslo_concurrency/lockutils.py:543}}
Jun 17 20:02:04.648661 np0000003092 nova-scheduler[95745]: INFO dbcounter [None req-05f7125b-224e-4a6f-aa7f-a92b29f3bf6b tempest-AttachVolumeMultiAttachTest-1424653360 tempest-AttachVolumeMultiAttachTest-1424653360-project-member] Registered counter for database nova_cell1
Jun 17 20:02:05.152451 np0000003092 nova-scheduler[95745]: DEBUG oslo_db.sqlalchemy.engines [None req-05f7125b-224e-4a6f-aa7f-a92b29f3bf6b tempest-AttachVolumeMultiAttachTest-1424653360 tempest-AttachVolumeMultiAttachTest-1424653360-project-member] MySQL server mode set to STRICT_TRANS_TABLES,STRICT_ALL_TABLES,NO_ZERO_IN_DATE,NO_ZERO_DATE,ERROR_FOR_DIVISION_BY_ZERO,TRADITIONAL,NO_ENGINE_SUBSTITUTION {{(pid=95745) _check_effective_sql_mode /opt/stack/data/venv/lib/python3.12/site-packages/oslo_db/sqlalchemy/engines.py:325}}
Jun 17 20:02:05.152451 np0000003092 nova-scheduler[95745]: DEBUG dbcounter [-] [95745] Writer thread running {{(pid=95745) stat_writer /opt/stack/data/venv/lib/python3.12/site-packages/dbcounter.py:102}}
Jun 17 20:02:05.152451 np0000003092 nova-scheduler[95745]: DEBUG dbcounter [-] [95745] Writer thread running {{(pid=95745) stat_writer /opt/stack/data/venv/lib/python3.12/site-packages/dbcounter.py:102}}
Jun 17 20:02:05.152451 np0000003092 nova-scheduler[95745]: DEBUG oslo_concurrency.lockutils [None req-05f7125b-224e-4a6f-aa7f-a92b29f3bf6b tempest-AttachVolumeMultiAttachTest-1424653360 tempest-AttachVolumeMultiAttachTest-1424653360-project-member] Acquiring lock "99df4ff3-8637-4247-b127-f61df385dffa" by "nova.context.set_target_cell..get_or_set_cached_cell_and_set_connections" {{(pid=95745) inner /opt/stack/data/venv/lib/python3.12/site-packages/oslo_concurrency/lockutils.py:511}}
Jun 17 20:02:05.152451 np0000003092 nova-scheduler[95745]: DEBUG oslo_concurrency.lockutils [None req-05f7125b-224e-4a6f-aa7f-a92b29f3bf6b tempest-AttachVolumeMultiAttachTest-1424653360 tempest-AttachVolumeMultiAttachTest-1424653360-project-member] Lock "99df4ff3-8637-4247-b127-f61df385dffa" acquired by "nova.context.set_target_cell..get_or_set_cached_cell_and_set_connections" :: waited 0.000s {{(pid=95745) inner /opt/stack/data/venv/lib/python3.12/site-packages/oslo_concurrency/lockutils.py:524}}
Jun 17 20:02:05.152451 np0000003092 nova-scheduler[95745]: DEBUG oslo_concurrency.lockutils [None req-05f7125b-224e-4a6f-aa7f-a92b29f3bf6b tempest-AttachVolumeMultiAttachTest-1424653360 tempest-AttachVolumeMultiAttachTest-1424653360-project-member] Lock "99df4ff3-8637-4247-b127-f61df385dffa" "released" by "nova.context.set_target_cell..get_or_set_cached_cell_and_set_connections" :: held 0.000s {{(pid=95745) inner /opt/stack/data/venv/lib/python3.12/site-packages/oslo_concurrency/lockutils.py:543}}
Jun 17 20:02:05.152451 np0000003092 nova-scheduler[95745]: DEBUG oslo_concurrency.lockutils [None req-05f7125b-224e-4a6f-aa7f-a92b29f3bf6b tempest-AttachVolumeMultiAttachTest-1424653360 tempest-AttachVolumeMultiAttachTest-1424653360-project-member] Acquiring lock "('np0000003092', 'np0000003092')" by "nova.scheduler.host_manager.HostState.update.._locked_update" {{(pid=95745) inner /opt/stack/data/venv/lib/python3.12/site-packages/oslo_concurrency/lockutils.py:511}}
