May 23 22:16:31.087059 np0000001343 devstack@c-api.service[96303]: DEBUG cinder.volume.api [None req-cb69d012-487e-4447-8839-6808dd8510f3 tempest-VolumesImageMetadata-1648601934 tempest-VolumesImageMetadata-1648601934-project-member] Task 'cinder.volume.flows.api.create_volume.VolumeCastTask;volume:create' (16cdd25e-0218-4488-be88-ef6f3ccae984) transitioned into state 'SUCCESS' from state 'RUNNING' with result 'None' {{(pid=96303) _task_receiver /opt/stack/data/venv/lib/python3.12/site-packages/taskflow/listeners/logging.py:218}}
May 23 22:16:31.089190 np0000001343 devstack@c-api.service[96303]: DEBUG cinder.volume.api [None req-cb69d012-487e-4447-8839-6808dd8510f3 tempest-VolumesImageMetadata-1648601934 tempest-VolumesImageMetadata-1648601934-project-member] Flow 'volume_create_api' (2b23b1c0-96ad-4210-aabe-2332ecf25843) transitioned into state 'SUCCESS' from state 'RUNNING' {{(pid=96303) _flow_receiver /opt/stack/data/venv/lib/python3.12/site-packages/taskflow/listeners/logging.py:160}}
May 23 22:16:31.089793 np0000001343 devstack@c-api.service[96303]: INFO cinder.volume.api [None req-cb69d012-487e-4447-8839-6808dd8510f3 tempest-VolumesImageMetadata-1648601934 tempest-VolumesImageMetadata-1648601934-project-member] Create volume request issued successfully.
May 23 22:16:31.090693 np0000001343 devstack@c-api.service[96303]: INFO cinder.api.openstack.wsgi [None req-cb69d012-487e-4447-8839-6808dd8510f3 tempest-VolumesImageMetadata-1648601934 tempest-VolumesImageMetadata-1648601934-project-member] https://10.4.3.167/volume/v3/volumes returned with HTTP 202
May 23 22:16:31.091808 np0000001343 devstack@c-api.service[96303]: [pid: 96303|app: 0|req: 172/356] 10.4.3.167 () {68 vars in 1259 bytes} [Sat May 23 22:16:30 2026] POST /volume/v3/volumes => generated 750 bytes in 395 msecs (HTTP/1.1 202) 7 headers in 291 bytes (1 switches on core 0)
May 23 22:16:31.104454 np0000001343 devstack@c-api.service[96302]: DEBUG cinder.api.middleware.request_id [None req-4b9945c8-a21b-446c-a9ff-6c4272e78aef None None] RequestId filter calling following filter/app {{(pid=96302) _context_setter /opt/stack/cinder/cinder/api/middleware/request_id.py:62}}
May 23 22:16:31.106613 np0000001343 devstack@c-api.service[96302]: INFO cinder.api.openstack.wsgi [None req-4b9945c8-a21b-446c-a9ff-6c4272e78aef tempest-ServerActionsTestOtherB-1191695875 tempest-ServerActionsTestOtherB-1191695875-project-member] GET https://10.4.3.167/volume/v3/volumes/07099795-7506-4ec0-82e4-4d39b04903d0
May 23 22:16:31.107361 np0000001343 devstack@c-api.service[96302]: DEBUG cinder.api.openstack.wsgi [None req-4b9945c8-a21b-446c-a9ff-6c4272e78aef tempest-ServerActionsTestOtherB-1191695875 tempest-ServerActionsTestOtherB-1191695875-project-member] Empty body provided in request {{(pid=96302) get_body /opt/stack/cinder/cinder/api/openstack/wsgi.py:725}}
May 23 22:16:31.107361 np0000001343 devstack@c-api.service[96302]: DEBUG cinder.api.openstack.wsgi [None req-4b9945c8-a21b-446c-a9ff-6c4272e78aef tempest-ServerActionsTestOtherB-1191695875 tempest-ServerActionsTestOtherB-1191695875-project-member] Calling method 'show' {{(pid=96302) _process_stack /opt/stack/cinder/cinder/api/openstack/wsgi.py:878}}
May 23 22:16:31.111401 np0000001343 devstack@c-api.service[96303]: DEBUG cinder.api.middleware.request_id [None req-8d55dcda-34bd-4898-a753-b27f6c736e39 None None] RequestId filter calling following filter/app {{(pid=96303) _context_setter /opt/stack/cinder/cinder/api/middleware/request_id.py:62}}
May 23 22:16:31.117420 np0000001343 devstack@c-api.service[96303]: INFO cinder.api.openstack.wsgi [None req-8d55dcda-34bd-4898-a753-b27f6c736e39 tempest-VolumesImageMetadata-1648601934 tempest-VolumesImageMetadata-1648601934-project-member] GET https://10.4.3.167/volume/v3/volumes/1958543d-9c52-4380-bdcb-e60784943790
May 23 22:16:31.117616 np0000001343 devstack@c-api.service[96303]: DEBUG cinder.api.openstack.wsgi [None req-8d55dcda-34bd-4898-a753-b27f6c736e39 tempest-VolumesImageMetadata-1648601934 tempest-VolumesImageMetadata-1648601934-project-member] Empty body provided in request {{(pid=96303) get_body /opt/stack/cinder/cinder/api/openstack/wsgi.py:725}}
May 23 22:16:31.117822 np0000001343 devstack@c-api.service[96303]: DEBUG cinder.api.openstack.wsgi [None req-8d55dcda-34bd-4898-a753-b27f6c736e39 tempest-VolumesImageMetadata-1648601934 tempest-VolumesImageMetadata-1648601934-project-member] Calling method 'show' {{(pid=96303) _process_stack /opt/stack/cinder/cinder/api/openstack/wsgi.py:878}}
May 23 22:16:31.128332 np0000001343 devstack@c-api.service[96302]: /opt/stack/data/venv/lib/python3.12/site-packages/oslo_context/context.py:102: DeprecationWarning: Policy enforcement is depending on the value of is_admin. This key is deprecated. Please update your policy file to use the standard policy values.
May 23 22:16:31.128332 np0000001343 devstack@c-api.service[96302]: warnings.warn(
May 23 22:16:31.130796 np0000001343 devstack@c-api.service[96303]: /opt/stack/data/venv/lib/python3.12/site-packages/oslo_context/context.py:102: DeprecationWarning: Policy enforcement is depending on the value of is_admin. This key is deprecated. Please update your policy file to use the standard policy values.
May 23 22:16:31.130796 np0000001343 devstack@c-api.service[96303]: warnings.warn(
May 23 22:16:31.135970 np0000001343 devstack@c-api.service[96303]: INFO cinder.volume.api [None req-8d55dcda-34bd-4898-a753-b27f6c736e39 tempest-VolumesImageMetadata-1648601934 tempest-VolumesImageMetadata-1648601934-project-member] Volume info retrieved successfully.
May 23 22:16:31.138247 np0000001343 devstack@c-api.service[96302]: INFO cinder.volume.api [None req-4b9945c8-a21b-446c-a9ff-6c4272e78aef tempest-ServerActionsTestOtherB-1191695875 tempest-ServerActionsTestOtherB-1191695875-project-member] Volume info retrieved successfully.
May 23 22:16:31.142697 np0000001343 devstack@c-api.service[96303]: INFO cinder.api.openstack.wsgi [None req-8d55dcda-34bd-4898-a753-b27f6c736e39 tempest-VolumesImageMetadata-1648601934 tempest-VolumesImageMetadata-1648601934-project-member] https://10.4.3.167/volume/v3/volumes/1958543d-9c52-4380-bdcb-e60784943790 returned with HTTP 200
May 23 22:16:31.143384 np0000001343 devstack@c-api.service[96303]: [pid: 96303|app: 0|req: 173/357] 10.4.3.167 () {66 vars in 1348 bytes} [Sat May 23 22:16:31 2026] GET /volume/v3/volumes/1958543d-9c52-4380-bdcb-e60784943790 => generated 818 bytes in 33 msecs (HTTP/1.1 200) 7 headers in 285 bytes (1 switches on core 0)
May 23 22:16:31.145098 np0000001343 devstack@c-api.service[96302]: INFO cinder.api.openstack.wsgi [None req-4b9945c8-a21b-446c-a9ff-6c4272e78aef tempest-ServerActionsTestOtherB-1191695875 tempest-ServerActionsTestOtherB-1191695875-project-member] https://10.4.3.167/volume/v3/volumes/07099795-7506-4ec0-82e4-4d39b04903d0 returned with HTTP 200
May 23 22:16:31.145535 np0000001343 devstack@c-api.service[96302]: [pid: 96302|app: 0|req: 185/358] 10.4.3.167 () {66 vars in 1348 bytes} [Sat May 23 22:16:31 2026] GET /volume/v3/volumes/07099795-7506-4ec0-82e4-4d39b04903d0 => generated 847 bytes in 42 msecs (HTTP/1.1 200) 7 headers in 285 bytes (1 switches on core 0)
May 23 22:16:31.587369 np0000001343 devstack@c-api.service[96303]: DEBUG cinder.api.middleware.request_id [req-88ba8d9c-5914-4d3f-9499-5035aeef9fb5 req-1bea57cb-fe12-4fd3-a187-f7f9b4d3e5be None None] RequestId filter calling following filter/app {{(pid=96303) _context_setter /opt/stack/cinder/cinder/api/middleware/request_id.py:62}}
May 23 22:16:31.594290 np0000001343 devstack@c-api.service[96303]: INFO cinder.api.openstack.wsgi [req-88ba8d9c-5914-4d3f-9499-5035aeef9fb5 req-1bea57cb-fe12-4fd3-a187-f7f9b4d3e5be tempest-ServerBootFromVolumeStableRescueTest-1186391034 tempest-ServerBootFromVolumeStableRescueTest-1186391034-project-member] POST https://10.4.3.167/volume/v3/volumes
May 23 22:16:31.597156 np0000001343 devstack@c-api.service[96303]: DEBUG cinder.api.openstack.wsgi [req-88ba8d9c-5914-4d3f-9499-5035aeef9fb5 req-1bea57cb-fe12-4fd3-a187-f7f9b4d3e5be tempest-ServerBootFromVolumeStableRescueTest-1186391034 tempest-ServerBootFromVolumeStableRescueTest-1186391034-project-member] Action: 'create', calling method: create, body: {"volume": {"size": 1, "consistencygroup_id": null, "snapshot_id": null, "name": "", "description": "", "volume_type": null, "availability_zone": null, "metadata": {}, "imageRef": "64d15b0f-7ec5-4ad7-9623-756208fbabaf", "source_volid": null, "backup_id": null}} {{(pid=96303) _process_stack /opt/stack/cinder/cinder/api/openstack/wsgi.py:876}}
May 23 22:16:31.600248 np0000001343 devstack@c-api.service[96303]: DEBUG cinder.api.v3.volumes [req-88ba8d9c-5914-4d3f-9499-5035aeef9fb5 req-1bea57cb-fe12-4fd3-a187-f7f9b4d3e5be tempest-ServerBootFromVolumeStableRescueTest-1186391034 tempest-ServerBootFromVolumeStableRescueTest-1186391034-project-member] Create volume request body: {'volume': {'size': 1, 'consistencygroup_id': None, 'snapshot_id': None, 'name': '', 'description': '', 'volume_type': None, 'availability_zone': None, 'metadata': {}, 'imageRef': '64d15b0f-7ec5-4ad7-9623-756208fbabaf', 'source_volid': None, 'backup_id': None}} {{(pid=96303) create /opt/stack/cinder/cinder/api/v3/volumes.py:368}}
May 23 22:16:31.739028 np0000001343 devstack@c-api.service[96303]: INFO cinder.api.v3.volumes [req-88ba8d9c-5914-4d3f-9499-5035aeef9fb5 req-1bea57cb-fe12-4fd3-a187-f7f9b4d3e5be tempest-ServerBootFromVolumeStableRescueTest-1186391034 tempest-ServerBootFromVolumeStableRescueTest-1186391034-project-member] Create volume of 1 GB
May 23 22:16:31.745213 np0000001343 devstack@c-api.service[96303]: INFO cinder.volume.api [req-88ba8d9c-5914-4d3f-9499-5035aeef9fb5 req-1bea57cb-fe12-4fd3-a187-f7f9b4d3e5be tempest-ServerBootFromVolumeStableRescueTest-1186391034 tempest-ServerBootFromVolumeStableRescueTest-1186391034-project-member] Availability Zones retrieved successfully.
May 23 22:16:31.753556 np0000001343 devstack@c-api.service[96303]: DEBUG cinder.volume.api [req-88ba8d9c-5914-4d3f-9499-5035aeef9fb5 req-1bea57cb-fe12-4fd3-a187-f7f9b4d3e5be tempest-ServerBootFromVolumeStableRescueTest-1186391034 tempest-ServerBootFromVolumeStableRescueTest-1186391034-project-member] Flow 'volume_create_api' (33feefd8-8c55-4e89-9d6c-10b60fb860b8) transitioned into state 'RUNNING' from state 'PENDING' {{(pid=96303) _flow_receiver /opt/stack/data/venv/lib/python3.12/site-packages/taskflow/listeners/logging.py:160}}
May 23 22:16:31.756348 np0000001343 devstack@c-api.service[96303]: DEBUG cinder.volume.api [req-88ba8d9c-5914-4d3f-9499-5035aeef9fb5 req-1bea57cb-fe12-4fd3-a187-f7f9b4d3e5be tempest-ServerBootFromVolumeStableRescueTest-1186391034 tempest-ServerBootFromVolumeStableRescueTest-1186391034-project-member] Task 'cinder.volume.flows.api.create_volume.ExtractVolumeRequestTask;volume:create' (d9f0d9af-0dec-47cd-b018-4c137a64b8a7) transitioned into state 'RUNNING' from state 'PENDING' {{(pid=96303) _task_receiver /opt/stack/data/venv/lib/python3.12/site-packages/taskflow/listeners/logging.py:242}}
May 23 22:16:31.757336 np0000001343 devstack@c-api.service[96303]: DEBUG cinder.volume.flows.api.create_volume [req-88ba8d9c-5914-4d3f-9499-5035aeef9fb5 req-1bea57cb-fe12-4fd3-a187-f7f9b4d3e5be tempest-ServerBootFromVolumeStableRescueTest-1186391034 tempest-ServerBootFromVolumeStableRescueTest-1186391034-project-member] Validating volume size '1' using validate_int {{(pid=96303) _extract_size /opt/stack/cinder/cinder/volume/flows/api/create_volume.py:226}}
May 23 22:16:31.846940 np0000001343 devstack@c-api.service[96303]: DEBUG cinder.volume.api [req-88ba8d9c-5914-4d3f-9499-5035aeef9fb5 req-1bea57cb-fe12-4fd3-a187-f7f9b4d3e5be tempest-ServerBootFromVolumeStableRescueTest-1186391034 tempest-ServerBootFromVolumeStableRescueTest-1186391034-project-member] Task 'cinder.volume.flows.api.create_volume.ExtractVolumeRequestTask;volume:create' (d9f0d9af-0dec-47cd-b018-4c137a64b8a7) transitioned into state 'SUCCESS' from state 'RUNNING' with result '{'size': 1, 'snapshot_id': None, 'source_volid': None, 'volume_type': VolumeType(created_at=2026-05-23T22:10:38Z,deleted=False,deleted_at=None,description=None,extra_specs={volume_backend_name='storpool'},id=64d60ff6-d6fe-46b2-b8a4-ae78a7dbc71e,is_public=True,name='storpool',projects=[],qos_specs=,qos_specs_id=None,updated_at=None), 'volume_type_id': '64d60ff6-d6fe-46b2-b8a4-ae78a7dbc71e', 'encryption_key_id': None, 'qos_specs': None, 'consistencygroup_id': None, 'cgsnapshot_id': None, 'group_id': None, 'replication_status': 'disabled', 'refresh_az': False, 'backup_id': None, 'multiattach': False, 'availability_zones': ['nova']}' {{(pid=96303) _task_receiver /opt/stack/data/venv/lib/python3.12/site-packages/taskflow/listeners/logging.py:218}}
May 23 22:16:31.849243 np0000001343 devstack@c-api.service[96303]: DEBUG cinder.volume.api [req-88ba8d9c-5914-4d3f-9499-5035aeef9fb5 req-1bea57cb-fe12-4fd3-a187-f7f9b4d3e5be tempest-ServerBootFromVolumeStableRescueTest-1186391034 tempest-ServerBootFromVolumeStableRescueTest-1186391034-project-member] Task 'cinder.volume.flows.api.create_volume.QuotaReserveTask;volume:create' (16ecdf4c-ebaf-42ff-b2b5-a3b53b0e2b02) transitioned into state 'RUNNING' from state 'PENDING' {{(pid=96303) _task_receiver /opt/stack/data/venv/lib/python3.12/site-packages/taskflow/listeners/logging.py:242}}
May 23 22:16:31.907723 np0000001343 devstack@c-api.service[96303]: DEBUG cinder.quota [req-88ba8d9c-5914-4d3f-9499-5035aeef9fb5 req-1bea57cb-fe12-4fd3-a187-f7f9b4d3e5be tempest-ServerBootFromVolumeStableRescueTest-1186391034 tempest-ServerBootFromVolumeStableRescueTest-1186391034-project-member] Created reservations ['3894eb5e-d78d-4853-8ccf-cbef4931648b', 'd60dfc27-4f40-4a83-afdf-a25f4f2288d0', '4164e267-5d30-419a-86d4-042f45c2a7f1', '1008ae62-bf68-4b57-856f-3ed29ba703ba'] {{(pid=96303) reserve /opt/stack/cinder/cinder/quota.py:752}}
May 23 22:16:31.909393 np0000001343 devstack@c-api.service[96303]: DEBUG cinder.volume.api [req-88ba8d9c-5914-4d3f-9499-5035aeef9fb5 req-1bea57cb-fe12-4fd3-a187-f7f9b4d3e5be tempest-ServerBootFromVolumeStableRescueTest-1186391034 tempest-ServerBootFromVolumeStableRescueTest-1186391034-project-member] Task 'cinder.volume.flows.api.create_volume.QuotaReserveTask;volume:create' (16ecdf4c-ebaf-42ff-b2b5-a3b53b0e2b02) transitioned into state 'SUCCESS' from state 'RUNNING' with result '{'reservations': ['3894eb5e-d78d-4853-8ccf-cbef4931648b', 'd60dfc27-4f40-4a83-afdf-a25f4f2288d0', '4164e267-5d30-419a-86d4-042f45c2a7f1', '1008ae62-bf68-4b57-856f-3ed29ba703ba']}' {{(pid=96303) _task_receiver /opt/stack/data/venv/lib/python3.12/site-packages/taskflow/listeners/logging.py:218}}
May 23 22:16:31.909644 np0000001343 devstack@c-api.service[96303]: DEBUG cinder.volume.api [req-88ba8d9c-5914-4d3f-9499-5035aeef9fb5 req-1bea57cb-fe12-4fd3-a187-f7f9b4d3e5be tempest-ServerBootFromVolumeStableRescueTest-1186391034 tempest-ServerBootFromVolumeStableRescueTest-1186391034-project-member] Task 'cinder.volume.flows.api.create_volume.EntryCreateTask;volume:create' (c52647f8-4750-4c07-85dd-0514b033e7bf) transitioned into state 'RUNNING' from state 'PENDING' {{(pid=96303) _task_receiver /opt/stack/data/venv/lib/python3.12/site-packages/taskflow/listeners/logging.py:242}}
May 23 22:16:31.929755 np0000001343 devstack@c-api.service[96303]: DEBUG cinder.volume.api [req-88ba8d9c-5914-4d3f-9499-5035aeef9fb5 req-1bea57cb-fe12-4fd3-a187-f7f9b4d3e5be tempest-ServerBootFromVolumeStableRescueTest-1186391034 tempest-ServerBootFromVolumeStableRescueTest-1186391034-project-member] Task 'cinder.volume.flows.api.create_volume.EntryCreateTask;volume:create' (c52647f8-4750-4c07-85dd-0514b033e7bf) transitioned into state 'SUCCESS' from state 'RUNNING' with result '{'volume_id': 'b72926a4-c08b-4b64-9c2c-c2797aad7f0f', 'volume_properties': VolumeProperties(attach_status='detached',availability_zone='nova',cgsnapshot_id=None,consistencygroup_id=None,display_description='',display_name='',encryption_key_id=None,group_id=None,group_type_id=,metadata={},multiattach=False,project_id='228266f0efc94454a3df7634b99c164f',qos_specs=None,replication_status=,reservations=['3894eb5e-d78d-4853-8ccf-cbef4931648b','d60dfc27-4f40-4a83-afdf-a25f4f2288d0','4164e267-5d30-419a-86d4-042f45c2a7f1','1008ae62-bf68-4b57-856f-3ed29ba703ba'],size=1,snapshot_id=None,source_replicaid=,source_volid=None,status='creating',user_id='3839c4da1e3e4080be246df32c7e82a5',volume_type_id=64d60ff6-d6fe-46b2-b8a4-ae78a7dbc71e), 'volume': Volume(_name_id=None,admin_metadata=,attach_status='detached',availability_zone='nova',bootable=False,cluster=,cluster_name=None,consistencygroup=,consistencygroup_id=None,created_at=2026-05-23T22:16:31Z,deleted=False,deleted_at=None,display_description='',display_name='',ec2_id=None,encryption_key_id=None,glance_metadata=,group=,group_id=None,host=None,id=b72926a4-c08b-4b64-9c2c-c2797aad7f0f,launched_at=None,metadata={},migration_status=None,multiattach=False,previous_status=None,project_id='228266f0efc94454a3df7634b99c164f',provider_auth=None,provider_geometry=None,provider_id=None,provider_location=None,replication_driver_data=None,replication_extended_status=None,replication_status=None,scheduled_at=None,service_uuid=None,shared_targets=True,size=1,snapshot_id=None,snapshots=,source_volid=None,status='creating',terminated_at=None,updated_at=None,use_quota=True,user_id='3839c4da1e3e4080be246df32c7e82a5',volume_attachment=VolumeAttachmentList,volume_type=VolumeType(64d60ff6-d6fe-46b2-b8a4-ae78a7dbc71e),volume_type_id=64d60ff6-d6fe-46b2-b8a4-ae78a7dbc71e)}' {{(pid=96303) _task_receiver /opt/stack/data/venv/lib/python3.12/site-packages/taskflow/listeners/logging.py:218}}
May 23 22:16:31.930862 np0000001343 devstack@c-api.service[96303]: DEBUG cinder.volume.api [req-88ba8d9c-5914-4d3f-9499-5035aeef9fb5 req-1bea57cb-fe12-4fd3-a187-f7f9b4d3e5be tempest-ServerBootFromVolumeStableRescueTest-1186391034 tempest-ServerBootFromVolumeStableRescueTest-1186391034-project-member] Task 'cinder.volume.flows.api.create_volume.QuotaCommitTask;volume:create' (a96b19e0-ce5d-47b9-9a4d-686436348056) transitioned into state 'RUNNING' from state 'PENDING' {{(pid=96303) _task_receiver /opt/stack/data/venv/lib/python3.12/site-packages/taskflow/listeners/logging.py:242}}
May 23 22:16:31.955291 np0000001343 devstack@c-api.service[96303]: DEBUG cinder.volume.api [req-88ba8d9c-5914-4d3f-9499-5035aeef9fb5 req-1bea57cb-fe12-4fd3-a187-f7f9b4d3e5be tempest-ServerBootFromVolumeStableRescueTest-1186391034 tempest-ServerBootFromVolumeStableRescueTest-1186391034-project-member] Task 'cinder.volume.flows.api.create_volume.QuotaCommitTask;volume:create' (a96b19e0-ce5d-47b9-9a4d-686436348056) transitioned into state 'SUCCESS' from state 'RUNNING' with result '{'volume_properties': VolumeProperties(attach_status='detached',availability_zone='nova',cgsnapshot_id=None,consistencygroup_id=None,display_description='',display_name='',encryption_key_id=None,group_id=None,group_type_id=,metadata={},multiattach=False,project_id='228266f0efc94454a3df7634b99c164f',qos_specs=None,replication_status=,reservations=['3894eb5e-d78d-4853-8ccf-cbef4931648b','d60dfc27-4f40-4a83-afdf-a25f4f2288d0','4164e267-5d30-419a-86d4-042f45c2a7f1','1008ae62-bf68-4b57-856f-3ed29ba703ba'],size=1,snapshot_id=None,source_replicaid=,source_volid=None,status='creating',user_id='3839c4da1e3e4080be246df32c7e82a5',volume_type_id=64d60ff6-d6fe-46b2-b8a4-ae78a7dbc71e)}' {{(pid=96303) _task_receiver /opt/stack/data/venv/lib/python3.12/site-packages/taskflow/listeners/logging.py:218}}
May 23 22:16:31.956560 np0000001343 devstack@c-api.service[96303]: DEBUG cinder.volume.api [req-88ba8d9c-5914-4d3f-9499-5035aeef9fb5 req-1bea57cb-fe12-4fd3-a187-f7f9b4d3e5be tempest-ServerBootFromVolumeStableRescueTest-1186391034 tempest-ServerBootFromVolumeStableRescueTest-1186391034-project-member] Task 'cinder.volume.flows.api.create_volume.VolumeCastTask;volume:create' (e4e78ee9-e789-42b8-9bfa-4adff28be73c) transitioned into state 'RUNNING' from state 'PENDING' {{(pid=96303) _task_receiver /opt/stack/data/venv/lib/python3.12/site-packages/taskflow/listeners/logging.py:242}}
May 23 22:16:31.970914 np0000001343 devstack@c-api.service[96303]: DEBUG cinder.volume.api [req-88ba8d9c-5914-4d3f-9499-5035aeef9fb5 req-1bea57cb-fe12-4fd3-a187-f7f9b4d3e5be tempest-ServerBootFromVolumeStableRescueTest-1186391034 tempest-ServerBootFromVolumeStableRescueTest-1186391034-project-member] Task 'cinder.volume.flows.api.create_volume.VolumeCastTask;volume:create' (e4e78ee9-e789-42b8-9bfa-4adff28be73c) transitioned into state 'SUCCESS' from state 'RUNNING' with result 'None' {{(pid=96303) _task_receiver /opt/stack/data/venv/lib/python3.12/site-packages/taskflow/listeners/logging.py:218}}
May 23 22:16:31.972382 np0000001343 devstack@c-api.service[96303]: DEBUG cinder.volume.api [req-88ba8d9c-5914-4d3f-9499-5035aeef9fb5 req-1bea57cb-fe12-4fd3-a187-f7f9b4d3e5be tempest-ServerBootFromVolumeStableRescueTest-1186391034 tempest-ServerBootFromVolumeStableRescueTest-1186391034-project-member] Flow 'volume_create_api' (33feefd8-8c55-4e89-9d6c-10b60fb860b8) transitioned into state 'SUCCESS' from state 'RUNNING' {{(pid=96303) _flow_receiver /opt/stack/data/venv/lib/python3.12/site-packages/taskflow/listeners/logging.py:160}}
May 23 22:16:31.972958 np0000001343 devstack@c-api.service[96303]: INFO cinder.volume.api [req-88ba8d9c-5914-4d3f-9499-5035aeef9fb5 req-1bea57cb-fe12-4fd3-a187-f7f9b4d3e5be tempest-ServerBootFromVolumeStableRescueTest-1186391034 tempest-ServerBootFromVolumeStableRescueTest-1186391034-project-member] Create volume request issued successfully.
May 23 22:16:31.973933 np0000001343 devstack@c-api.service[96303]: INFO cinder.api.openstack.wsgi [req-88ba8d9c-5914-4d3f-9499-5035aeef9fb5 req-1bea57cb-fe12-4fd3-a187-f7f9b4d3e5be tempest-ServerBootFromVolumeStableRescueTest-1186391034 tempest-ServerBootFromVolumeStableRescueTest-1186391034-project-member] https://10.4.3.167/volume/v3/volumes returned with HTTP 202
May 23 22:16:31.974621 np0000001343 devstack@c-api.service[96303]: [pid: 96303|app: 0|req: 174/359] 10.4.3.167 () {72 vars in 1541 bytes} [Sat May 23 22:16:31 2026] POST /volume/v3/volumes => generated 703 bytes in 388 msecs (HTTP/1.1 202) 7 headers in 291 bytes (1 switches on core 0)
May 23 22:16:31.989956 np0000001343 devstack@c-api.service[96302]: DEBUG cinder.api.middleware.request_id [req-88ba8d9c-5914-4d3f-9499-5035aeef9fb5 req-e5adfc2a-9e8d-4113-bba4-bd15241c78ce None None] RequestId filter calling following filter/app {{(pid=96302) _context_setter /opt/stack/cinder/cinder/api/middleware/request_id.py:62}}
May 23 22:16:31.993169 np0000001343 devstack@c-api.service[96302]: INFO cinder.api.openstack.wsgi [req-88ba8d9c-5914-4d3f-9499-5035aeef9fb5 req-e5adfc2a-9e8d-4113-bba4-bd15241c78ce tempest-ServerBootFromVolumeStableRescueTest-1186391034 tempest-ServerBootFromVolumeStableRescueTest-1186391034-project-member] GET https://10.4.3.167/volume/v3/volumes/b72926a4-c08b-4b64-9c2c-c2797aad7f0f
May 23 22:16:31.993906 np0000001343 devstack@c-api.service[96302]: DEBUG cinder.api.openstack.wsgi [req-88ba8d9c-5914-4d3f-9499-5035aeef9fb5 req-e5adfc2a-9e8d-4113-bba4-bd15241c78ce tempest-ServerBootFromVolumeStableRescueTest-1186391034 tempest-ServerBootFromVolumeStableRescueTest-1186391034-project-member] Empty body provided in request {{(pid=96302) get_body /opt/stack/cinder/cinder/api/openstack/wsgi.py:725}}
May 23 22:16:31.994302 np0000001343 devstack@c-api.service[96302]: DEBUG cinder.api.openstack.wsgi [req-88ba8d9c-5914-4d3f-9499-5035aeef9fb5 req-e5adfc2a-9e8d-4113-bba4-bd15241c78ce tempest-ServerBootFromVolumeStableRescueTest-1186391034 tempest-ServerBootFromVolumeStableRescueTest-1186391034-project-member] Calling method 'show' {{(pid=96302) _process_stack /opt/stack/cinder/cinder/api/openstack/wsgi.py:878}}
May 23 22:16:32.009617 np0000001343 devstack@c-api.service[96302]: /opt/stack/data/venv/lib/python3.12/site-packages/oslo_context/context.py:102: DeprecationWarning: Policy enforcement is depending on the value of is_admin. This key is deprecated. Please update your policy file to use the standard policy values.
May 23 22:16:32.009617 np0000001343 devstack@c-api.service[96302]: warnings.warn(
May 23 22:16:32.015920 np0000001343 devstack@c-api.service[96302]: INFO cinder.volume.api [req-88ba8d9c-5914-4d3f-9499-5035aeef9fb5 req-e5adfc2a-9e8d-4113-bba4-bd15241c78ce tempest-ServerBootFromVolumeStableRescueTest-1186391034 tempest-ServerBootFromVolumeStableRescueTest-1186391034-project-member] Volume info retrieved successfully.
May 23 22:16:32.028480 np0000001343 devstack@c-api.service[96302]: INFO cinder.api.openstack.wsgi [req-88ba8d9c-5914-4d3f-9499-5035aeef9fb5 req-e5adfc2a-9e8d-4113-bba4-bd15241c78ce tempest-ServerBootFromVolumeStableRescueTest-1186391034 tempest-ServerBootFromVolumeStableRescueTest-1186391034-project-member] https://10.4.3.167/volume/v3/volumes/b72926a4-c08b-4b64-9c2c-c2797aad7f0f returned with HTTP 200
May 23 22:16:32.029366 np0000001343 devstack@c-api.service[96302]: [pid: 96302|app: 0|req: 186/360] 10.4.3.167 () {68 vars in 1598 bytes} [Sat May 23 22:16:31 2026] GET /volume/v3/volumes/b72926a4-c08b-4b64-9c2c-c2797aad7f0f => generated 771 bytes in 40 msecs (HTTP/1.1 200) 7 headers in 285 bytes (1 switches on core 0)
May 23 22:16:32.043167 np0000001343 devstack@c-api.service[96303]: DEBUG cinder.api.middleware.request_id [req-88ba8d9c-5914-4d3f-9499-5035aeef9fb5 req-95d57685-3c7c-473d-8afe-a62e678969f0 None None] RequestId filter calling following filter/app {{(pid=96303) _context_setter /opt/stack/cinder/cinder/api/middleware/request_id.py:62}}
May 23 22:16:32.047015 np0000001343 devstack@c-api.service[96303]: INFO cinder.api.openstack.wsgi [req-88ba8d9c-5914-4d3f-9499-5035aeef9fb5 req-95d57685-3c7c-473d-8afe-a62e678969f0 tempest-ServerBootFromVolumeStableRescueTest-1186391034 tempest-ServerBootFromVolumeStableRescueTest-1186391034-project-member] GET https://10.4.3.167/volume/v3/volumes/b72926a4-c08b-4b64-9c2c-c2797aad7f0f
May 23 22:16:32.047363 np0000001343 devstack@c-api.service[96303]: DEBUG cinder.api.openstack.wsgi [req-88ba8d9c-5914-4d3f-9499-5035aeef9fb5 req-95d57685-3c7c-473d-8afe-a62e678969f0 tempest-ServerBootFromVolumeStableRescueTest-1186391034 tempest-ServerBootFromVolumeStableRescueTest-1186391034-project-member] Empty body provided in request {{(pid=96303) get_body /opt/stack/cinder/cinder/api/openstack/wsgi.py:725}}
May 23 22:16:32.047660 np0000001343 devstack@c-api.service[96303]: DEBUG cinder.api.openstack.wsgi [req-88ba8d9c-5914-4d3f-9499-5035aeef9fb5 req-95d57685-3c7c-473d-8afe-a62e678969f0 tempest-ServerBootFromVolumeStableRescueTest-1186391034 tempest-ServerBootFromVolumeStableRescueTest-1186391034-project-member] Calling method 'show' {{(pid=96303) _process_stack /opt/stack/cinder/cinder/api/openstack/wsgi.py:878}}
May 23 22:16:32.058424 np0000001343 devstack@c-api.service[96303]: /opt/stack/data/venv/lib/python3.12/site-packages/oslo_context/context.py:102: DeprecationWarning: Policy enforcement is depending on the value of is_admin. This key is deprecated. Please update your policy file to use the standard policy values.
May 23 22:16:32.058424 np0000001343 devstack@c-api.service[96303]: warnings.warn(
May 23 22:16:32.064670 np0000001343 devstack@c-api.service[96303]: INFO cinder.volume.api [req-88ba8d9c-5914-4d3f-9499-5035aeef9fb5 req-95d57685-3c7c-473d-8afe-a62e678969f0 tempest-ServerBootFromVolumeStableRescueTest-1186391034 tempest-ServerBootFromVolumeStableRescueTest-1186391034-project-member] Volume info retrieved successfully.
May 23 22:16:32.071864 np0000001343 devstack@c-api.service[96303]: INFO cinder.api.openstack.wsgi [req-88ba8d9c-5914-4d3f-9499-5035aeef9fb5 req-95d57685-3c7c-473d-8afe-a62e678969f0 tempest-ServerBootFromVolumeStableRescueTest-1186391034 tempest-ServerBootFromVolumeStableRescueTest-1186391034-project-member] https://10.4.3.167/volume/v3/volumes/b72926a4-c08b-4b64-9c2c-c2797aad7f0f returned with HTTP 200
May 23 22:16:32.072037 np0000001343 devstack@c-api.service[96303]: [pid: 96303|app: 0|req: 175/361] 10.4.3.167 () {68 vars in 1598 bytes} [Sat May 23 22:16:32 2026] GET /volume/v3/volumes/b72926a4-c08b-4b64-9c2c-c2797aad7f0f => generated 771 bytes in 30 msecs (HTTP/1.1 200) 7 headers in 285 bytes (1 switches on core 0)
May 23 22:16:32.091161 np0000001343 devstack@c-api.service[96302]: DEBUG cinder.api.middleware.request_id [req-0988228a-d7bb-49fb-b915-f7ea347c08cc req-7f59bc77-ae83-4006-aeeb-26781758e352 None None] RequestId filter calling following filter/app {{(pid=96302) _context_setter /opt/stack/cinder/cinder/api/middleware/request_id.py:62}}
May 23 22:16:32.094911 np0000001343 devstack@c-api.service[96302]: INFO cinder.api.openstack.wsgi [req-0988228a-d7bb-49fb-b915-f7ea347c08cc req-7f59bc77-ae83-4006-aeeb-26781758e352 tempest-ServerActionsTestOtherB-1191695875 tempest-ServerActionsTestOtherB-1191695875-project-member] POST https://10.4.3.167/volume/v3/attachments/a4afcb4a-3173-48f8-bcd1-0f3943f8ccef/action
May 23 22:16:32.095582 np0000001343 devstack@c-api.service[96302]: DEBUG cinder.api.openstack.wsgi [req-0988228a-d7bb-49fb-b915-f7ea347c08cc req-7f59bc77-ae83-4006-aeeb-26781758e352 tempest-ServerActionsTestOtherB-1191695875 tempest-ServerActionsTestOtherB-1191695875-project-member] Action body: b'{"os-complete": null}' {{(pid=96302) get_method /opt/stack/cinder/cinder/api/openstack/wsgi.py:993}}
May 23 22:16:32.095866 np0000001343 devstack@c-api.service[96302]: DEBUG cinder.api.openstack.wsgi [req-0988228a-d7bb-49fb-b915-f7ea347c08cc req-7f59bc77-ae83-4006-aeeb-26781758e352 tempest-ServerActionsTestOtherB-1191695875 tempest-ServerActionsTestOtherB-1191695875-project-member] Action: 'action', calling method: complete, body: {"os-complete": null} {{(pid=96302) _process_stack /opt/stack/cinder/cinder/api/openstack/wsgi.py:876}}
May 23 22:16:32.122258 np0000001343 devstack@c-api.service[96302]: /opt/stack/data/venv/lib/python3.12/site-packages/oslo_context/context.py:102: DeprecationWarning: Policy enforcement is depending on the value of is_admin. This key is deprecated. Please update your policy file to use the standard policy values.
May 23 22:16:32.122258 np0000001343 devstack@c-api.service[96302]: warnings.warn(
May 23 22:16:32.146139 np0000001343 devstack@c-api.service[96302]: INFO cinder.api.openstack.wsgi [req-0988228a-d7bb-49fb-b915-f7ea347c08cc req-7f59bc77-ae83-4006-aeeb-26781758e352 tempest-ServerActionsTestOtherB-1191695875 tempest-ServerActionsTestOtherB-1191695875-project-member] https://10.4.3.167/volume/v3/attachments/a4afcb4a-3173-48f8-bcd1-0f3943f8ccef/action returned with HTTP 204
May 23 22:16:32.147035 np0000001343 devstack@c-api.service[96302]: [pid: 96302|app: 0|req: 187/362] 10.4.3.167 () {74 vars in 1725 bytes} [Sat May 23 22:16:32 2026] POST /volume/v3/attachments/a4afcb4a-3173-48f8-bcd1-0f3943f8ccef/action => generated 0 bytes in 56 msecs (HTTP/1.1 204) 7 headers in 292 bytes (1 switches on core 0)
May 23 22:16:32.163790 np0000001343 devstack@c-api.service[96303]: DEBUG cinder.api.middleware.request_id [None req-e5bd0e0d-86e7-4564-a143-96fd57277986 None None] RequestId filter calling following filter/app {{(pid=96303) _context_setter /opt/stack/cinder/cinder/api/middleware/request_id.py:62}}
May 23 22:16:32.165356 np0000001343 devstack@c-api.service[96302]: DEBUG cinder.api.middleware.request_id [None req-53e2ba74-6ec7-45f1-81fa-1d0067f28203 None None] RequestId filter calling following filter/app {{(pid=96302) _context_setter /opt/stack/cinder/cinder/api/middleware/request_id.py:62}}
May 23 22:16:32.167191 np0000001343 devstack@c-api.service[96303]: INFO cinder.api.openstack.wsgi [None req-e5bd0e0d-86e7-4564-a143-96fd57277986 tempest-ServerActionsTestOtherB-1191695875 tempest-ServerActionsTestOtherB-1191695875-project-member] GET https://10.4.3.167/volume/v3/volumes/07099795-7506-4ec0-82e4-4d39b04903d0
May 23 22:16:32.167191 np0000001343 devstack@c-api.service[96303]: DEBUG cinder.api.openstack.wsgi [None req-e5bd0e0d-86e7-4564-a143-96fd57277986 tempest-ServerActionsTestOtherB-1191695875 tempest-ServerActionsTestOtherB-1191695875-project-member] Empty body provided in request {{(pid=96303) get_body /opt/stack/cinder/cinder/api/openstack/wsgi.py:725}}
May 23 22:16:32.167191 np0000001343 devstack@c-api.service[96303]: DEBUG cinder.api.openstack.wsgi [None req-e5bd0e0d-86e7-4564-a143-96fd57277986 tempest-ServerActionsTestOtherB-1191695875 tempest-ServerActionsTestOtherB-1191695875-project-member] Calling method 'show' {{(pid=96303) _process_stack /opt/stack/cinder/cinder/api/openstack/wsgi.py:878}}
May 23 22:16:32.171400 np0000001343 devstack@c-api.service[96302]: INFO cinder.api.openstack.wsgi [None req-53e2ba74-6ec7-45f1-81fa-1d0067f28203 tempest-VolumesImageMetadata-1648601934 tempest-VolumesImageMetadata-1648601934-project-member] GET https://10.4.3.167/volume/v3/volumes/1958543d-9c52-4380-bdcb-e60784943790
May 23 22:16:32.171580 np0000001343 devstack@c-api.service[96302]: DEBUG cinder.api.openstack.wsgi [None req-53e2ba74-6ec7-45f1-81fa-1d0067f28203 tempest-VolumesImageMetadata-1648601934 tempest-VolumesImageMetadata-1648601934-project-member] Empty body provided in request {{(pid=96302) get_body /opt/stack/cinder/cinder/api/openstack/wsgi.py:725}}
May 23 22:16:32.172134 np0000001343 devstack@c-api.service[96302]: DEBUG cinder.api.openstack.wsgi [None req-53e2ba74-6ec7-45f1-81fa-1d0067f28203 tempest-VolumesImageMetadata-1648601934 tempest-VolumesImageMetadata-1648601934-project-member] Calling method 'show' {{(pid=96302) _process_stack /opt/stack/cinder/cinder/api/openstack/wsgi.py:878}}
May 23 22:16:32.179493 np0000001343 devstack@c-api.service[96303]: /opt/stack/data/venv/lib/python3.12/site-packages/oslo_context/context.py:102: DeprecationWarning: Policy enforcement is depending on the value of is_admin. This key is deprecated. Please update your policy file to use the standard policy values.
May 23 22:16:32.179493 np0000001343 devstack@c-api.service[96303]: warnings.warn(
May 23 22:16:32.183484 np0000001343 devstack@c-api.service[96302]: /opt/stack/data/venv/lib/python3.12/site-packages/oslo_context/context.py:102: DeprecationWarning: Policy enforcement is depending on the value of is_admin. This key is deprecated. Please update your policy file to use the standard policy values.
May 23 22:16:32.183484 np0000001343 devstack@c-api.service[96302]: warnings.warn(
May 23 22:16:32.184589 np0000001343 devstack@c-api.service[96303]: INFO cinder.volume.api [None req-e5bd0e0d-86e7-4564-a143-96fd57277986 tempest-ServerActionsTestOtherB-1191695875 tempest-ServerActionsTestOtherB-1191695875-project-member] Volume info retrieved successfully.
May 23 22:16:32.190448 np0000001343 devstack@c-api.service[96302]: INFO cinder.volume.api [None req-53e2ba74-6ec7-45f1-81fa-1d0067f28203 tempest-VolumesImageMetadata-1648601934 tempest-VolumesImageMetadata-1648601934-project-member] Volume info retrieved successfully.
May 23 22:16:32.191398 np0000001343 devstack@c-api.service[96303]: INFO cinder.api.openstack.wsgi [None req-e5bd0e0d-86e7-4564-a143-96fd57277986 tempest-ServerActionsTestOtherB-1191695875 tempest-ServerActionsTestOtherB-1191695875-project-member] https://10.4.3.167/volume/v3/volumes/07099795-7506-4ec0-82e4-4d39b04903d0 returned with HTTP 200
May 23 22:16:32.192399 np0000001343 devstack@c-api.service[96303]: [pid: 96303|app: 0|req: 176/363] 10.4.3.167 () {66 vars in 1348 bytes} [Sat May 23 22:16:32 2026] GET /volume/v3/volumes/07099795-7506-4ec0-82e4-4d39b04903d0 => generated 1139 bytes in 29 msecs (HTTP/1.1 200) 7 headers in 286 bytes (1 switches on core 0)
May 23 22:16:32.203468 np0000001343 devstack@c-api.service[96302]: INFO cinder.api.openstack.wsgi [None req-53e2ba74-6ec7-45f1-81fa-1d0067f28203 tempest-VolumesImageMetadata-1648601934 tempest-VolumesImageMetadata-1648601934-project-member] https://10.4.3.167/volume/v3/volumes/1958543d-9c52-4380-bdcb-e60784943790 returned with HTTP 200
May 23 22:16:32.203867 np0000001343 devstack@c-api.service[96302]: [pid: 96302|app: 0|req: 188/364] 10.4.3.167 () {66 vars in 1348 bytes} [Sat May 23 22:16:32 2026] GET /volume/v3/volumes/1958543d-9c52-4380-bdcb-e60784943790 => generated 1358 bytes in 39 msecs (HTTP/1.1 200) 7 headers in 286 bytes (1 switches on core 0)
May 23 22:16:32.208701 np0000001343 devstack@c-api.service[96303]: DEBUG cinder.api.middleware.request_id [None req-d55d8f6f-fb28-4b9e-bbd6-b5627dbeec53 None None] RequestId filter calling following filter/app {{(pid=96303) _context_setter /opt/stack/cinder/cinder/api/middleware/request_id.py:62}}
May 23 22:16:32.211402 np0000001343 devstack@c-api.service[96303]: INFO cinder.api.openstack.wsgi [None req-d55d8f6f-fb28-4b9e-bbd6-b5627dbeec53 tempest-ServerActionsTestOtherB-1191695875 tempest-ServerActionsTestOtherB-1191695875-project-member] GET https://10.4.3.167/volume/v3/volumes/07099795-7506-4ec0-82e4-4d39b04903d0
May 23 22:16:32.211963 np0000001343 devstack@c-api.service[96303]: DEBUG cinder.api.openstack.wsgi [None req-d55d8f6f-fb28-4b9e-bbd6-b5627dbeec53 tempest-ServerActionsTestOtherB-1191695875 tempest-ServerActionsTestOtherB-1191695875-project-member] Empty body provided in request {{(pid=96303) get_body /opt/stack/cinder/cinder/api/openstack/wsgi.py:725}}
May 23 22:16:32.212249 np0000001343 devstack@c-api.service[96303]: DEBUG cinder.api.openstack.wsgi [None req-d55d8f6f-fb28-4b9e-bbd6-b5627dbeec53 tempest-ServerActionsTestOtherB-1191695875 tempest-ServerActionsTestOtherB-1191695875-project-member] Calling method 'show' {{(pid=96303) _process_stack /opt/stack/cinder/cinder/api/openstack/wsgi.py:878}}
May 23 22:16:32.226261 np0000001343 devstack@c-api.service[96302]: DEBUG cinder.api.middleware.request_id [None req-847ed5b6-c9c3-4be2-9751-439c21c52f6c None None] RequestId filter calling following filter/app {{(pid=96302) _context_setter /opt/stack/cinder/cinder/api/middleware/request_id.py:62}}
May 23 22:16:32.227625 np0000001343 devstack@c-api.service[96303]: /opt/stack/data/venv/lib/python3.12/site-packages/oslo_context/context.py:102: DeprecationWarning: Policy enforcement is depending on the value of is_admin. This key is deprecated. Please update your policy file to use the standard policy values.
May 23 22:16:32.227625 np0000001343 devstack@c-api.service[96303]: warnings.warn(
May 23 22:16:32.231485 np0000001343 devstack@c-api.service[96302]: INFO cinder.api.openstack.wsgi [None req-847ed5b6-c9c3-4be2-9751-439c21c52f6c tempest-VolumesImageMetadata-1648601934 tempest-VolumesImageMetadata-1648601934-project-member] POST https://10.4.3.167/volume/v3/volumes/1958543d-9c52-4380-bdcb-e60784943790/action
May 23 22:16:32.232052 np0000001343 devstack@c-api.service[96302]: DEBUG cinder.api.openstack.wsgi [None req-847ed5b6-c9c3-4be2-9751-439c21c52f6c tempest-VolumesImageMetadata-1648601934 tempest-VolumesImageMetadata-1648601934-project-member] Action body: b'{"os-set_image_metadata": {"metadata": {"image_id": "5137a025-3c5f-43c1-bc64-5f41270040a5", "image_name": "image", "kernel_id": "6ff710d2-942b-4d6b-9168-8c9cc2404ab1", "ramdisk_id": "somedisk"}}}' {{(pid=96302) get_method /opt/stack/cinder/cinder/api/openstack/wsgi.py:993}}
May 23 22:16:32.232988 np0000001343 devstack@c-api.service[96302]: DEBUG cinder.api.openstack.wsgi [None req-847ed5b6-c9c3-4be2-9751-439c21c52f6c tempest-VolumesImageMetadata-1648601934 tempest-VolumesImageMetadata-1648601934-project-member] Action: 'action', calling method: create, body: {"os-set_image_metadata": {"metadata": {"image_id": "5137a025-3c5f-43c1-bc64-5f41270040a5", "image_name": "image", "kernel_id": "6ff710d2-942b-4d6b-9168-8c9cc2404ab1", "ramdisk_id": "somedisk"}}} {{(pid=96302) _process_stack /opt/stack/cinder/cinder/api/openstack/wsgi.py:876}}
May 23 22:16:32.234808 np0000001343 devstack@c-api.service[96303]: INFO cinder.volume.api [None req-d55d8f6f-fb28-4b9e-bbd6-b5627dbeec53 tempest-ServerActionsTestOtherB-1191695875 tempest-ServerActionsTestOtherB-1191695875-project-member] Volume info retrieved successfully.
May 23 22:16:32.242684 np0000001343 devstack@c-api.service[96303]: INFO cinder.api.openstack.wsgi [None req-d55d8f6f-fb28-4b9e-bbd6-b5627dbeec53 tempest-ServerActionsTestOtherB-1191695875 tempest-ServerActionsTestOtherB-1191695875-project-member] https://10.4.3.167/volume/v3/volumes/07099795-7506-4ec0-82e4-4d39b04903d0 returned with HTTP 200
May 23 22:16:32.243396 np0000001343 devstack@c-api.service[96303]: [pid: 96303|app: 0|req: 177/365] 10.4.3.167 () {66 vars in 1348 bytes} [Sat May 23 22:16:32 2026] GET /volume/v3/volumes/07099795-7506-4ec0-82e4-4d39b04903d0 => generated 1139 bytes in 35 msecs (HTTP/1.1 200) 7 headers in 286 bytes (1 switches on core 0)
May 23 22:16:32.246254 np0000001343 devstack@c-api.service[96302]: /opt/stack/data/venv/lib/python3.12/site-packages/oslo_context/context.py:102: DeprecationWarning: Policy enforcement is depending on the value of is_admin. This key is deprecated. Please update your policy file to use the standard policy values.
May 23 22:16:32.246254 np0000001343 devstack@c-api.service[96302]: warnings.warn(
May 23 22:16:32.259424 np0000001343 devstack@c-api.service[96302]: /opt/stack/data/venv/lib/python3.12/site-packages/oslo_context/context.py:102: DeprecationWarning: Policy enforcement is depending on the value of is_admin. This key is deprecated. Please update your policy file to use the standard policy values.
May 23 22:16:32.259424 np0000001343 devstack@c-api.service[96302]: warnings.warn(
May 23 22:16:32.260821 np0000001343 devstack@c-api.service[96302]: INFO cinder.volume.api [None req-847ed5b6-c9c3-4be2-9751-439c21c52f6c tempest-VolumesImageMetadata-1648601934 tempest-VolumesImageMetadata-1648601934-project-member] Volume info retrieved successfully.
May 23 22:16:32.290752 np0000001343 devstack@c-api.service[96302]: INFO cinder.volume.api [None req-847ed5b6-c9c3-4be2-9751-439c21c52f6c tempest-VolumesImageMetadata-1648601934 tempest-VolumesImageMetadata-1648601934-project-member] Update volume metadata completed successfully.
May 23 22:16:32.291192 np0000001343 devstack@c-api.service[96302]: INFO cinder.api.openstack.wsgi [None req-847ed5b6-c9c3-4be2-9751-439c21c52f6c tempest-VolumesImageMetadata-1648601934 tempest-VolumesImageMetadata-1648601934-project-member] https://10.4.3.167/volume/v3/volumes/1958543d-9c52-4380-bdcb-e60784943790/action returned with HTTP 200
May 23 22:16:32.291752 np0000001343 devstack@c-api.service[96302]: [pid: 96302|app: 0|req: 189/366] 10.4.3.167 () {68 vars in 1391 bytes} [Sat May 23 22:16:32 2026] POST /volume/v3/volumes/1958543d-9c52-4380-bdcb-e60784943790/action => generated 563 bytes in 66 msecs (HTTP/1.1 200) 7 headers in 285 bytes (1 switches on core 0)
May 23 22:16:32.311121 np0000001343 devstack@c-api.service[96303]: DEBUG cinder.api.middleware.request_id [None req-075f90dc-08d4-41fc-a4b1-c9969ae8f710 None None] RequestId filter calling following filter/app {{(pid=96303) _context_setter /opt/stack/cinder/cinder/api/middleware/request_id.py:62}}
May 23 22:16:32.313880 np0000001343 devstack@c-api.service[96303]: INFO cinder.api.openstack.wsgi [None req-075f90dc-08d4-41fc-a4b1-c9969ae8f710 tempest-VolumesImageMetadata-1648601934 tempest-VolumesImageMetadata-1648601934-project-member] GET https://10.4.3.167/volume/v3/volumes/1958543d-9c52-4380-bdcb-e60784943790
May 23 22:16:32.314049 np0000001343 devstack@c-api.service[96303]: DEBUG cinder.api.openstack.wsgi [None req-075f90dc-08d4-41fc-a4b1-c9969ae8f710 tempest-VolumesImageMetadata-1648601934 tempest-VolumesImageMetadata-1648601934-project-member] Empty body provided in request {{(pid=96303) get_body /opt/stack/cinder/cinder/api/openstack/wsgi.py:725}}
May 23 22:16:32.314488 np0000001343 devstack@c-api.service[96303]: DEBUG cinder.api.openstack.wsgi [None req-075f90dc-08d4-41fc-a4b1-c9969ae8f710 tempest-VolumesImageMetadata-1648601934 tempest-VolumesImageMetadata-1648601934-project-member] Calling method 'show' {{(pid=96303) _process_stack /opt/stack/cinder/cinder/api/openstack/wsgi.py:878}}
May 23 22:16:32.326610 np0000001343 devstack@c-api.service[96303]: /opt/stack/data/venv/lib/python3.12/site-packages/oslo_context/context.py:102: DeprecationWarning: Policy enforcement is depending on the value of is_admin. This key is deprecated. Please update your policy file to use the standard policy values.
May 23 22:16:32.326610 np0000001343 devstack@c-api.service[96303]: warnings.warn(
May 23 22:16:32.333474 np0000001343 devstack@c-api.service[96303]: INFO cinder.volume.api [None req-075f90dc-08d4-41fc-a4b1-c9969ae8f710 tempest-VolumesImageMetadata-1648601934 tempest-VolumesImageMetadata-1648601934-project-member] Volume info retrieved successfully.
May 23 22:16:32.341298 np0000001343 devstack@c-api.service[96303]: INFO cinder.api.openstack.wsgi [None req-075f90dc-08d4-41fc-a4b1-c9969ae8f710 tempest-VolumesImageMetadata-1648601934 tempest-VolumesImageMetadata-1648601934-project-member] https://10.4.3.167/volume/v3/volumes/1958543d-9c52-4380-bdcb-e60784943790 returned with HTTP 200
May 23 22:16:32.343254 np0000001343 devstack@c-api.service[96303]: [pid: 96303|app: 0|req: 178/367] 10.4.3.167 () {66 vars in 1348 bytes} [Sat May 23 22:16:32 2026] GET /volume/v3/volumes/1958543d-9c52-4380-bdcb-e60784943790 => generated 1418 bytes in 33 msecs (HTTP/1.1 200) 7 headers in 286 bytes (1 switches on core 0)
May 23 22:16:32.361997 np0000001343 devstack@c-api.service[96302]: DEBUG cinder.api.middleware.request_id [None req-40f0032b-9821-43b6-849e-3469e5b80bf5 None None] RequestId filter calling following filter/app {{(pid=96302) _context_setter /opt/stack/cinder/cinder/api/middleware/request_id.py:62}}
May 23 22:16:32.365624 np0000001343 devstack@c-api.service[96302]: INFO cinder.api.openstack.wsgi [None req-40f0032b-9821-43b6-849e-3469e5b80bf5 tempest-VolumesImageMetadata-1648601934 tempest-VolumesImageMetadata-1648601934-project-member] POST https://10.4.3.167/volume/v3/volumes/1958543d-9c52-4380-bdcb-e60784943790/action
May 23 22:16:32.366148 np0000001343 devstack@c-api.service[96302]: DEBUG cinder.api.openstack.wsgi [None req-40f0032b-9821-43b6-849e-3469e5b80bf5 tempest-VolumesImageMetadata-1648601934 tempest-VolumesImageMetadata-1648601934-project-member] Action body: b'{"os-unset_image_metadata": {"key": "ramdisk_id"}}' {{(pid=96302) get_method /opt/stack/cinder/cinder/api/openstack/wsgi.py:993}}
May 23 22:16:32.366513 np0000001343 devstack@c-api.service[96302]: DEBUG cinder.api.openstack.wsgi [None req-40f0032b-9821-43b6-849e-3469e5b80bf5 tempest-VolumesImageMetadata-1648601934 tempest-VolumesImageMetadata-1648601934-project-member] Action: 'action', calling method: delete, body: {"os-unset_image_metadata": {"key": "ramdisk_id"}} {{(pid=96302) _process_stack /opt/stack/cinder/cinder/api/openstack/wsgi.py:876}}
May 23 22:16:32.382323 np0000001343 devstack@c-api.service[96302]: /opt/stack/data/venv/lib/python3.12/site-packages/oslo_context/context.py:102: DeprecationWarning: Policy enforcement is depending on the value of is_admin. This key is deprecated. Please update your policy file to use the standard policy values.
May 23 22:16:32.382323 np0000001343 devstack@c-api.service[96302]: warnings.warn(
May 23 22:16:32.390214 np0000001343 devstack@c-api.service[96302]: /opt/stack/data/venv/lib/python3.12/site-packages/oslo_context/context.py:102: DeprecationWarning: Policy enforcement is depending on the value of is_admin. This key is deprecated. Please update your policy file to use the standard policy values.
May 23 22:16:32.390214 np0000001343 devstack@c-api.service[96302]: warnings.warn(
May 23 22:16:32.391100 np0000001343 devstack@c-api.service[96302]: INFO cinder.volume.api [None req-40f0032b-9821-43b6-849e-3469e5b80bf5 tempest-VolumesImageMetadata-1648601934 tempest-VolumesImageMetadata-1648601934-project-member] Volume info retrieved successfully.
May 23 22:16:32.404979 np0000001343 devstack@c-api.service[96302]: INFO cinder.volume.api [None req-40f0032b-9821-43b6-849e-3469e5b80bf5 tempest-VolumesImageMetadata-1648601934 tempest-VolumesImageMetadata-1648601934-project-member] Get volume image-metadata completed successfully.
May 23 22:16:32.425200 np0000001343 devstack@c-api.service[96302]: INFO cinder.volume.api [None req-40f0032b-9821-43b6-849e-3469e5b80bf5 tempest-VolumesImageMetadata-1648601934 tempest-VolumesImageMetadata-1648601934-project-member] Delete volume metadata completed successfully.
May 23 22:16:32.425200 np0000001343 devstack@c-api.service[96302]: INFO cinder.api.openstack.wsgi [None req-40f0032b-9821-43b6-849e-3469e5b80bf5 tempest-VolumesImageMetadata-1648601934 tempest-VolumesImageMetadata-1648601934-project-member] https://10.4.3.167/volume/v3/volumes/1958543d-9c52-4380-bdcb-e60784943790/action returned with HTTP 200
May 23 22:16:32.425886 np0000001343 devstack@c-api.service[96302]: [pid: 96302|app: 0|req: 190/368] 10.4.3.167 () {68 vars in 1390 bytes} [Sat May 23 22:16:32 2026] POST /volume/v3/volumes/1958543d-9c52-4380-bdcb-e60784943790/action => generated 0 bytes in 64 msecs (HTTP/1.1 200) 6 headers in 227 bytes (1 switches on core 0)
May 23 22:16:32.437714 np0000001343 devstack@c-api.service[96303]: DEBUG cinder.api.middleware.request_id [None req-62c29641-5d42-4d6b-87e1-59ff1b5c1dce None None] RequestId filter calling following filter/app {{(pid=96303) _context_setter /opt/stack/cinder/cinder/api/middleware/request_id.py:62}}
May 23 22:16:32.441632 np0000001343 devstack@c-api.service[96303]: INFO cinder.api.openstack.wsgi [None req-62c29641-5d42-4d6b-87e1-59ff1b5c1dce tempest-VolumesImageMetadata-1648601934 tempest-VolumesImageMetadata-1648601934-project-member] POST https://10.4.3.167/volume/v3/volumes/1958543d-9c52-4380-bdcb-e60784943790/action
