Aug 19 10:55:58.865837 np0000007769 devstack@g-api.service[102987]: DEBUG glance.common.config [None req-3c27e6d9-3b84-4048-b85a-4174caecc85f None None] healthcheck.detailed = False {{(pid=102987) log_opt_values /opt/stack/data/venv/lib/python3.12/site-packages/oslo_config/cfg.py:3560}}
Aug 19 10:55:58.865862 np0000007769 devstack@g-api.service[102988]: DEBUG glance.common.config [None req-0654db35-2ad3-40cd-8472-7181693b5e73 None None] barbican_service_user.split_loggers = False {{(pid=102988) log_opt_values /opt/stack/data/venv/lib/python3.12/site-packages/oslo_config/cfg.py:3560}}
Aug 19 10:55:58.865888 np0000007769 devstack@g-api.service[102986]: DEBUG glance.common.config [None req-37d82341-6c24-4070-9db5-b7a33d203c9e None None] database.max_retries = 10 {{(pid=102986) log_opt_values /opt/stack/data/venv/lib/python3.12/site-packages/oslo_config/cfg.py:3560}}
Aug 19 10:55:58.865912 np0000007769 devstack@g-api.service[102987]: DEBUG glance.common.config [None req-3c27e6d9-3b84-4048-b85a-4174caecc85f None None] healthcheck.disable_by_file_path = None {{(pid=102987) log_opt_values /opt/stack/data/venv/lib/python3.12/site-packages/oslo_config/cfg.py:3560}}
Aug 19 10:55:58.865936 np0000007769 devstack@g-api.service[102988]: DEBUG glance.common.config [None req-0654db35-2ad3-40cd-8472-7181693b5e73 None None] barbican_service_user.timeout = None {{(pid=102988) log_opt_values /opt/stack/data/venv/lib/python3.12/site-packages/oslo_config/cfg.py:3560}}
Aug 19 10:55:58.865956 np0000007769 devstack@g-api.service[102987]: DEBUG glance.common.config [None req-3c27e6d9-3b84-4048-b85a-4174caecc85f None None] healthcheck.ignore_proxied_requests = False {{(pid=102987) log_opt_values /opt/stack/data/venv/lib/python3.12/site-packages/oslo_config/cfg.py:3560}}
Aug 19 10:55:58.865975 np0000007769 devstack@g-api.service[102986]: DEBUG glance.common.config [None req-37d82341-6c24-4070-9db5-b7a33d203c9e None None] database.mysql_sql_mode = TRADITIONAL {{(pid=102986) log_opt_values /opt/stack/data/venv/lib/python3.12/site-packages/oslo_config/cfg.py:3560}}
Aug 19 10:55:58.866005 np0000007769 devstack@g-api.service[102987]: DEBUG glance.common.config [None req-3c27e6d9-3b84-4048-b85a-4174caecc85f None None] ******************************************************************************** {{(pid=102987) log_opt_values /opt/stack/data/venv/lib/python3.12/site-packages/oslo_config/cfg.py:3567}}
Aug 19 10:55:58.866027 np0000007769 devstack@g-api.service[102986]: DEBUG glance.common.config [None req-37d82341-6c24-4070-9db5-b7a33d203c9e None None] database.mysql_wsrep_sync_wait = None {{(pid=102986) log_opt_values /opt/stack/data/venv/lib/python3.12/site-packages/oslo_config/cfg.py:3560}}
Aug 19 10:55:58.866049 np0000007769 devstack@g-api.service[102988]: DEBUG glance.common.config [None req-0654db35-2ad3-40cd-8472-7181693b5e73 None None] database.asyncio_connection = **** {{(pid=102988) log_opt_values /opt/stack/data/venv/lib/python3.12/site-packages/oslo_config/cfg.py:3560}}
Aug 19 10:55:58.866069 np0000007769 devstack@g-api.service[102987]: WSGI app 0 (mountpoint='') ready in 2 seconds on interpreter 0x7c775d2a4668 pid: 102987 (default app)
Aug 19 10:55:58.866093 np0000007769 devstack@g-api.service[102986]: DEBUG glance.common.config [None req-37d82341-6c24-4070-9db5-b7a33d203c9e None None] database.pool_timeout = None {{(pid=102986) log_opt_values /opt/stack/data/venv/lib/python3.12/site-packages/oslo_config/cfg.py:3560}}
Aug 19 10:55:58.866116 np0000007769 devstack@g-api.service[102988]: DEBUG glance.common.config [None req-0654db35-2ad3-40cd-8472-7181693b5e73 None None] database.asyncio_slave_connection = **** {{(pid=102988) log_opt_values /opt/stack/data/venv/lib/python3.12/site-packages/oslo_config/cfg.py:3560}}
Aug 19 10:55:58.866116 np0000007769 devstack@g-api.service[102988]: DEBUG glance.common.config [None req-0654db35-2ad3-40cd-8472-7181693b5e73 None None] database.backend = sqlalchemy {{(pid=102988) log_opt_values /opt/stack/data/venv/lib/python3.12/site-packages/oslo_config/cfg.py:3560}}
Aug 19 10:55:58.866159 np0000007769 devstack@g-api.service[102986]: DEBUG glance.common.config [None req-37d82341-6c24-4070-9db5-b7a33d203c9e None None] database.retry_interval = 10 {{(pid=102986) log_opt_values /opt/stack/data/venv/lib/python3.12/site-packages/oslo_config/cfg.py:3560}}
Aug 19 10:55:58.866186 np0000007769 devstack@g-api.service[102988]: DEBUG glance.common.config [None req-0654db35-2ad3-40cd-8472-7181693b5e73 None None] database.connection = **** {{(pid=102988) log_opt_values /opt/stack/data/venv/lib/python3.12/site-packages/oslo_config/cfg.py:3560}}
Aug 19 10:55:58.866210 np0000007769 devstack@g-api.service[102986]: DEBUG glance.common.config [None req-37d82341-6c24-4070-9db5-b7a33d203c9e None None] database.slave_connection = **** {{(pid=102986) log_opt_values /opt/stack/data/venv/lib/python3.12/site-packages/oslo_config/cfg.py:3560}}
Aug 19 10:55:58.866234 np0000007769 devstack@g-api.service[102988]: DEBUG glance.common.config [None req-0654db35-2ad3-40cd-8472-7181693b5e73 None None] database.connection_debug = 0 {{(pid=102988) log_opt_values /opt/stack/data/venv/lib/python3.12/site-packages/oslo_config/cfg.py:3560}}
Aug 19 10:55:58.866258 np0000007769 devstack@g-api.service[102986]: DEBUG glance.common.config [None req-37d82341-6c24-4070-9db5-b7a33d203c9e None None] database.sqlite_synchronous = True {{(pid=102986) log_opt_values /opt/stack/data/venv/lib/python3.12/site-packages/oslo_config/cfg.py:3560}}
Aug 19 10:55:58.866277 np0000007769 devstack@g-api.service[102988]: DEBUG glance.common.config [None req-0654db35-2ad3-40cd-8472-7181693b5e73 None None] database.connection_parameters = {{(pid=102988) log_opt_values /opt/stack/data/venv/lib/python3.12/site-packages/oslo_config/cfg.py:3560}}
Aug 19 10:55:58.866297 np0000007769 devstack@g-api.service[102986]: DEBUG glance.common.config [None req-37d82341-6c24-4070-9db5-b7a33d203c9e None None] database.synchronous_reader = True {{(pid=102986) log_opt_values /opt/stack/data/venv/lib/python3.12/site-packages/oslo_config/cfg.py:3560}}
Aug 19 10:55:58.866319 np0000007769 devstack@g-api.service[102988]: DEBUG glance.common.config [None req-0654db35-2ad3-40cd-8472-7181693b5e73 None None] database.connection_recycle_time = 3600 {{(pid=102988) log_opt_values /opt/stack/data/venv/lib/python3.12/site-packages/oslo_config/cfg.py:3560}}
Aug 19 10:55:58.866339 np0000007769 devstack@g-api.service[102986]: DEBUG glance.common.config [None req-37d82341-6c24-4070-9db5-b7a33d203c9e None None] database.use_db_reconnect = False {{(pid=102986) log_opt_values /opt/stack/data/venv/lib/python3.12/site-packages/oslo_config/cfg.py:3560}}
Aug 19 10:55:58.866367 np0000007769 devstack@g-api.service[102988]: DEBUG glance.common.config [None req-0654db35-2ad3-40cd-8472-7181693b5e73 None None] database.connection_trace = False {{(pid=102988) log_opt_values /opt/stack/data/venv/lib/python3.12/site-packages/oslo_config/cfg.py:3560}}
Aug 19 10:55:58.866391 np0000007769 devstack@g-api.service[102986]: DEBUG glance.common.config [None req-37d82341-6c24-4070-9db5-b7a33d203c9e None None] healthcheck.allowed_source_ranges = [] {{(pid=102986) log_opt_values /opt/stack/data/venv/lib/python3.12/site-packages/oslo_config/cfg.py:3560}}
Aug 19 10:55:58.866411 np0000007769 devstack@g-api.service[102988]: DEBUG glance.common.config [None req-0654db35-2ad3-40cd-8472-7181693b5e73 None None] database.db_inc_retry_interval = True {{(pid=102988) log_opt_values /opt/stack/data/venv/lib/python3.12/site-packages/oslo_config/cfg.py:3560}}
Aug 19 10:55:58.866437 np0000007769 devstack@g-api.service[102986]: DEBUG glance.common.config [None req-37d82341-6c24-4070-9db5-b7a33d203c9e None None] healthcheck.backends = ['disable_by_file'] {{(pid=102986) log_opt_values /opt/stack/data/venv/lib/python3.12/site-packages/oslo_config/cfg.py:3560}}
Aug 19 10:55:58.866462 np0000007769 devstack@g-api.service[102988]: DEBUG glance.common.config [None req-0654db35-2ad3-40cd-8472-7181693b5e73 None None] database.db_max_retries = 20 {{(pid=102988) log_opt_values /opt/stack/data/venv/lib/python3.12/site-packages/oslo_config/cfg.py:3560}}
Aug 19 10:55:58.866507 np0000007769 devstack@g-api.service[102986]: DEBUG glance.common.config [None req-37d82341-6c24-4070-9db5-b7a33d203c9e None None] healthcheck.detailed = False {{(pid=102986) log_opt_values /opt/stack/data/venv/lib/python3.12/site-packages/oslo_config/cfg.py:3560}}
Aug 19 10:55:58.866533 np0000007769 devstack@g-api.service[102988]: DEBUG glance.common.config [None req-0654db35-2ad3-40cd-8472-7181693b5e73 None None] database.db_max_retry_interval = 10 {{(pid=102988) log_opt_values /opt/stack/data/venv/lib/python3.12/site-packages/oslo_config/cfg.py:3560}}
Aug 19 10:55:58.866558 np0000007769 devstack@g-api.service[102986]: DEBUG glance.common.config [None req-37d82341-6c24-4070-9db5-b7a33d203c9e None None] healthcheck.disable_by_file_path = None {{(pid=102986) log_opt_values /opt/stack/data/venv/lib/python3.12/site-packages/oslo_config/cfg.py:3560}}
Aug 19 10:55:58.866582 np0000007769 devstack@g-api.service[102988]: DEBUG glance.common.config [None req-0654db35-2ad3-40cd-8472-7181693b5e73 None None] database.db_retry_interval = 1 {{(pid=102988) log_opt_values /opt/stack/data/venv/lib/python3.12/site-packages/oslo_config/cfg.py:3560}}
Aug 19 10:55:58.866607 np0000007769 devstack@g-api.service[102986]: DEBUG glance.common.config [None req-37d82341-6c24-4070-9db5-b7a33d203c9e None None] healthcheck.ignore_proxied_requests = False {{(pid=102986) log_opt_values /opt/stack/data/venv/lib/python3.12/site-packages/oslo_config/cfg.py:3560}}
Aug 19 10:55:58.866634 np0000007769 devstack@g-api.service[102988]: DEBUG glance.common.config [None req-0654db35-2ad3-40cd-8472-7181693b5e73 None None] database.max_overflow = 50 {{(pid=102988) log_opt_values /opt/stack/data/venv/lib/python3.12/site-packages/oslo_config/cfg.py:3560}}
Aug 19 10:55:58.866661 np0000007769 devstack@g-api.service[102986]: DEBUG glance.common.config [None req-37d82341-6c24-4070-9db5-b7a33d203c9e None None] ******************************************************************************** {{(pid=102986) log_opt_values /opt/stack/data/venv/lib/python3.12/site-packages/oslo_config/cfg.py:3567}}
Aug 19 10:55:58.866682 np0000007769 devstack@g-api.service[102988]: DEBUG glance.common.config [None req-0654db35-2ad3-40cd-8472-7181693b5e73 None None] database.max_pool_size = 5 {{(pid=102988) log_opt_values /opt/stack/data/venv/lib/python3.12/site-packages/oslo_config/cfg.py:3560}}
Aug 19 10:55:58.866704 np0000007769 devstack@g-api.service[102986]: WSGI app 0 (mountpoint='') ready in 2 seconds on interpreter 0x7c775d2a4668 pid: 102986 (default app)
Aug 19 10:55:58.866730 np0000007769 devstack@g-api.service[102988]: DEBUG glance.common.config [None req-0654db35-2ad3-40cd-8472-7181693b5e73 None None] database.max_retries = 10 {{(pid=102988) log_opt_values /opt/stack/data/venv/lib/python3.12/site-packages/oslo_config/cfg.py:3560}}
Aug 19 10:55:58.866730 np0000007769 devstack@g-api.service[102988]: DEBUG glance.common.config [None req-0654db35-2ad3-40cd-8472-7181693b5e73 None None] database.mysql_sql_mode = TRADITIONAL {{(pid=102988) log_opt_values /opt/stack/data/venv/lib/python3.12/site-packages/oslo_config/cfg.py:3560}}
Aug 19 10:55:58.866730 np0000007769 devstack@g-api.service[102988]: DEBUG glance.common.config [None req-0654db35-2ad3-40cd-8472-7181693b5e73 None None] database.mysql_wsrep_sync_wait = None {{(pid=102988) log_opt_values /opt/stack/data/venv/lib/python3.12/site-packages/oslo_config/cfg.py:3560}}
Aug 19 10:55:58.866730 np0000007769 devstack@g-api.service[102988]: DEBUG glance.common.config [None req-0654db35-2ad3-40cd-8472-7181693b5e73 None None] database.pool_timeout = None {{(pid=102988) log_opt_values /opt/stack/data/venv/lib/python3.12/site-packages/oslo_config/cfg.py:3560}}
Aug 19 10:55:58.866730 np0000007769 devstack@g-api.service[102988]: DEBUG glance.common.config [None req-0654db35-2ad3-40cd-8472-7181693b5e73 None None] database.retry_interval = 10 {{(pid=102988) log_opt_values /opt/stack/data/venv/lib/python3.12/site-packages/oslo_config/cfg.py:3560}}
Aug 19 10:55:58.866730 np0000007769 devstack@g-api.service[102988]: DEBUG glance.common.config [None req-0654db35-2ad3-40cd-8472-7181693b5e73 None None] database.slave_connection = **** {{(pid=102988) log_opt_values /opt/stack/data/venv/lib/python3.12/site-packages/oslo_config/cfg.py:3560}}
Aug 19 10:55:58.866730 np0000007769 devstack@g-api.service[102988]: DEBUG glance.common.config [None req-0654db35-2ad3-40cd-8472-7181693b5e73 None None] database.sqlite_synchronous = True {{(pid=102988) log_opt_values /opt/stack/data/venv/lib/python3.12/site-packages/oslo_config/cfg.py:3560}}
Aug 19 10:55:58.866883 np0000007769 devstack@g-api.service[102988]: DEBUG glance.common.config [None req-0654db35-2ad3-40cd-8472-7181693b5e73 None None] database.synchronous_reader = True {{(pid=102988) log_opt_values /opt/stack/data/venv/lib/python3.12/site-packages/oslo_config/cfg.py:3560}}
Aug 19 10:55:58.866883 np0000007769 devstack@g-api.service[102988]: DEBUG glance.common.config [None req-0654db35-2ad3-40cd-8472-7181693b5e73 None None] database.use_db_reconnect = False {{(pid=102988) log_opt_values /opt/stack/data/venv/lib/python3.12/site-packages/oslo_config/cfg.py:3560}}
Aug 19 10:55:58.866883 np0000007769 devstack@g-api.service[102988]: DEBUG glance.common.config [None req-0654db35-2ad3-40cd-8472-7181693b5e73 None None] healthcheck.allowed_source_ranges = [] {{(pid=102988) log_opt_values /opt/stack/data/venv/lib/python3.12/site-packages/oslo_config/cfg.py:3560}}
Aug 19 10:55:58.866883 np0000007769 devstack@g-api.service[102988]: DEBUG glance.common.config [None req-0654db35-2ad3-40cd-8472-7181693b5e73 None None] healthcheck.backends = ['disable_by_file'] {{(pid=102988) log_opt_values /opt/stack/data/venv/lib/python3.12/site-packages/oslo_config/cfg.py:3560}}
Aug 19 10:55:58.866883 np0000007769 devstack@g-api.service[102988]: DEBUG glance.common.config [None req-0654db35-2ad3-40cd-8472-7181693b5e73 None None] healthcheck.detailed = False {{(pid=102988) log_opt_values /opt/stack/data/venv/lib/python3.12/site-packages/oslo_config/cfg.py:3560}}
Aug 19 10:55:58.866883 np0000007769 devstack@g-api.service[102988]: DEBUG glance.common.config [None req-0654db35-2ad3-40cd-8472-7181693b5e73 None None] healthcheck.disable_by_file_path = None {{(pid=102988) log_opt_values /opt/stack/data/venv/lib/python3.12/site-packages/oslo_config/cfg.py:3560}}
Aug 19 10:55:58.866883 np0000007769 devstack@g-api.service[102988]: DEBUG glance.common.config [None req-0654db35-2ad3-40cd-8472-7181693b5e73 None None] healthcheck.ignore_proxied_requests = False {{(pid=102988) log_opt_values /opt/stack/data/venv/lib/python3.12/site-packages/oslo_config/cfg.py:3560}}
Aug 19 10:55:58.867020 np0000007769 devstack@g-api.service[102988]: DEBUG glance.common.config [None req-0654db35-2ad3-40cd-8472-7181693b5e73 None None] ******************************************************************************** {{(pid=102988) log_opt_values /opt/stack/data/venv/lib/python3.12/site-packages/oslo_config/cfg.py:3567}}
Aug 19 10:55:58.867020 np0000007769 devstack@g-api.service[102988]: WSGI app 0 (mountpoint='') ready in 2 seconds on interpreter 0x7c775d2a4668 pid: 102988 (default app)
Aug 19 10:56:01.120882 np0000007769 devstack@g-api.service[102989]: DEBUG glance.api.middleware.version_negotiation [None req-47ab6b1d-78f5-4f1b-b203-7bdad0eb142e None None] Determining version of request: GET / Accept: application/json {{(pid=102989) process_request /opt/stack/glance/glance/api/middleware/version_negotiation.py:44}}
Aug 19 10:56:01.121191 np0000007769 devstack@g-api.service[102989]: DEBUG glance.api.middleware.version_negotiation [None req-47ab6b1d-78f5-4f1b-b203-7bdad0eb142e None None] Using url versioning {{(pid=102989) process_request /opt/stack/glance/glance/api/middleware/version_negotiation.py:57}}
Aug 19 10:56:01.121191 np0000007769 devstack@g-api.service[102989]: DEBUG glance.api.middleware.version_negotiation [None req-47ab6b1d-78f5-4f1b-b203-7bdad0eb142e None None] Unknown version. Returning version choices. {{(pid=102989) process_request /opt/stack/glance/glance/api/middleware/version_negotiation.py:64}}
Aug 19 10:56:01.121717 np0000007769 devstack@g-api.service[102989]: [pid: 102989|app: 0|req: 2/2] 127.0.0.1 () {36 vars in 569 bytes} [Wed Aug 19 10:56:01 2026] GET / => generated 1501 bytes in 1 msecs (HTTP/1.1 300) 3 headers in 106 bytes (1 switches on core 0)
Aug 19 10:56:01.132956 np0000007769 devstack@g-api.service[102987]: DEBUG glance.api.middleware.version_negotiation [None req-3c27e6d9-3b84-4048-b85a-4174caecc85f None None] Determining version of request: POST /v2/images Accept: */* {{(pid=102987) process_request /opt/stack/glance/glance/api/middleware/version_negotiation.py:44}}
Aug 19 10:56:01.133163 np0000007769 devstack@g-api.service[102987]: DEBUG glance.api.middleware.version_negotiation [None req-3c27e6d9-3b84-4048-b85a-4174caecc85f None None] Using url versioning {{(pid=102987) process_request /opt/stack/glance/glance/api/middleware/version_negotiation.py:57}}
Aug 19 10:56:01.133567 np0000007769 devstack@g-api.service[102987]: DEBUG glance.api.middleware.version_negotiation [None req-3c27e6d9-3b84-4048-b85a-4174caecc85f None None] Matched version: v2 {{(pid=102987) process_request /opt/stack/glance/glance/api/middleware/version_negotiation.py:69}}
Aug 19 10:56:01.133661 np0000007769 devstack@g-api.service[102987]: DEBUG glance.api.middleware.version_negotiation [None req-3c27e6d9-3b84-4048-b85a-4174caecc85f None None] new path /v2/images {{(pid=102987) process_request /opt/stack/glance/glance/api/middleware/version_negotiation.py:70}}
Aug 19 10:56:02.087687 np0000007769 devstack@g-api.service[102987]: [pid: 102987|app: 0|req: 1/3] 127.0.0.1 () {42 vars in 832 bytes} [Wed Aug 19 10:56:01 2026] POST /v2/images => generated 807 bytes in 955 msecs (HTTP/1.1 201) 6 headers in 315 bytes (1 switches on core 0)
Aug 19 10:56:02.095749 np0000007769 devstack@g-api.service[102986]: DEBUG glance.api.middleware.version_negotiation [None req-37d82341-6c24-4070-9db5-b7a33d203c9e None None] Determining version of request: PUT /v2/images/04e4c480-165c-4fd7-be09-b17edc773ae1/stage Accept: {{(pid=102986) process_request /opt/stack/glance/glance/api/middleware/version_negotiation.py:44}}
Aug 19 10:56:02.096082 np0000007769 devstack@g-api.service[102986]: DEBUG glance.api.middleware.version_negotiation [None req-37d82341-6c24-4070-9db5-b7a33d203c9e None None] Using url versioning {{(pid=102986) process_request /opt/stack/glance/glance/api/middleware/version_negotiation.py:57}}
Aug 19 10:56:02.096334 np0000007769 devstack@g-api.service[102986]: DEBUG glance.api.middleware.version_negotiation [None req-37d82341-6c24-4070-9db5-b7a33d203c9e None None] Matched version: v2 {{(pid=102986) process_request /opt/stack/glance/glance/api/middleware/version_negotiation.py:69}}
Aug 19 10:56:02.096431 np0000007769 devstack@g-api.service[102986]: DEBUG glance.api.middleware.version_negotiation [None req-37d82341-6c24-4070-9db5-b7a33d203c9e None None] new path /v2/images/04e4c480-165c-4fd7-be09-b17edc773ae1/stage {{(pid=102986) process_request /opt/stack/glance/glance/api/middleware/version_negotiation.py:70}}
Aug 19 10:56:02.652203 np0000007769 devstack@g-api.service[102986]: DEBUG glance_store.backend [None req-6cb868ac-5db3-4294-b1cc-698dde83f124 admin admin] Attempting to import store cinder {{(pid=102986) _load_store /opt/stack/data/venv/lib/python3.12/site-packages/glance_store/backend.py:215}}
Aug 19 10:56:02.652355 np0000007769 devstack@g-api.service[102986]: DEBUG glance_store.backend [None req-6cb868ac-5db3-4294-b1cc-698dde83f124 admin admin] Attempting to import store file {{(pid=102986) _load_store /opt/stack/data/venv/lib/python3.12/site-packages/glance_store/backend.py:215}}
Aug 19 10:56:02.652403 np0000007769 devstack@g-api.service[102986]: DEBUG glance_store.backend [None req-6cb868ac-5db3-4294-b1cc-698dde83f124 admin admin] Attempting to import store glance.store.cinder.Store {{(pid=102986) _load_store /opt/stack/data/venv/lib/python3.12/site-packages/glance_store/backend.py:215}}
Aug 19 10:56:02.652582 np0000007769 devstack@g-api.service[102986]: DEBUG glance_store.backend [None req-6cb868ac-5db3-4294-b1cc-698dde83f124 admin admin] Attempting to import store glance.store.filesystem.Store {{(pid=102986) _load_store /opt/stack/data/venv/lib/python3.12/site-packages/glance_store/backend.py:215}}
Aug 19 10:56:02.652679 np0000007769 devstack@g-api.service[102986]: DEBUG glance_store.backend [None req-6cb868ac-5db3-4294-b1cc-698dde83f124 admin admin] Attempting to import store glance.store.http.Store {{(pid=102986) _load_store /opt/stack/data/venv/lib/python3.12/site-packages/glance_store/backend.py:215}}
Aug 19 10:56:02.652778 np0000007769 devstack@g-api.service[102986]: DEBUG glance_store.backend [None req-6cb868ac-5db3-4294-b1cc-698dde83f124 admin admin] Attempting to import store glance.store.rbd.Store {{(pid=102986) _load_store /opt/stack/data/venv/lib/python3.12/site-packages/glance_store/backend.py:215}}
Aug 19 10:56:02.652878 np0000007769 devstack@g-api.service[102986]: DEBUG glance_store.backend [None req-6cb868ac-5db3-4294-b1cc-698dde83f124 admin admin] Attempting to import store glance.store.s3.Store {{(pid=102986) _load_store /opt/stack/data/venv/lib/python3.12/site-packages/glance_store/backend.py:215}}
Aug 19 10:56:02.652963 np0000007769 devstack@g-api.service[102986]: DEBUG glance_store.backend [None req-6cb868ac-5db3-4294-b1cc-698dde83f124 admin admin] Attempting to import store glance.store.swift.Store {{(pid=102986) _load_store /opt/stack/data/venv/lib/python3.12/site-packages/glance_store/backend.py:215}}
Aug 19 10:56:02.653074 np0000007769 devstack@g-api.service[102986]: DEBUG glance_store.backend [None req-6cb868ac-5db3-4294-b1cc-698dde83f124 admin admin] Attempting to import store glance.store.vmware_datastore.Store {{(pid=102986) _load_store /opt/stack/data/venv/lib/python3.12/site-packages/glance_store/backend.py:215}}
Aug 19 10:56:02.653162 np0000007769 devstack@g-api.service[102986]: DEBUG glance_store.backend [None req-6cb868ac-5db3-4294-b1cc-698dde83f124 admin admin] Attempting to import store http {{(pid=102986) _load_store /opt/stack/data/venv/lib/python3.12/site-packages/glance_store/backend.py:215}}
Aug 19 10:56:02.653250 np0000007769 devstack@g-api.service[102986]: DEBUG glance_store.backend [None req-6cb868ac-5db3-4294-b1cc-698dde83f124 admin admin] Attempting to import store no_conf {{(pid=102986) _load_store /opt/stack/data/venv/lib/python3.12/site-packages/glance_store/backend.py:215}}
Aug 19 10:56:02.653337 np0000007769 devstack@g-api.service[102986]: DEBUG glance_store.backend [None req-6cb868ac-5db3-4294-b1cc-698dde83f124 admin admin] Attempting to import store rbd {{(pid=102986) _load_store /opt/stack/data/venv/lib/python3.12/site-packages/glance_store/backend.py:215}}
Aug 19 10:56:02.653421 np0000007769 devstack@g-api.service[102986]: DEBUG glance_store.backend [None req-6cb868ac-5db3-4294-b1cc-698dde83f124 admin admin] Attempting to import store s3 {{(pid=102986) _load_store /opt/stack/data/venv/lib/python3.12/site-packages/glance_store/backend.py:215}}
Aug 19 10:56:02.653529 np0000007769 devstack@g-api.service[102986]: DEBUG glance_store.backend [None req-6cb868ac-5db3-4294-b1cc-698dde83f124 admin admin] Attempting to import store swift {{(pid=102986) _load_store /opt/stack/data/venv/lib/python3.12/site-packages/glance_store/backend.py:215}}
Aug 19 10:56:02.653618 np0000007769 devstack@g-api.service[102986]: DEBUG glance_store.backend [None req-6cb868ac-5db3-4294-b1cc-698dde83f124 admin admin] Attempting to import store vmware {{(pid=102986) _load_store /opt/stack/data/venv/lib/python3.12/site-packages/glance_store/backend.py:215}}
Aug 19 10:56:02.653708 np0000007769 devstack@g-api.service[102986]: DEBUG glance_store.backend [None req-6cb868ac-5db3-4294-b1cc-698dde83f124 admin admin] Registering options for group glance_store {{(pid=102986) register_opts /opt/stack/data/venv/lib/python3.12/site-packages/glance_store/backend.py:144}}
Aug 19 10:56:02.653809 np0000007769 devstack@g-api.service[102986]: DEBUG glance_store.backend [None req-6cb868ac-5db3-4294-b1cc-698dde83f124 admin admin] Registering options for group glance_store {{(pid=102986) register_opts /opt/stack/data/venv/lib/python3.12/site-packages/glance_store/backend.py:144}}
Aug 19 10:56:02.654165 np0000007769 devstack@g-api.service[102986]: DEBUG glance_store.backend [None req-6cb868ac-5db3-4294-b1cc-698dde83f124 admin admin] Attempting to import store file {{(pid=102986) _load_store /opt/stack/data/venv/lib/python3.12/site-packages/glance_store/backend.py:215}}
Aug 19 10:56:02.654489 np0000007769 devstack@g-api.service[102986]: INFO glance_store._drivers.filesystem [None req-6cb868ac-5db3-4294-b1cc-698dde83f124 admin admin] Directory to write image files does not exist (/tmp/staging/). Creating.
Aug 19 10:56:02.654733 np0000007769 devstack@g-api.service[102986]: DEBUG glance_store.capabilities [None req-6cb868ac-5db3-4294-b1cc-698dde83f124 admin admin] Store glance_store._drivers.filesystem.Store doesn't support updating dynamic storage capabilities. Please overwrite 'update_capabilities' method of the store to implement updating logics if needed. {{(pid=102986) update_capabilities /opt/stack/data/venv/lib/python3.12/site-packages/glance_store/capabilities.py:91}}
Aug 19 10:56:03.234341 np0000007769 devstack@g-api.service[102986]: DEBUG glance_store._drivers.filesystem [None req-6cb868ac-5db3-4294-b1cc-698dde83f124 admin admin] Wrote 21430272 bytes to /tmp/staging/04e4c480-165c-4fd7-be09-b17edc773ae1 with checksum c8fc807773e5354afe61636071771906 and multihash c8fc807773e5354afe61636071771906 {{(pid=102986) add /opt/stack/data/venv/lib/python3.12/site-packages/glance_store/_drivers/filesystem.py:899}}
Aug 19 10:56:03.252364 np0000007769 devstack@g-api.service[102986]: [pid: 102986|app: 0|req: 1/4] 127.0.0.1 () {44 vars in 966 bytes} [Wed Aug 19 10:56:02 2026] PUT /v2/images/04e4c480-165c-4fd7-be09-b17edc773ae1/stage => generated 0 bytes in 1157 msecs (HTTP/1.1 204) 4 headers in 171 bytes (1 switches on core 0)
Aug 19 10:56:03.261000 np0000007769 devstack@g-api.service[102988]: DEBUG glance.api.middleware.version_negotiation [None req-0654db35-2ad3-40cd-8472-7181693b5e73 None None] Determining version of request: POST /v2/images/04e4c480-165c-4fd7-be09-b17edc773ae1/import Accept: */* {{(pid=102988) process_request /opt/stack/glance/glance/api/middleware/version_negotiation.py:44}}
Aug 19 10:56:03.261306 np0000007769 devstack@g-api.service[102988]: DEBUG glance.api.middleware.version_negotiation [None req-0654db35-2ad3-40cd-8472-7181693b5e73 None None] Using url versioning {{(pid=102988) process_request /opt/stack/glance/glance/api/middleware/version_negotiation.py:57}}
Aug 19 10:56:03.261596 np0000007769 devstack@g-api.service[102988]: DEBUG glance.api.middleware.version_negotiation [None req-0654db35-2ad3-40cd-8472-7181693b5e73 None None] Matched version: v2 {{(pid=102988) process_request /opt/stack/glance/glance/api/middleware/version_negotiation.py:69}}
Aug 19 10:56:03.261695 np0000007769 devstack@g-api.service[102988]: DEBUG glance.api.middleware.version_negotiation [None req-0654db35-2ad3-40cd-8472-7181693b5e73 None None] new path /v2/images/04e4c480-165c-4fd7-be09-b17edc773ae1/import {{(pid=102988) process_request /opt/stack/glance/glance/api/middleware/version_negotiation.py:70}}
Aug 19 10:56:03.881550 np0000007769 devstack@g-api.service[102988]: DEBUG glance.domain [None req-1298d27e-c503-4d74-af34-0aa6e9f63c50 admin admin] Loading taskflow executor {{(pid=102988) new_task_executor /opt/stack/glance/glance/domain/__init__.py:515}}
Aug 19 10:56:04.053983 np0000007769 devstack@g-api.service[102988]: DEBUG oslo_concurrency.lockutils [None req-1298d27e-c503-4d74-af34-0aa6e9f63c50 admin admin] Acquiring lock "tasks_pool" by "glance.api.common.memoize..memoizer_wrapper..memoizer" {{(pid=102988) inner /opt/stack/data/venv/lib/python3.12/site-packages/oslo_concurrency/lockutils.py:512}}
Aug 19 10:56:04.054093 np0000007769 devstack@g-api.service[102988]: DEBUG oslo_concurrency.lockutils [None req-1298d27e-c503-4d74-af34-0aa6e9f63c50 admin admin] Lock "tasks_pool" acquired by "glance.api.common.memoize..memoizer_wrapper..memoizer" :: waited 0.000s {{(pid=102988) inner /opt/stack/data/venv/lib/python3.12/site-packages/oslo_concurrency/lockutils.py:525}}
Aug 19 10:56:04.054462 np0000007769 devstack@g-api.service[102988]: DEBUG glance.api.common [None req-1298d27e-c503-4d74-af34-0aa6e9f63c50 admin admin] Initializing named threadpool 'tasks_pool' {{(pid=102988) _get_thread_pool /opt/stack/glance/glance/api/common.py:242}}
Aug 19 10:56:04.054916 np0000007769 devstack@g-api.service[102988]: DEBUG glance.async_ [None req-1298d27e-c503-4d74-af34-0aa6e9f63c50 admin admin] Creating threadpool model 'ThreadPoolExecutor' with size 16 {{(pid=102988) __init__ /opt/stack/glance/glance/async_/__init__.py:100}}
Aug 19 10:56:04.055030 np0000007769 devstack@g-api.service[102988]: DEBUG oslo_concurrency.lockutils [None req-1298d27e-c503-4d74-af34-0aa6e9f63c50 admin admin] Lock "tasks_pool" "released" by "glance.api.common.memoize..memoizer_wrapper..memoizer" :: held 0.001s {{(pid=102988) inner /opt/stack/data/venv/lib/python3.12/site-packages/oslo_concurrency/lockutils.py:544}}
Aug 19 10:56:04.055130 np0000007769 devstack@g-api.service[102988]: DEBUG glance.async_ [None req-1298d27e-c503-4d74-af34-0aa6e9f63c50 admin admin] Spawning with ThreadPoolExecutor: >((,), {}) {{(pid=102988) spawn /opt/stack/glance/glance/async_/__init__.py:106}}
Aug 19 10:56:04.057226 np0000007769 devstack@g-api.service[102988]: [pid: 102988|app: 0|req: 1/5] 127.0.0.1 () {42 vars in 919 bytes} [Wed Aug 19 10:56:03 2026] POST /v2/images/04e4c480-165c-4fd7-be09-b17edc773ae1/import => generated 0 bytes in 796 msecs (HTTP/1.1 202) 4 headers in 169 bytes (1 switches on core 0)
Aug 19 10:56:04.060450 np0000007769 devstack@g-api.service[102988]: INFO glance.domain [-] Task [0d60521a-7f42-487a-a225-048ee23473ec] status changing from pending to processing
Aug 19 10:56:04.066039 np0000007769 devstack@g-api.service[102989]: DEBUG glance.api.middleware.version_negotiation [None req-47ab6b1d-78f5-4f1b-b203-7bdad0eb142e None None] Determining version of request: GET /v2/images/04e4c480-165c-4fd7-be09-b17edc773ae1 Accept: */* {{(pid=102989) process_request /opt/stack/glance/glance/api/middleware/version_negotiation.py:44}}
Aug 19 10:56:04.066039 np0000007769 devstack@g-api.service[102989]: DEBUG glance.api.middleware.version_negotiation [None req-47ab6b1d-78f5-4f1b-b203-7bdad0eb142e None None] Using url versioning {{(pid=102989) process_request /opt/stack/glance/glance/api/middleware/version_negotiation.py:57}}
Aug 19 10:56:04.066039 np0000007769 devstack@g-api.service[102989]: DEBUG glance.api.middleware.version_negotiation [None req-47ab6b1d-78f5-4f1b-b203-7bdad0eb142e None None] Matched version: v2 {{(pid=102989) process_request /opt/stack/glance/glance/api/middleware/version_negotiation.py:69}}
Aug 19 10:56:04.066429 np0000007769 devstack@g-api.service[102989]: DEBUG glance.api.middleware.version_negotiation [None req-47ab6b1d-78f5-4f1b-b203-7bdad0eb142e None None] new path /v2/images/04e4c480-165c-4fd7-be09-b17edc773ae1 {{(pid=102989) process_request /opt/stack/glance/glance/api/middleware/version_negotiation.py:70}}
Aug 19 10:56:04.072800 np0000007769 devstack@g-api.service[102988]: DEBUG glance.async_.taskflow_executor [-] Taskflow executor picked up the execution of task ID 0d60521a-7f42-487a-a225-048ee23473ec of task type api_image_import {{(pid=102988) _run /opt/stack/glance/glance/async_/taskflow_executor.py:175}}
Aug 19 10:56:04.092396 np0000007769 devstack@g-api.service[102988]: DEBUG glance_store.backend [-] Attempting to import store cinder {{(pid=102988) _load_store /opt/stack/data/venv/lib/python3.12/site-packages/glance_store/backend.py:215}}
Aug 19 10:56:04.092514 np0000007769 devstack@g-api.service[102988]: DEBUG glance_store.backend [-] Attempting to import store file {{(pid=102988) _load_store /opt/stack/data/venv/lib/python3.12/site-packages/glance_store/backend.py:215}}
Aug 19 10:56:04.092629 np0000007769 devstack@g-api.service[102988]: DEBUG glance_store.backend [-] Attempting to import store glance.store.cinder.Store {{(pid=102988) _load_store /opt/stack/data/venv/lib/python3.12/site-packages/glance_store/backend.py:215}}
Aug 19 10:56:04.092696 np0000007769 devstack@g-api.service[102988]: DEBUG glance_store.backend [-] Attempting to import store glance.store.filesystem.Store {{(pid=102988) _load_store /opt/stack/data/venv/lib/python3.12/site-packages/glance_store/backend.py:215}}
Aug 19 10:56:04.092763 np0000007769 devstack@g-api.service[102988]: DEBUG glance_store.backend [-] Attempting to import store glance.store.http.Store {{(pid=102988) _load_store /opt/stack/data/venv/lib/python3.12/site-packages/glance_store/backend.py:215}}
Aug 19 10:56:04.092850 np0000007769 devstack@g-api.service[102988]: DEBUG glance_store.backend [-] Attempting to import store glance.store.rbd.Store {{(pid=102988) _load_store /opt/stack/data/venv/lib/python3.12/site-packages/glance_store/backend.py:215}}
Aug 19 10:56:04.092902 np0000007769 devstack@g-api.service[102988]: DEBUG glance_store.backend [-] Attempting to import store glance.store.s3.Store {{(pid=102988) _load_store /opt/stack/data/venv/lib/python3.12/site-packages/glance_store/backend.py:215}}
Aug 19 10:56:04.092978 np0000007769 devstack@g-api.service[102988]: DEBUG glance_store.backend [-] Attempting to import store glance.store.swift.Store {{(pid=102988) _load_store /opt/stack/data/venv/lib/python3.12/site-packages/glance_store/backend.py:215}}
Aug 19 10:56:04.093056 np0000007769 devstack@g-api.service[102988]: DEBUG glance_store.backend [-] Attempting to import store glance.store.vmware_datastore.Store {{(pid=102988) _load_store /opt/stack/data/venv/lib/python3.12/site-packages/glance_store/backend.py:215}}
Aug 19 10:56:04.093115 np0000007769 devstack@g-api.service[102988]: DEBUG glance_store.backend [-] Attempting to import store http {{(pid=102988) _load_store /opt/stack/data/venv/lib/python3.12/site-packages/glance_store/backend.py:215}}
Aug 19 10:56:04.093162 np0000007769 devstack@g-api.service[102988]: DEBUG glance_store.backend [-] Attempting to import store no_conf {{(pid=102988) _load_store /opt/stack/data/venv/lib/python3.12/site-packages/glance_store/backend.py:215}}
Aug 19 10:56:04.093240 np0000007769 devstack@g-api.service[102988]: DEBUG glance_store.backend [-] Attempting to import store rbd {{(pid=102988) _load_store /opt/stack/data/venv/lib/python3.12/site-packages/glance_store/backend.py:215}}
Aug 19 10:56:04.093290 np0000007769 devstack@g-api.service[102988]: DEBUG glance_store.backend [-] Attempting to import store s3 {{(pid=102988) _load_store /opt/stack/data/venv/lib/python3.12/site-packages/glance_store/backend.py:215}}
Aug 19 10:56:04.093363 np0000007769 devstack@g-api.service[102988]: DEBUG glance_store.backend [-] Attempting to import store swift {{(pid=102988) _load_store /opt/stack/data/venv/lib/python3.12/site-packages/glance_store/backend.py:215}}
Aug 19 10:56:04.093426 np0000007769 devstack@g-api.service[102988]: DEBUG glance_store.backend [-] Attempting to import store vmware {{(pid=102988) _load_store /opt/stack/data/venv/lib/python3.12/site-packages/glance_store/backend.py:215}}
Aug 19 10:56:04.093513 np0000007769 devstack@g-api.service[102988]: DEBUG glance_store.backend [-] Registering options for group glance_store {{(pid=102988) register_opts /opt/stack/data/venv/lib/python3.12/site-packages/glance_store/backend.py:144}}
Aug 19 10:56:04.093609 np0000007769 devstack@g-api.service[102988]: DEBUG glance_store.backend [-] Registering options for group glance_store {{(pid=102988) register_opts /opt/stack/data/venv/lib/python3.12/site-packages/glance_store/backend.py:144}}
Aug 19 10:56:04.093853 np0000007769 devstack@g-api.service[102988]: DEBUG glance_store.backend [-] Attempting to import store file {{(pid=102988) _load_store /opt/stack/data/venv/lib/python3.12/site-packages/glance_store/backend.py:215}}
Aug 19 10:56:04.094177 np0000007769 devstack@g-api.service[102988]: DEBUG glance_store.capabilities [-] Store glance_store._drivers.filesystem.Store doesn't support updating dynamic storage capabilities. Please overwrite 'update_capabilities' method of the store to implement updating logics if needed. {{(pid=102988) update_capabilities /opt/stack/data/venv/lib/python3.12/site-packages/glance_store/capabilities.py:91}}
Aug 19 10:56:04.099939 np0000007769 devstack@g-api.service[102988]: DEBUG glance.async_.flows.api_image_import [-] Image 04e4c480-165c-4fd7-be09-b17edc773ae1 os_glance_importing_to_stores= {{(pid=102988) merge_store_list /opt/stack/glance/glance/async_/flows/api_image_import.py:297}}
Aug 19 10:56:04.100025 np0000007769 devstack@g-api.service[102988]: DEBUG glance.async_.flows.api_image_import [-] Image 04e4c480-165c-4fd7-be09-b17edc773ae1 os_glance_failed_import= {{(pid=102988) merge_store_list /opt/stack/glance/glance/async_/flows/api_image_import.py:297}}
Aug 19 10:56:04.101866 np0000007769 devstack@g-api.service[102989]: [pid: 102989|app: 0|req: 3/6] 127.0.0.1 () {38 vars in 852 bytes} [Wed Aug 19 10:56:04 2026] GET /v2/images/04e4c480-165c-4fd7-be09-b17edc773ae1 => generated 879 bytes in 36 msecs (HTTP/1.1 200) 4 headers in 157 bytes (1 switches on core 0)
Aug 19 10:56:04.103797 np0000007769 devstack@g-api.service[102988]: DEBUG glance.async_.flows.api_image_import [-] Image 04e4c480-165c-4fd7-be09-b17edc773ae1 status changing from uploading to importing {{(pid=102988) __exit__ /opt/stack/glance/glance/async_/flows/api_image_import.py:184}}
Aug 19 10:56:04.531698 np0000007769 devstack@g-api.service[102988]: DEBUG glance.async_ [-] Creating threadpool model 'ThreadPoolExecutor' with size 10 {{(pid=102988) __init__ /opt/stack/glance/glance/async_/__init__.py:100}}
Aug 19 10:56:04.546095 np0000007769 devstack@g-api.service[102988]: DEBUG glance.async_.taskflow_executor [-] Flow 'api_image_import' (41ae839c-f7de-49d2-92e4-89f897179516) transitioned into state 'RUNNING' from state 'PENDING' {{(pid=102988) _flow_receiver /opt/stack/data/venv/lib/python3.12/site-packages/taskflow/listeners/logging.py:160}}
Aug 19 10:56:04.547914 np0000007769 devstack@g-api.service[102988]: DEBUG glance.async_.taskflow_executor [-] Task 'api_image_import-ImageLock-0d60521a-7f42-487a-a225-048ee23473ec' (7b82dbef-ecab-4fc2-aad9-9848676c3b5b) transitioned into state 'RUNNING' from state 'PENDING' {{(pid=102988) _task_receiver /opt/stack/data/venv/lib/python3.12/site-packages/taskflow/listeners/logging.py:242}}
Aug 19 10:56:04.554974 np0000007769 devstack@g-api.service[102988]: DEBUG glance.async_.flows.api_image_import [-] Image 04e4c480-165c-4fd7-be09-b17edc773ae1 import task 0d60521a-7f42-487a-a225-048ee23473ec lock confirmed {{(pid=102988) execute /opt/stack/glance/glance/async_/flows/api_image_import.py:497}}
Aug 19 10:56:04.555770 np0000007769 devstack@g-api.service[102988]: DEBUG glance.async_.taskflow_executor [-] Task 'api_image_import-ImageLock-0d60521a-7f42-487a-a225-048ee23473ec' (7b82dbef-ecab-4fc2-aad9-9848676c3b5b) transitioned into state 'SUCCESS' from state 'RUNNING' with result 'None' {{(pid=102988) _task_receiver /opt/stack/data/venv/lib/python3.12/site-packages/taskflow/listeners/logging.py:218}}
Aug 19 10:56:04.556471 np0000007769 devstack@g-api.service[102988]: DEBUG glance.async_.taskflow_executor [-] Task 'api_image_import-ConfigureStaging-0d60521a-7f42-487a-a225-048ee23473ec' (60a9fcd9-8da1-49fe-986d-7ec470559e7b) transitioned into state 'RUNNING' from state 'PENDING' {{(pid=102988) _task_receiver /opt/stack/data/venv/lib/python3.12/site-packages/taskflow/listeners/logging.py:242}}
Aug 19 10:56:04.557180 np0000007769 devstack@g-api.service[102988]: DEBUG glance.async_.taskflow_executor [-] Task 'api_image_import-ConfigureStaging-0d60521a-7f42-487a-a225-048ee23473ec' (60a9fcd9-8da1-49fe-986d-7ec470559e7b) transitioned into state 'SUCCESS' from state 'RUNNING' with result 'file:///tmp/staging/04e4c480-165c-4fd7-be09-b17edc773ae1' {{(pid=102988) _task_receiver /opt/stack/data/venv/lib/python3.12/site-packages/taskflow/listeners/logging.py:218}}
Aug 19 10:56:04.557778 np0000007769 devstack@g-api.service[102988]: DEBUG glance.async_.taskflow_executor [-] Task 'api_image_import--ImportToStore-0d60521a-7f42-487a-a225-048ee23473ec' (09ede264-8678-489f-a868-fc9f07298ce4) transitioned into state 'RUNNING' from state 'PENDING' {{(pid=102988) _task_receiver /opt/stack/data/venv/lib/python3.12/site-packages/taskflow/listeners/logging.py:242}}
Aug 19 10:56:04.562805 np0000007769 devstack@g-api.service[102988]: INFO glance.common.scripts.image_import.main [-] Task 0d60521a-7f42-487a-a225-048ee23473ec: Got image data uri file:///tmp/staging/04e4c480-165c-4fd7-be09-b17edc773ae1 to be imported
Aug 19 10:56:04.564190 np0000007769 devstack@g-api.service[102988]: DEBUG glance.location [-] Enabling in-flight format inspection for qcow2 {{(pid=102988) set_data /opt/stack/glance/glance/location.py:596}}
Aug 19 10:56:04.564531 np0000007769 devstack@g-api.service[102988]: DEBUG glance_store.backend [-] Attempting to import store swift {{(pid=102988) _load_store /opt/stack/data/venv/lib/python3.12/site-packages/glance_store/backend.py:215}}
Aug 19 10:56:04.565726 np0000007769 devstack@g-api.service[102988]: DEBUG glance_store.capabilities [-] Store glance_store._drivers.swift.store.SingleTenantStore doesn't support updating dynamic storage capabilities. Please overwrite 'update_capabilities' method of the store to implement updating logics if needed. {{(pid=102988) update_capabilities /opt/stack/data/venv/lib/python3.12/site-packages/glance_store/capabilities.py:91}}
Aug 19 10:56:04.565796 np0000007769 devstack@g-api.service[102988]: DEBUG glance_store.driver [-] Late loading location class glance_store._drivers.swift.store.StoreLocation {{(pid=102988) get_store_location_class /opt/stack/data/venv/lib/python3.12/site-packages/glance_store/driver.py:134}}
Aug 19 10:56:04.565899 np0000007769 devstack@g-api.service[102988]: DEBUG glance_store.location [-] Registering scheme swift+https with {'store': , 'location_class': , 'store_entry': 'swift'} {{(pid=102988) register_scheme_map /opt/stack/data/venv/lib/python3.12/site-packages/glance_store/location.py:146}}
Aug 19 10:56:04.565955 np0000007769 devstack@g-api.service[102988]: DEBUG glance_store.location [-] Registering scheme swift+https with {'store': , 'location_class': , 'store_entry': 'swift'} {{(pid=102988) register_scheme_map /opt/stack/data/venv/lib/python3.12/site-packages/glance_store/location.py:146}}
Aug 19 10:56:04.566002 np0000007769 devstack@g-api.service[102988]: DEBUG glance_store.location [-] Registering scheme swift with {'store': , 'location_class': , 'store_entry': 'swift'} {{(pid=102988) register_scheme_map /opt/stack/data/venv/lib/python3.12/site-packages/glance_store/location.py:146}}
Aug 19 10:56:04.566058 np0000007769 devstack@g-api.service[102988]: DEBUG glance_store.location [-] Registering scheme swift+https with {'store': , 'location_class': , 'store_entry': 'swift'} {{(pid=102988) register_scheme_map /opt/stack/data/venv/lib/python3.12/site-packages/glance_store/location.py:146}}
Aug 19 10:56:04.566104 np0000007769 devstack@g-api.service[102988]: DEBUG glance_store.location [-] Registering scheme swift with {'store': , 'location_class': , 'store_entry': 'swift'} {{(pid=102988) register_scheme_map /opt/stack/data/venv/lib/python3.12/site-packages/glance_store/location.py:146}}
Aug 19 10:56:04.566147 np0000007769 devstack@g-api.service[102988]: DEBUG glance_store.location [-] Registering scheme swift+http with {'store': , 'location_class': , 'store_entry': 'swift'} {{(pid=102988) register_scheme_map /opt/stack/data/venv/lib/python3.12/site-packages/glance_store/location.py:146}}
Aug 19 10:56:04.566202 np0000007769 devstack@g-api.service[102988]: DEBUG glance_store.location [-] Registering scheme swift+https with {'store': , 'location_class': , 'store_entry': 'swift'} {{(pid=102988) register_scheme_map /opt/stack/data/venv/lib/python3.12/site-packages/glance_store/location.py:146}}
Aug 19 10:56:04.566249 np0000007769 devstack@g-api.service[102988]: DEBUG glance_store.location [-] Registering scheme swift with {'store': , 'location_class': , 'store_entry': 'swift'} {{(pid=102988) register_scheme_map /opt/stack/data/venv/lib/python3.12/site-packages/glance_store/location.py:146}}
Aug 19 10:56:04.566291 np0000007769 devstack@g-api.service[102988]: DEBUG glance_store.location [-] Registering scheme swift+http with {'store': , 'location_class': , 'store_entry': 'swift'} {{(pid=102988) register_scheme_map /opt/stack/data/venv/lib/python3.12/site-packages/glance_store/location.py:146}}
Aug 19 10:56:04.566333 np0000007769 devstack@g-api.service[102988]: DEBUG glance_store.location [-] Registering scheme swift+config with {'store': , 'location_class': , 'store_entry': 'swift'} {{(pid=102988) register_scheme_map /opt/stack/data/venv/lib/python3.12/site-packages/glance_store/location.py:146}}
Aug 19 10:56:05.006214 np0000007769 devstack@g-api.service[102988]: INFO swiftclient [-] REQ: curl -i https://10.4.3.46:8080/v1/AUTH_d4476eab0b284d5a9cd153f33dbb8537/glance -I -H "X-Auth-Token: gAAAAABqhYvEjn2K..."
Aug 19 10:56:05.006307 np0000007769 devstack@g-api.service[102988]: INFO swiftclient [-] RESP STATUS: 404 Not Found
Aug 19 10:56:05.006430 np0000007769 devstack@g-api.service[102988]: INFO swiftclient [-] RESP HEADERS: {'Date': 'Wed, 19 Aug 2026 10:56:05 GMT', 'Server': 'Apache/2.4.58 (Ubuntu)', 'Content-Type': 'text/html; charset=UTF-8', 'X-Trans-Id': 'txc05b25eccb95426d95862-006a858bc4', 'X-Openstack-Request-Id': 'txc05b25eccb95426d95862-006a858bc4', 'Connection': 'close'}
Aug 19 10:56:05.006679 np0000007769 devstack@g-api.service[102988]: INFO glance_store._drivers.swift.store [-] Creating swift container glance
Aug 19 10:56:05.056973 np0000007769 devstack@g-api.service[102988]: DEBUG swiftclient [-] REQ: curl -i https://10.4.3.46:8080/v1/AUTH_d4476eab0b284d5a9cd153f33dbb8537/glance -X PUT -H "X-Auth-Token: gAAAAABqhYvEjn2K..." -H "Content-Length: 0" {{(pid=102988) http_log /opt/stack/data/venv/lib/python3.12/site-packages/swiftclient/client.py:160}}
Aug 19 10:56:05.057099 np0000007769 devstack@g-api.service[102988]: DEBUG swiftclient [-] RESP STATUS: 201 Created {{(pid=102988) http_log /opt/stack/data/venv/lib/python3.12/site-packages/swiftclient/client.py:161}}
Aug 19 10:56:05.057139 np0000007769 devstack@g-api.service[102988]: DEBUG swiftclient [-] RESP HEADERS: {'Date': 'Wed, 19 Aug 2026 10:56:05 GMT', 'Server': 'Apache/2.4.58 (Ubuntu)', 'Content-Type': 'text/html; charset=UTF-8', 'Content-Length': '0', 'X-Trans-Id': 'tx54d59e8732de499badf55-006a858bc5', 'X-Openstack-Request-Id': 'tx54d59e8732de499badf55-006a858bc5', 'Connection': 'close'} {{(pid=102988) http_log /opt/stack/data/venv/lib/python3.12/site-packages/swiftclient/client.py:162}}
Aug 19 10:56:05.057244 np0000007769 devstack@g-api.service[102988]: DEBUG glance_store._drivers.swift.store [-] Adding image object '04e4c480-165c-4fd7-be09-b17edc773ae1' to Swift {{(pid=102988) add /opt/stack/data/venv/lib/python3.12/site-packages/glance_store/_drivers/swift/store.py:970}}
Aug 19 10:56:05.062196 np0000007769 devstack@g-api.service[102988]: DEBUG oslo_utils.imageutils.format_inspector [-] Format inspector for vmdk does not match, excluding from consideration (Signature KDMV not found: b'QFI\xfb') {{(pid=102988) _process_chunk /opt/stack/data/venv/lib/python3.12/site-packages/oslo_utils/imageutils/format_inspector.py:1758}}
Aug 19 10:56:05.065647 np0000007769 devstack@g-api.service[102988]: DEBUG oslo_utils.imageutils.format_inspector [-] Format inspector for vhdx does not match, excluding from consideration (Region signature not found at 30000) {{(pid=102988) _process_chunk /opt/stack/data/venv/lib/python3.12/site-packages/oslo_utils/imageutils/format_inspector.py:1758}}
Aug 19 10:56:05.366158 np0000007769 devstack@g-api.service[102988]: DEBUG swiftclient [-] REQ: curl -i https://10.4.3.46:8080/v1/AUTH_d4476eab0b284d5a9cd153f33dbb8537/glance/04e4c480-165c-4fd7-be09-b17edc773ae1 -X PUT -H "X-Auth-Token: gAAAAABqhYvEjn2K..." -H "Content-Length: 21430272" {{(pid=102988) http_log /opt/stack/data/venv/lib/python3.12/site-packages/swiftclient/client.py:160}}
Aug 19 10:56:05.366237 np0000007769 devstack@g-api.service[102988]: DEBUG swiftclient [-] RESP STATUS: 201 Created {{(pid=102988) http_log /opt/stack/data/venv/lib/python3.12/site-packages/swiftclient/client.py:161}}
Aug 19 10:56:05.366345 np0000007769 devstack@g-api.service[102988]: DEBUG swiftclient [-] RESP HEADERS: {'Date': 'Wed, 19 Aug 2026 10:56:05 GMT', 'Server': 'Apache/2.4.58 (Ubuntu)', 'Content-Type': 'text/html; charset=UTF-8', 'Content-Length': '0', 'Etag': 'c8fc807773e5354afe61636071771906', 'Last-Modified': 'Wed, 19 Aug 2026 10:56:06 GMT', 'X-Trans-Id': 'tx58388cec29e440b79306f-006a858bc5', 'X-Openstack-Request-Id': 'tx58388cec29e440b79306f-006a858bc5', 'Connection': 'close'} {{(pid=102988) http_log /opt/stack/data/venv/lib/python3.12/site-packages/swiftclient/client.py:162}}
Aug 19 10:56:05.379389 np0000007769 devstack@g-api.service[102988]: INFO glance.location [-] Image format matched and virtual size computed: 117440512
Aug 19 10:56:05.385798 np0000007769 devstack@g-api.service[102988]: DEBUG glance.async_.flows.api_image_import [-] Image 04e4c480-165c-4fd7-be09-b17edc773ae1 status changing from importing to active {{(pid=102988) __exit__ /opt/stack/glance/glance/async_/flows/api_image_import.py:184}}
