Aug 19 10:55:41.615322 np0000007769 nova-conductor[99068]: DEBUG cotyledon.oslo_config_glue [-] workarounds.disable_fallback_pcpu_query = False {{(pid=99068) log_opt_values /opt/stack/data/venv/lib/python3.12/site-packages/oslo_config/cfg.py:3560}}
Aug 19 10:55:41.615618 np0000007769 nova-conductor[99068]: DEBUG cotyledon.oslo_config_glue [-] workarounds.disable_group_policy_check_upcall = False {{(pid=99068) log_opt_values /opt/stack/data/venv/lib/python3.12/site-packages/oslo_config/cfg.py:3560}}
Aug 19 10:55:41.615618 np0000007769 nova-conductor[99068]: DEBUG cotyledon.oslo_config_glue [-] workarounds.disable_libvirt_livesnapshot = False {{(pid=99068) log_opt_values /opt/stack/data/venv/lib/python3.12/site-packages/oslo_config/cfg.py:3560}}
Aug 19 10:55:41.615618 np0000007769 nova-conductor[99068]: DEBUG cotyledon.oslo_config_glue [-] workarounds.disable_rootwrap = False {{(pid=99068) log_opt_values /opt/stack/data/venv/lib/python3.12/site-packages/oslo_config/cfg.py:3560}}
Aug 19 10:55:41.615618 np0000007769 nova-conductor[99068]: DEBUG cotyledon.oslo_config_glue [-] workarounds.enable_numa_live_migration = False {{(pid=99068) log_opt_values /opt/stack/data/venv/lib/python3.12/site-packages/oslo_config/cfg.py:3560}}
Aug 19 10:55:41.615618 np0000007769 nova-conductor[99068]: DEBUG cotyledon.oslo_config_glue [-] workarounds.enable_qemu_monitor_announce_self = False {{(pid=99068) log_opt_values /opt/stack/data/venv/lib/python3.12/site-packages/oslo_config/cfg.py:3560}}
Aug 19 10:55:41.615618 np0000007769 nova-conductor[99068]: DEBUG cotyledon.oslo_config_glue [-] workarounds.ensure_libvirt_rbd_instance_dir_cleanup = False {{(pid=99068) log_opt_values /opt/stack/data/venv/lib/python3.12/site-packages/oslo_config/cfg.py:3560}}
Aug 19 10:55:41.615618 np0000007769 nova-conductor[99068]: DEBUG cotyledon.oslo_config_glue [-] workarounds.handle_virt_lifecycle_events = True {{(pid=99068) log_opt_values /opt/stack/data/venv/lib/python3.12/site-packages/oslo_config/cfg.py:3560}}
Aug 19 10:55:41.615618 np0000007769 nova-conductor[99068]: DEBUG cotyledon.oslo_config_glue [-] workarounds.libvirt_disable_apic = False {{(pid=99068) log_opt_values /opt/stack/data/venv/lib/python3.12/site-packages/oslo_config/cfg.py:3560}}
Aug 19 10:55:41.615618 np0000007769 nova-conductor[99068]: DEBUG cotyledon.oslo_config_glue [-] workarounds.never_download_image_if_on_rbd = False {{(pid=99068) log_opt_values /opt/stack/data/venv/lib/python3.12/site-packages/oslo_config/cfg.py:3560}}
Aug 19 10:55:41.615889 np0000007769 nova-conductor[99068]: DEBUG cotyledon.oslo_config_glue [-] workarounds.qemu_monitor_announce_self_count = 3 {{(pid=99068) log_opt_values /opt/stack/data/venv/lib/python3.12/site-packages/oslo_config/cfg.py:3560}}
Aug 19 10:55:41.615889 np0000007769 nova-conductor[99068]: DEBUG cotyledon.oslo_config_glue [-] workarounds.qemu_monitor_announce_self_interval = 1 {{(pid=99068) log_opt_values /opt/stack/data/venv/lib/python3.12/site-packages/oslo_config/cfg.py:3560}}
Aug 19 10:55:41.615889 np0000007769 nova-conductor[99068]: DEBUG cotyledon.oslo_config_glue [-] workarounds.reserve_disk_resource_for_image_cache = False {{(pid=99068) log_opt_values /opt/stack/data/venv/lib/python3.12/site-packages/oslo_config/cfg.py:3560}}
Aug 19 10:55:41.615889 np0000007769 nova-conductor[99068]: DEBUG cotyledon.oslo_config_glue [-] workarounds.skip_cpu_compare_at_startup = False {{(pid=99068) log_opt_values /opt/stack/data/venv/lib/python3.12/site-packages/oslo_config/cfg.py:3560}}
Aug 19 10:55:41.615889 np0000007769 nova-conductor[99068]: DEBUG cotyledon.oslo_config_glue [-] workarounds.skip_cpu_compare_on_dest = False {{(pid=99068) log_opt_values /opt/stack/data/venv/lib/python3.12/site-packages/oslo_config/cfg.py:3560}}
Aug 19 10:55:41.615889 np0000007769 nova-conductor[99068]: DEBUG cotyledon.oslo_config_glue [-] workarounds.skip_hypervisor_version_check_on_lm = False {{(pid=99068) log_opt_values /opt/stack/data/venv/lib/python3.12/site-packages/oslo_config/cfg.py:3560}}
Aug 19 10:55:41.615889 np0000007769 nova-conductor[99068]: DEBUG cotyledon.oslo_config_glue [-] workarounds.skip_reserve_in_use_ironic_nodes = False {{(pid=99068) log_opt_values /opt/stack/data/venv/lib/python3.12/site-packages/oslo_config/cfg.py:3560}}
Aug 19 10:55:41.615889 np0000007769 nova-conductor[99068]: DEBUG cotyledon.oslo_config_glue [-] workarounds.unified_limits_count_pcpu_as_vcpu = False {{(pid=99068) log_opt_values /opt/stack/data/venv/lib/python3.12/site-packages/oslo_config/cfg.py:3560}}
Aug 19 10:55:41.616121 np0000007769 nova-conductor[99068]: DEBUG cotyledon.oslo_config_glue [-] workarounds.wait_for_vif_plugged_event_during_hard_reboot = [] {{(pid=99068) log_opt_values /opt/stack/data/venv/lib/python3.12/site-packages/oslo_config/cfg.py:3560}}
Aug 19 10:55:41.616121 np0000007769 nova-conductor[99068]: DEBUG cotyledon.oslo_config_glue [-] wsgi.api_paste_config = /etc/nova/api-paste.ini {{(pid=99068) log_opt_values /opt/stack/data/venv/lib/python3.12/site-packages/oslo_config/cfg.py:3560}}
Aug 19 10:55:41.616121 np0000007769 nova-conductor[99068]: DEBUG cotyledon.oslo_config_glue [-] wsgi.secure_proxy_ssl_header = None {{(pid=99068) log_opt_values /opt/stack/data/venv/lib/python3.12/site-packages/oslo_config/cfg.py:3560}}
Aug 19 10:55:41.616121 np0000007769 nova-conductor[99068]: DEBUG cotyledon.oslo_config_glue [-] zvm.ca_file = None {{(pid=99068) log_opt_values /opt/stack/data/venv/lib/python3.12/site-packages/oslo_config/cfg.py:3560}}
Aug 19 10:55:41.616121 np0000007769 nova-conductor[99068]: DEBUG cotyledon.oslo_config_glue [-] zvm.cloud_connector_url = None {{(pid=99068) log_opt_values /opt/stack/data/venv/lib/python3.12/site-packages/oslo_config/cfg.py:3560}}
Aug 19 10:55:41.616121 np0000007769 nova-conductor[99068]: DEBUG cotyledon.oslo_config_glue [-] zvm.image_tmp_path = /opt/stack/data/nova/images {{(pid=99068) log_opt_values /opt/stack/data/venv/lib/python3.12/site-packages/oslo_config/cfg.py:3560}}
Aug 19 10:55:41.616121 np0000007769 nova-conductor[99068]: DEBUG cotyledon.oslo_config_glue [-] zvm.reachable_timeout = 300 {{(pid=99068) log_opt_values /opt/stack/data/venv/lib/python3.12/site-packages/oslo_config/cfg.py:3560}}
Aug 19 10:55:41.616121 np0000007769 nova-conductor[99068]: DEBUG cotyledon.oslo_config_glue [-] oslo_versionedobjects.fatal_exception_format_errors = False {{(pid=99068) log_opt_values /opt/stack/data/venv/lib/python3.12/site-packages/oslo_config/cfg.py:3560}}
Aug 19 10:55:41.616121 np0000007769 nova-conductor[99068]: DEBUG cotyledon.oslo_config_glue [-] oslo_middleware.http_basic_auth_user_file = /etc/htpasswd {{(pid=99068) log_opt_values /opt/stack/data/venv/lib/python3.12/site-packages/oslo_config/cfg.py:3560}}
Aug 19 10:55:41.616379 np0000007769 nova-conductor[99068]: DEBUG cotyledon.oslo_config_glue [-] profiler.connection_string = messaging:// {{(pid=99068) log_opt_values /opt/stack/data/venv/lib/python3.12/site-packages/oslo_config/cfg.py:3560}}
Aug 19 10:55:41.616379 np0000007769 nova-conductor[99068]: DEBUG cotyledon.oslo_config_glue [-] profiler.enabled = False {{(pid=99068) log_opt_values /opt/stack/data/venv/lib/python3.12/site-packages/oslo_config/cfg.py:3560}}
Aug 19 10:55:41.616379 np0000007769 nova-conductor[99068]: DEBUG cotyledon.oslo_config_glue [-] profiler.es_doc_type = notification {{(pid=99068) log_opt_values /opt/stack/data/venv/lib/python3.12/site-packages/oslo_config/cfg.py:3560}}
Aug 19 10:55:41.616379 np0000007769 nova-conductor[99068]: DEBUG cotyledon.oslo_config_glue [-] profiler.es_scroll_size = 10000 {{(pid=99068) log_opt_values /opt/stack/data/venv/lib/python3.12/site-packages/oslo_config/cfg.py:3560}}
Aug 19 10:55:41.616379 np0000007769 nova-conductor[99068]: DEBUG cotyledon.oslo_config_glue [-] profiler.es_scroll_time = 2m {{(pid=99068) log_opt_values /opt/stack/data/venv/lib/python3.12/site-packages/oslo_config/cfg.py:3560}}
Aug 19 10:55:41.616379 np0000007769 nova-conductor[99068]: DEBUG cotyledon.oslo_config_glue [-] profiler.filter_error_trace = False {{(pid=99068) log_opt_values /opt/stack/data/venv/lib/python3.12/site-packages/oslo_config/cfg.py:3560}}
Aug 19 10:55:41.616379 np0000007769 nova-conductor[99068]: DEBUG cotyledon.oslo_config_glue [-] profiler.hmac_keys = **** {{(pid=99068) log_opt_values /opt/stack/data/venv/lib/python3.12/site-packages/oslo_config/cfg.py:3560}}
Aug 19 10:55:41.616379 np0000007769 nova-conductor[99068]: DEBUG cotyledon.oslo_config_glue [-] profiler.sentinel_service_name = mymaster {{(pid=99068) log_opt_values /opt/stack/data/venv/lib/python3.12/site-packages/oslo_config/cfg.py:3560}}
Aug 19 10:55:41.616379 np0000007769 nova-conductor[99068]: DEBUG cotyledon.oslo_config_glue [-] profiler.socket_timeout = 0.1 {{(pid=99068) log_opt_values /opt/stack/data/venv/lib/python3.12/site-packages/oslo_config/cfg.py:3560}}
Aug 19 10:55:41.616698 np0000007769 nova-conductor[99068]: DEBUG cotyledon.oslo_config_glue [-] profiler.trace_requests = False {{(pid=99068) log_opt_values /opt/stack/data/venv/lib/python3.12/site-packages/oslo_config/cfg.py:3560}}
Aug 19 10:55:41.616698 np0000007769 nova-conductor[99068]: DEBUG cotyledon.oslo_config_glue [-] profiler.trace_sqlalchemy = False {{(pid=99068) log_opt_values /opt/stack/data/venv/lib/python3.12/site-packages/oslo_config/cfg.py:3560}}
Aug 19 10:55:41.616698 np0000007769 nova-conductor[99068]: DEBUG cotyledon.oslo_config_glue [-] profiler_jaeger.process_tags = {} {{(pid=99068) log_opt_values /opt/stack/data/venv/lib/python3.12/site-packages/oslo_config/cfg.py:3560}}
Aug 19 10:55:41.616698 np0000007769 nova-conductor[99068]: DEBUG cotyledon.oslo_config_glue [-] profiler_jaeger.service_name_prefix = None {{(pid=99068) log_opt_values /opt/stack/data/venv/lib/python3.12/site-packages/oslo_config/cfg.py:3560}}
Aug 19 10:55:41.616698 np0000007769 nova-conductor[99068]: DEBUG cotyledon.oslo_config_glue [-] profiler_otlp.service_name_prefix = None {{(pid=99068) log_opt_values /opt/stack/data/venv/lib/python3.12/site-packages/oslo_config/cfg.py:3560}}
Aug 19 10:55:41.616698 np0000007769 nova-conductor[99068]: DEBUG cotyledon.oslo_config_glue [-] oslo_messaging_rabbit.amqp_auto_delete = False {{(pid=99068) log_opt_values /opt/stack/data/venv/lib/python3.12/site-packages/oslo_config/cfg.py:3560}}
Aug 19 10:55:41.616698 np0000007769 nova-conductor[99068]: DEBUG cotyledon.oslo_config_glue [-] oslo_messaging_rabbit.amqp_durable_queues = False {{(pid=99068) log_opt_values /opt/stack/data/venv/lib/python3.12/site-packages/oslo_config/cfg.py:3560}}
Aug 19 10:55:41.616698 np0000007769 nova-conductor[99068]: DEBUG cotyledon.oslo_config_glue [-] oslo_messaging_rabbit.conn_pool_min_size = 2 {{(pid=99068) log_opt_values /opt/stack/data/venv/lib/python3.12/site-packages/oslo_config/cfg.py:3560}}
Aug 19 10:55:41.616698 np0000007769 nova-conductor[99068]: DEBUG cotyledon.oslo_config_glue [-] oslo_messaging_rabbit.conn_pool_ttl = 1200 {{(pid=99068) log_opt_values /opt/stack/data/venv/lib/python3.12/site-packages/oslo_config/cfg.py:3560}}
Aug 19 10:55:41.617004 np0000007769 nova-conductor[99068]: DEBUG cotyledon.oslo_config_glue [-] oslo_messaging_rabbit.direct_mandatory_flag = True {{(pid=99068) log_opt_values /opt/stack/data/venv/lib/python3.12/site-packages/oslo_config/cfg.py:3560}}
Aug 19 10:55:41.617004 np0000007769 nova-conductor[99068]: DEBUG cotyledon.oslo_config_glue [-] oslo_messaging_rabbit.enable_cancel_on_failover = False {{(pid=99068) log_opt_values /opt/stack/data/venv/lib/python3.12/site-packages/oslo_config/cfg.py:3560}}
Aug 19 10:55:41.617004 np0000007769 nova-conductor[99068]: DEBUG cotyledon.oslo_config_glue [-] oslo_messaging_rabbit.heartbeat_rate = 3 {{(pid=99068) log_opt_values /opt/stack/data/venv/lib/python3.12/site-packages/oslo_config/cfg.py:3560}}
Aug 19 10:55:41.617004 np0000007769 nova-conductor[99068]: DEBUG cotyledon.oslo_config_glue [-] oslo_messaging_rabbit.heartbeat_timeout_threshold = 60 {{(pid=99068) log_opt_values /opt/stack/data/venv/lib/python3.12/site-packages/oslo_config/cfg.py:3560}}
Aug 19 10:55:41.617004 np0000007769 nova-conductor[99068]: DEBUG cotyledon.oslo_config_glue [-] oslo_messaging_rabbit.hostname = np0000007769 {{(pid=99068) log_opt_values /opt/stack/data/venv/lib/python3.12/site-packages/oslo_config/cfg.py:3560}}
Aug 19 10:55:41.617004 np0000007769 nova-conductor[99068]: DEBUG cotyledon.oslo_config_glue [-] oslo_messaging_rabbit.kombu_compression = None {{(pid=99068) log_opt_values /opt/stack/data/venv/lib/python3.12/site-packages/oslo_config/cfg.py:3560}}
Aug 19 10:55:41.617004 np0000007769 nova-conductor[99068]: DEBUG cotyledon.oslo_config_glue [-] oslo_messaging_rabbit.kombu_failover_strategy = round-robin {{(pid=99068) log_opt_values /opt/stack/data/venv/lib/python3.12/site-packages/oslo_config/cfg.py:3560}}
Aug 19 10:55:41.617004 np0000007769 nova-conductor[99068]: DEBUG cotyledon.oslo_config_glue [-] oslo_messaging_rabbit.kombu_missing_consumer_retry_timeout = 60 {{(pid=99068) log_opt_values /opt/stack/data/venv/lib/python3.12/site-packages/oslo_config/cfg.py:3560}}
Aug 19 10:55:41.617004 np0000007769 nova-conductor[99068]: DEBUG cotyledon.oslo_config_glue [-] oslo_messaging_rabbit.kombu_reconnect_delay = 1.0 {{(pid=99068) log_opt_values /opt/stack/data/venv/lib/python3.12/site-packages/oslo_config/cfg.py:3560}}
Aug 19 10:55:41.617342 np0000007769 nova-conductor[99068]: DEBUG cotyledon.oslo_config_glue [-] oslo_messaging_rabbit.kombu_reconnect_splay = 0.0 {{(pid=99068) log_opt_values /opt/stack/data/venv/lib/python3.12/site-packages/oslo_config/cfg.py:3560}}
Aug 19 10:55:41.617342 np0000007769 nova-conductor[99068]: DEBUG cotyledon.oslo_config_glue [-] oslo_messaging_rabbit.processname = nova-conductor {{(pid=99068) log_opt_values /opt/stack/data/venv/lib/python3.12/site-packages/oslo_config/cfg.py:3560}}
Aug 19 10:55:41.617342 np0000007769 nova-conductor[99068]: DEBUG cotyledon.oslo_config_glue [-] oslo_messaging_rabbit.rabbit_ha_queues = False {{(pid=99068) log_opt_values /opt/stack/data/venv/lib/python3.12/site-packages/oslo_config/cfg.py:3560}}
Aug 19 10:55:41.617342 np0000007769 nova-conductor[99068]: DEBUG cotyledon.oslo_config_glue [-] oslo_messaging_rabbit.rabbit_interval_max = 30 {{(pid=99068) log_opt_values /opt/stack/data/venv/lib/python3.12/site-packages/oslo_config/cfg.py:3560}}
Aug 19 10:55:41.617342 np0000007769 nova-conductor[99068]: DEBUG cotyledon.oslo_config_glue [-] oslo_messaging_rabbit.rabbit_login_method = AMQPLAIN {{(pid=99068) log_opt_values /opt/stack/data/venv/lib/python3.12/site-packages/oslo_config/cfg.py:3560}}
Aug 19 10:55:41.617342 np0000007769 nova-conductor[99068]: DEBUG cotyledon.oslo_config_glue [-] oslo_messaging_rabbit.rabbit_qos_prefetch_count = 0 {{(pid=99068) log_opt_values /opt/stack/data/venv/lib/python3.12/site-packages/oslo_config/cfg.py:3560}}
Aug 19 10:55:41.617342 np0000007769 nova-conductor[99068]: DEBUG cotyledon.oslo_config_glue [-] oslo_messaging_rabbit.rabbit_quorum_delivery_limit = 0 {{(pid=99068) log_opt_values /opt/stack/data/venv/lib/python3.12/site-packages/oslo_config/cfg.py:3560}}
Aug 19 10:55:41.617342 np0000007769 nova-conductor[99068]: DEBUG cotyledon.oslo_config_glue [-] oslo_messaging_rabbit.rabbit_quorum_max_memory_bytes = 0 {{(pid=99068) log_opt_values /opt/stack/data/venv/lib/python3.12/site-packages/oslo_config/cfg.py:3560}}
Aug 19 10:55:41.617342 np0000007769 nova-conductor[99068]: DEBUG cotyledon.oslo_config_glue [-] oslo_messaging_rabbit.rabbit_quorum_max_memory_length = 0 {{(pid=99068) log_opt_values /opt/stack/data/venv/lib/python3.12/site-packages/oslo_config/cfg.py:3560}}
Aug 19 10:55:41.617672 np0000007769 nova-conductor[99068]: DEBUG cotyledon.oslo_config_glue [-] oslo_messaging_rabbit.rabbit_quorum_queue = False {{(pid=99068) log_opt_values /opt/stack/data/venv/lib/python3.12/site-packages/oslo_config/cfg.py:3560}}
Aug 19 10:55:41.617672 np0000007769 nova-conductor[99068]: DEBUG cotyledon.oslo_config_glue [-] oslo_messaging_rabbit.rabbit_retry_backoff = 2 {{(pid=99068) log_opt_values /opt/stack/data/venv/lib/python3.12/site-packages/oslo_config/cfg.py:3560}}
Aug 19 10:55:41.617672 np0000007769 nova-conductor[99068]: DEBUG cotyledon.oslo_config_glue [-] oslo_messaging_rabbit.rabbit_retry_interval = 1 {{(pid=99068) log_opt_values /opt/stack/data/venv/lib/python3.12/site-packages/oslo_config/cfg.py:3560}}
Aug 19 10:55:41.617672 np0000007769 nova-conductor[99068]: DEBUG cotyledon.oslo_config_glue [-] oslo_messaging_rabbit.rabbit_stream_fanout = False {{(pid=99068) log_opt_values /opt/stack/data/venv/lib/python3.12/site-packages/oslo_config/cfg.py:3560}}
Aug 19 10:55:41.617672 np0000007769 nova-conductor[99068]: DEBUG cotyledon.oslo_config_glue [-] oslo_messaging_rabbit.rabbit_transient_queues_ttl = 1800 {{(pid=99068) log_opt_values /opt/stack/data/venv/lib/python3.12/site-packages/oslo_config/cfg.py:3560}}
Aug 19 10:55:41.617672 np0000007769 nova-conductor[99068]: DEBUG cotyledon.oslo_config_glue [-] oslo_messaging_rabbit.rabbit_transient_quorum_queue = False {{(pid=99068) log_opt_values /opt/stack/data/venv/lib/python3.12/site-packages/oslo_config/cfg.py:3560}}
Aug 19 10:55:41.617672 np0000007769 nova-conductor[99068]: DEBUG cotyledon.oslo_config_glue [-] oslo_messaging_rabbit.rpc_conn_pool_size = 30 {{(pid=99068) log_opt_values /opt/stack/data/venv/lib/python3.12/site-packages/oslo_config/cfg.py:3560}}
Aug 19 10:55:41.617672 np0000007769 nova-conductor[99068]: DEBUG cotyledon.oslo_config_glue [-] oslo_messaging_rabbit.ssl = False {{(pid=99068) log_opt_values /opt/stack/data/venv/lib/python3.12/site-packages/oslo_config/cfg.py:3560}}
Aug 19 10:55:41.617672 np0000007769 nova-conductor[99068]: DEBUG cotyledon.oslo_config_glue [-] oslo_messaging_rabbit.ssl_ca_file = {{(pid=99068) log_opt_values /opt/stack/data/venv/lib/python3.12/site-packages/oslo_config/cfg.py:3560}}
Aug 19 10:55:41.617933 np0000007769 nova-conductor[99068]: DEBUG cotyledon.oslo_config_glue [-] oslo_messaging_rabbit.ssl_cert_file = {{(pid=99068) log_opt_values /opt/stack/data/venv/lib/python3.12/site-packages/oslo_config/cfg.py:3560}}
Aug 19 10:55:41.617933 np0000007769 nova-conductor[99068]: DEBUG cotyledon.oslo_config_glue [-] oslo_messaging_rabbit.ssl_enforce_fips_mode = False {{(pid=99068) log_opt_values /opt/stack/data/venv/lib/python3.12/site-packages/oslo_config/cfg.py:3560}}
Aug 19 10:55:41.617933 np0000007769 nova-conductor[99068]: DEBUG cotyledon.oslo_config_glue [-] oslo_messaging_rabbit.ssl_enforce_hostname_verification = True {{(pid=99068) log_opt_values /opt/stack/data/venv/lib/python3.12/site-packages/oslo_config/cfg.py:3560}}
Aug 19 10:55:41.617933 np0000007769 nova-conductor[99068]: DEBUG cotyledon.oslo_config_glue [-] oslo_messaging_rabbit.ssl_key_file = {{(pid=99068) log_opt_values /opt/stack/data/venv/lib/python3.12/site-packages/oslo_config/cfg.py:3560}}
Aug 19 10:55:41.617933 np0000007769 nova-conductor[99068]: DEBUG cotyledon.oslo_config_glue [-] oslo_messaging_rabbit.ssl_version = {{(pid=99068) log_opt_values /opt/stack/data/venv/lib/python3.12/site-packages/oslo_config/cfg.py:3560}}
Aug 19 10:55:41.617933 np0000007769 nova-conductor[99068]: DEBUG cotyledon.oslo_config_glue [-] oslo_messaging_rabbit.use_queue_manager = False {{(pid=99068) log_opt_values /opt/stack/data/venv/lib/python3.12/site-packages/oslo_config/cfg.py:3560}}
Aug 19 10:55:41.617933 np0000007769 nova-conductor[99068]: DEBUG cotyledon.oslo_config_glue [-] oslo_messaging_notifications.driver = ['messagingv2'] {{(pid=99068) log_opt_values /opt/stack/data/venv/lib/python3.12/site-packages/oslo_config/cfg.py:3560}}
Aug 19 10:55:41.617933 np0000007769 nova-conductor[99068]: DEBUG cotyledon.oslo_config_glue [-] oslo_messaging_notifications.retry = -1 {{(pid=99068) log_opt_values /opt/stack/data/venv/lib/python3.12/site-packages/oslo_config/cfg.py:3560}}
Aug 19 10:55:41.617933 np0000007769 nova-conductor[99068]: DEBUG cotyledon.oslo_config_glue [-] oslo_messaging_notifications.topics = ['notifications'] {{(pid=99068) log_opt_values /opt/stack/data/venv/lib/python3.12/site-packages/oslo_config/cfg.py:3560}}
Aug 19 10:55:41.618182 np0000007769 nova-conductor[99068]: DEBUG cotyledon.oslo_config_glue [-] oslo_messaging_notifications.transport_url = **** {{(pid=99068) log_opt_values /opt/stack/data/venv/lib/python3.12/site-packages/oslo_config/cfg.py:3560}}
Aug 19 10:55:41.618182 np0000007769 nova-conductor[99068]: DEBUG cotyledon.oslo_config_glue [-] oslo_limit.auth_section = None {{(pid=99068) log_opt_values /opt/stack/data/venv/lib/python3.12/site-packages/oslo_config/cfg.py:3560}}
Aug 19 10:55:41.618182 np0000007769 nova-conductor[99068]: DEBUG cotyledon.oslo_config_glue [-] oslo_limit.auth_type = None {{(pid=99068) log_opt_values /opt/stack/data/venv/lib/python3.12/site-packages/oslo_config/cfg.py:3560}}
Aug 19 10:55:41.618182 np0000007769 nova-conductor[99068]: DEBUG cotyledon.oslo_config_glue [-] oslo_limit.cafile = None {{(pid=99068) log_opt_values /opt/stack/data/venv/lib/python3.12/site-packages/oslo_config/cfg.py:3560}}
Aug 19 10:55:41.618182 np0000007769 nova-conductor[99068]: DEBUG cotyledon.oslo_config_glue [-] oslo_limit.certfile = None {{(pid=99068) log_opt_values /opt/stack/data/venv/lib/python3.12/site-packages/oslo_config/cfg.py:3560}}
Aug 19 10:55:41.618182 np0000007769 nova-conductor[99068]: DEBUG cotyledon.oslo_config_glue [-] oslo_limit.collect_timing = False {{(pid=99068) log_opt_values /opt/stack/data/venv/lib/python3.12/site-packages/oslo_config/cfg.py:3560}}
Aug 19 10:55:41.618182 np0000007769 nova-conductor[99068]: DEBUG cotyledon.oslo_config_glue [-] oslo_limit.connect_retries = None {{(pid=99068) log_opt_values /opt/stack/data/venv/lib/python3.12/site-packages/oslo_config/cfg.py:3560}}
Aug 19 10:55:41.618182 np0000007769 nova-conductor[99068]: DEBUG cotyledon.oslo_config_glue [-] oslo_limit.connect_retry_delay = None {{(pid=99068) log_opt_values /opt/stack/data/venv/lib/python3.12/site-packages/oslo_config/cfg.py:3560}}
Aug 19 10:55:41.618182 np0000007769 nova-conductor[99068]: DEBUG cotyledon.oslo_config_glue [-] oslo_limit.endpoint_id = None {{(pid=99068) log_opt_values /opt/stack/data/venv/lib/python3.12/site-packages/oslo_config/cfg.py:3560}}
Aug 19 10:55:41.618440 np0000007769 nova-conductor[99068]: DEBUG cotyledon.oslo_config_glue [-] oslo_limit.endpoint_interface = public {{(pid=99068) log_opt_values /opt/stack/data/venv/lib/python3.12/site-packages/oslo_config/cfg.py:3560}}
Aug 19 10:55:41.618440 np0000007769 nova-conductor[99068]: DEBUG cotyledon.oslo_config_glue [-] oslo_limit.endpoint_override = None {{(pid=99068) log_opt_values /opt/stack/data/venv/lib/python3.12/site-packages/oslo_config/cfg.py:3560}}
Aug 19 10:55:41.618440 np0000007769 nova-conductor[99068]: DEBUG cotyledon.oslo_config_glue [-] oslo_limit.endpoint_region_name = None {{(pid=99068) log_opt_values /opt/stack/data/venv/lib/python3.12/site-packages/oslo_config/cfg.py:3560}}
Aug 19 10:55:41.618440 np0000007769 nova-conductor[99068]: DEBUG cotyledon.oslo_config_glue [-] oslo_limit.endpoint_service_name = None {{(pid=99068) log_opt_values /opt/stack/data/venv/lib/python3.12/site-packages/oslo_config/cfg.py:3560}}
Aug 19 10:55:41.618440 np0000007769 nova-conductor[99068]: DEBUG cotyledon.oslo_config_glue [-] oslo_limit.endpoint_service_type = None {{(pid=99068) log_opt_values /opt/stack/data/venv/lib/python3.12/site-packages/oslo_config/cfg.py:3560}}
Aug 19 10:55:41.618440 np0000007769 nova-conductor[99068]: DEBUG cotyledon.oslo_config_glue [-] oslo_limit.insecure = False {{(pid=99068) log_opt_values /opt/stack/data/venv/lib/python3.12/site-packages/oslo_config/cfg.py:3560}}
Aug 19 10:55:41.618440 np0000007769 nova-conductor[99068]: DEBUG cotyledon.oslo_config_glue [-] oslo_limit.keyfile = None {{(pid=99068) log_opt_values /opt/stack/data/venv/lib/python3.12/site-packages/oslo_config/cfg.py:3560}}
Aug 19 10:55:41.618440 np0000007769 nova-conductor[99068]: DEBUG cotyledon.oslo_config_glue [-] oslo_limit.max_version = None {{(pid=99068) log_opt_values /opt/stack/data/venv/lib/python3.12/site-packages/oslo_config/cfg.py:3560}}
Aug 19 10:55:41.618440 np0000007769 nova-conductor[99068]: DEBUG cotyledon.oslo_config_glue [-] oslo_limit.min_version = None {{(pid=99068) log_opt_values /opt/stack/data/venv/lib/python3.12/site-packages/oslo_config/cfg.py:3560}}
Aug 19 10:55:41.618733 np0000007769 nova-conductor[99068]: DEBUG cotyledon.oslo_config_glue [-] oslo_limit.region_name = None {{(pid=99068) log_opt_values /opt/stack/data/venv/lib/python3.12/site-packages/oslo_config/cfg.py:3560}}
Aug 19 10:55:41.618733 np0000007769 nova-conductor[99068]: DEBUG cotyledon.oslo_config_glue [-] oslo_limit.retriable_status_codes = None {{(pid=99068) log_opt_values /opt/stack/data/venv/lib/python3.12/site-packages/oslo_config/cfg.py:3560}}
Aug 19 10:55:41.618733 np0000007769 nova-conductor[99068]: DEBUG cotyledon.oslo_config_glue [-] oslo_limit.service_name = None {{(pid=99068) log_opt_values /opt/stack/data/venv/lib/python3.12/site-packages/oslo_config/cfg.py:3560}}
Aug 19 10:55:41.618733 np0000007769 nova-conductor[99068]: DEBUG cotyledon.oslo_config_glue [-] oslo_limit.service_type = None {{(pid=99068) log_opt_values /opt/stack/data/venv/lib/python3.12/site-packages/oslo_config/cfg.py:3560}}
Aug 19 10:55:41.618733 np0000007769 nova-conductor[99068]: DEBUG cotyledon.oslo_config_glue [-] oslo_limit.split_loggers = False {{(pid=99068) log_opt_values /opt/stack/data/venv/lib/python3.12/site-packages/oslo_config/cfg.py:3560}}
Aug 19 10:55:41.618733 np0000007769 nova-conductor[99068]: DEBUG cotyledon.oslo_config_glue [-] oslo_limit.status_code_retries = None {{(pid=99068) log_opt_values /opt/stack/data/venv/lib/python3.12/site-packages/oslo_config/cfg.py:3560}}
Aug 19 10:55:41.618733 np0000007769 nova-conductor[99068]: DEBUG cotyledon.oslo_config_glue [-] oslo_limit.status_code_retry_delay = None {{(pid=99068) log_opt_values /opt/stack/data/venv/lib/python3.12/site-packages/oslo_config/cfg.py:3560}}
Aug 19 10:55:41.618733 np0000007769 nova-conductor[99068]: DEBUG cotyledon.oslo_config_glue [-] oslo_limit.timeout = None {{(pid=99068) log_opt_values /opt/stack/data/venv/lib/python3.12/site-packages/oslo_config/cfg.py:3560}}
Aug 19 10:55:41.618733 np0000007769 nova-conductor[99068]: DEBUG cotyledon.oslo_config_glue [-] oslo_limit.valid_interfaces = None {{(pid=99068) log_opt_values /opt/stack/data/venv/lib/python3.12/site-packages/oslo_config/cfg.py:3560}}
Aug 19 10:55:41.619017 np0000007769 nova-conductor[99068]: DEBUG cotyledon.oslo_config_glue [-] oslo_limit.version = None {{(pid=99068) log_opt_values /opt/stack/data/venv/lib/python3.12/site-packages/oslo_config/cfg.py:3560}}
Aug 19 10:55:41.619017 np0000007769 nova-conductor[99068]: DEBUG cotyledon.oslo_config_glue [-] oslo_reports.file_event_handler = None {{(pid=99068) log_opt_values /opt/stack/data/venv/lib/python3.12/site-packages/oslo_config/cfg.py:3560}}
Aug 19 10:55:41.619017 np0000007769 nova-conductor[99068]: DEBUG cotyledon.oslo_config_glue [-] oslo_reports.file_event_handler_interval = 1 {{(pid=99068) log_opt_values /opt/stack/data/venv/lib/python3.12/site-packages/oslo_config/cfg.py:3560}}
Aug 19 10:55:41.619017 np0000007769 nova-conductor[99068]: DEBUG cotyledon.oslo_config_glue [-] oslo_reports.log_dir = None {{(pid=99068) log_opt_values /opt/stack/data/venv/lib/python3.12/site-packages/oslo_config/cfg.py:3560}}
Aug 19 10:55:41.619017 np0000007769 nova-conductor[99068]: DEBUG cotyledon.oslo_config_glue [-] ******************************************************************************** {{(pid=99068) log_opt_values /opt/stack/data/venv/lib/python3.12/site-packages/oslo_config/cfg.py:3567}}
Aug 19 10:55:41.619017 np0000007769 nova-conductor[99068]: DEBUG cotyledon._service_worker [-] Run service ServiceWrapper(3) [99068] {{(pid=99068) wait_forever /opt/stack/data/venv/lib/python3.12/site-packages/cotyledon/_service_worker.py:218}}
Aug 19 10:55:41.619017 np0000007769 nova-conductor[99068]: INFO nova.service [-] Starting conductor node (version 33.1.0)
Aug 19 10:55:41.619017 np0000007769 nova-conductor[99068]: INFO dbcounter [None req-71511018-ffe3-4e14-a1d8-c0080c91046e None None] Registered counter for database nova_cell0
Aug 19 10:55:41.619249 np0000007769 nova-conductor[99049]: DEBUG oslo_db.sqlalchemy.engines [None req-1259aed2-6573-401c-b5f1-cc1ce9b157f5 None None] MySQL server mode set to STRICT_TRANS_TABLES,STRICT_ALL_TABLES,NO_ZERO_IN_DATE,NO_ZERO_DATE,ERROR_FOR_DIVISION_BY_ZERO,TRADITIONAL,NO_ENGINE_SUBSTITUTION {{(pid=99049) _check_effective_sql_mode /opt/stack/data/venv/lib/python3.12/site-packages/oslo_db/sqlalchemy/engines.py:325}}
Aug 19 10:55:41.619249 np0000007769 nova-conductor[99049]: DEBUG dbcounter [-] [99049] Writer thread running {{(pid=99049) stat_writer /opt/stack/data/venv/lib/python3.12/site-packages/dbcounter.py:102}}
Aug 19 10:55:41.619312 np0000007769 nova-conductor[99057]: DEBUG oslo_db.sqlalchemy.engines [None req-2d4ea736-0238-4a11-8d45-709d93cfe64c None None] MySQL server mode set to STRICT_TRANS_TABLES,STRICT_ALL_TABLES,NO_ZERO_IN_DATE,NO_ZERO_DATE,ERROR_FOR_DIVISION_BY_ZERO,TRADITIONAL,NO_ENGINE_SUBSTITUTION {{(pid=99057) _check_effective_sql_mode /opt/stack/data/venv/lib/python3.12/site-packages/oslo_db/sqlalchemy/engines.py:325}}
Aug 19 10:55:41.624402 np0000007769 nova-conductor[99049]: DEBUG nova.service [None req-1259aed2-6573-401c-b5f1-cc1ce9b157f5 None None] Creating RPC server for service: nova-conductor on topic: conductor {{(pid=99049) start /opt/stack/nova/nova/service.py:262}}
Aug 19 10:55:41.627959 np0000007769 nova-conductor[99057]: DEBUG dbcounter [-] [99057] Writer thread running {{(pid=99057) stat_writer /opt/stack/data/venv/lib/python3.12/site-packages/dbcounter.py:102}}
Aug 19 10:55:41.630527 np0000007769 nova-conductor[99057]: DEBUG nova.service [None req-2d4ea736-0238-4a11-8d45-709d93cfe64c None None] Creating RPC server for service: nova-conductor on topic: conductor {{(pid=99057) start /opt/stack/nova/nova/service.py:262}}
Aug 19 10:55:41.630751 np0000007769 nova-conductor[99068]: DEBUG oslo_db.sqlalchemy.engines [None req-71511018-ffe3-4e14-a1d8-c0080c91046e None None] MySQL server mode set to STRICT_TRANS_TABLES,STRICT_ALL_TABLES,NO_ZERO_IN_DATE,NO_ZERO_DATE,ERROR_FOR_DIVISION_BY_ZERO,TRADITIONAL,NO_ENGINE_SUBSTITUTION {{(pid=99068) _check_effective_sql_mode /opt/stack/data/venv/lib/python3.12/site-packages/oslo_db/sqlalchemy/engines.py:325}}
Aug 19 10:55:41.633588 np0000007769 nova-conductor[99062]: DEBUG oslo_db.sqlalchemy.engines [None req-099dbc34-03e2-456d-8bb3-c10db9c08a22 None None] MySQL server mode set to STRICT_TRANS_TABLES,STRICT_ALL_TABLES,NO_ZERO_IN_DATE,NO_ZERO_DATE,ERROR_FOR_DIVISION_BY_ZERO,TRADITIONAL,NO_ENGINE_SUBSTITUTION {{(pid=99062) _check_effective_sql_mode /opt/stack/data/venv/lib/python3.12/site-packages/oslo_db/sqlalchemy/engines.py:325}}
Aug 19 10:55:41.642932 np0000007769 nova-conductor[99068]: DEBUG dbcounter [-] [99068] Writer thread running {{(pid=99068) stat_writer /opt/stack/data/venv/lib/python3.12/site-packages/dbcounter.py:102}}
Aug 19 10:55:41.644269 np0000007769 nova-conductor[99062]: DEBUG dbcounter [-] [99062] Writer thread running {{(pid=99062) stat_writer /opt/stack/data/venv/lib/python3.12/site-packages/dbcounter.py:102}}
Aug 19 10:55:41.645772 np0000007769 nova-conductor[99068]: DEBUG nova.service [None req-71511018-ffe3-4e14-a1d8-c0080c91046e None None] Creating RPC server for service: nova-conductor on topic: conductor {{(pid=99068) start /opt/stack/nova/nova/service.py:262}}
Aug 19 10:55:41.647272 np0000007769 nova-conductor[99062]: DEBUG nova.service [None req-099dbc34-03e2-456d-8bb3-c10db9c08a22 None None] Creating RPC server for service: nova-conductor on topic: conductor {{(pid=99062) start /opt/stack/nova/nova/service.py:262}}
Aug 19 10:55:41.648775 np0000007769 nova-conductor[99057]: DEBUG nova.service [None req-2d4ea736-0238-4a11-8d45-709d93cfe64c None None] Join ServiceGroup membership for this service conductor {{(pid=99057) start /opt/stack/nova/nova/service.py:288}}
Aug 19 10:55:41.648926 np0000007769 nova-conductor[99057]: DEBUG nova.servicegroup.drivers.db [None req-2d4ea736-0238-4a11-8d45-709d93cfe64c None None] DB_Driver: join new ServiceGroup member np0000007769 to the conductor group, service = {{(pid=99057) join /opt/stack/nova/nova/servicegroup/drivers/db.py:44}}
Aug 19 10:55:41.655766 np0000007769 nova-conductor[99049]: DEBUG nova.service [None req-1259aed2-6573-401c-b5f1-cc1ce9b157f5 None None] Join ServiceGroup membership for this service conductor {{(pid=99049) start /opt/stack/nova/nova/service.py:288}}
Aug 19 10:55:41.655930 np0000007769 nova-conductor[99049]: DEBUG nova.servicegroup.drivers.db [None req-1259aed2-6573-401c-b5f1-cc1ce9b157f5 None None] DB_Driver: join new ServiceGroup member np0000007769 to the conductor group, service = {{(pid=99049) join /opt/stack/nova/nova/servicegroup/drivers/db.py:44}}
Aug 19 10:55:41.662636 np0000007769 nova-conductor[99068]: DEBUG nova.service [None req-71511018-ffe3-4e14-a1d8-c0080c91046e None None] Join ServiceGroup membership for this service conductor {{(pid=99068) start /opt/stack/nova/nova/service.py:288}}
Aug 19 10:55:41.663633 np0000007769 nova-conductor[99068]: DEBUG nova.servicegroup.drivers.db [None req-71511018-ffe3-4e14-a1d8-c0080c91046e None None] DB_Driver: join new ServiceGroup member np0000007769 to the conductor group, service = {{(pid=99068) join /opt/stack/nova/nova/servicegroup/drivers/db.py:44}}
Aug 19 10:55:41.666320 np0000007769 nova-conductor[99062]: DEBUG nova.service [None req-099dbc34-03e2-456d-8bb3-c10db9c08a22 None None] Join ServiceGroup membership for this service conductor {{(pid=99062) start /opt/stack/nova/nova/service.py:288}}
Aug 19 10:55:41.666541 np0000007769 nova-conductor[99062]: DEBUG nova.servicegroup.drivers.db [None req-099dbc34-03e2-456d-8bb3-c10db9c08a22 None None] DB_Driver: join new ServiceGroup member np0000007769 to the conductor group, service = {{(pid=99062) join /opt/stack/nova/nova/servicegroup/drivers/db.py:44}}
Aug 19 10:55:46.673515 np0000007769 nova-conductor[99049]: DEBUG oslo.service.backend._threading.loopingcall [-] Fixed interval looping call 'nova.servicegroup.drivers.db.DbDriver._report_state' sleeping for 119.98 seconds {{(pid=99049) _run_loop /opt/stack/data/venv/lib/python3.12/site-packages/oslo_service/backend/_threading/loopingcall.py:125}}
Aug 19 10:55:46.674788 np0000007769 nova-conductor[99057]: DEBUG oslo.service.backend._threading.loopingcall [-] Fixed interval looping call 'nova.servicegroup.drivers.db.DbDriver._report_state' sleeping for 119.98 seconds {{(pid=99057) _run_loop /opt/stack/data/venv/lib/python3.12/site-packages/oslo_service/backend/_threading/loopingcall.py:125}}
Aug 19 10:55:46.675932 np0000007769 nova-conductor[99068]: DEBUG oslo.service.backend._threading.loopingcall [-] Fixed interval looping call 'nova.servicegroup.drivers.db.DbDriver._report_state' sleeping for 119.99 seconds {{(pid=99068) _run_loop /opt/stack/data/venv/lib/python3.12/site-packages/oslo_service/backend/_threading/loopingcall.py:125}}
Aug 19 10:55:46.678646 np0000007769 nova-conductor[99062]: DEBUG oslo.service.backend._threading.loopingcall [-] Fixed interval looping call 'nova.servicegroup.drivers.db.DbDriver._report_state' sleeping for 119.99 seconds {{(pid=99062) _run_loop /opt/stack/data/venv/lib/python3.12/site-packages/oslo_service/backend/_threading/loopingcall.py:125}}
Aug 19 10:55:50.248738 np0000007769 nova-conductor[97554]: DEBUG dbcounter [-] [97554] Writing DB stats nova_api:SELECT=1 {{(pid=97554) stat_writer /opt/stack/data/venv/lib/python3.12/site-packages/dbcounter.py:115}}
Aug 19 10:55:50.378509 np0000007769 nova-conductor[97554]: DEBUG dbcounter [-] [97554] Writing DB stats nova_cell0:SELECT=1 {{(pid=97554) stat_writer /opt/stack/data/venv/lib/python3.12/site-packages/dbcounter.py:115}}
Aug 19 10:55:50.379233 np0000007769 nova-conductor[97554]: DEBUG dbcounter [-] [97554] Writing DB stats nova_cell1:SELECT=1 {{(pid=97554) stat_writer /opt/stack/data/venv/lib/python3.12/site-packages/dbcounter.py:115}}
Aug 19 10:55:50.657715 np0000007769 nova-conductor[99049]: DEBUG oslo.service.backend._threading.loopingcall [None req-af3dda95-50f9-4008-8afc-cf747c957a84 None None] Dynamic interval looping call 'nova.service.Service.periodic_tasks' sleeping for 60.00 seconds {{(pid=99049) _run_loop /opt/stack/data/venv/lib/python3.12/site-packages/oslo_service/backend/_threading/loopingcall.py:125}}
Aug 19 10:55:56.664947 np0000007769 nova-conductor[99049]: DEBUG dbcounter [-] [99049] Writing DB stats nova_cell0:SELECT=4,nova_cell0:INSERT=1,nova_cell0:UPDATE=1 {{(pid=99049) stat_writer /opt/stack/data/venv/lib/python3.12/site-packages/dbcounter.py:115}}
Aug 19 10:55:56.671507 np0000007769 nova-conductor[99057]: DEBUG dbcounter [-] [99057] Writing DB stats nova_cell0:SELECT=3,nova_cell0:UPDATE=1 {{(pid=99057) stat_writer /opt/stack/data/venv/lib/python3.12/site-packages/dbcounter.py:115}}
Aug 19 10:55:56.675502 np0000007769 nova-conductor[99062]: DEBUG dbcounter [-] [99062] Writing DB stats nova_cell0:SELECT=3 {{(pid=99062) stat_writer /opt/stack/data/venv/lib/python3.12/site-packages/dbcounter.py:115}}
Aug 19 10:55:56.675782 np0000007769 nova-conductor[99068]: DEBUG dbcounter [-] [99068] Writing DB stats nova_cell0:SELECT=3,nova_cell0:UPDATE=1 {{(pid=99068) stat_writer /opt/stack/data/venv/lib/python3.12/site-packages/dbcounter.py:115}}
Aug 19 10:56:18.668568 np0000007769 nova-conductor[99062]: DEBUG oslo.service.backend._threading.loopingcall [None req-d37f5d13-9a9c-482a-a375-c2525ffbfe42 None None] Dynamic interval looping call 'nova.service.Service.periodic_tasks' sleeping for 60.00 seconds {{(pid=99062) _run_loop /opt/stack/data/venv/lib/python3.12/site-packages/oslo_service/backend/_threading/loopingcall.py:125}}
Aug 19 10:56:27.665747 np0000007769 nova-conductor[99068]: DEBUG oslo.service.backend._threading.loopingcall [None req-bef04eed-7e07-43f3-b77f-d0695fd06f74 None None] Dynamic interval looping call 'nova.service.Service.periodic_tasks' sleeping for 60.00 seconds {{(pid=99068) _run_loop /opt/stack/data/venv/lib/python3.12/site-packages/oslo_service/backend/_threading/loopingcall.py:125}}
Aug 19 10:56:40.650738 np0000007769 nova-conductor[99057]: DEBUG oslo.service.backend._threading.loopingcall [None req-f5d46c4c-1f48-46c8-960b-ff79fee787e7 None None] Dynamic interval looping call 'nova.service.Service.periodic_tasks' sleeping for 60.00 seconds {{(pid=99057) _run_loop /opt/stack/data/venv/lib/python3.12/site-packages/oslo_service/backend/_threading/loopingcall.py:125}}
Aug 19 10:56:50.658208 np0000007769 nova-conductor[99049]: DEBUG oslo.service.backend._threading.loopingcall [None req-af3dda95-50f9-4008-8afc-cf747c957a84 None None] Dynamic interval looping call 'nova.service.Service.periodic_tasks' sleeping for 60.00 seconds {{(pid=99049) _run_loop /opt/stack/data/venv/lib/python3.12/site-packages/oslo_service/backend/_threading/loopingcall.py:125}}
Aug 19 10:57:18.669034 np0000007769 nova-conductor[99062]: DEBUG oslo.service.backend._threading.loopingcall [None req-d37f5d13-9a9c-482a-a375-c2525ffbfe42 None None] Dynamic interval looping call 'nova.service.Service.periodic_tasks' sleeping for 60.00 seconds {{(pid=99062) _run_loop /opt/stack/data/venv/lib/python3.12/site-packages/oslo_service/backend/_threading/loopingcall.py:125}}
Aug 19 10:57:27.666230 np0000007769 nova-conductor[99068]: DEBUG oslo.service.backend._threading.loopingcall [None req-bef04eed-7e07-43f3-b77f-d0695fd06f74 None None] Dynamic interval looping call 'nova.service.Service.periodic_tasks' sleeping for 60.00 seconds {{(pid=99068) _run_loop /opt/stack/data/venv/lib/python3.12/site-packages/oslo_service/backend/_threading/loopingcall.py:125}}
Aug 19 10:57:40.651293 np0000007769 nova-conductor[99057]: DEBUG oslo.service.backend._threading.loopingcall [None req-f5d46c4c-1f48-46c8-960b-ff79fee787e7 None None] Dynamic interval looping call 'nova.service.Service.periodic_tasks' sleeping for 60.00 seconds {{(pid=99057) _run_loop /opt/stack/data/venv/lib/python3.12/site-packages/oslo_service/backend/_threading/loopingcall.py:125}}
Aug 19 10:57:46.660845 np0000007769 nova-conductor[99049]: DEBUG oslo.service.backend._threading.loopingcall [-] Fixed interval looping call 'nova.servicegroup.drivers.db.DbDriver._report_state' sleeping for 119.99 seconds {{(pid=99049) _run_loop /opt/stack/data/venv/lib/python3.12/site-packages/oslo_service/backend/_threading/loopingcall.py:125}}
Aug 19 10:57:46.661760 np0000007769 nova-conductor[99057]: DEBUG oslo.service.backend._threading.loopingcall [-] Fixed interval looping call 'nova.servicegroup.drivers.db.DbDriver._report_state' sleeping for 119.99 seconds {{(pid=99057) _run_loop /opt/stack/data/venv/lib/python3.12/site-packages/oslo_service/backend/_threading/loopingcall.py:125}}
Aug 19 10:57:46.670753 np0000007769 nova-conductor[99068]: DEBUG oslo.service.backend._threading.loopingcall [-] Fixed interval looping call 'nova.servicegroup.drivers.db.DbDriver._report_state' sleeping for 120.00 seconds {{(pid=99068) _run_loop /opt/stack/data/venv/lib/python3.12/site-packages/oslo_service/backend/_threading/loopingcall.py:125}}
Aug 19 10:57:46.672733 np0000007769 nova-conductor[99062]: DEBUG oslo.service.backend._threading.loopingcall [-] Fixed interval looping call 'nova.servicegroup.drivers.db.DbDriver._report_state' sleeping for 120.00 seconds {{(pid=99062) _run_loop /opt/stack/data/venv/lib/python3.12/site-packages/oslo_service/backend/_threading/loopingcall.py:125}}
Aug 19 10:57:50.658667 np0000007769 nova-conductor[99049]: DEBUG oslo.service.backend._threading.loopingcall [None req-af3dda95-50f9-4008-8afc-cf747c957a84 None None] Dynamic interval looping call 'nova.service.Service.periodic_tasks' sleeping for 60.00 seconds {{(pid=99049) _run_loop /opt/stack/data/venv/lib/python3.12/site-packages/oslo_service/backend/_threading/loopingcall.py:125}}
Aug 19 10:57:56.603448 np0000007769 nova-conductor[99057]: DEBUG oslo_db.sqlalchemy.engines [None req-f4a66aee-ee6c-4c87-9de2-316913d2d5a4 tempest-DeleteServersTestJSON-1920598785 tempest-DeleteServersTestJSON-1920598785-project-member] Parent process 97554 forked (99057) with an open database connection, which is being discarded and recreated. {{(pid=99057) checkout /opt/stack/data/venv/lib/python3.12/site-packages/oslo_db/sqlalchemy/engines.py:402}}
Aug 19 10:57:56.657112 np0000007769 nova-conductor[99049]: DEBUG dbcounter [-] [99049] Writing DB stats nova_cell0:SELECT=1,nova_cell0:UPDATE=1 {{(pid=99049) stat_writer /opt/stack/data/venv/lib/python3.12/site-packages/dbcounter.py:115}}
Aug 19 10:57:56.660722 np0000007769 nova-conductor[99057]: DEBUG dbcounter [-] [99057] Writing DB stats nova_cell0:SELECT=1,nova_cell0:UPDATE=1 {{(pid=99057) stat_writer /opt/stack/data/venv/lib/python3.12/site-packages/dbcounter.py:115}}
Aug 19 10:57:56.660993 np0000007769 nova-conductor[99057]: DEBUG dbcounter [-] [99057] Writer thread running {{(pid=99057) stat_writer /opt/stack/data/venv/lib/python3.12/site-packages/dbcounter.py:102}}
Aug 19 10:57:56.668144 np0000007769 nova-conductor[99068]: DEBUG dbcounter [-] [99068] Writing DB stats nova_cell0:SELECT=1 {{(pid=99068) stat_writer /opt/stack/data/venv/lib/python3.12/site-packages/dbcounter.py:115}}
Aug 19 10:57:56.670262 np0000007769 nova-conductor[99062]: DEBUG dbcounter [-] [99062] Writing DB stats nova_cell0:SELECT=1 {{(pid=99062) stat_writer /opt/stack/data/venv/lib/python3.12/site-packages/dbcounter.py:115}}
Aug 19 10:57:57.577697 np0000007769 nova-conductor[99057]: DEBUG nova.conductor.manager [None req-f4a66aee-ee6c-4c87-9de2-316913d2d5a4 tempest-DeleteServersTestJSON-1920598785 tempest-DeleteServersTestJSON-1920598785-project-member] Took 0.91 seconds to select destinations for 1 instance(s). {{(pid=99057) _schedule_instances /opt/stack/nova/nova/conductor/manager.py:956}}
Aug 19 10:57:57.607372 np0000007769 nova-conductor[99057]: DEBUG oslo_concurrency.lockutils [None req-f4a66aee-ee6c-4c87-9de2-316913d2d5a4 tempest-DeleteServersTestJSON-1920598785 tempest-DeleteServersTestJSON-1920598785-project-member] Acquiring lock "93849a0d-707b-42b6-a79b-78093bce4bfa" by "nova.context.set_target_cell..get_or_set_cached_cell_and_set_connections" {{(pid=99057) inner /opt/stack/data/venv/lib/python3.12/site-packages/oslo_concurrency/lockutils.py:512}}
Aug 19 10:57:57.607827 np0000007769 nova-conductor[99057]: DEBUG oslo_concurrency.lockutils [None req-f4a66aee-ee6c-4c87-9de2-316913d2d5a4 tempest-DeleteServersTestJSON-1920598785 tempest-DeleteServersTestJSON-1920598785-project-member] Lock "93849a0d-707b-42b6-a79b-78093bce4bfa" acquired by "nova.context.set_target_cell..get_or_set_cached_cell_and_set_connections" :: waited 0.000s {{(pid=99057) inner /opt/stack/data/venv/lib/python3.12/site-packages/oslo_concurrency/lockutils.py:525}}
Aug 19 10:57:57.608634 np0000007769 nova-conductor[99057]: DEBUG oslo_concurrency.lockutils [None req-f4a66aee-ee6c-4c87-9de2-316913d2d5a4 tempest-DeleteServersTestJSON-1920598785 tempest-DeleteServersTestJSON-1920598785-project-member] Lock "93849a0d-707b-42b6-a79b-78093bce4bfa" "released" by "nova.context.set_target_cell..get_or_set_cached_cell_and_set_connections" :: held 0.001s {{(pid=99057) inner /opt/stack/data/venv/lib/python3.12/site-packages/oslo_concurrency/lockutils.py:544}}
Aug 19 10:57:57.610271 np0000007769 nova-conductor[99057]: INFO dbcounter [None req-f4a66aee-ee6c-4c87-9de2-316913d2d5a4 tempest-DeleteServersTestJSON-1920598785 tempest-DeleteServersTestJSON-1920598785-project-member] Registered counter for database nova_cell1
Aug 19 10:57:57.645541 np0000007769 nova-conductor[99057]: DEBUG oslo_db.sqlalchemy.engines [None req-f4a66aee-ee6c-4c87-9de2-316913d2d5a4 tempest-DeleteServersTestJSON-1920598785 tempest-DeleteServersTestJSON-1920598785-project-member] MySQL server mode set to STRICT_TRANS_TABLES,STRICT_ALL_TABLES,NO_ZERO_IN_DATE,NO_ZERO_DATE,ERROR_FOR_DIVISION_BY_ZERO,TRADITIONAL,NO_ENGINE_SUBSTITUTION {{(pid=99057) _check_effective_sql_mode /opt/stack/data/venv/lib/python3.12/site-packages/oslo_db/sqlalchemy/engines.py:325}}
Aug 19 10:57:57.650980 np0000007769 nova-conductor[99057]: DEBUG dbcounter [-] [99057] Writer thread running {{(pid=99057) stat_writer /opt/stack/data/venv/lib/python3.12/site-packages/dbcounter.py:102}}
Aug 19 10:57:57.721611 np0000007769 nova-conductor[99057]: INFO nova.utils [None req-f4a66aee-ee6c-4c87-9de2-316913d2d5a4 tempest-DeleteServersTestJSON-1920598785 tempest-DeleteServersTestJSON-1920598785-project-member] The cell worker thread pool ForkProcess-2.cell_worker is initialized
Aug 19 10:57:57.721894 np0000007769 nova-conductor[99057]: DEBUG oslo_concurrency.lockutils [None req-f4a66aee-ee6c-4c87-9de2-316913d2d5a4 tempest-DeleteServersTestJSON-1920598785 tempest-DeleteServersTestJSON-1920598785-project-member] Acquiring lock "00000000-0000-0000-0000-000000000000" by "nova.context.set_target_cell..get_or_set_cached_cell_and_set_connections" {{(pid=99057) inner /opt/stack/data/venv/lib/python3.12/site-packages/oslo_concurrency/lockutils.py:512}}
Aug 19 10:57:57.722050 np0000007769 nova-conductor[99057]: DEBUG oslo_concurrency.lockutils [None req-f4a66aee-ee6c-4c87-9de2-316913d2d5a4 tempest-DeleteServersTestJSON-1920598785 tempest-DeleteServersTestJSON-1920598785-project-member] Lock "00000000-0000-0000-0000-000000000000" acquired by "nova.context.set_target_cell..get_or_set_cached_cell_and_set_connections" :: waited 0.000s {{(pid=99057) inner /opt/stack/data/venv/lib/python3.12/site-packages/oslo_concurrency/lockutils.py:525}}
Aug 19 10:57:57.722379 np0000007769 nova-conductor[99057]: DEBUG oslo_concurrency.lockutils [None req-f4a66aee-ee6c-4c87-9de2-316913d2d5a4 tempest-DeleteServersTestJSON-1920598785 tempest-DeleteServersTestJSON-1920598785-project-member] Lock "00000000-0000-0000-0000-000000000000" "released" by "nova.context.set_target_cell..get_or_set_cached_cell_and_set_connections" :: held 0.000s {{(pid=99057) inner /opt/stack/data/venv/lib/python3.12/site-packages/oslo_concurrency/lockutils.py:544}}
Aug 19 10:57:57.723251 np0000007769 nova-conductor[99057]: DEBUG oslo_concurrency.lockutils [None req-f4a66aee-ee6c-4c87-9de2-316913d2d5a4 tempest-DeleteServersTestJSON-1920598785 tempest-DeleteServersTestJSON-1920598785-project-member] Acquiring lock "93849a0d-707b-42b6-a79b-78093bce4bfa" by "nova.context.set_target_cell..get_or_set_cached_cell_and_set_connections" {{(pid=99057) inner /opt/stack/data/venv/lib/python3.12/site-packages/oslo_concurrency/lockutils.py:512}}
Aug 19 10:57:57.723422 np0000007769 nova-conductor[99057]: DEBUG oslo_concurrency.lockutils [None req-f4a66aee-ee6c-4c87-9de2-316913d2d5a4 tempest-DeleteServersTestJSON-1920598785 tempest-DeleteServersTestJSON-1920598785-project-member] Lock "93849a0d-707b-42b6-a79b-78093bce4bfa" acquired by "nova.context.set_target_cell..get_or_set_cached_cell_and_set_connections" :: waited 0.000s {{(pid=99057) inner /opt/stack/data/venv/lib/python3.12/site-packages/oslo_concurrency/lockutils.py:525}}
Aug 19 10:57:57.723573 np0000007769 nova-conductor[99057]: DEBUG oslo_concurrency.lockutils [None req-f4a66aee-ee6c-4c87-9de2-316913d2d5a4 tempest-DeleteServersTestJSON-1920598785 tempest-DeleteServersTestJSON-1920598785-project-member] Lock "93849a0d-707b-42b6-a79b-78093bce4bfa" "released" by "nova.context.set_target_cell..get_or_set_cached_cell_and_set_connections" :: held 0.000s {{(pid=99057) inner /opt/stack/data/venv/lib/python3.12/site-packages/oslo_concurrency/lockutils.py:544}}
Aug 19 10:57:57.725026 np0000007769 nova-conductor[99057]: INFO dbcounter [None req-f4a66aee-ee6c-4c87-9de2-316913d2d5a4 tempest-DeleteServersTestJSON-1920598785 tempest-DeleteServersTestJSON-1920598785-project-member] Registered counter for database nova_cell0
