May 25 06:05:53.632279 np0000001370 nova-scheduler[95702]: DEBUG cotyledon.oslo_config_glue [-] oslo_limit.collect_timing = False {{(pid=95702) log_opt_values /opt/stack/data/venv/lib/python3.12/site-packages/oslo_config/cfg.py:3256}}
May 25 06:05:53.632574 np0000001370 nova-scheduler[95702]: DEBUG cotyledon.oslo_config_glue [-] oslo_limit.connect_retries = None {{(pid=95702) log_opt_values /opt/stack/data/venv/lib/python3.12/site-packages/oslo_config/cfg.py:3256}}
May 25 06:05:53.632574 np0000001370 nova-scheduler[95702]: DEBUG cotyledon.oslo_config_glue [-] oslo_limit.connect_retry_delay = None {{(pid=95702) log_opt_values /opt/stack/data/venv/lib/python3.12/site-packages/oslo_config/cfg.py:3256}}
May 25 06:05:53.632574 np0000001370 nova-scheduler[95702]: DEBUG cotyledon.oslo_config_glue [-] oslo_limit.endpoint_id = None {{(pid=95702) log_opt_values /opt/stack/data/venv/lib/python3.12/site-packages/oslo_config/cfg.py:3256}}
May 25 06:05:53.632574 np0000001370 nova-scheduler[95702]: DEBUG cotyledon.oslo_config_glue [-] oslo_limit.endpoint_interface = public {{(pid=95702) log_opt_values /opt/stack/data/venv/lib/python3.12/site-packages/oslo_config/cfg.py:3256}}
May 25 06:05:53.632574 np0000001370 nova-scheduler[95702]: DEBUG cotyledon.oslo_config_glue [-] oslo_limit.endpoint_override = None {{(pid=95702) log_opt_values /opt/stack/data/venv/lib/python3.12/site-packages/oslo_config/cfg.py:3256}}
May 25 06:05:53.632700 np0000001370 nova-scheduler[95700]: INFO nova.service [-] Starting scheduler node (version 33.1.0)
May 25 06:05:53.632727 np0000001370 nova-scheduler[95702]: DEBUG cotyledon.oslo_config_glue [-] oslo_limit.endpoint_region_name = None {{(pid=95702) log_opt_values /opt/stack/data/venv/lib/python3.12/site-packages/oslo_config/cfg.py:3256}}
May 25 06:05:53.632727 np0000001370 nova-scheduler[95702]: DEBUG cotyledon.oslo_config_glue [-] oslo_limit.endpoint_service_name = None {{(pid=95702) log_opt_values /opt/stack/data/venv/lib/python3.12/site-packages/oslo_config/cfg.py:3256}}
May 25 06:05:53.632727 np0000001370 nova-scheduler[95702]: DEBUG cotyledon.oslo_config_glue [-] oslo_limit.endpoint_service_type = None {{(pid=95702) log_opt_values /opt/stack/data/venv/lib/python3.12/site-packages/oslo_config/cfg.py:3256}}
May 25 06:05:53.632727 np0000001370 nova-scheduler[95702]: DEBUG cotyledon.oslo_config_glue [-] oslo_limit.insecure = False {{(pid=95702) log_opt_values /opt/stack/data/venv/lib/python3.12/site-packages/oslo_config/cfg.py:3256}}
May 25 06:05:53.632727 np0000001370 nova-scheduler[95702]: DEBUG cotyledon.oslo_config_glue [-] oslo_limit.keyfile = None {{(pid=95702) log_opt_values /opt/stack/data/venv/lib/python3.12/site-packages/oslo_config/cfg.py:3256}}
May 25 06:05:53.632727 np0000001370 nova-scheduler[95702]: DEBUG cotyledon.oslo_config_glue [-] oslo_limit.max_version = None {{(pid=95702) log_opt_values /opt/stack/data/venv/lib/python3.12/site-packages/oslo_config/cfg.py:3256}}
May 25 06:05:53.632727 np0000001370 nova-scheduler[95702]: DEBUG cotyledon.oslo_config_glue [-] oslo_limit.min_version = None {{(pid=95702) log_opt_values /opt/stack/data/venv/lib/python3.12/site-packages/oslo_config/cfg.py:3256}}
May 25 06:05:53.632727 np0000001370 nova-scheduler[95702]: DEBUG cotyledon.oslo_config_glue [-] oslo_limit.region_name = None {{(pid=95702) log_opt_values /opt/stack/data/venv/lib/python3.12/site-packages/oslo_config/cfg.py:3256}}
May 25 06:05:53.632727 np0000001370 nova-scheduler[95702]: DEBUG cotyledon.oslo_config_glue [-] oslo_limit.retriable_status_codes = None {{(pid=95702) log_opt_values /opt/stack/data/venv/lib/python3.12/site-packages/oslo_config/cfg.py:3256}}
May 25 06:05:53.632916 np0000001370 nova-scheduler[95702]: DEBUG cotyledon.oslo_config_glue [-] oslo_limit.service_name = None {{(pid=95702) log_opt_values /opt/stack/data/venv/lib/python3.12/site-packages/oslo_config/cfg.py:3256}}
May 25 06:05:53.632916 np0000001370 nova-scheduler[95702]: DEBUG cotyledon.oslo_config_glue [-] oslo_limit.service_type = None {{(pid=95702) log_opt_values /opt/stack/data/venv/lib/python3.12/site-packages/oslo_config/cfg.py:3256}}
May 25 06:05:53.632916 np0000001370 nova-scheduler[95702]: DEBUG cotyledon.oslo_config_glue [-] oslo_limit.split_loggers = False {{(pid=95702) log_opt_values /opt/stack/data/venv/lib/python3.12/site-packages/oslo_config/cfg.py:3256}}
May 25 06:05:53.632916 np0000001370 nova-scheduler[95702]: DEBUG cotyledon.oslo_config_glue [-] oslo_limit.status_code_retries = None {{(pid=95702) log_opt_values /opt/stack/data/venv/lib/python3.12/site-packages/oslo_config/cfg.py:3256}}
May 25 06:05:53.632916 np0000001370 nova-scheduler[95702]: DEBUG cotyledon.oslo_config_glue [-] oslo_limit.status_code_retry_delay = None {{(pid=95702) log_opt_values /opt/stack/data/venv/lib/python3.12/site-packages/oslo_config/cfg.py:3256}}
May 25 06:05:53.632916 np0000001370 nova-scheduler[95702]: DEBUG cotyledon.oslo_config_glue [-] oslo_limit.timeout = None {{(pid=95702) log_opt_values /opt/stack/data/venv/lib/python3.12/site-packages/oslo_config/cfg.py:3256}}
May 25 06:05:53.632916 np0000001370 nova-scheduler[95702]: DEBUG cotyledon.oslo_config_glue [-] oslo_limit.valid_interfaces = None {{(pid=95702) log_opt_values /opt/stack/data/venv/lib/python3.12/site-packages/oslo_config/cfg.py:3256}}
May 25 06:05:53.632916 np0000001370 nova-scheduler[95702]: DEBUG cotyledon.oslo_config_glue [-] oslo_limit.version = None {{(pid=95702) log_opt_values /opt/stack/data/venv/lib/python3.12/site-packages/oslo_config/cfg.py:3256}}
May 25 06:05:53.632916 np0000001370 nova-scheduler[95702]: DEBUG cotyledon.oslo_config_glue [-] oslo_reports.file_event_handler = None {{(pid=95702) log_opt_values /opt/stack/data/venv/lib/python3.12/site-packages/oslo_config/cfg.py:3256}}
May 25 06:05:53.633077 np0000001370 nova-scheduler[95702]: DEBUG cotyledon.oslo_config_glue [-] oslo_reports.file_event_handler_interval = 1 {{(pid=95702) log_opt_values /opt/stack/data/venv/lib/python3.12/site-packages/oslo_config/cfg.py:3256}}
May 25 06:05:53.633077 np0000001370 nova-scheduler[95702]: DEBUG cotyledon.oslo_config_glue [-] oslo_reports.log_dir = None {{(pid=95702) log_opt_values /opt/stack/data/venv/lib/python3.12/site-packages/oslo_config/cfg.py:3256}}
May 25 06:05:53.633077 np0000001370 nova-scheduler[95702]: DEBUG cotyledon.oslo_config_glue [-] ******************************************************************************** {{(pid=95702) log_opt_values /opt/stack/data/venv/lib/python3.12/site-packages/oslo_config/cfg.py:3263}}
May 25 06:05:53.633077 np0000001370 nova-scheduler[95702]: DEBUG cotyledon._service_worker [-] Run service ServiceWrapper(2) [95702] {{(pid=95702) wait_forever /opt/stack/data/venv/lib/python3.12/site-packages/cotyledon/_service_worker.py:218}}
May 25 06:05:53.633077 np0000001370 nova-scheduler[95702]: INFO nova.service [-] Starting scheduler node (version 33.1.0)
May 25 06:05:53.633188 np0000001370 nova-scheduler[95700]: INFO dbcounter [None req-8043f7f1-e959-4f9e-8668-8d54b570e4b7 None None] Registered counter for database nova_cell0
May 25 06:05:53.633220 np0000001370 nova-scheduler[95702]: INFO dbcounter [None req-8fed9819-52eb-4dbd-ae18-f1b017c57725 None None] Registered counter for database nova_cell0
May 25 06:05:53.635074 np0000001370 nova-scheduler[95698]: DEBUG nova.service [None req-d8bf989d-430a-45c7-b46b-68e77d09a4c6 None None] Creating RPC server for service: nova-scheduler on topic: scheduler {{(pid=95698) start /opt/stack/nova/nova/service.py:195}}
May 25 06:05:53.636247 np0000001370 nova-scheduler[95700]: DEBUG oslo_db.sqlalchemy.engines [None req-8043f7f1-e959-4f9e-8668-8d54b570e4b7 None None] MySQL server mode set to STRICT_TRANS_TABLES,STRICT_ALL_TABLES,NO_ZERO_IN_DATE,NO_ZERO_DATE,ERROR_FOR_DIVISION_BY_ZERO,TRADITIONAL,NO_ENGINE_SUBSTITUTION {{(pid=95700) _check_effective_sql_mode /opt/stack/data/venv/lib/python3.12/site-packages/oslo_db/sqlalchemy/engines.py:325}}
May 25 06:05:53.642731 np0000001370 nova-scheduler[95702]: DEBUG oslo_db.sqlalchemy.engines [None req-8fed9819-52eb-4dbd-ae18-f1b017c57725 None None] MySQL server mode set to STRICT_TRANS_TABLES,STRICT_ALL_TABLES,NO_ZERO_IN_DATE,NO_ZERO_DATE,ERROR_FOR_DIVISION_BY_ZERO,TRADITIONAL,NO_ENGINE_SUBSTITUTION {{(pid=95702) _check_effective_sql_mode /opt/stack/data/venv/lib/python3.12/site-packages/oslo_db/sqlalchemy/engines.py:325}}
May 25 06:05:53.647546 np0000001370 nova-scheduler[95700]: DEBUG dbcounter [-] [95700] Writer thread running {{(pid=95700) stat_writer /opt/stack/data/venv/lib/python3.12/site-packages/dbcounter.py:102}}
May 25 06:05:53.651020 np0000001370 nova-scheduler[95700]: DEBUG nova.service [None req-8043f7f1-e959-4f9e-8668-8d54b570e4b7 None None] Creating RPC server for service: nova-scheduler on topic: scheduler {{(pid=95700) start /opt/stack/nova/nova/service.py:195}}
May 25 06:05:53.652049 np0000001370 nova-scheduler[95702]: DEBUG dbcounter [-] [95702] Writer thread running {{(pid=95702) stat_writer /opt/stack/data/venv/lib/python3.12/site-packages/dbcounter.py:102}}
May 25 06:05:53.654462 np0000001370 nova-scheduler[95702]: DEBUG nova.service [None req-8fed9819-52eb-4dbd-ae18-f1b017c57725 None None] Creating RPC server for service: nova-scheduler on topic: scheduler {{(pid=95702) start /opt/stack/nova/nova/service.py:195}}
May 25 06:05:53.681894 np0000001370 nova-scheduler[95698]: DEBUG nova.service [None req-d8bf989d-430a-45c7-b46b-68e77d09a4c6 None None] Join ServiceGroup membership for this service scheduler {{(pid=95698) start /opt/stack/nova/nova/service.py:221}}
May 25 06:05:53.682057 np0000001370 nova-scheduler[95698]: DEBUG nova.servicegroup.drivers.db [None req-d8bf989d-430a-45c7-b46b-68e77d09a4c6 None None] DB_Driver: join new ServiceGroup member np0000001370 to the scheduler group, service = {{(pid=95698) join /opt/stack/nova/nova/servicegroup/drivers/db.py:44}}
May 25 06:05:53.683021 np0000001370 nova-scheduler[95702]: DEBUG nova.service [None req-8fed9819-52eb-4dbd-ae18-f1b017c57725 None None] Join ServiceGroup membership for this service scheduler {{(pid=95702) start /opt/stack/nova/nova/service.py:221}}
May 25 06:05:53.683240 np0000001370 nova-scheduler[95702]: DEBUG nova.servicegroup.drivers.db [None req-8fed9819-52eb-4dbd-ae18-f1b017c57725 None None] DB_Driver: join new ServiceGroup member np0000001370 to the scheduler group, service = {{(pid=95702) join /opt/stack/nova/nova/servicegroup/drivers/db.py:44}}
May 25 06:05:53.690339 np0000001370 nova-scheduler[95700]: DEBUG nova.service [None req-8043f7f1-e959-4f9e-8668-8d54b570e4b7 None None] Join ServiceGroup membership for this service scheduler {{(pid=95700) start /opt/stack/nova/nova/service.py:221}}
May 25 06:05:53.690339 np0000001370 nova-scheduler[95700]: DEBUG nova.servicegroup.drivers.db [None req-8043f7f1-e959-4f9e-8668-8d54b570e4b7 None None] DB_Driver: join new ServiceGroup member np0000001370 to the scheduler group, service = {{(pid=95700) join /opt/stack/nova/nova/servicegroup/drivers/db.py:44}}
May 25 06:05:53.692819 np0000001370 nova-scheduler[95700]: DEBUG oslo.service.backend._threading.loopingcall [None req-f220a5ef-5e99-4ff3-ae2b-f85e873378b0 None None] Dynamic interval looping call 'nova.service.Service.periodic_tasks' sleeping for 60.00 seconds {{(pid=95700) _run_loop /opt/stack/data/venv/lib/python3.12/site-packages/oslo_service/backend/_threading/loopingcall.py:125}}
May 25 06:05:58.703546 np0000001370 nova-scheduler[95698]: DEBUG oslo.service.backend._threading.loopingcall [-] Fixed interval looping call 'nova.servicegroup.drivers.db.DbDriver._report_state' sleeping for 119.98 seconds {{(pid=95698) _run_loop /opt/stack/data/venv/lib/python3.12/site-packages/oslo_service/backend/_threading/loopingcall.py:125}}
May 25 06:05:58.704426 np0000001370 nova-scheduler[95702]: DEBUG oslo.service.backend._threading.loopingcall [-] Fixed interval looping call 'nova.servicegroup.drivers.db.DbDriver._report_state' sleeping for 119.98 seconds {{(pid=95702) _run_loop /opt/stack/data/venv/lib/python3.12/site-packages/oslo_service/backend/_threading/loopingcall.py:125}}
May 25 06:05:58.710864 np0000001370 nova-scheduler[95700]: DEBUG oslo.service.backend._threading.loopingcall [-] Fixed interval looping call 'nova.servicegroup.drivers.db.DbDriver._report_state' sleeping for 119.98 seconds {{(pid=95700) _run_loop /opt/stack/data/venv/lib/python3.12/site-packages/oslo_service/backend/_threading/loopingcall.py:125}}
May 25 06:06:00.684173 np0000001370 nova-scheduler[95698]: DEBUG oslo.service.backend._threading.loopingcall [None req-d90e7014-e6c8-44a2-9cac-d0ae200360b9 None None] Dynamic interval looping call 'nova.service.Service.periodic_tasks' sleeping for 60.00 seconds {{(pid=95698) _run_loop /opt/stack/data/venv/lib/python3.12/site-packages/oslo_service/backend/_threading/loopingcall.py:125}}
May 25 06:06:02.268864 np0000001370 nova-scheduler[94420]: DEBUG dbcounter [-] [94420] Writing DB stats nova_api:SELECT=3 {{(pid=94420) stat_writer /opt/stack/data/venv/lib/python3.12/site-packages/dbcounter.py:115}}
May 25 06:06:02.365641 np0000001370 nova-scheduler[94420]: DEBUG dbcounter [-] [94420] Writing DB stats nova_cell0:SELECT=1 {{(pid=94420) stat_writer /opt/stack/data/venv/lib/python3.12/site-packages/dbcounter.py:115}}
May 25 06:06:02.376055 np0000001370 nova-scheduler[94420]: DEBUG dbcounter [-] [94420] Writing DB stats nova_cell1:SELECT=1 {{(pid=94420) stat_writer /opt/stack/data/venv/lib/python3.12/site-packages/dbcounter.py:115}}
May 25 06:06:08.696357 np0000001370 nova-scheduler[95698]: DEBUG dbcounter [-] [95698] Writing DB stats nova_cell0:SELECT=4,nova_cell0:INSERT=1,nova_cell0:UPDATE=1 {{(pid=95698) stat_writer /opt/stack/data/venv/lib/python3.12/site-packages/dbcounter.py:115}}
May 25 06:06:08.697993 np0000001370 nova-scheduler[95702]: DEBUG dbcounter [-] [95702] Writing DB stats nova_cell0:SELECT=3,nova_cell0:UPDATE=1 {{(pid=95702) stat_writer /opt/stack/data/venv/lib/python3.12/site-packages/dbcounter.py:115}}
May 25 06:06:08.705521 np0000001370 nova-scheduler[95700]: DEBUG dbcounter [-] [95700] Writing DB stats nova_cell0:SELECT=3,nova_cell0:UPDATE=1 {{(pid=95700) stat_writer /opt/stack/data/venv/lib/python3.12/site-packages/dbcounter.py:115}}
May 25 06:06:17.685559 np0000001370 nova-scheduler[95702]: DEBUG oslo.service.backend._threading.loopingcall [None req-71972d9a-de29-4d3c-8a94-e5b55e719b8a None None] Dynamic interval looping call 'nova.service.Service.periodic_tasks' sleeping for 60.00 seconds {{(pid=95702) _run_loop /opt/stack/data/venv/lib/python3.12/site-packages/oslo_service/backend/_threading/loopingcall.py:125}}
May 25 06:06:53.693340 np0000001370 nova-scheduler[95700]: DEBUG oslo.service.backend._threading.loopingcall [None req-f220a5ef-5e99-4ff3-ae2b-f85e873378b0 None None] Dynamic interval looping call 'nova.service.Service.periodic_tasks' sleeping for 60.00 seconds {{(pid=95700) _run_loop /opt/stack/data/venv/lib/python3.12/site-packages/oslo_service/backend/_threading/loopingcall.py:125}}
May 25 06:07:00.684682 np0000001370 nova-scheduler[95698]: DEBUG oslo.service.backend._threading.loopingcall [None req-d90e7014-e6c8-44a2-9cac-d0ae200360b9 None None] Dynamic interval looping call 'nova.service.Service.periodic_tasks' sleeping for 60.00 seconds {{(pid=95698) _run_loop /opt/stack/data/venv/lib/python3.12/site-packages/oslo_service/backend/_threading/loopingcall.py:125}}
May 25 06:07:17.686010 np0000001370 nova-scheduler[95702]: DEBUG oslo.service.backend._threading.loopingcall [None req-71972d9a-de29-4d3c-8a94-e5b55e719b8a None None] Dynamic interval looping call 'nova.service.Service.periodic_tasks' sleeping for 60.00 seconds {{(pid=95702) _run_loop /opt/stack/data/venv/lib/python3.12/site-packages/oslo_service/backend/_threading/loopingcall.py:125}}
May 25 06:07:53.693891 np0000001370 nova-scheduler[95700]: DEBUG oslo.service.backend._threading.loopingcall [None req-f220a5ef-5e99-4ff3-ae2b-f85e873378b0 None None] Dynamic interval looping call 'nova.service.Service.periodic_tasks' sleeping for 60.00 seconds {{(pid=95700) _run_loop /opt/stack/data/venv/lib/python3.12/site-packages/oslo_service/backend/_threading/loopingcall.py:125}}
May 25 06:07:58.692981 np0000001370 nova-scheduler[95698]: DEBUG oslo.service.backend._threading.loopingcall [-] Fixed interval looping call 'nova.servicegroup.drivers.db.DbDriver._report_state' sleeping for 119.99 seconds {{(pid=95698) _run_loop /opt/stack/data/venv/lib/python3.12/site-packages/oslo_service/backend/_threading/loopingcall.py:125}}
May 25 06:07:58.693643 np0000001370 nova-scheduler[95702]: DEBUG oslo.service.backend._threading.loopingcall [-] Fixed interval looping call 'nova.servicegroup.drivers.db.DbDriver._report_state' sleeping for 119.99 seconds {{(pid=95702) _run_loop /opt/stack/data/venv/lib/python3.12/site-packages/oslo_service/backend/_threading/loopingcall.py:125}}
May 25 06:07:58.694898 np0000001370 nova-scheduler[95700]: DEBUG oslo.service.backend._threading.loopingcall [-] Fixed interval looping call 'nova.servicegroup.drivers.db.DbDriver._report_state' sleeping for 120.00 seconds {{(pid=95700) _run_loop /opt/stack/data/venv/lib/python3.12/site-packages/oslo_service/backend/_threading/loopingcall.py:125}}
May 25 06:08:00.685155 np0000001370 nova-scheduler[95698]: DEBUG oslo.service.backend._threading.loopingcall [None req-d90e7014-e6c8-44a2-9cac-d0ae200360b9 None None] Dynamic interval looping call 'nova.service.Service.periodic_tasks' sleeping for 60.00 seconds {{(pid=95698) _run_loop /opt/stack/data/venv/lib/python3.12/site-packages/oslo_service/backend/_threading/loopingcall.py:125}}
May 25 06:08:08.686956 np0000001370 nova-scheduler[95698]: DEBUG dbcounter [-] [95698] Writing DB stats nova_cell0:SELECT=1,nova_cell0:UPDATE=1 {{(pid=95698) stat_writer /opt/stack/data/venv/lib/python3.12/site-packages/dbcounter.py:115}}
May 25 06:08:08.687805 np0000001370 nova-scheduler[95702]: DEBUG dbcounter [-] [95702] Writing DB stats nova_cell0:SELECT=1,nova_cell0:UPDATE=1 {{(pid=95702) stat_writer /opt/stack/data/venv/lib/python3.12/site-packages/dbcounter.py:115}}
May 25 06:08:08.693221 np0000001370 nova-scheduler[95700]: DEBUG dbcounter [-] [95700] Writing DB stats nova_cell0:SELECT=1 {{(pid=95700) stat_writer /opt/stack/data/venv/lib/python3.12/site-packages/dbcounter.py:115}}
May 25 06:08:17.686605 np0000001370 nova-scheduler[95702]: DEBUG oslo.service.backend._threading.loopingcall [None req-71972d9a-de29-4d3c-8a94-e5b55e719b8a None None] Dynamic interval looping call 'nova.service.Service.periodic_tasks' sleeping for 60.00 seconds {{(pid=95702) _run_loop /opt/stack/data/venv/lib/python3.12/site-packages/oslo_service/backend/_threading/loopingcall.py:125}}
May 25 06:08:38.060103 np0000001370 nova-scheduler[95698]: DEBUG nova.scheduler.manager [None req-b4ed8363-a922-4435-bb18-5a9e44585849 tempest-ServerActionsTestOtherB-1170702355 tempest-ServerActionsTestOtherB-1170702355-project-member] Starting to schedule for instances: ['32943518-1958-43cb-abaa-7cb7f795df32'] {{(pid=95698) select_destinations /opt/stack/nova/nova/scheduler/manager.py:210}}
May 25 06:08:38.060966 np0000001370 nova-scheduler[95698]: DEBUG nova.scheduler.request_filter [None req-b4ed8363-a922-4435-bb18-5a9e44585849 tempest-ServerActionsTestOtherB-1170702355 tempest-ServerActionsTestOtherB-1170702355-project-member] compute_status_filter request filter added forbidden trait COMPUTE_STATUS_DISABLED {{(pid=95698) compute_status_filter /opt/stack/nova/nova/scheduler/request_filter.py:253}}
May 25 06:08:38.061120 np0000001370 nova-scheduler[95698]: DEBUG nova.scheduler.request_filter [None req-b4ed8363-a922-4435-bb18-5a9e44585849 tempest-ServerActionsTestOtherB-1170702355 tempest-ServerActionsTestOtherB-1170702355-project-member] Request filter 'compute_status_filter' took 0.0 seconds {{(pid=95698) wrapper /opt/stack/nova/nova/scheduler/request_filter.py:46}}
May 25 06:08:38.061438 np0000001370 nova-scheduler[95698]: DEBUG nova.scheduler.request_filter [None req-b4ed8363-a922-4435-bb18-5a9e44585849 tempest-ServerActionsTestOtherB-1170702355 tempest-ServerActionsTestOtherB-1170702355-project-member] Request filter 'accelerators_filter' took 0.0 seconds {{(pid=95698) wrapper /opt/stack/nova/nova/scheduler/request_filter.py:46}}
May 25 06:08:38.062201 np0000001370 nova-scheduler[95698]: DEBUG nova.scheduler.request_filter [None req-b4ed8363-a922-4435-bb18-5a9e44585849 tempest-ServerActionsTestOtherB-1170702355 tempest-ServerActionsTestOtherB-1170702355-project-member] Request filter 'packed_virtqueue_filter' took 0.0 seconds {{(pid=95698) wrapper /opt/stack/nova/nova/scheduler/request_filter.py:46}}
May 25 06:08:38.062201 np0000001370 nova-scheduler[95698]: DEBUG nova.scheduler.request_filter [None req-b4ed8363-a922-4435-bb18-5a9e44585849 tempest-ServerActionsTestOtherB-1170702355 tempest-ServerActionsTestOtherB-1170702355-project-member] Request filter 'remote_managed_ports_filter' took 0.0 seconds {{(pid=95698) wrapper /opt/stack/nova/nova/scheduler/request_filter.py:46}}
May 25 06:08:38.062201 np0000001370 nova-scheduler[95698]: DEBUG nova.scheduler.request_filter [None req-b4ed8363-a922-4435-bb18-5a9e44585849 tempest-ServerActionsTestOtherB-1170702355 tempest-ServerActionsTestOtherB-1170702355-project-member] ephemeral_encryption_filter skipped {{(pid=95698) ephemeral_encryption_filter /opt/stack/nova/nova/scheduler/request_filter.py:426}}
May 25 06:08:38.062201 np0000001370 nova-scheduler[95698]: DEBUG nova.scheduler.request_filter [None req-b4ed8363-a922-4435-bb18-5a9e44585849 tempest-ServerActionsTestOtherB-1170702355 tempest-ServerActionsTestOtherB-1170702355-project-member] virtio_sound_filter skipped {{(pid=95698) virtio_sound_filter /opt/stack/nova/nova/scheduler/request_filter.py:460}}
May 25 06:08:38.062402 np0000001370 nova-scheduler[95698]: DEBUG nova.scheduler.request_filter [None req-b4ed8363-a922-4435-bb18-5a9e44585849 tempest-ServerActionsTestOtherB-1170702355 tempest-ServerActionsTestOtherB-1170702355-project-member] tpm_secret_security_filter skipped {{(pid=95698) tpm_secret_security_filter /opt/stack/nova/nova/scheduler/request_filter.py:477}}
May 25 06:08:38.616704 np0000001370 nova-scheduler[95698]: INFO nova.utils [None req-b4ed8363-a922-4435-bb18-5a9e44585849 tempest-ServerActionsTestOtherB-1170702355 tempest-ServerActionsTestOtherB-1170702355-project-member] The cell worker thread pool ForkProcess-1.cell_worker is initialized
May 25 06:08:38.617044 np0000001370 nova-scheduler[95698]: DEBUG oslo_concurrency.lockutils [None req-b4ed8363-a922-4435-bb18-5a9e44585849 tempest-ServerActionsTestOtherB-1170702355 tempest-ServerActionsTestOtherB-1170702355-project-member] Acquiring lock "868a67aa-f303-407c-8e1d-be8624645cc2" by "nova.context.set_target_cell..get_or_set_cached_cell_and_set_connections" {{(pid=95698) inner /opt/stack/data/venv/lib/python3.12/site-packages/oslo_concurrency/lockutils.py:511}}
May 25 06:08:38.617228 np0000001370 nova-scheduler[95698]: DEBUG oslo_concurrency.lockutils [None req-b4ed8363-a922-4435-bb18-5a9e44585849 tempest-ServerActionsTestOtherB-1170702355 tempest-ServerActionsTestOtherB-1170702355-project-member] Lock "868a67aa-f303-407c-8e1d-be8624645cc2" acquired by "nova.context.set_target_cell..get_or_set_cached_cell_and_set_connections" :: waited 0.000s {{(pid=95698) inner /opt/stack/data/venv/lib/python3.12/site-packages/oslo_concurrency/lockutils.py:524}}
May 25 06:08:38.618654 np0000001370 nova-scheduler[95698]: DEBUG oslo_concurrency.lockutils [None req-b4ed8363-a922-4435-bb18-5a9e44585849 tempest-ServerActionsTestOtherB-1170702355 tempest-ServerActionsTestOtherB-1170702355-project-member] Lock "868a67aa-f303-407c-8e1d-be8624645cc2" "released" by "nova.context.set_target_cell..get_or_set_cached_cell_and_set_connections" :: held 0.001s {{(pid=95698) inner /opt/stack/data/venv/lib/python3.12/site-packages/oslo_concurrency/lockutils.py:543}}
May 25 06:08:38.621080 np0000001370 nova-scheduler[95698]: INFO dbcounter [None req-b4ed8363-a922-4435-bb18-5a9e44585849 tempest-ServerActionsTestOtherB-1170702355 tempest-ServerActionsTestOtherB-1170702355-project-member] Registered counter for database nova_cell1
May 25 06:08:38.626988 np0000001370 nova-scheduler[95698]: DEBUG oslo_db.sqlalchemy.engines [None req-b4ed8363-a922-4435-bb18-5a9e44585849 tempest-ServerActionsTestOtherB-1170702355 tempest-ServerActionsTestOtherB-1170702355-project-member] MySQL server mode set to STRICT_TRANS_TABLES,STRICT_ALL_TABLES,NO_ZERO_IN_DATE,NO_ZERO_DATE,ERROR_FOR_DIVISION_BY_ZERO,TRADITIONAL,NO_ENGINE_SUBSTITUTION {{(pid=95698) _check_effective_sql_mode /opt/stack/data/venv/lib/python3.12/site-packages/oslo_db/sqlalchemy/engines.py:325}}
May 25 06:08:38.632665 np0000001370 nova-scheduler[95698]: DEBUG dbcounter [-] [95698] Writer thread running {{(pid=95698) stat_writer /opt/stack/data/venv/lib/python3.12/site-packages/dbcounter.py:102}}
May 25 06:08:38.648265 np0000001370 nova-scheduler[95698]: DEBUG oslo_db.sqlalchemy.engines [None req-b4ed8363-a922-4435-bb18-5a9e44585849 tempest-ServerActionsTestOtherB-1170702355 tempest-ServerActionsTestOtherB-1170702355-project-member] Parent process 94420 forked (95698) with an open database connection, which is being discarded and recreated. {{(pid=95698) checkout /opt/stack/data/venv/lib/python3.12/site-packages/oslo_db/sqlalchemy/engines.py:402}}
May 25 06:08:38.654584 np0000001370 nova-scheduler[95698]: DEBUG dbcounter [-] [95698] Writer thread running {{(pid=95698) stat_writer /opt/stack/data/venv/lib/python3.12/site-packages/dbcounter.py:102}}
May 25 06:08:38.657602 np0000001370 nova-scheduler[95698]: DEBUG oslo_concurrency.lockutils [None req-b4ed8363-a922-4435-bb18-5a9e44585849 tempest-ServerActionsTestOtherB-1170702355 tempest-ServerActionsTestOtherB-1170702355-project-member] Acquiring lock "868a67aa-f303-407c-8e1d-be8624645cc2" by "nova.context.set_target_cell..get_or_set_cached_cell_and_set_connections" {{(pid=95698) inner /opt/stack/data/venv/lib/python3.12/site-packages/oslo_concurrency/lockutils.py:511}}
May 25 06:08:38.657954 np0000001370 nova-scheduler[95698]: DEBUG oslo_concurrency.lockutils [None req-b4ed8363-a922-4435-bb18-5a9e44585849 tempest-ServerActionsTestOtherB-1170702355 tempest-ServerActionsTestOtherB-1170702355-project-member] Lock "868a67aa-f303-407c-8e1d-be8624645cc2" acquired by "nova.context.set_target_cell..get_or_set_cached_cell_and_set_connections" :: waited 0.000s {{(pid=95698) inner /opt/stack/data/venv/lib/python3.12/site-packages/oslo_concurrency/lockutils.py:524}}
May 25 06:08:38.659326 np0000001370 nova-scheduler[95698]: DEBUG oslo_concurrency.lockutils [None req-b4ed8363-a922-4435-bb18-5a9e44585849 tempest-ServerActionsTestOtherB-1170702355 tempest-ServerActionsTestOtherB-1170702355-project-member] Lock "868a67aa-f303-407c-8e1d-be8624645cc2" "released" by "nova.context.set_target_cell..get_or_set_cached_cell_and_set_connections" :: held 0.000s {{(pid=95698) inner /opt/stack/data/venv/lib/python3.12/site-packages/oslo_concurrency/lockutils.py:543}}
May 25 06:08:38.661498 np0000001370 nova-scheduler[95698]: DEBUG oslo_concurrency.lockutils [None req-b4ed8363-a922-4435-bb18-5a9e44585849 tempest-ServerActionsTestOtherB-1170702355 tempest-ServerActionsTestOtherB-1170702355-project-member] Acquiring lock "('np0000001370', 'np0000001370')" by "nova.scheduler.host_manager.HostState.update.._locked_update" {{(pid=95698) inner /opt/stack/data/venv/lib/python3.12/site-packages/oslo_concurrency/lockutils.py:511}}
May 25 06:08:38.661659 np0000001370 nova-scheduler[95698]: DEBUG oslo_concurrency.lockutils [None req-b4ed8363-a922-4435-bb18-5a9e44585849 tempest-ServerActionsTestOtherB-1170702355 tempest-ServerActionsTestOtherB-1170702355-project-member] Lock "('np0000001370', 'np0000001370')" acquired by "nova.scheduler.host_manager.HostState.update.._locked_update" :: waited 0.000s {{(pid=95698) inner /opt/stack/data/venv/lib/python3.12/site-packages/oslo_concurrency/lockutils.py:524}}
May 25 06:08:38.663271 np0000001370 nova-scheduler[95698]: DEBUG nova.scheduler.host_manager [None req-b4ed8363-a922-4435-bb18-5a9e44585849 tempest-ServerActionsTestOtherB-1170702355 tempest-ServerActionsTestOtherB-1170702355-project-member] Update host state from compute node: ComputeNode(cpu_allocation_ratio=4.0,cpu_info='{"arch": "x86_64", "model": "EPYC-Milan", "vendor": "AMD", "topology": {"cells": 1, "sockets": 12, "cores": 1, "threads": 1}, "maxphysaddr": {"mode": "emulate", "bits": 40}, "features": ["cx16", "rdtscp", "clflushopt", "lahf_lm", "fxsr_opt", "tsc-scale", "pge", "pni", "rdpid", "fma", "smep", "flushbyasid", "ssbd", "vgif", "virt-ssbd", "invpcid", "mds-no", "rdrand", "pae", "vme", "abm", "wbnoinvd", "aes", "fxsr", "hypervisor", "nrip-save", "pat", "lfence-always-serializing", "svm", "tsc_adjust", "pku", "xsaves", "amd-ssbd", "pdpe1gb", "xsavec", "pse", "npt", "osvw", "bmi1", "amd-psfd", "lm", "perfctr_core", "x2apic", "stibp-always-on", "fsrm", "xsave", "popcnt", "mce", "de", "adx", "cmov", "ibrs", "xsaveopt", "nx", "sse2", "cx8", "bmi2", "fpu", "arch-capabilities", "cr8legacy", "ibpb", "sep", "spec-ctrl", "pclmuldq", "rdctl-no", "movbe", "cmp_legacy", "f16c", "vaes", "avx", "pcid", "clzero", "pfthreshold", "no-nested-data-bp", "pse36", "mmx", "sse4.1", "mca", "tsc-deadline", "gds-no", "sha-ni", "topoext", "fsgsbase", "null-sel-clr-base", "umip", "v-vmsave-vmload", "apic", "misalignsse", "svme-addr-chk", "clwb", "rdseed", "stibp", "vmcb-clean", "vpclmulqdq", "pschange-mc-no", "msr", "amd-stibp", "tsc", "arat", "ssse3", "skip-l1dfl-vmentry", "mtrr", "syscall", "lbrv", "sse", "erms", "smap", "xsaveerptr", "clflush", "xgetbv1", "mmxext", "sse4a", "pause-filter", "avx2", "3dnowprefetch", "sse4.2"]}',created_at=2026-05-25T06:06:17Z,current_workload=0,deleted=False,deleted_at=None,disk_allocation_ratio=1.0,disk_available_least=74,free_disk_gb=95,free_ram_mb=23518,host='np0000001370',host_ip=10.4.3.127,hypervisor_hostname='np0000001370',hypervisor_type='QEMU',hypervisor_version=8002002,id=1,local_gb=95,local_gb_used=0,mapped=1,memory_mb=24030,memory_mb_used=512,metrics='[]',numa_topology='{"nova_object.name": "NUMATopology", "nova_object.namespace": "nova", "nova_object.version": "1.2", "nova_object.data": {"cells": [{"nova_object.name": "NUMACell", "nova_object.namespace": "nova", "nova_object.version": "1.5", "nova_object.data": {"id": 0, "cpuset": [0, 1, 2, 3, 4, 5, 6, 7, 8, 9, 10, 11], "pcpuset": [0, 1, 2, 3, 4, 5, 6, 7, 8, 9, 10, 11], "memory": 24030, "cpu_usage": 0, "memory_usage": 0, "pinned_cpus": [], "siblings": [[6], [2], [5], [11], [8], [4], [1], [7], [10], [0], [3], [9]], "mempages": [{"nova_object.name": "NUMAPagesTopology", "nova_object.namespace": "nova", "nova_object.version": "1.1", "nova_object.data": {"size_kb": 4, "total": 6151798, "used": 0, "reserved": 0}, "nova_object.changes": ["total", "used", "size_kb", "reserved"]}, {"nova_object.name": "NUMAPagesTopology", "nova_object.namespace": "nova", "nova_object.version": "1.1", "nova_object.data": {"size_kb": 2048, "total": 0, "used": 0, "reserved": 0}, "nova_object.changes": ["total", "used", "size_kb", "reserved"]}, {"nova_object.name": "NUMAPagesTopology", "nova_object.namespace": "nova", "nova_object.version": "1.1", "nova_object.data": {"size_kb": 1048576, "total": 0, "used": 0, "reserved": 0}, "nova_object.changes": ["total", "used", "size_kb", "reserved"]}], "network_metadata": {"nova_object.name": "NetworkMetadata", "nova_object.namespace": "nova", "nova_object.version": "1.0", "nova_object.data": {"physnets": [], "tunneled": false}, "nova_object.changes": ["physnets", "tunneled"]}, "socket": null}, "nova_object.changes": ["cpuset", "pcpuset", "socket", "network_metadata", "id", "memory", "cpu_usage", "siblings", "memory_usage", "mempages", "pinned_cpus"]}]}, "nova_object.changes": ["cells"]}',pci_device_pools=PciDevicePoolList,ram_allocation_ratio=1.0,running_vms=0,service_id=2,stats={failed_builds='0',uptime=' 06:08:04 up 25 min, 2 users, load average: 1.01, 1.18, 0.72
May 25 06:08:38.663271 np0000001370 nova-scheduler[95698]: '},supported_hv_specs=[HVSpec,HVSpec,HVSpec,HVSpec,HVSpec,HVSpec,HVSpec,HVSpec,HVSpec,HVSpec,HVSpec,HVSpec,HVSpec,HVSpec,HVSpec,HVSpec,HVSpec,HVSpec,HVSpec,HVSpec,HVSpec,HVSpec,HVSpec,HVSpec,HVSpec],updated_at=2026-05-25T06:08:06Z,uuid=9c490e10-1f39-4d04-b0ae-1b2405d041b7,vcpus=12,vcpus_used=0) {{(pid=95698) _locked_update /opt/stack/nova/nova/scheduler/host_manager.py:168}}
May 25 06:08:38.664135 np0000001370 nova-scheduler[95698]: DEBUG nova.scheduler.host_manager [None req-b4ed8363-a922-4435-bb18-5a9e44585849 tempest-ServerActionsTestOtherB-1170702355 tempest-ServerActionsTestOtherB-1170702355-project-member] Update host state with aggregates: [] {{(pid=95698) _locked_update /opt/stack/nova/nova/scheduler/host_manager.py:171}}
May 25 06:08:38.664254 np0000001370 nova-scheduler[95698]: DEBUG nova.scheduler.host_manager [None req-b4ed8363-a922-4435-bb18-5a9e44585849 tempest-ServerActionsTestOtherB-1170702355 tempest-ServerActionsTestOtherB-1170702355-project-member] Update host state with service dict: {'id': 2, 'uuid': 'b23be039-3f30-453e-a84c-414664a99851', 'host': 'np0000001370', 'binary': 'nova-compute', 'topic': 'compute', 'report_count': 2, 'disabled': False, 'disabled_reason': None, 'last_seen_up': datetime.datetime(2026, 5, 25, 6, 8, 26, tzinfo=datetime.timezone.utc), 'forced_down': False, 'version': 72, 'created_at': datetime.datetime(2026, 5, 25, 6, 6, 16, tzinfo=datetime.timezone.utc), 'updated_at': datetime.datetime(2026, 5, 25, 6, 8, 26, tzinfo=datetime.timezone.utc), 'deleted_at': None, 'deleted': False} {{(pid=95698) _locked_update /opt/stack/nova/nova/scheduler/host_manager.py:174}}
May 25 06:08:38.664628 np0000001370 nova-scheduler[95698]: DEBUG nova.scheduler.host_manager [None req-b4ed8363-a922-4435-bb18-5a9e44585849 tempest-ServerActionsTestOtherB-1170702355 tempest-ServerActionsTestOtherB-1170702355-project-member] Update host state with instances: [] {{(pid=95698) _locked_update /opt/stack/nova/nova/scheduler/host_manager.py:177}}
May 25 06:08:38.664916 np0000001370 nova-scheduler[95698]: DEBUG oslo_concurrency.lockutils [None req-b4ed8363-a922-4435-bb18-5a9e44585849 tempest-ServerActionsTestOtherB-1170702355 tempest-ServerActionsTestOtherB-1170702355-project-member] Lock "('np0000001370', 'np0000001370')" "released" by "nova.scheduler.host_manager.HostState.update.._locked_update" :: held 0.003s {{(pid=95698) inner /opt/stack/data/venv/lib/python3.12/site-packages/oslo_concurrency/lockutils.py:543}}
May 25 06:08:38.665516 np0000001370 nova-scheduler[95698]: DEBUG nova.filters [None req-b4ed8363-a922-4435-bb18-5a9e44585849 tempest-ServerActionsTestOtherB-1170702355 tempest-ServerActionsTestOtherB-1170702355-project-member] Starting with 1 host(s) {{(pid=95698) get_filtered_objects /opt/stack/nova/nova/filters.py:70}}
May 25 06:08:38.665835 np0000001370 nova-scheduler[95698]: DEBUG nova.filters [None req-b4ed8363-a922-4435-bb18-5a9e44585849 tempest-ServerActionsTestOtherB-1170702355 tempest-ServerActionsTestOtherB-1170702355-project-member] Filter ComputeFilter returned 1 host(s) {{(pid=95698) get_filtered_objects /opt/stack/nova/nova/filters.py:102}}
May 25 06:08:38.666087 np0000001370 nova-scheduler[95698]: DEBUG nova.filters [None req-b4ed8363-a922-4435-bb18-5a9e44585849 tempest-ServerActionsTestOtherB-1170702355 tempest-ServerActionsTestOtherB-1170702355-project-member] Filter ComputeCapabilitiesFilter returned 1 host(s) {{(pid=95698) get_filtered_objects /opt/stack/nova/nova/filters.py:102}}
May 25 06:08:38.666402 np0000001370 nova-scheduler[95698]: DEBUG nova.filters [None req-b4ed8363-a922-4435-bb18-5a9e44585849 tempest-ServerActionsTestOtherB-1170702355 tempest-ServerActionsTestOtherB-1170702355-project-member] Filter ImagePropertiesFilter returned 1 host(s) {{(pid=95698) get_filtered_objects /opt/stack/nova/nova/filters.py:102}}
May 25 06:08:38.666671 np0000001370 nova-scheduler[95698]: DEBUG nova.filters [None req-b4ed8363-a922-4435-bb18-5a9e44585849 tempest-ServerActionsTestOtherB-1170702355 tempest-ServerActionsTestOtherB-1170702355-project-member] Filter ServerGroupAntiAffinityFilter returned 1 host(s) {{(pid=95698) get_filtered_objects /opt/stack/nova/nova/filters.py:102}}
May 25 06:08:38.666892 np0000001370 nova-scheduler[95698]: DEBUG nova.filters [None req-b4ed8363-a922-4435-bb18-5a9e44585849 tempest-ServerActionsTestOtherB-1170702355 tempest-ServerActionsTestOtherB-1170702355-project-member] Filter ServerGroupAffinityFilter returned 1 host(s) {{(pid=95698) get_filtered_objects /opt/stack/nova/nova/filters.py:102}}
May 25 06:08:38.667133 np0000001370 nova-scheduler[95698]: DEBUG nova.filters [None req-b4ed8363-a922-4435-bb18-5a9e44585849 tempest-ServerActionsTestOtherB-1170702355 tempest-ServerActionsTestOtherB-1170702355-project-member] Filter SameHostFilter returned 1 host(s) {{(pid=95698) get_filtered_objects /opt/stack/nova/nova/filters.py:102}}
May 25 06:08:38.667310 np0000001370 nova-scheduler[95698]: DEBUG nova.filters [None req-b4ed8363-a922-4435-bb18-5a9e44585849 tempest-ServerActionsTestOtherB-1170702355 tempest-ServerActionsTestOtherB-1170702355-project-member] Filter DifferentHostFilter returned 1 host(s) {{(pid=95698) get_filtered_objects /opt/stack/nova/nova/filters.py:102}}
May 25 06:08:38.667500 np0000001370 nova-scheduler[95698]: DEBUG nova.scheduler.manager [None req-b4ed8363-a922-4435-bb18-5a9e44585849 tempest-ServerActionsTestOtherB-1170702355 tempest-ServerActionsTestOtherB-1170702355-project-member] Filtered [(np0000001370, np0000001370) ram: 23518MB disk: 75776MB io_ops: 0 instances: 0, allocation_candidates: 1] {{(pid=95698) _get_sorted_hosts /opt/stack/nova/nova/scheduler/manager.py:743}}
May 25 06:08:38.667840 np0000001370 nova-scheduler[95698]: DEBUG nova.scheduler.manager [None req-b4ed8363-a922-4435-bb18-5a9e44585849 tempest-ServerActionsTestOtherB-1170702355 tempest-ServerActionsTestOtherB-1170702355-project-member] Weighed [WeighedHost [host: (np0000001370, np0000001370) ram: 23518MB disk: 75776MB io_ops: 0 instances: 0, allocation_candidates: 1, weight: 0.0]] {{(pid=95698) _get_sorted_hosts /opt/stack/nova/nova/scheduler/manager.py:765}}
May 25 06:08:38.668071 np0000001370 nova-scheduler[95698]: DEBUG nova.scheduler.utils [None req-b4ed8363-a922-4435-bb18-5a9e44585849 tempest-ServerActionsTestOtherB-1170702355 tempest-ServerActionsTestOtherB-1170702355-project-member] Attempting to claim resources in the placement API for instance 32943518-1958-43cb-abaa-7cb7f795df32 {{(pid=95698) claim_resources /opt/stack/nova/nova/scheduler/utils.py:1304}}
May 25 06:08:38.862635 np0000001370 nova-scheduler[95698]: DEBUG nova.scheduler.manager [None req-b4ed8363-a922-4435-bb18-5a9e44585849 tempest-ServerActionsTestOtherB-1170702355 tempest-ServerActionsTestOtherB-1170702355-project-member] [instance: 32943518-1958-43cb-abaa-7cb7f795df32] Selected host: (np0000001370, np0000001370) ram: 23518MB disk: 75776MB io_ops: 0 instances: 0, allocation_candidates: 1 {{(pid=95698) _consume_selected_host /opt/stack/nova/nova/scheduler/manager.py:625}}
May 25 06:08:38.863864 np0000001370 nova-scheduler[95698]: DEBUG oslo_concurrency.lockutils [None req-b4ed8363-a922-4435-bb18-5a9e44585849 tempest-ServerActionsTestOtherB-1170702355 tempest-ServerActionsTestOtherB-1170702355-project-member] Acquiring lock "('np0000001370', 'np0000001370')" by "nova.scheduler.host_manager.HostState.consume_from_request.._locked" {{(pid=95698) inner /opt/stack/data/venv/lib/python3.12/site-packages/oslo_concurrency/lockutils.py:511}}
May 25 06:08:38.863864 np0000001370 nova-scheduler[95698]: DEBUG oslo_concurrency.lockutils [None req-b4ed8363-a922-4435-bb18-5a9e44585849 tempest-ServerActionsTestOtherB-1170702355 tempest-ServerActionsTestOtherB-1170702355-project-member] Lock "('np0000001370', 'np0000001370')" acquired by "nova.scheduler.host_manager.HostState.consume_from_request.._locked" :: waited 0.001s {{(pid=95698) inner /opt/stack/data/venv/lib/python3.12/site-packages/oslo_concurrency/lockutils.py:524}}
May 25 06:08:38.864175 np0000001370 nova-scheduler[95698]: DEBUG oslo_concurrency.lockutils [None req-b4ed8363-a922-4435-bb18-5a9e44585849 tempest-ServerActionsTestOtherB-1170702355 tempest-ServerActionsTestOtherB-1170702355-project-member] Lock "('np0000001370', 'np0000001370')" "released" by "nova.scheduler.host_manager.HostState.consume_from_request.._locked" :: held 0.001s {{(pid=95698) inner /opt/stack/data/venv/lib/python3.12/site-packages/oslo_concurrency/lockutils.py:543}}
May 25 06:08:44.605833 np0000001370 nova-scheduler[95702]: DEBUG nova.scheduler.manager [None req-3dc9597e-bf63-4026-99a5-05e29cf5e214 tempest-ServerActionsTestOtherA-1541522678 tempest-ServerActionsTestOtherA-1541522678-project-member] Starting to schedule for instances: ['347febfd-3a4e-42d6-b306-99ce685ec130'] {{(pid=95702) select_destinations /opt/stack/nova/nova/scheduler/manager.py:210}}
May 25 06:08:44.606462 np0000001370 nova-scheduler[95702]: DEBUG nova.scheduler.request_filter [None req-3dc9597e-bf63-4026-99a5-05e29cf5e214 tempest-ServerActionsTestOtherA-1541522678 tempest-ServerActionsTestOtherA-1541522678-project-member] compute_status_filter request filter added forbidden trait COMPUTE_STATUS_DISABLED {{(pid=95702) compute_status_filter /opt/stack/nova/nova/scheduler/request_filter.py:253}}
May 25 06:08:44.606612 np0000001370 nova-scheduler[95702]: DEBUG nova.scheduler.request_filter [None req-3dc9597e-bf63-4026-99a5-05e29cf5e214 tempest-ServerActionsTestOtherA-1541522678 tempest-ServerActionsTestOtherA-1541522678-project-member] Request filter 'compute_status_filter' took 0.0 seconds {{(pid=95702) wrapper /opt/stack/nova/nova/scheduler/request_filter.py:46}}
May 25 06:08:44.606926 np0000001370 nova-scheduler[95702]: DEBUG nova.scheduler.request_filter [None req-3dc9597e-bf63-4026-99a5-05e29cf5e214 tempest-ServerActionsTestOtherA-1541522678 tempest-ServerActionsTestOtherA-1541522678-project-member] Request filter 'accelerators_filter' took 0.0 seconds {{(pid=95702) wrapper /opt/stack/nova/nova/scheduler/request_filter.py:46}}
May 25 06:08:44.607144 np0000001370 nova-scheduler[95702]: DEBUG nova.scheduler.request_filter [None req-3dc9597e-bf63-4026-99a5-05e29cf5e214 tempest-ServerActionsTestOtherA-1541522678 tempest-ServerActionsTestOtherA-1541522678-project-member] Request filter 'packed_virtqueue_filter' took 0.0 seconds {{(pid=95702) wrapper /opt/stack/nova/nova/scheduler/request_filter.py:46}}
May 25 06:08:44.607480 np0000001370 nova-scheduler[95702]: DEBUG nova.scheduler.request_filter [None req-3dc9597e-bf63-4026-99a5-05e29cf5e214 tempest-ServerActionsTestOtherA-1541522678 tempest-ServerActionsTestOtherA-1541522678-project-member] Request filter 'remote_managed_ports_filter' took 0.0 seconds {{(pid=95702) wrapper /opt/stack/nova/nova/scheduler/request_filter.py:46}}
May 25 06:08:44.607674 np0000001370 nova-scheduler[95702]: DEBUG nova.scheduler.request_filter [None req-3dc9597e-bf63-4026-99a5-05e29cf5e214 tempest-ServerActionsTestOtherA-1541522678 tempest-ServerActionsTestOtherA-1541522678-project-member] ephemeral_encryption_filter skipped {{(pid=95702) ephemeral_encryption_filter /opt/stack/nova/nova/scheduler/request_filter.py:426}}
May 25 06:08:44.607847 np0000001370 nova-scheduler[95702]: DEBUG nova.scheduler.request_filter [None req-3dc9597e-bf63-4026-99a5-05e29cf5e214 tempest-ServerActionsTestOtherA-1541522678 tempest-ServerActionsTestOtherA-1541522678-project-member] virtio_sound_filter skipped {{(pid=95702) virtio_sound_filter /opt/stack/nova/nova/scheduler/request_filter.py:460}}
May 25 06:08:44.608313 np0000001370 nova-scheduler[95702]: DEBUG nova.scheduler.request_filter [None req-3dc9597e-bf63-4026-99a5-05e29cf5e214 tempest-ServerActionsTestOtherA-1541522678 tempest-ServerActionsTestOtherA-1541522678-project-member] tpm_secret_security_filter skipped {{(pid=95702) tpm_secret_security_filter /opt/stack/nova/nova/scheduler/request_filter.py:477}}
May 25 06:08:44.722115 np0000001370 nova-scheduler[95702]: INFO nova.utils [None req-3dc9597e-bf63-4026-99a5-05e29cf5e214 tempest-ServerActionsTestOtherA-1541522678 tempest-ServerActionsTestOtherA-1541522678-project-member] The cell worker thread pool ForkProcess-3.cell_worker is initialized
May 25 06:08:44.722675 np0000001370 nova-scheduler[95702]: DEBUG oslo_concurrency.lockutils [None req-3dc9597e-bf63-4026-99a5-05e29cf5e214 tempest-ServerActionsTestOtherA-1541522678 tempest-ServerActionsTestOtherA-1541522678-project-member] Acquiring lock "868a67aa-f303-407c-8e1d-be8624645cc2" by "nova.context.set_target_cell..get_or_set_cached_cell_and_set_connections" {{(pid=95702) inner /opt/stack/data/venv/lib/python3.12/site-packages/oslo_concurrency/lockutils.py:511}}
May 25 06:08:44.723160 np0000001370 nova-scheduler[95702]: DEBUG oslo_concurrency.lockutils [None req-3dc9597e-bf63-4026-99a5-05e29cf5e214 tempest-ServerActionsTestOtherA-1541522678 tempest-ServerActionsTestOtherA-1541522678-project-member] Lock "868a67aa-f303-407c-8e1d-be8624645cc2" acquired by "nova.context.set_target_cell..get_or_set_cached_cell_and_set_connections" :: waited 0.000s {{(pid=95702) inner /opt/stack/data/venv/lib/python3.12/site-packages/oslo_concurrency/lockutils.py:524}}
May 25 06:08:44.725206 np0000001370 nova-scheduler[95702]: DEBUG oslo_concurrency.lockutils [None req-3dc9597e-bf63-4026-99a5-05e29cf5e214 tempest-ServerActionsTestOtherA-1541522678 tempest-ServerActionsTestOtherA-1541522678-project-member] Lock "868a67aa-f303-407c-8e1d-be8624645cc2" "released" by "nova.context.set_target_cell..get_or_set_cached_cell_and_set_connections" :: held 0.002s {{(pid=95702) inner /opt/stack/data/venv/lib/python3.12/site-packages/oslo_concurrency/lockutils.py:543}}
May 25 06:08:44.727159 np0000001370 nova-scheduler[95702]: INFO dbcounter [None req-3dc9597e-bf63-4026-99a5-05e29cf5e214 tempest-ServerActionsTestOtherA-1541522678 tempest-ServerActionsTestOtherA-1541522678-project-member] Registered counter for database nova_cell1
May 25 06:08:44.734218 np0000001370 nova-scheduler[95702]: DEBUG oslo_db.sqlalchemy.engines [None req-3dc9597e-bf63-4026-99a5-05e29cf5e214 tempest-ServerActionsTestOtherA-1541522678 tempest-ServerActionsTestOtherA-1541522678-project-member] MySQL server mode set to STRICT_TRANS_TABLES,STRICT_ALL_TABLES,NO_ZERO_IN_DATE,NO_ZERO_DATE,ERROR_FOR_DIVISION_BY_ZERO,TRADITIONAL,NO_ENGINE_SUBSTITUTION {{(pid=95702) _check_effective_sql_mode /opt/stack/data/venv/lib/python3.12/site-packages/oslo_db/sqlalchemy/engines.py:325}}
May 25 06:08:44.739946 np0000001370 nova-scheduler[95702]: DEBUG dbcounter [-] [95702] Writer thread running {{(pid=95702) stat_writer /opt/stack/data/venv/lib/python3.12/site-packages/dbcounter.py:102}}
May 25 06:08:44.760300 np0000001370 nova-scheduler[95702]: DEBUG dbcounter [-] [95702] Writer thread running {{(pid=95702) stat_writer /opt/stack/data/venv/lib/python3.12/site-packages/dbcounter.py:102}}
May 25 06:08:44.763618 np0000001370 nova-scheduler[95702]: DEBUG oslo_concurrency.lockutils [None req-3dc9597e-bf63-4026-99a5-05e29cf5e214 tempest-ServerActionsTestOtherA-1541522678 tempest-ServerActionsTestOtherA-1541522678-project-member] Acquiring lock "868a67aa-f303-407c-8e1d-be8624645cc2" by "nova.context.set_target_cell..get_or_set_cached_cell_and_set_connections" {{(pid=95702) inner /opt/stack/data/venv/lib/python3.12/site-packages/oslo_concurrency/lockutils.py:511}}
May 25 06:08:44.764268 np0000001370 nova-scheduler[95702]: DEBUG oslo_concurrency.lockutils [None req-3dc9597e-bf63-4026-99a5-05e29cf5e214 tempest-ServerActionsTestOtherA-1541522678 tempest-ServerActionsTestOtherA-1541522678-project-member] Lock "868a67aa-f303-407c-8e1d-be8624645cc2" acquired by "nova.context.set_target_cell..get_or_set_cached_cell_and_set_connections" :: waited 0.000s {{(pid=95702) inner /opt/stack/data/venv/lib/python3.12/site-packages/oslo_concurrency/lockutils.py:524}}
May 25 06:08:44.764268 np0000001370 nova-scheduler[95702]: DEBUG oslo_concurrency.lockutils [None req-3dc9597e-bf63-4026-99a5-05e29cf5e214 tempest-ServerActionsTestOtherA-1541522678 tempest-ServerActionsTestOtherA-1541522678-project-member] Lock "868a67aa-f303-407c-8e1d-be8624645cc2" "released" by "nova.context.set_target_cell..get_or_set_cached_cell_and_set_connections" :: held 0.000s {{(pid=95702) inner /opt/stack/data/venv/lib/python3.12/site-packages/oslo_concurrency/lockutils.py:543}}
May 25 06:08:44.770335 np0000001370 nova-scheduler[95702]: DEBUG oslo_concurrency.lockutils [None req-3dc9597e-bf63-4026-99a5-05e29cf5e214 tempest-ServerActionsTestOtherA-1541522678 tempest-ServerActionsTestOtherA-1541522678-project-member] Acquiring lock "('np0000001370', 'np0000001370')" by "nova.scheduler.host_manager.HostState.update.._locked_update" {{(pid=95702) inner /opt/stack/data/venv/lib/python3.12/site-packages/oslo_concurrency/lockutils.py:511}}
May 25 06:08:44.770508 np0000001370 nova-scheduler[95702]: DEBUG oslo_concurrency.lockutils [None req-3dc9597e-bf63-4026-99a5-05e29cf5e214 tempest-ServerActionsTestOtherA-1541522678 tempest-ServerActionsTestOtherA-1541522678-project-member] Lock "('np0000001370', 'np0000001370')" acquired by "nova.scheduler.host_manager.HostState.update.._locked_update" :: waited 0.000s {{(pid=95702) inner /opt/stack/data/venv/lib/python3.12/site-packages/oslo_concurrency/lockutils.py:524}}
