Jun 17 07:47:46.379151 np0000003014 devstack@g-api.service[98869]: DEBUG glance.api.middleware.version_negotiation [None req-c9c8053d-ffc8-45a2-9ec6-540af5946c4f tempest-TestInstancesWithCinderVolumes-1482291547 tempest-TestInstancesWithCinderVolumes-1482291547-project-member] Using url versioning {{(pid=98869) process_request /opt/stack/glance/glance/api/middleware/version_negotiation.py:57}}
Jun 17 07:47:46.379281 np0000003014 devstack@g-api.service[98869]: DEBUG glance.api.middleware.version_negotiation [None req-c9c8053d-ffc8-45a2-9ec6-540af5946c4f tempest-TestInstancesWithCinderVolumes-1482291547 tempest-TestInstancesWithCinderVolumes-1482291547-project-member] Matched version: v2 {{(pid=98869) process_request /opt/stack/glance/glance/api/middleware/version_negotiation.py:69}}
Jun 17 07:47:46.379369 np0000003014 devstack@g-api.service[98869]: DEBUG glance.api.middleware.version_negotiation [None req-c9c8053d-ffc8-45a2-9ec6-540af5946c4f tempest-TestInstancesWithCinderVolumes-1482291547 tempest-TestInstancesWithCinderVolumes-1482291547-project-member] new path /v2/images/5e52a645-fd10-4acd-9183-ca2c9a849816 {{(pid=98869) process_request /opt/stack/glance/glance/api/middleware/version_negotiation.py:70}}
Jun 17 07:47:46.389009 np0000003014 devstack@g-api.service[98869]: [pid: 98869|app: 0|req: 70/138] 127.0.0.1 () {44 vars in 1115 bytes} [Wed Jun 17 07:47:46 2026] GET /v2/images/5e52a645-fd10-4acd-9183-ca2c9a849816 => generated 811 bytes in 10 msecs (HTTP/1.1 200) 4 headers in 157 bytes (1 switches on core 0)
Jun 17 07:47:46.404174 np0000003014 devstack@g-api.service[98868]: DEBUG glance.api.middleware.version_negotiation [None req-c9c8053d-ffc8-45a2-9ec6-540af5946c4f tempest-TestInstancesWithCinderVolumes-1482291547 tempest-TestInstancesWithCinderVolumes-1482291547-project-member] Determining version of request: GET /v2/schemas/image Accept: */* {{(pid=98868) process_request /opt/stack/glance/glance/api/middleware/version_negotiation.py:44}}
Jun 17 07:47:46.404174 np0000003014 devstack@g-api.service[98868]: DEBUG glance.api.middleware.version_negotiation [None req-c9c8053d-ffc8-45a2-9ec6-540af5946c4f tempest-TestInstancesWithCinderVolumes-1482291547 tempest-TestInstancesWithCinderVolumes-1482291547-project-member] Using url versioning {{(pid=98868) process_request /opt/stack/glance/glance/api/middleware/version_negotiation.py:57}}
Jun 17 07:47:46.404174 np0000003014 devstack@g-api.service[98868]: DEBUG glance.api.middleware.version_negotiation [None req-c9c8053d-ffc8-45a2-9ec6-540af5946c4f tempest-TestInstancesWithCinderVolumes-1482291547 tempest-TestInstancesWithCinderVolumes-1482291547-project-member] Matched version: v2 {{(pid=98868) process_request /opt/stack/glance/glance/api/middleware/version_negotiation.py:69}}
Jun 17 07:47:46.404174 np0000003014 devstack@g-api.service[98868]: DEBUG glance.api.middleware.version_negotiation [None req-c9c8053d-ffc8-45a2-9ec6-540af5946c4f tempest-TestInstancesWithCinderVolumes-1482291547 tempest-TestInstancesWithCinderVolumes-1482291547-project-member] new path /v2/schemas/image {{(pid=98868) process_request /opt/stack/glance/glance/api/middleware/version_negotiation.py:70}}
Jun 17 07:47:46.406608 np0000003014 devstack@g-api.service[98868]: [pid: 98868|app: 0|req: 69/139] 127.0.0.1 () {44 vars in 1055 bytes} [Wed Jun 17 07:47:46 2026] GET /v2/schemas/image => generated 6083 bytes in 3 msecs (HTTP/1.1 200) 4 headers in 158 bytes (1 switches on core 0)
Jun 17 07:47:47.069792 np0000003014 devstack@g-api.service[98869]: DEBUG glance.api.middleware.version_negotiation [None req-c9c8053d-ffc8-45a2-9ec6-540af5946c4f tempest-TestInstancesWithCinderVolumes-1482291547 tempest-TestInstancesWithCinderVolumes-1482291547-project-member] Determining version of request: DELETE /v2/images/a2142fc1-9c62-4a3c-ae1e-5fdd8c048351 Accept: application/json {{(pid=98869) process_request /opt/stack/glance/glance/api/middleware/version_negotiation.py:44}}
Jun 17 07:47:47.070753 np0000003014 devstack@g-api.service[98869]: DEBUG glance.api.middleware.version_negotiation [None req-c9c8053d-ffc8-45a2-9ec6-540af5946c4f tempest-TestInstancesWithCinderVolumes-1482291547 tempest-TestInstancesWithCinderVolumes-1482291547-project-member] Using url versioning {{(pid=98869) process_request /opt/stack/glance/glance/api/middleware/version_negotiation.py:57}}
Jun 17 07:47:47.071184 np0000003014 devstack@g-api.service[98869]: DEBUG glance.api.middleware.version_negotiation [None req-c9c8053d-ffc8-45a2-9ec6-540af5946c4f tempest-TestInstancesWithCinderVolumes-1482291547 tempest-TestInstancesWithCinderVolumes-1482291547-project-member] Matched version: v2 {{(pid=98869) process_request /opt/stack/glance/glance/api/middleware/version_negotiation.py:69}}
Jun 17 07:47:47.071553 np0000003014 devstack@g-api.service[98869]: DEBUG glance.api.middleware.version_negotiation [None req-c9c8053d-ffc8-45a2-9ec6-540af5946c4f tempest-TestInstancesWithCinderVolumes-1482291547 tempest-TestInstancesWithCinderVolumes-1482291547-project-member] new path /v2/images/a2142fc1-9c62-4a3c-ae1e-5fdd8c048351 {{(pid=98869) process_request /opt/stack/glance/glance/api/middleware/version_negotiation.py:70}}
Jun 17 07:47:47.088731 np0000003014 devstack@g-api.service[98869]: WARNING glance.api.v2.images [None req-7bef6842-6d1c-40cb-9494-0a414e053774 tempest-AttachSCSIVolumeTestJSON-408495024 tempest-AttachSCSIVolumeTestJSON-408495024-project-admin] After upload to backend, deletion of staged image data has failed because it cannot be found at /tmp/staging//a2142fc1-9c62-4a3c-ae1e-5fdd8c048351
Jun 17 07:47:47.089912 np0000003014 devstack@g-api.service[98869]: DEBUG glance_store.backend [None req-7bef6842-6d1c-40cb-9494-0a414e053774 tempest-AttachSCSIVolumeTestJSON-408495024 tempest-AttachSCSIVolumeTestJSON-408495024-project-admin] Attempting to import store swift {{(pid=98869) _load_store /opt/stack/data/venv/lib/python3.12/site-packages/glance_store/backend.py:215}}
Jun 17 07:47:47.092436 np0000003014 devstack@g-api.service[98869]: DEBUG glance_store.capabilities [None req-7bef6842-6d1c-40cb-9494-0a414e053774 tempest-AttachSCSIVolumeTestJSON-408495024 tempest-AttachSCSIVolumeTestJSON-408495024-project-admin] Store glance_store._drivers.swift.store.SingleTenantStore doesn't support updating dynamic storage capabilities. Please overwrite 'update_capabilities' method of the store to implement updating logics if needed. {{(pid=98869) update_capabilities /opt/stack/data/venv/lib/python3.12/site-packages/glance_store/capabilities.py:91}}
Jun 17 07:47:47.092958 np0000003014 devstack@g-api.service[98868]: DEBUG glance.api.middleware.version_negotiation [None req-c9c8053d-ffc8-45a2-9ec6-540af5946c4f tempest-TestInstancesWithCinderVolumes-1482291547 tempest-TestInstancesWithCinderVolumes-1482291547-project-member] Determining version of request: GET /v2/images/5e52a645-fd10-4acd-9183-ca2c9a849816 Accept: */* {{(pid=98868) process_request /opt/stack/glance/glance/api/middleware/version_negotiation.py:44}}
Jun 17 07:47:47.093979 np0000003014 devstack@g-api.service[98869]: DEBUG glance_store.driver [None req-7bef6842-6d1c-40cb-9494-0a414e053774 tempest-AttachSCSIVolumeTestJSON-408495024 tempest-AttachSCSIVolumeTestJSON-408495024-project-admin] Late loading location class glance_store._drivers.swift.store.StoreLocation {{(pid=98869) get_store_location_class /opt/stack/data/venv/lib/python3.12/site-packages/glance_store/driver.py:134}}
Jun 17 07:47:47.094033 np0000003014 devstack@g-api.service[98868]: DEBUG glance.api.middleware.version_negotiation [None req-c9c8053d-ffc8-45a2-9ec6-540af5946c4f tempest-TestInstancesWithCinderVolumes-1482291547 tempest-TestInstancesWithCinderVolumes-1482291547-project-member] Using url versioning {{(pid=98868) process_request /opt/stack/glance/glance/api/middleware/version_negotiation.py:57}}
Jun 17 07:47:47.094075 np0000003014 devstack@g-api.service[98869]: DEBUG glance_store.location [None req-7bef6842-6d1c-40cb-9494-0a414e053774 tempest-AttachSCSIVolumeTestJSON-408495024 tempest-AttachSCSIVolumeTestJSON-408495024-project-admin] Registering scheme swift+https with {'store': , 'location_class': , 'store_entry': 'swift'} {{(pid=98869) register_scheme_map /opt/stack/data/venv/lib/python3.12/site-packages/glance_store/location.py:146}}
Jun 17 07:47:47.094145 np0000003014 devstack@g-api.service[98868]: DEBUG glance.api.middleware.version_negotiation [None req-c9c8053d-ffc8-45a2-9ec6-540af5946c4f tempest-TestInstancesWithCinderVolumes-1482291547 tempest-TestInstancesWithCinderVolumes-1482291547-project-member] Matched version: v2 {{(pid=98868) process_request /opt/stack/glance/glance/api/middleware/version_negotiation.py:69}}
Jun 17 07:47:47.094189 np0000003014 devstack@g-api.service[98869]: DEBUG glance_store.location [None req-7bef6842-6d1c-40cb-9494-0a414e053774 tempest-AttachSCSIVolumeTestJSON-408495024 tempest-AttachSCSIVolumeTestJSON-408495024-project-admin] Registering scheme swift+https with {'store': , 'location_class': , 'store_entry': 'swift'} {{(pid=98869) register_scheme_map /opt/stack/data/venv/lib/python3.12/site-packages/glance_store/location.py:146}}
Jun 17 07:47:47.094245 np0000003014 devstack@g-api.service[98868]: DEBUG glance.api.middleware.version_negotiation [None req-c9c8053d-ffc8-45a2-9ec6-540af5946c4f tempest-TestInstancesWithCinderVolumes-1482291547 tempest-TestInstancesWithCinderVolumes-1482291547-project-member] new path /v2/images/5e52a645-fd10-4acd-9183-ca2c9a849816 {{(pid=98868) process_request /opt/stack/glance/glance/api/middleware/version_negotiation.py:70}}
Jun 17 07:47:47.094283 np0000003014 devstack@g-api.service[98869]: DEBUG glance_store.location [None req-7bef6842-6d1c-40cb-9494-0a414e053774 tempest-AttachSCSIVolumeTestJSON-408495024 tempest-AttachSCSIVolumeTestJSON-408495024-project-admin] Registering scheme swift with {'store': , 'location_class': , 'store_entry': 'swift'} {{(pid=98869) register_scheme_map /opt/stack/data/venv/lib/python3.12/site-packages/glance_store/location.py:146}}
Jun 17 07:47:47.094537 np0000003014 devstack@g-api.service[98869]: DEBUG glance_store.location [None req-7bef6842-6d1c-40cb-9494-0a414e053774 tempest-AttachSCSIVolumeTestJSON-408495024 tempest-AttachSCSIVolumeTestJSON-408495024-project-admin] Registering scheme swift+https with {'store': , 'location_class': , 'store_entry': 'swift'} {{(pid=98869) register_scheme_map /opt/stack/data/venv/lib/python3.12/site-packages/glance_store/location.py:146}}
Jun 17 07:47:47.094822 np0000003014 devstack@g-api.service[98869]: DEBUG glance_store.location [None req-7bef6842-6d1c-40cb-9494-0a414e053774 tempest-AttachSCSIVolumeTestJSON-408495024 tempest-AttachSCSIVolumeTestJSON-408495024-project-admin] Registering scheme swift with {'store': , 'location_class': , 'store_entry': 'swift'} {{(pid=98869) register_scheme_map /opt/stack/data/venv/lib/python3.12/site-packages/glance_store/location.py:146}}
Jun 17 07:47:47.095092 np0000003014 devstack@g-api.service[98869]: DEBUG glance_store.location [None req-7bef6842-6d1c-40cb-9494-0a414e053774 tempest-AttachSCSIVolumeTestJSON-408495024 tempest-AttachSCSIVolumeTestJSON-408495024-project-admin] Registering scheme swift+http with {'store': , 'location_class': , 'store_entry': 'swift'} {{(pid=98869) register_scheme_map /opt/stack/data/venv/lib/python3.12/site-packages/glance_store/location.py:146}}
Jun 17 07:47:47.095395 np0000003014 devstack@g-api.service[98869]: DEBUG glance_store.location [None req-7bef6842-6d1c-40cb-9494-0a414e053774 tempest-AttachSCSIVolumeTestJSON-408495024 tempest-AttachSCSIVolumeTestJSON-408495024-project-admin] Registering scheme swift+https with {'store': , 'location_class': , 'store_entry': 'swift'} {{(pid=98869) register_scheme_map /opt/stack/data/venv/lib/python3.12/site-packages/glance_store/location.py:146}}
Jun 17 07:47:47.095766 np0000003014 devstack@g-api.service[98869]: DEBUG glance_store.location [None req-7bef6842-6d1c-40cb-9494-0a414e053774 tempest-AttachSCSIVolumeTestJSON-408495024 tempest-AttachSCSIVolumeTestJSON-408495024-project-admin] Registering scheme swift with {'store': , 'location_class': , 'store_entry': 'swift'} {{(pid=98869) register_scheme_map /opt/stack/data/venv/lib/python3.12/site-packages/glance_store/location.py:146}}
Jun 17 07:47:47.096080 np0000003014 devstack@g-api.service[98869]: DEBUG glance_store.location [None req-7bef6842-6d1c-40cb-9494-0a414e053774 tempest-AttachSCSIVolumeTestJSON-408495024 tempest-AttachSCSIVolumeTestJSON-408495024-project-admin] Registering scheme swift+http with {'store': , 'location_class': , 'store_entry': 'swift'} {{(pid=98869) register_scheme_map /opt/stack/data/venv/lib/python3.12/site-packages/glance_store/location.py:146}}
Jun 17 07:47:47.096321 np0000003014 devstack@g-api.service[98869]: DEBUG glance_store.location [None req-7bef6842-6d1c-40cb-9494-0a414e053774 tempest-AttachSCSIVolumeTestJSON-408495024 tempest-AttachSCSIVolumeTestJSON-408495024-project-admin] Registering scheme swift+config with {'store': , 'location_class': , 'store_entry': 'swift'} {{(pid=98869) register_scheme_map /opt/stack/data/venv/lib/python3.12/site-packages/glance_store/location.py:146}}
Jun 17 07:47:47.097413 np0000003014 devstack@g-api.service[98869]: DEBUG keystoneclient.auth.identity.v3.base [None req-7bef6842-6d1c-40cb-9494-0a414e053774 tempest-AttachSCSIVolumeTestJSON-408495024 tempest-AttachSCSIVolumeTestJSON-408495024-project-admin] Making authentication request to https://10.4.3.106/identity/v3/auth/tokens {{(pid=98869) get_auth_ref /opt/stack/data/venv/lib/python3.12/site-packages/keystoneclient/auth/identity/v3/base.py:185}}
Jun 17 07:47:47.113258 np0000003014 devstack@g-api.service[98868]: [pid: 98868|app: 0|req: 70/140] 127.0.0.1 () {44 vars in 1115 bytes} [Wed Jun 17 07:47:47 2026] GET /v2/images/5e52a645-fd10-4acd-9183-ca2c9a849816 => generated 811 bytes in 20 msecs (HTTP/1.1 200) 4 headers in 157 bytes (1 switches on core 0)
Jun 17 07:47:47.123547 np0000003014 devstack@g-api.service[98868]: DEBUG glance.api.middleware.version_negotiation [None req-c9c8053d-ffc8-45a2-9ec6-540af5946c4f tempest-TestInstancesWithCinderVolumes-1482291547 tempest-TestInstancesWithCinderVolumes-1482291547-project-member] Determining version of request: GET /v2/schemas/image Accept: */* {{(pid=98868) process_request /opt/stack/glance/glance/api/middleware/version_negotiation.py:44}}
Jun 17 07:47:47.124476 np0000003014 devstack@g-api.service[98868]: DEBUG glance.api.middleware.version_negotiation [None req-c9c8053d-ffc8-45a2-9ec6-540af5946c4f tempest-TestInstancesWithCinderVolumes-1482291547 tempest-TestInstancesWithCinderVolumes-1482291547-project-member] Using url versioning {{(pid=98868) process_request /opt/stack/glance/glance/api/middleware/version_negotiation.py:57}}
Jun 17 07:47:47.124476 np0000003014 devstack@g-api.service[98868]: DEBUG glance.api.middleware.version_negotiation [None req-c9c8053d-ffc8-45a2-9ec6-540af5946c4f tempest-TestInstancesWithCinderVolumes-1482291547 tempest-TestInstancesWithCinderVolumes-1482291547-project-member] Matched version: v2 {{(pid=98868) process_request /opt/stack/glance/glance/api/middleware/version_negotiation.py:69}}
Jun 17 07:47:47.124476 np0000003014 devstack@g-api.service[98868]: DEBUG glance.api.middleware.version_negotiation [None req-c9c8053d-ffc8-45a2-9ec6-540af5946c4f tempest-TestInstancesWithCinderVolumes-1482291547 tempest-TestInstancesWithCinderVolumes-1482291547-project-member] new path /v2/schemas/image {{(pid=98868) process_request /opt/stack/glance/glance/api/middleware/version_negotiation.py:70}}
Jun 17 07:47:47.126972 np0000003014 devstack@g-api.service[98868]: [pid: 98868|app: 0|req: 71/141] 127.0.0.1 () {44 vars in 1055 bytes} [Wed Jun 17 07:47:47 2026] GET /v2/schemas/image => generated 6083 bytes in 3 msecs (HTTP/1.1 200) 4 headers in 158 bytes (1 switches on core 0)
Jun 17 07:47:47.171731 np0000003014 devstack@g-api.service[98869]: DEBUG keystoneclient.auth.identity.v3.base [None req-7bef6842-6d1c-40cb-9494-0a414e053774 tempest-AttachSCSIVolumeTestJSON-408495024 tempest-AttachSCSIVolumeTestJSON-408495024-project-admin] {"token": {"methods": ["password"], "user": {"domain": {"id": "default", "name": "Default"}, "id": "c37c36dc2299405097da60b9b34ad20c", "name": "glance-swift", "password_expires_at": null}, "audit_ids": ["3SKB4AovRnOeSiDN4ryxwA"], "expires_at": "2026-06-17T08:47:47.000000Z", "issued_at": "2026-06-17T07:47:47.000000Z", "project": {"domain": {"id": "default", "name": "Default"}, "id": "0cf49c512a9a4169bde2f0b513373f40", "name": "service"}, "is_domain": false, "roles": [{"id": "381d251d4a44414d89726030fa41d4d4", "name": "service"}, {"id": "8ca5da11eadb4563b4e3f9232104bd1d", "name": "ResellerAdmin"}], "catalog": [{"endpoints": [{"id": "6e844968030a48f790b380357116f42c", "interface": "public", "region_id": "RegionOne", "url": "https://10.4.3.106/compute/v2/0cf49c512a9a4169bde2f0b513373f40", "region": "RegionOne"}], "id": "50d1543d314c422fae133ca64af265e0", "type": "compute_legacy", "name": "nova_legacy"}, {"endpoints": [{"id": "e414880204844f828a45bdfb2d37103a", "interface": "public", "region_id": "RegionOne", "url": "https://10.4.3.106/volume/v3", "region": "RegionOne"}], "id": "91021d1ee70c4768a40d0c527e99c220", "type": "block-storage", "name": "cinder"}, {"endpoints": [{"id": "cb59af0cbe194663995c1b5b72673073", "interface": "public", "region_id": "RegionOne", "url": "https://10.4.3.106/placement", "region": "RegionOne"}], "id": "96217634e56b41e28bfb99a24ce15c08", "type": "placement", "name": "placement"}, {"endpoints": [{"id": "9302570bcd0f4093a40213cffe806ebf", "interface": "public", "region_id": "RegionOne", "url": "https://10.4.3.106/compute/v2.1", "region": "RegionOne"}], "id": "9a6e6474d4784a01a7484076b666651d", "type": "compute", "name": "nova"}, {"endpoints": [{"id": "d824723a5f334954ac52872d337dc6e9", "interface": "public", "region_id": "RegionOne", "url": "https://10.4.3.106/networking", "region": "RegionOne"}], "id": "a747ae1a15944cb39b2809b43ce1f13e", "type": "network", "name": "neutron"}, {"endpoints": [{"id": "3a06b54f30c44167af6f02c1573e919e", "interface": "admin", "region_id": "RegionOne", "url": "https://10.4.3.106:8080", "region": "RegionOne"}, {"id": "d2702c260a834dffb20dad70aee06c33", "interface": "public", "region_id": "RegionOne", "url": "https://10.4.3.106:8080/v1/AUTH_0cf49c512a9a4169bde2f0b513373f40", "region": "RegionOne"}], "id": "bfd63b80247c4beeb0ba7e22f053d10f", "type": "object-store", "name": "swift"}, {"endpoints": [{"id": "a9a74870f5dc49ba84e65bef7c97b8b0", "interface": "public", "region_id": "RegionOne", "url": "https://10.4.3.106/image", "region": "RegionOne"}], "id": "c9ac90a43580490988496ec7ff73bec3", "type": "image", "name": "glance"}, {"endpoints": [{"id": "a861d67acb154634b4b0cbf3566b308e", "interface": "public", "region_id": "RegionOne", "url": "https://10.4.3.106/identity", "region": "RegionOne"}], "id": "fdc3eb824ae94ef3b5de56fee2d509a7", "type": "identity", "name": "keystone"}]}} {{(pid=98869) get_auth_ref /opt/stack/data/venv/lib/python3.12/site-packages/keystoneclient/auth/identity/v3/base.py:190}}
Jun 17 07:47:47.171731 np0000003014 devstack@g-api.service[98869]: DEBUG keystoneclient.httpclient [None req-7bef6842-6d1c-40cb-9494-0a414e053774 tempest-AttachSCSIVolumeTestJSON-408495024 tempest-AttachSCSIVolumeTestJSON-408495024-project-admin] Failed to find endpoint for management url admin endpoint for identity service not found {{(pid=98869) _process_management_url /opt/stack/data/venv/lib/python3.12/site-packages/keystoneclient/httpclient.py:670}}
Jun 17 07:47:47.266657 np0000003014 devstack@g-api.service[98869]: DEBUG swiftclient [None req-7bef6842-6d1c-40cb-9494-0a414e053774 tempest-AttachSCSIVolumeTestJSON-408495024 tempest-AttachSCSIVolumeTestJSON-408495024-project-admin] REQ: curl -i https://10.4.3.106:8080/v1/AUTH_0cf49c512a9a4169bde2f0b513373f40/glance/a2142fc1-9c62-4a3c-ae1e-5fdd8c048351 -I -H "X-Auth-Token: gAAAAABqMlEj4GEU..." {{(pid=98869) http_log /opt/stack/data/venv/lib/python3.12/site-packages/swiftclient/client.py:160}}
Jun 17 07:47:47.266657 np0000003014 devstack@g-api.service[98869]: DEBUG swiftclient [None req-7bef6842-6d1c-40cb-9494-0a414e053774 tempest-AttachSCSIVolumeTestJSON-408495024 tempest-AttachSCSIVolumeTestJSON-408495024-project-admin] RESP STATUS: 200 OK {{(pid=98869) http_log /opt/stack/data/venv/lib/python3.12/site-packages/swiftclient/client.py:161}}
Jun 17 07:47:47.266657 np0000003014 devstack@g-api.service[98869]: DEBUG swiftclient [None req-7bef6842-6d1c-40cb-9494-0a414e053774 tempest-AttachSCSIVolumeTestJSON-408495024 tempest-AttachSCSIVolumeTestJSON-408495024-project-admin] RESP HEADERS: {'Date': 'Wed, 17 Jun 2026 07:47:47 GMT', 'Server': 'Apache/2.4.58 (Ubuntu)', 'Content-Type': 'application/octet-stream', 'Content-Length': '21692416', 'X-Object-Manifest': 'glance/a2142fc1-9c62-4a3c-ae1e-5fdd8c048351-', 'Last-Modified': 'Wed, 17 Jun 2026 07:46:06 GMT', 'X-Timestamp': '1781682365.57671', 'Accept-Ranges': 'bytes', 'Etag': '"737c2a37dd3f91e374c48cad70137398"', 'X-Trans-Id': 'txebd80fa41e5148c79e6b3-006a325123', 'X-Openstack-Request-Id': 'txebd80fa41e5148c79e6b3-006a325123', 'Connection': 'close'} {{(pid=98869) http_log /opt/stack/data/venv/lib/python3.12/site-packages/swiftclient/client.py:162}}
Jun 17 07:47:47.317444 np0000003014 devstack@g-api.service[98869]: DEBUG swiftclient [None req-7bef6842-6d1c-40cb-9494-0a414e053774 tempest-AttachSCSIVolumeTestJSON-408495024 tempest-AttachSCSIVolumeTestJSON-408495024-project-admin] REQ: curl -i https://10.4.3.106:8080/v1/AUTH_0cf49c512a9a4169bde2f0b513373f40/glance?format=json&prefix=a2142fc1-9c62-4a3c-ae1e-5fdd8c048351- -X GET -H "X-Auth-Token: gAAAAABqMlEj4GEU..." -H "Accept-Encoding: gzip" {{(pid=98869) http_log /opt/stack/data/venv/lib/python3.12/site-packages/swiftclient/client.py:160}}
Jun 17 07:47:47.318246 np0000003014 devstack@g-api.service[98869]: DEBUG swiftclient [None req-7bef6842-6d1c-40cb-9494-0a414e053774 tempest-AttachSCSIVolumeTestJSON-408495024 tempest-AttachSCSIVolumeTestJSON-408495024-project-admin] RESP STATUS: 200 OK {{(pid=98869) http_log /opt/stack/data/venv/lib/python3.12/site-packages/swiftclient/client.py:161}}
Jun 17 07:47:47.321224 np0000003014 devstack@g-api.service[98869]: DEBUG swiftclient [None req-7bef6842-6d1c-40cb-9494-0a414e053774 tempest-AttachSCSIVolumeTestJSON-408495024 tempest-AttachSCSIVolumeTestJSON-408495024-project-admin] RESP HEADERS: {'Date': 'Wed, 17 Jun 2026 07:47:47 GMT', 'Server': 'Apache/2.4.58 (Ubuntu)', 'Content-Type': 'application/json; charset=utf-8', 'Content-Length': '210', 'X-Container-Object-Count': '9', 'X-Container-Bytes-Used': '131268608', 'X-Timestamp': '1781682214.11312', 'Last-Modified': 'Wed, 17 Jun 2026 07:43:35 GMT', 'Accept-Ranges': 'bytes', 'X-Storage-Policy': 'Policy-0', 'X-Container-Sharding': 'False', 'X-Trans-Id': 'txc36d3f5c63774c3da7433-006a325123', 'X-Openstack-Request-Id': 'txc36d3f5c63774c3da7433-006a325123', 'Connection': 'close'} {{(pid=98869) http_log /opt/stack/data/venv/lib/python3.12/site-packages/swiftclient/client.py:162}}
Jun 17 07:47:47.322077 np0000003014 devstack@g-api.service[98869]: DEBUG swiftclient [None req-7bef6842-6d1c-40cb-9494-0a414e053774 tempest-AttachSCSIVolumeTestJSON-408495024 tempest-AttachSCSIVolumeTestJSON-408495024-project-admin] RESP BODY: b'[{"bytes": 21692416, "hash": "87617e24a5e30cb3b87fda8c0764838f", "name": "a2142fc1-9c62-4a3c-ae1e-5fdd8c048351-00001", "content_type": "application/octet-stream", "last_modified": "2026-06-17T07:46:05.337290"}]' {{(pid=98869) http_log /opt/stack/data/venv/lib/python3.12/site-packages/swiftclient/client.py:166}}
Jun 17 07:47:47.360997 np0000003014 devstack@g-api.service[98869]: DEBUG swiftclient [None req-7bef6842-6d1c-40cb-9494-0a414e053774 tempest-AttachSCSIVolumeTestJSON-408495024 tempest-AttachSCSIVolumeTestJSON-408495024-project-admin] REQ: curl -i https://10.4.3.106:8080/v1/AUTH_0cf49c512a9a4169bde2f0b513373f40/glance/a2142fc1-9c62-4a3c-ae1e-5fdd8c048351-00001 DELETE -H "X-Auth-Token: gAAAAABqMlEj4GEU..." {{(pid=98869) http_log /opt/stack/data/venv/lib/python3.12/site-packages/swiftclient/client.py:160}}
Jun 17 07:47:47.364963 np0000003014 devstack@g-api.service[98869]: DEBUG swiftclient [None req-7bef6842-6d1c-40cb-9494-0a414e053774 tempest-AttachSCSIVolumeTestJSON-408495024 tempest-AttachSCSIVolumeTestJSON-408495024-project-admin] RESP STATUS: 204 No Content {{(pid=98869) http_log /opt/stack/data/venv/lib/python3.12/site-packages/swiftclient/client.py:161}}
Jun 17 07:47:47.365418 np0000003014 devstack@g-api.service[98869]: DEBUG swiftclient [None req-7bef6842-6d1c-40cb-9494-0a414e053774 tempest-AttachSCSIVolumeTestJSON-408495024 tempest-AttachSCSIVolumeTestJSON-408495024-project-admin] RESP HEADERS: {'Date': 'Wed, 17 Jun 2026 07:47:47 GMT', 'Server': 'Apache/2.4.58 (Ubuntu)', 'Content-Type': 'text/html; charset=UTF-8', 'X-Trans-Id': 'txa693d65e0ffa4daa8c56a-006a325123', 'X-Openstack-Request-Id': 'txa693d65e0ffa4daa8c56a-006a325123', 'Connection': 'close'} {{(pid=98869) http_log /opt/stack/data/venv/lib/python3.12/site-packages/swiftclient/client.py:162}}
Jun 17 07:47:47.401770 np0000003014 devstack@g-api.service[98869]: DEBUG swiftclient [None req-7bef6842-6d1c-40cb-9494-0a414e053774 tempest-AttachSCSIVolumeTestJSON-408495024 tempest-AttachSCSIVolumeTestJSON-408495024-project-admin] REQ: curl -i https://10.4.3.106:8080/v1/AUTH_0cf49c512a9a4169bde2f0b513373f40/glance/a2142fc1-9c62-4a3c-ae1e-5fdd8c048351 DELETE -H "X-Auth-Token: gAAAAABqMlEj4GEU..." {{(pid=98869) http_log /opt/stack/data/venv/lib/python3.12/site-packages/swiftclient/client.py:160}}
Jun 17 07:47:47.401770 np0000003014 devstack@g-api.service[98869]: DEBUG swiftclient [None req-7bef6842-6d1c-40cb-9494-0a414e053774 tempest-AttachSCSIVolumeTestJSON-408495024 tempest-AttachSCSIVolumeTestJSON-408495024-project-admin] RESP STATUS: 204 No Content {{(pid=98869) http_log /opt/stack/data/venv/lib/python3.12/site-packages/swiftclient/client.py:161}}
Jun 17 07:47:47.401770 np0000003014 devstack@g-api.service[98869]: DEBUG swiftclient [None req-7bef6842-6d1c-40cb-9494-0a414e053774 tempest-AttachSCSIVolumeTestJSON-408495024 tempest-AttachSCSIVolumeTestJSON-408495024-project-admin] RESP HEADERS: {'Date': 'Wed, 17 Jun 2026 07:47:47 GMT', 'Server': 'Apache/2.4.58 (Ubuntu)', 'Content-Type': 'text/html; charset=UTF-8', 'X-Trans-Id': 'tx5fff993f1b504dfeafdbb-006a325123', 'X-Openstack-Request-Id': 'tx5fff993f1b504dfeafdbb-006a325123', 'Connection': 'close'} {{(pid=98869) http_log /opt/stack/data/venv/lib/python3.12/site-packages/swiftclient/client.py:162}}
Jun 17 07:47:47.472373 np0000003014 devstack@g-api.service[98869]: DEBUG glance.api.middleware.cache [None req-7bef6842-6d1c-40cb-9494-0a414e053774 tempest-AttachSCSIVolumeTestJSON-408495024 tempest-AttachSCSIVolumeTestJSON-408495024-project-admin] Removing image a2142fc1-9c62-4a3c-ae1e-5fdd8c048351 from cache {{(pid=98869) _process_DELETE_response /opt/stack/glance/glance/api/middleware/cache.py:264}}
Jun 17 07:47:47.472870 np0000003014 devstack@g-api.service[98869]: DEBUG glance.image_cache.drivers.centralized_db [None req-7bef6842-6d1c-40cb-9494-0a414e053774 tempest-AttachSCSIVolumeTestJSON-408495024 tempest-AttachSCSIVolumeTestJSON-408495024-project-admin] Deleting image cache file '/opt/stack/data/glance/cache/a2142fc1-9c62-4a3c-ae1e-5fdd8c048351' {{(pid=98869) delete_cached_file /opt/stack/glance/glance/image_cache/drivers/centralized_db.py:395}}
Jun 17 07:47:47.492309 np0000003014 devstack@g-api.service[98869]: [pid: 98869|app: 0|req: 71/142] 127.0.0.1 () {40 vars in 841 bytes} [Wed Jun 17 07:47:47 2026] DELETE /v2/images/a2142fc1-9c62-4a3c-ae1e-5fdd8c048351 => generated 0 bytes in 423 msecs (HTTP/1.1 204) 4 headers in 171 bytes (1 switches on core 0)
Jun 17 07:47:47.502929 np0000003014 devstack@g-api.service[98868]: DEBUG glance.api.middleware.version_negotiation [None req-c9c8053d-ffc8-45a2-9ec6-540af5946c4f tempest-TestInstancesWithCinderVolumes-1482291547 tempest-TestInstancesWithCinderVolumes-1482291547-project-member] Determining version of request: GET /v2/images/a2142fc1-9c62-4a3c-ae1e-5fdd8c048351 Accept: application/json {{(pid=98868) process_request /opt/stack/glance/glance/api/middleware/version_negotiation.py:44}}
Jun 17 07:47:47.503464 np0000003014 devstack@g-api.service[98868]: DEBUG glance.api.middleware.version_negotiation [None req-c9c8053d-ffc8-45a2-9ec6-540af5946c4f tempest-TestInstancesWithCinderVolumes-1482291547 tempest-TestInstancesWithCinderVolumes-1482291547-project-member] Using url versioning {{(pid=98868) process_request /opt/stack/glance/glance/api/middleware/version_negotiation.py:57}}
Jun 17 07:47:47.503715 np0000003014 devstack@g-api.service[98868]: DEBUG glance.api.middleware.version_negotiation [None req-c9c8053d-ffc8-45a2-9ec6-540af5946c4f tempest-TestInstancesWithCinderVolumes-1482291547 tempest-TestInstancesWithCinderVolumes-1482291547-project-member] Matched version: v2 {{(pid=98868) process_request /opt/stack/glance/glance/api/middleware/version_negotiation.py:69}}
Jun 17 07:47:47.503942 np0000003014 devstack@g-api.service[98868]: DEBUG glance.api.middleware.version_negotiation [None req-c9c8053d-ffc8-45a2-9ec6-540af5946c4f tempest-TestInstancesWithCinderVolumes-1482291547 tempest-TestInstancesWithCinderVolumes-1482291547-project-member] new path /v2/images/a2142fc1-9c62-4a3c-ae1e-5fdd8c048351 {{(pid=98868) process_request /opt/stack/glance/glance/api/middleware/version_negotiation.py:70}}
Jun 17 07:47:47.512927 np0000003014 devstack@g-api.service[98868]: DEBUG glance.db.sqlalchemy.api [None req-3a7d3172-9578-4ae8-a25a-aae9521dd829 tempest-AttachSCSIVolumeTestJSON-664707210 tempest-AttachSCSIVolumeTestJSON-664707210-project-reader] No image found with ID a2142fc1-9c62-4a3c-ae1e-5fdd8c048351 {{(pid=98868) _image_get /opt/stack/glance/glance/db/sqlalchemy/api.py:303}}
Jun 17 07:47:47.517000 np0000003014 devstack@g-api.service[98868]: [pid: 98868|app: 0|req: 72/143] 127.0.0.1 () {40 vars in 838 bytes} [Wed Jun 17 07:47:47 2026] GET /v2/images/a2142fc1-9c62-4a3c-ae1e-5fdd8c048351 => generated 139 bytes in 14 msecs (HTTP/1.1 404) 4 headers in 164 bytes (1 switches on core 0)
Jun 17 07:47:55.105850 np0000003014 devstack@g-api.service[98869]: DEBUG glance.api.middleware.version_negotiation [None req-7bef6842-6d1c-40cb-9494-0a414e053774 tempest-AttachSCSIVolumeTestJSON-408495024 tempest-AttachSCSIVolumeTestJSON-408495024-project-admin] Determining version of request: GET /v2/images/c4b9f3ad-8066-4a9f-adc6-f1de83e72ceb Accept: */* {{(pid=98869) process_request /opt/stack/glance/glance/api/middleware/version_negotiation.py:44}}
Jun 17 07:47:55.106317 np0000003014 devstack@g-api.service[98869]: DEBUG glance.api.middleware.version_negotiation [None req-7bef6842-6d1c-40cb-9494-0a414e053774 tempest-AttachSCSIVolumeTestJSON-408495024 tempest-AttachSCSIVolumeTestJSON-408495024-project-admin] Using url versioning {{(pid=98869) process_request /opt/stack/glance/glance/api/middleware/version_negotiation.py:57}}
Jun 17 07:47:55.106317 np0000003014 devstack@g-api.service[98869]: DEBUG glance.api.middleware.version_negotiation [None req-7bef6842-6d1c-40cb-9494-0a414e053774 tempest-AttachSCSIVolumeTestJSON-408495024 tempest-AttachSCSIVolumeTestJSON-408495024-project-admin] Matched version: v2 {{(pid=98869) process_request /opt/stack/glance/glance/api/middleware/version_negotiation.py:69}}
Jun 17 07:47:55.106426 np0000003014 devstack@g-api.service[98869]: DEBUG glance.api.middleware.version_negotiation [None req-7bef6842-6d1c-40cb-9494-0a414e053774 tempest-AttachSCSIVolumeTestJSON-408495024 tempest-AttachSCSIVolumeTestJSON-408495024-project-admin] new path /v2/images/c4b9f3ad-8066-4a9f-adc6-f1de83e72ceb {{(pid=98869) process_request /opt/stack/glance/glance/api/middleware/version_negotiation.py:70}}
Jun 17 07:47:55.117693 np0000003014 devstack@g-api.service[98869]: DEBUG dbcounter [-] [98869] Writing DB stats glance:SELECT=73,glance:UPDATE=11,glance:INSERT=2,glance:DELETE=1 {{(pid=98869) stat_writer /opt/stack/data/venv/lib/python3.12/site-packages/dbcounter.py:115}}
Jun 17 07:47:55.125397 np0000003014 devstack@g-api.service[98869]: [pid: 98869|app: 0|req: 72/144] 127.0.0.1 () {44 vars in 1115 bytes} [Wed Jun 17 07:47:55 2026] GET /v2/images/c4b9f3ad-8066-4a9f-adc6-f1de83e72ceb => generated 1044 bytes in 20 msecs (HTTP/1.1 200) 4 headers in 158 bytes (1 switches on core 0)
Jun 17 07:47:55.193379 np0000003014 devstack@g-api.service[98868]: DEBUG glance.api.middleware.version_negotiation [None req-3a7d3172-9578-4ae8-a25a-aae9521dd829 tempest-AttachSCSIVolumeTestJSON-664707210 tempest-AttachSCSIVolumeTestJSON-664707210-project-reader] Determining version of request: GET /v2/schemas/image Accept: */* {{(pid=98868) process_request /opt/stack/glance/glance/api/middleware/version_negotiation.py:44}}
Jun 17 07:47:55.193852 np0000003014 devstack@g-api.service[98868]: DEBUG glance.api.middleware.version_negotiation [None req-3a7d3172-9578-4ae8-a25a-aae9521dd829 tempest-AttachSCSIVolumeTestJSON-664707210 tempest-AttachSCSIVolumeTestJSON-664707210-project-reader] Using url versioning {{(pid=98868) process_request /opt/stack/glance/glance/api/middleware/version_negotiation.py:57}}
Jun 17 07:47:55.193967 np0000003014 devstack@g-api.service[98868]: DEBUG glance.api.middleware.version_negotiation [None req-3a7d3172-9578-4ae8-a25a-aae9521dd829 tempest-AttachSCSIVolumeTestJSON-664707210 tempest-AttachSCSIVolumeTestJSON-664707210-project-reader] Matched version: v2 {{(pid=98868) process_request /opt/stack/glance/glance/api/middleware/version_negotiation.py:69}}
Jun 17 07:47:55.194062 np0000003014 devstack@g-api.service[98868]: DEBUG glance.api.middleware.version_negotiation [None req-3a7d3172-9578-4ae8-a25a-aae9521dd829 tempest-AttachSCSIVolumeTestJSON-664707210 tempest-AttachSCSIVolumeTestJSON-664707210-project-reader] new path /v2/schemas/image {{(pid=98868) process_request /opt/stack/glance/glance/api/middleware/version_negotiation.py:70}}
Jun 17 07:47:55.197199 np0000003014 devstack@g-api.service[98868]: [pid: 98868|app: 0|req: 73/145] 127.0.0.1 () {44 vars in 1055 bytes} [Wed Jun 17 07:47:55 2026] GET /v2/schemas/image => generated 6083 bytes in 4 msecs (HTTP/1.1 200) 4 headers in 158 bytes (1 switches on core 0)
Jun 17 07:47:55.964332 np0000003014 devstack@g-api.service[98869]: DEBUG glance.api.middleware.version_negotiation [None req-d6350ef8-24d3-4aef-91af-f7d2d38c95f7 tempest-ServerRescueNegativeTestJSON-649884700 tempest-ServerRescueNegativeTestJSON-649884700-project-member] Determining version of request: GET /v2/schemas/image Accept: */* {{(pid=98869) process_request /opt/stack/glance/glance/api/middleware/version_negotiation.py:44}}
Jun 17 07:47:55.964513 np0000003014 devstack@g-api.service[98869]: DEBUG glance.api.middleware.version_negotiation [None req-d6350ef8-24d3-4aef-91af-f7d2d38c95f7 tempest-ServerRescueNegativeTestJSON-649884700 tempest-ServerRescueNegativeTestJSON-649884700-project-member] Using url versioning {{(pid=98869) process_request /opt/stack/glance/glance/api/middleware/version_negotiation.py:57}}
Jun 17 07:47:55.964574 np0000003014 devstack@g-api.service[98869]: DEBUG glance.api.middleware.version_negotiation [None req-d6350ef8-24d3-4aef-91af-f7d2d38c95f7 tempest-ServerRescueNegativeTestJSON-649884700 tempest-ServerRescueNegativeTestJSON-649884700-project-member] Matched version: v2 {{(pid=98869) process_request /opt/stack/glance/glance/api/middleware/version_negotiation.py:69}}
Jun 17 07:47:55.964671 np0000003014 devstack@g-api.service[98869]: DEBUG glance.api.middleware.version_negotiation [None req-d6350ef8-24d3-4aef-91af-f7d2d38c95f7 tempest-ServerRescueNegativeTestJSON-649884700 tempest-ServerRescueNegativeTestJSON-649884700-project-member] new path /v2/schemas/image {{(pid=98869) process_request /opt/stack/glance/glance/api/middleware/version_negotiation.py:70}}
Jun 17 07:47:55.968938 np0000003014 devstack@g-api.service[98869]: [pid: 98869|app: 0|req: 73/146] 127.0.0.1 () {44 vars in 1055 bytes} [Wed Jun 17 07:47:55 2026] GET /v2/schemas/image => generated 6083 bytes in 5 msecs (HTTP/1.1 200) 4 headers in 158 bytes (1 switches on core 0)
Jun 17 07:47:56.059774 np0000003014 devstack@g-api.service[98868]: DEBUG glance.api.middleware.version_negotiation [None req-d6350ef8-24d3-4aef-91af-f7d2d38c95f7 tempest-ServerRescueNegativeTestJSON-649884700 tempest-ServerRescueNegativeTestJSON-649884700-project-member] Determining version of request: POST /v2/images Accept: */* {{(pid=98868) process_request /opt/stack/glance/glance/api/middleware/version_negotiation.py:44}}
Jun 17 07:47:56.059774 np0000003014 devstack@g-api.service[98868]: DEBUG glance.api.middleware.version_negotiation [None req-d6350ef8-24d3-4aef-91af-f7d2d38c95f7 tempest-ServerRescueNegativeTestJSON-649884700 tempest-ServerRescueNegativeTestJSON-649884700-project-member] Using url versioning {{(pid=98868) process_request /opt/stack/glance/glance/api/middleware/version_negotiation.py:57}}
Jun 17 07:47:56.059774 np0000003014 devstack@g-api.service[98868]: DEBUG glance.api.middleware.version_negotiation [None req-d6350ef8-24d3-4aef-91af-f7d2d38c95f7 tempest-ServerRescueNegativeTestJSON-649884700 tempest-ServerRescueNegativeTestJSON-649884700-project-member] Matched version: v2 {{(pid=98868) process_request /opt/stack/glance/glance/api/middleware/version_negotiation.py:69}}
Jun 17 07:47:56.060087 np0000003014 devstack@g-api.service[98868]: DEBUG glance.api.middleware.version_negotiation [None req-d6350ef8-24d3-4aef-91af-f7d2d38c95f7 tempest-ServerRescueNegativeTestJSON-649884700 tempest-ServerRescueNegativeTestJSON-649884700-project-member] new path /v2/images {{(pid=98868) process_request /opt/stack/glance/glance/api/middleware/version_negotiation.py:70}}
Jun 17 07:47:57.319576 np0000003014 devstack@g-api.service[98868]: [pid: 98868|app: 0|req: 74/147] 127.0.0.1 () {46 vars in 1055 bytes} [Wed Jun 17 07:47:56 2026] POST /v2/images => generated 1358 bytes in 1260 msecs (HTTP/1.1 201) 6 headers in 316 bytes (1 switches on core 0)
Jun 17 07:47:57.414258 np0000003014 devstack@g-api.service[98869]: DEBUG glance.api.middleware.version_negotiation [None req-d066ee01-0c09-4771-95c9-6f2f045cbc99 tempest-ServerBootFromVolumeStableRescueTest-2108684361 tempest-ServerBootFromVolumeStableRescueTest-2108684361-project-member] Determining version of request: GET /v2/images/7b1ea3e6-73f9-41df-a9ed-b9415ac14a10 Accept: application/json {{(pid=98869) process_request /opt/stack/glance/glance/api/middleware/version_negotiation.py:44}}
Jun 17 07:47:57.414734 np0000003014 devstack@g-api.service[98869]: DEBUG glance.api.middleware.version_negotiation [None req-d066ee01-0c09-4771-95c9-6f2f045cbc99 tempest-ServerBootFromVolumeStableRescueTest-2108684361 tempest-ServerBootFromVolumeStableRescueTest-2108684361-project-member] Using url versioning {{(pid=98869) process_request /opt/stack/glance/glance/api/middleware/version_negotiation.py:57}}
Jun 17 07:47:57.414734 np0000003014 devstack@g-api.service[98869]: DEBUG glance.api.middleware.version_negotiation [None req-d066ee01-0c09-4771-95c9-6f2f045cbc99 tempest-ServerBootFromVolumeStableRescueTest-2108684361 tempest-ServerBootFromVolumeStableRescueTest-2108684361-project-member] Matched version: v2 {{(pid=98869) process_request /opt/stack/glance/glance/api/middleware/version_negotiation.py:69}}
Jun 17 07:47:57.414734 np0000003014 devstack@g-api.service[98869]: DEBUG glance.api.middleware.version_negotiation [None req-d066ee01-0c09-4771-95c9-6f2f045cbc99 tempest-ServerBootFromVolumeStableRescueTest-2108684361 tempest-ServerBootFromVolumeStableRescueTest-2108684361-project-member] new path /v2/images/7b1ea3e6-73f9-41df-a9ed-b9415ac14a10 {{(pid=98869) process_request /opt/stack/glance/glance/api/middleware/version_negotiation.py:70}}
Jun 17 07:47:57.435139 np0000003014 devstack@g-api.service[98869]: [pid: 98869|app: 0|req: 74/148] 127.0.0.1 () {40 vars in 838 bytes} [Wed Jun 17 07:47:57 2026] GET /v2/images/7b1ea3e6-73f9-41df-a9ed-b9415ac14a10 => generated 1358 bytes in 21 msecs (HTTP/1.1 200) 4 headers in 158 bytes (1 switches on core 0)
Jun 17 07:47:58.443746 np0000003014 devstack@g-api.service[98868]: DEBUG glance.api.middleware.version_negotiation [None req-d066ee01-0c09-4771-95c9-6f2f045cbc99 tempest-ServerBootFromVolumeStableRescueTest-2108684361 tempest-ServerBootFromVolumeStableRescueTest-2108684361-project-member] Determining version of request: GET /v2/images/7b1ea3e6-73f9-41df-a9ed-b9415ac14a10 Accept: application/json {{(pid=98868) process_request /opt/stack/glance/glance/api/middleware/version_negotiation.py:44}}
Jun 17 07:47:58.444305 np0000003014 devstack@g-api.service[98868]: DEBUG glance.api.middleware.version_negotiation [None req-d066ee01-0c09-4771-95c9-6f2f045cbc99 tempest-ServerBootFromVolumeStableRescueTest-2108684361 tempest-ServerBootFromVolumeStableRescueTest-2108684361-project-member] Using url versioning {{(pid=98868) process_request /opt/stack/glance/glance/api/middleware/version_negotiation.py:57}}
Jun 17 07:47:58.444305 np0000003014 devstack@g-api.service[98868]: DEBUG glance.api.middleware.version_negotiation [None req-d066ee01-0c09-4771-95c9-6f2f045cbc99 tempest-ServerBootFromVolumeStableRescueTest-2108684361 tempest-ServerBootFromVolumeStableRescueTest-2108684361-project-member] Matched version: v2 {{(pid=98868) process_request /opt/stack/glance/glance/api/middleware/version_negotiation.py:69}}
Jun 17 07:47:58.444436 np0000003014 devstack@g-api.service[98868]: DEBUG glance.api.middleware.version_negotiation [None req-d066ee01-0c09-4771-95c9-6f2f045cbc99 tempest-ServerBootFromVolumeStableRescueTest-2108684361 tempest-ServerBootFromVolumeStableRescueTest-2108684361-project-member] new path /v2/images/7b1ea3e6-73f9-41df-a9ed-b9415ac14a10 {{(pid=98868) process_request /opt/stack/glance/glance/api/middleware/version_negotiation.py:70}}
Jun 17 07:47:58.460232 np0000003014 devstack@g-api.service[98868]: [pid: 98868|app: 0|req: 75/149] 127.0.0.1 () {40 vars in 838 bytes} [Wed Jun 17 07:47:58 2026] GET /v2/images/7b1ea3e6-73f9-41df-a9ed-b9415ac14a10 => generated 1358 bytes in 17 msecs (HTTP/1.1 200) 4 headers in 158 bytes (1 switches on core 0)
Jun 17 07:47:58.985409 np0000003014 devstack@g-api.service[98869]: DEBUG glance.api.middleware.version_negotiation [None req-c11b2f8e-7ae6-4c58-bfe2-48703a37c204 tempest-ServerBootFromVolumeStableRescueTest-2108684361 tempest-ServerBootFromVolumeStableRescueTest-2108684361-project-member] Determining version of request: GET /v2/images/7b1ea3e6-73f9-41df-a9ed-b9415ac14a10 Accept: */* {{(pid=98869) process_request /opt/stack/glance/glance/api/middleware/version_negotiation.py:44}}
Jun 17 07:47:58.986595 np0000003014 devstack@g-api.service[98869]: DEBUG glance.api.middleware.version_negotiation [None req-c11b2f8e-7ae6-4c58-bfe2-48703a37c204 tempest-ServerBootFromVolumeStableRescueTest-2108684361 tempest-ServerBootFromVolumeStableRescueTest-2108684361-project-member] Using url versioning {{(pid=98869) process_request /opt/stack/glance/glance/api/middleware/version_negotiation.py:57}}
Jun 17 07:47:58.986595 np0000003014 devstack@g-api.service[98869]: DEBUG glance.api.middleware.version_negotiation [None req-c11b2f8e-7ae6-4c58-bfe2-48703a37c204 tempest-ServerBootFromVolumeStableRescueTest-2108684361 tempest-ServerBootFromVolumeStableRescueTest-2108684361-project-member] Matched version: v2 {{(pid=98869) process_request /opt/stack/glance/glance/api/middleware/version_negotiation.py:69}}
Jun 17 07:47:58.986595 np0000003014 devstack@g-api.service[98869]: DEBUG glance.api.middleware.version_negotiation [None req-c11b2f8e-7ae6-4c58-bfe2-48703a37c204 tempest-ServerBootFromVolumeStableRescueTest-2108684361 tempest-ServerBootFromVolumeStableRescueTest-2108684361-project-member] new path /v2/images/7b1ea3e6-73f9-41df-a9ed-b9415ac14a10 {{(pid=98869) process_request /opt/stack/glance/glance/api/middleware/version_negotiation.py:70}}
Jun 17 07:47:59.019811 np0000003014 devstack@g-api.service[98869]: [pid: 98869|app: 0|req: 75/150] 127.0.0.1 () {44 vars in 1115 bytes} [Wed Jun 17 07:47:58 2026] GET /v2/images/7b1ea3e6-73f9-41df-a9ed-b9415ac14a10 => generated 1358 bytes in 35 msecs (HTTP/1.1 200) 4 headers in 158 bytes (1 switches on core 0)
Jun 17 07:47:59.084261 np0000003014 devstack@g-api.service[98868]: DEBUG glance.api.middleware.version_negotiation [None req-34c489ff-11e3-4002-b8f9-d18b114a1061 tempest-ServerBootFromVolumeStableRescueTest-2108684361 tempest-ServerBootFromVolumeStableRescueTest-2108684361-project-member] Determining version of request: GET /v2/schemas/image Accept: */* {{(pid=98868) process_request /opt/stack/glance/glance/api/middleware/version_negotiation.py:44}}
Jun 17 07:47:59.084261 np0000003014 devstack@g-api.service[98868]: DEBUG glance.api.middleware.version_negotiation [None req-34c489ff-11e3-4002-b8f9-d18b114a1061 tempest-ServerBootFromVolumeStableRescueTest-2108684361 tempest-ServerBootFromVolumeStableRescueTest-2108684361-project-member] Using url versioning {{(pid=98868) process_request /opt/stack/glance/glance/api/middleware/version_negotiation.py:57}}
Jun 17 07:47:59.084261 np0000003014 devstack@g-api.service[98868]: DEBUG glance.api.middleware.version_negotiation [None req-34c489ff-11e3-4002-b8f9-d18b114a1061 tempest-ServerBootFromVolumeStableRescueTest-2108684361 tempest-ServerBootFromVolumeStableRescueTest-2108684361-project-member] Matched version: v2 {{(pid=98868) process_request /opt/stack/glance/glance/api/middleware/version_negotiation.py:69}}
Jun 17 07:47:59.084261 np0000003014 devstack@g-api.service[98868]: DEBUG glance.api.middleware.version_negotiation [None req-34c489ff-11e3-4002-b8f9-d18b114a1061 tempest-ServerBootFromVolumeStableRescueTest-2108684361 tempest-ServerBootFromVolumeStableRescueTest-2108684361-project-member] new path /v2/schemas/image {{(pid=98868) process_request /opt/stack/glance/glance/api/middleware/version_negotiation.py:70}}
Jun 17 07:47:59.089871 np0000003014 devstack@g-api.service[98868]: [pid: 98868|app: 0|req: 76/151] 127.0.0.1 () {44 vars in 1055 bytes} [Wed Jun 17 07:47:59 2026] GET /v2/schemas/image => generated 6083 bytes in 7 msecs (HTTP/1.1 200) 4 headers in 158 bytes (1 switches on core 0)
Jun 17 07:47:59.471566 np0000003014 devstack@g-api.service[98869]: DEBUG glance.api.middleware.version_negotiation [None req-d066ee01-0c09-4771-95c9-6f2f045cbc99 tempest-ServerBootFromVolumeStableRescueTest-2108684361 tempest-ServerBootFromVolumeStableRescueTest-2108684361-project-member] Determining version of request: GET /v2/images/7b1ea3e6-73f9-41df-a9ed-b9415ac14a10 Accept: application/json {{(pid=98869) process_request /opt/stack/glance/glance/api/middleware/version_negotiation.py:44}}
Jun 17 07:47:59.472276 np0000003014 devstack@g-api.service[98869]: DEBUG glance.api.middleware.version_negotiation [None req-d066ee01-0c09-4771-95c9-6f2f045cbc99 tempest-ServerBootFromVolumeStableRescueTest-2108684361 tempest-ServerBootFromVolumeStableRescueTest-2108684361-project-member] Using url versioning {{(pid=98869) process_request /opt/stack/glance/glance/api/middleware/version_negotiation.py:57}}
Jun 17 07:47:59.473810 np0000003014 devstack@g-api.service[98869]: DEBUG glance.api.middleware.version_negotiation [None req-d066ee01-0c09-4771-95c9-6f2f045cbc99 tempest-ServerBootFromVolumeStableRescueTest-2108684361 tempest-ServerBootFromVolumeStableRescueTest-2108684361-project-member] Matched version: v2 {{(pid=98869) process_request /opt/stack/glance/glance/api/middleware/version_negotiation.py:69}}
Jun 17 07:47:59.473810 np0000003014 devstack@g-api.service[98869]: DEBUG glance.api.middleware.version_negotiation [None req-d066ee01-0c09-4771-95c9-6f2f045cbc99 tempest-ServerBootFromVolumeStableRescueTest-2108684361 tempest-ServerBootFromVolumeStableRescueTest-2108684361-project-member] new path /v2/images/7b1ea3e6-73f9-41df-a9ed-b9415ac14a10 {{(pid=98869) process_request /opt/stack/glance/glance/api/middleware/version_negotiation.py:70}}
Jun 17 07:47:59.514757 np0000003014 devstack@g-api.service[98869]: [pid: 98869|app: 0|req: 76/152] 127.0.0.1 () {40 vars in 838 bytes} [Wed Jun 17 07:47:59 2026] GET /v2/images/7b1ea3e6-73f9-41df-a9ed-b9415ac14a10 => generated 1358 bytes in 43 msecs (HTTP/1.1 200) 4 headers in 158 bytes (1 switches on core 0)
Jun 17 07:48:00.526925 np0000003014 devstack@g-api.service[98868]: DEBUG glance.api.middleware.version_negotiation [None req-d066ee01-0c09-4771-95c9-6f2f045cbc99 tempest-ServerBootFromVolumeStableRescueTest-2108684361 tempest-ServerBootFromVolumeStableRescueTest-2108684361-project-member] Determining version of request: GET /v2/images/7b1ea3e6-73f9-41df-a9ed-b9415ac14a10 Accept: application/json {{(pid=98868) process_request /opt/stack/glance/glance/api/middleware/version_negotiation.py:44}}
Jun 17 07:48:00.527336 np0000003014 devstack@g-api.service[98868]: DEBUG glance.api.middleware.version_negotiation [None req-d066ee01-0c09-4771-95c9-6f2f045cbc99 tempest-ServerBootFromVolumeStableRescueTest-2108684361 tempest-ServerBootFromVolumeStableRescueTest-2108684361-project-member] Using url versioning {{(pid=98868) process_request /opt/stack/glance/glance/api/middleware/version_negotiation.py:57}}
Jun 17 07:48:00.527336 np0000003014 devstack@g-api.service[98868]: DEBUG glance.api.middleware.version_negotiation [None req-d066ee01-0c09-4771-95c9-6f2f045cbc99 tempest-ServerBootFromVolumeStableRescueTest-2108684361 tempest-ServerBootFromVolumeStableRescueTest-2108684361-project-member] Matched version: v2 {{(pid=98868) process_request /opt/stack/glance/glance/api/middleware/version_negotiation.py:69}}
Jun 17 07:48:00.527336 np0000003014 devstack@g-api.service[98868]: DEBUG glance.api.middleware.version_negotiation [None req-d066ee01-0c09-4771-95c9-6f2f045cbc99 tempest-ServerBootFromVolumeStableRescueTest-2108684361 tempest-ServerBootFromVolumeStableRescueTest-2108684361-project-member] new path /v2/images/7b1ea3e6-73f9-41df-a9ed-b9415ac14a10 {{(pid=98868) process_request /opt/stack/glance/glance/api/middleware/version_negotiation.py:70}}
