Jun 30 08:21:01.323550 np0000003956 nova-scheduler[96467]: DEBUG cotyledon.oslo_config_glue [-] profiler.es_scroll_time = 2m {{(pid=96467) log_opt_values /opt/stack/data/venv/lib/python3.12/site-packages/oslo_config/cfg.py:3253}}
Jun 30 08:21:01.323550 np0000003956 nova-scheduler[96467]: DEBUG cotyledon.oslo_config_glue [-] profiler.filter_error_trace = False {{(pid=96467) log_opt_values /opt/stack/data/venv/lib/python3.12/site-packages/oslo_config/cfg.py:3253}}
Jun 30 08:21:01.323550 np0000003956 nova-scheduler[96467]: DEBUG cotyledon.oslo_config_glue [-] profiler.hmac_keys = **** {{(pid=96467) log_opt_values /opt/stack/data/venv/lib/python3.12/site-packages/oslo_config/cfg.py:3253}}
Jun 30 08:21:01.323550 np0000003956 nova-scheduler[96467]: DEBUG cotyledon.oslo_config_glue [-] profiler.sentinel_service_name = mymaster {{(pid=96467) log_opt_values /opt/stack/data/venv/lib/python3.12/site-packages/oslo_config/cfg.py:3253}}
Jun 30 08:21:01.323550 np0000003956 nova-scheduler[96467]: DEBUG cotyledon.oslo_config_glue [-] profiler.socket_timeout = 0.1 {{(pid=96467) log_opt_values /opt/stack/data/venv/lib/python3.12/site-packages/oslo_config/cfg.py:3253}}
Jun 30 08:21:01.323550 np0000003956 nova-scheduler[96467]: DEBUG cotyledon.oslo_config_glue [-] profiler.trace_requests = False {{(pid=96467) log_opt_values /opt/stack/data/venv/lib/python3.12/site-packages/oslo_config/cfg.py:3253}}
Jun 30 08:21:01.323550 np0000003956 nova-scheduler[96467]: DEBUG cotyledon.oslo_config_glue [-] profiler.trace_sqlalchemy = False {{(pid=96467) log_opt_values /opt/stack/data/venv/lib/python3.12/site-packages/oslo_config/cfg.py:3253}}
Jun 30 08:21:01.323550 np0000003956 nova-scheduler[96467]: DEBUG cotyledon.oslo_config_glue [-] profiler_jaeger.process_tags = {} {{(pid=96467) log_opt_values /opt/stack/data/venv/lib/python3.12/site-packages/oslo_config/cfg.py:3253}}
Jun 30 08:21:01.323889 np0000003956 nova-scheduler[96467]: DEBUG cotyledon.oslo_config_glue [-] profiler_jaeger.service_name_prefix = None {{(pid=96467) log_opt_values /opt/stack/data/venv/lib/python3.12/site-packages/oslo_config/cfg.py:3253}}
Jun 30 08:21:01.323889 np0000003956 nova-scheduler[96467]: DEBUG cotyledon.oslo_config_glue [-] profiler_otlp.service_name_prefix = None {{(pid=96467) log_opt_values /opt/stack/data/venv/lib/python3.12/site-packages/oslo_config/cfg.py:3253}}
Jun 30 08:21:01.323889 np0000003956 nova-scheduler[96467]: DEBUG cotyledon.oslo_config_glue [-] oslo_messaging_rabbit.amqp_auto_delete = False {{(pid=96467) log_opt_values /opt/stack/data/venv/lib/python3.12/site-packages/oslo_config/cfg.py:3253}}
Jun 30 08:21:01.323889 np0000003956 nova-scheduler[96467]: DEBUG cotyledon.oslo_config_glue [-] oslo_messaging_rabbit.amqp_durable_queues = False {{(pid=96467) log_opt_values /opt/stack/data/venv/lib/python3.12/site-packages/oslo_config/cfg.py:3253}}
Jun 30 08:21:01.323889 np0000003956 nova-scheduler[96467]: DEBUG cotyledon.oslo_config_glue [-] oslo_messaging_rabbit.conn_pool_min_size = 2 {{(pid=96467) log_opt_values /opt/stack/data/venv/lib/python3.12/site-packages/oslo_config/cfg.py:3253}}
Jun 30 08:21:01.323889 np0000003956 nova-scheduler[96467]: DEBUG cotyledon.oslo_config_glue [-] oslo_messaging_rabbit.conn_pool_ttl = 1200 {{(pid=96467) log_opt_values /opt/stack/data/venv/lib/python3.12/site-packages/oslo_config/cfg.py:3253}}
Jun 30 08:21:01.323889 np0000003956 nova-scheduler[96467]: DEBUG cotyledon.oslo_config_glue [-] oslo_messaging_rabbit.direct_mandatory_flag = True {{(pid=96467) log_opt_values /opt/stack/data/venv/lib/python3.12/site-packages/oslo_config/cfg.py:3253}}
Jun 30 08:21:01.323889 np0000003956 nova-scheduler[96467]: DEBUG cotyledon.oslo_config_glue [-] oslo_messaging_rabbit.enable_cancel_on_failover = False {{(pid=96467) log_opt_values /opt/stack/data/venv/lib/python3.12/site-packages/oslo_config/cfg.py:3253}}
Jun 30 08:21:01.323889 np0000003956 nova-scheduler[96467]: DEBUG cotyledon.oslo_config_glue [-] oslo_messaging_rabbit.heartbeat_rate = 3 {{(pid=96467) log_opt_values /opt/stack/data/venv/lib/python3.12/site-packages/oslo_config/cfg.py:3253}}
Jun 30 08:21:01.324195 np0000003956 nova-scheduler[96467]: DEBUG cotyledon.oslo_config_glue [-] oslo_messaging_rabbit.heartbeat_timeout_threshold = 60 {{(pid=96467) log_opt_values /opt/stack/data/venv/lib/python3.12/site-packages/oslo_config/cfg.py:3253}}
Jun 30 08:21:01.324195 np0000003956 nova-scheduler[96467]: DEBUG cotyledon.oslo_config_glue [-] oslo_messaging_rabbit.hostname = np0000003956 {{(pid=96467) log_opt_values /opt/stack/data/venv/lib/python3.12/site-packages/oslo_config/cfg.py:3253}}
Jun 30 08:21:01.324195 np0000003956 nova-scheduler[96467]: DEBUG cotyledon.oslo_config_glue [-] oslo_messaging_rabbit.kombu_compression = None {{(pid=96467) log_opt_values /opt/stack/data/venv/lib/python3.12/site-packages/oslo_config/cfg.py:3253}}
Jun 30 08:21:01.324195 np0000003956 nova-scheduler[96467]: DEBUG cotyledon.oslo_config_glue [-] oslo_messaging_rabbit.kombu_failover_strategy = round-robin {{(pid=96467) log_opt_values /opt/stack/data/venv/lib/python3.12/site-packages/oslo_config/cfg.py:3253}}
Jun 30 08:21:01.324195 np0000003956 nova-scheduler[96467]: DEBUG cotyledon.oslo_config_glue [-] oslo_messaging_rabbit.kombu_missing_consumer_retry_timeout = 60 {{(pid=96467) log_opt_values /opt/stack/data/venv/lib/python3.12/site-packages/oslo_config/cfg.py:3253}}
Jun 30 08:21:01.324195 np0000003956 nova-scheduler[96467]: DEBUG cotyledon.oslo_config_glue [-] oslo_messaging_rabbit.kombu_reconnect_delay = 1.0 {{(pid=96467) log_opt_values /opt/stack/data/venv/lib/python3.12/site-packages/oslo_config/cfg.py:3253}}
Jun 30 08:21:01.324195 np0000003956 nova-scheduler[96467]: DEBUG cotyledon.oslo_config_glue [-] oslo_messaging_rabbit.kombu_reconnect_splay = 0.0 {{(pid=96467) log_opt_values /opt/stack/data/venv/lib/python3.12/site-packages/oslo_config/cfg.py:3253}}
Jun 30 08:21:01.324195 np0000003956 nova-scheduler[96467]: DEBUG cotyledon.oslo_config_glue [-] oslo_messaging_rabbit.processname = nova-scheduler {{(pid=96467) log_opt_values /opt/stack/data/venv/lib/python3.12/site-packages/oslo_config/cfg.py:3253}}
Jun 30 08:21:01.324195 np0000003956 nova-scheduler[96467]: DEBUG cotyledon.oslo_config_glue [-] oslo_messaging_rabbit.rabbit_ha_queues = False {{(pid=96467) log_opt_values /opt/stack/data/venv/lib/python3.12/site-packages/oslo_config/cfg.py:3253}}
Jun 30 08:21:01.324523 np0000003956 nova-scheduler[96467]: DEBUG cotyledon.oslo_config_glue [-] oslo_messaging_rabbit.rabbit_interval_max = 30 {{(pid=96467) log_opt_values /opt/stack/data/venv/lib/python3.12/site-packages/oslo_config/cfg.py:3253}}
Jun 30 08:21:01.324523 np0000003956 nova-scheduler[96467]: DEBUG cotyledon.oslo_config_glue [-] oslo_messaging_rabbit.rabbit_login_method = AMQPLAIN {{(pid=96467) log_opt_values /opt/stack/data/venv/lib/python3.12/site-packages/oslo_config/cfg.py:3253}}
Jun 30 08:21:01.324523 np0000003956 nova-scheduler[96467]: DEBUG cotyledon.oslo_config_glue [-] oslo_messaging_rabbit.rabbit_qos_prefetch_count = 0 {{(pid=96467) log_opt_values /opt/stack/data/venv/lib/python3.12/site-packages/oslo_config/cfg.py:3253}}
Jun 30 08:21:01.324523 np0000003956 nova-scheduler[96467]: DEBUG cotyledon.oslo_config_glue [-] oslo_messaging_rabbit.rabbit_quorum_delivery_limit = 0 {{(pid=96467) log_opt_values /opt/stack/data/venv/lib/python3.12/site-packages/oslo_config/cfg.py:3253}}
Jun 30 08:21:01.324523 np0000003956 nova-scheduler[96467]: DEBUG cotyledon.oslo_config_glue [-] oslo_messaging_rabbit.rabbit_quorum_max_memory_bytes = 0 {{(pid=96467) log_opt_values /opt/stack/data/venv/lib/python3.12/site-packages/oslo_config/cfg.py:3253}}
Jun 30 08:21:01.324523 np0000003956 nova-scheduler[96467]: DEBUG cotyledon.oslo_config_glue [-] oslo_messaging_rabbit.rabbit_quorum_max_memory_length = 0 {{(pid=96467) log_opt_values /opt/stack/data/venv/lib/python3.12/site-packages/oslo_config/cfg.py:3253}}
Jun 30 08:21:01.324523 np0000003956 nova-scheduler[96467]: DEBUG cotyledon.oslo_config_glue [-] oslo_messaging_rabbit.rabbit_quorum_queue = False {{(pid=96467) log_opt_values /opt/stack/data/venv/lib/python3.12/site-packages/oslo_config/cfg.py:3253}}
Jun 30 08:21:01.324523 np0000003956 nova-scheduler[96467]: DEBUG cotyledon.oslo_config_glue [-] oslo_messaging_rabbit.rabbit_retry_backoff = 2 {{(pid=96467) log_opt_values /opt/stack/data/venv/lib/python3.12/site-packages/oslo_config/cfg.py:3253}}
Jun 30 08:21:01.324523 np0000003956 nova-scheduler[96467]: DEBUG cotyledon.oslo_config_glue [-] oslo_messaging_rabbit.rabbit_retry_interval = 1 {{(pid=96467) log_opt_values /opt/stack/data/venv/lib/python3.12/site-packages/oslo_config/cfg.py:3253}}
Jun 30 08:21:01.324854 np0000003956 nova-scheduler[96467]: DEBUG cotyledon.oslo_config_glue [-] oslo_messaging_rabbit.rabbit_stream_fanout = False {{(pid=96467) log_opt_values /opt/stack/data/venv/lib/python3.12/site-packages/oslo_config/cfg.py:3253}}
Jun 30 08:21:01.324854 np0000003956 nova-scheduler[96467]: DEBUG cotyledon.oslo_config_glue [-] oslo_messaging_rabbit.rabbit_transient_queues_ttl = 1800 {{(pid=96467) log_opt_values /opt/stack/data/venv/lib/python3.12/site-packages/oslo_config/cfg.py:3253}}
Jun 30 08:21:01.324854 np0000003956 nova-scheduler[96467]: DEBUG cotyledon.oslo_config_glue [-] oslo_messaging_rabbit.rabbit_transient_quorum_queue = False {{(pid=96467) log_opt_values /opt/stack/data/venv/lib/python3.12/site-packages/oslo_config/cfg.py:3253}}
Jun 30 08:21:01.324854 np0000003956 nova-scheduler[96467]: DEBUG cotyledon.oslo_config_glue [-] oslo_messaging_rabbit.rpc_conn_pool_size = 30 {{(pid=96467) log_opt_values /opt/stack/data/venv/lib/python3.12/site-packages/oslo_config/cfg.py:3253}}
Jun 30 08:21:01.324854 np0000003956 nova-scheduler[96467]: DEBUG cotyledon.oslo_config_glue [-] oslo_messaging_rabbit.ssl = False {{(pid=96467) log_opt_values /opt/stack/data/venv/lib/python3.12/site-packages/oslo_config/cfg.py:3253}}
Jun 30 08:21:01.324854 np0000003956 nova-scheduler[96467]: DEBUG cotyledon.oslo_config_glue [-] oslo_messaging_rabbit.ssl_ca_file = {{(pid=96467) log_opt_values /opt/stack/data/venv/lib/python3.12/site-packages/oslo_config/cfg.py:3253}}
Jun 30 08:21:01.324854 np0000003956 nova-scheduler[96467]: DEBUG cotyledon.oslo_config_glue [-] oslo_messaging_rabbit.ssl_cert_file = {{(pid=96467) log_opt_values /opt/stack/data/venv/lib/python3.12/site-packages/oslo_config/cfg.py:3253}}
Jun 30 08:21:01.324854 np0000003956 nova-scheduler[96467]: DEBUG cotyledon.oslo_config_glue [-] oslo_messaging_rabbit.ssl_enforce_fips_mode = False {{(pid=96467) log_opt_values /opt/stack/data/venv/lib/python3.12/site-packages/oslo_config/cfg.py:3253}}
Jun 30 08:21:01.324854 np0000003956 nova-scheduler[96467]: DEBUG cotyledon.oslo_config_glue [-] oslo_messaging_rabbit.ssl_enforce_hostname_verification = True {{(pid=96467) log_opt_values /opt/stack/data/venv/lib/python3.12/site-packages/oslo_config/cfg.py:3253}}
Jun 30 08:21:01.325185 np0000003956 nova-scheduler[96467]: DEBUG cotyledon.oslo_config_glue [-] oslo_messaging_rabbit.ssl_key_file = {{(pid=96467) log_opt_values /opt/stack/data/venv/lib/python3.12/site-packages/oslo_config/cfg.py:3253}}
Jun 30 08:21:01.325185 np0000003956 nova-scheduler[96467]: DEBUG cotyledon.oslo_config_glue [-] oslo_messaging_rabbit.ssl_version = {{(pid=96467) log_opt_values /opt/stack/data/venv/lib/python3.12/site-packages/oslo_config/cfg.py:3253}}
Jun 30 08:21:01.325185 np0000003956 nova-scheduler[96467]: DEBUG cotyledon.oslo_config_glue [-] oslo_messaging_rabbit.use_queue_manager = False {{(pid=96467) log_opt_values /opt/stack/data/venv/lib/python3.12/site-packages/oslo_config/cfg.py:3253}}
Jun 30 08:21:01.325185 np0000003956 nova-scheduler[96467]: DEBUG cotyledon.oslo_config_glue [-] oslo_messaging_notifications.driver = ['messagingv2'] {{(pid=96467) log_opt_values /opt/stack/data/venv/lib/python3.12/site-packages/oslo_config/cfg.py:3253}}
Jun 30 08:21:01.325185 np0000003956 nova-scheduler[96467]: DEBUG cotyledon.oslo_config_glue [-] oslo_messaging_notifications.retry = -1 {{(pid=96467) log_opt_values /opt/stack/data/venv/lib/python3.12/site-packages/oslo_config/cfg.py:3253}}
Jun 30 08:21:01.325185 np0000003956 nova-scheduler[96467]: DEBUG cotyledon.oslo_config_glue [-] oslo_messaging_notifications.topics = ['notifications'] {{(pid=96467) log_opt_values /opt/stack/data/venv/lib/python3.12/site-packages/oslo_config/cfg.py:3253}}
Jun 30 08:21:01.325185 np0000003956 nova-scheduler[96467]: DEBUG cotyledon.oslo_config_glue [-] oslo_messaging_notifications.transport_url = **** {{(pid=96467) log_opt_values /opt/stack/data/venv/lib/python3.12/site-packages/oslo_config/cfg.py:3253}}
Jun 30 08:21:01.325185 np0000003956 nova-scheduler[96467]: DEBUG cotyledon.oslo_config_glue [-] oslo_limit.auth_section = None {{(pid=96467) log_opt_values /opt/stack/data/venv/lib/python3.12/site-packages/oslo_config/cfg.py:3253}}
Jun 30 08:21:01.325185 np0000003956 nova-scheduler[96467]: DEBUG cotyledon.oslo_config_glue [-] oslo_limit.auth_type = None {{(pid=96467) log_opt_values /opt/stack/data/venv/lib/python3.12/site-packages/oslo_config/cfg.py:3253}}
Jun 30 08:21:01.325502 np0000003956 nova-scheduler[96467]: DEBUG cotyledon.oslo_config_glue [-] oslo_limit.cafile = None {{(pid=96467) log_opt_values /opt/stack/data/venv/lib/python3.12/site-packages/oslo_config/cfg.py:3253}}
Jun 30 08:21:01.325502 np0000003956 nova-scheduler[96467]: DEBUG cotyledon.oslo_config_glue [-] oslo_limit.certfile = None {{(pid=96467) log_opt_values /opt/stack/data/venv/lib/python3.12/site-packages/oslo_config/cfg.py:3253}}
Jun 30 08:21:01.325502 np0000003956 nova-scheduler[96467]: DEBUG cotyledon.oslo_config_glue [-] oslo_limit.collect_timing = False {{(pid=96467) log_opt_values /opt/stack/data/venv/lib/python3.12/site-packages/oslo_config/cfg.py:3253}}
Jun 30 08:21:01.325502 np0000003956 nova-scheduler[96467]: DEBUG cotyledon.oslo_config_glue [-] oslo_limit.connect_retries = None {{(pid=96467) log_opt_values /opt/stack/data/venv/lib/python3.12/site-packages/oslo_config/cfg.py:3253}}
Jun 30 08:21:01.325502 np0000003956 nova-scheduler[96467]: DEBUG cotyledon.oslo_config_glue [-] oslo_limit.connect_retry_delay = None {{(pid=96467) log_opt_values /opt/stack/data/venv/lib/python3.12/site-packages/oslo_config/cfg.py:3253}}
Jun 30 08:21:01.325502 np0000003956 nova-scheduler[96467]: DEBUG cotyledon.oslo_config_glue [-] oslo_limit.endpoint_id = None {{(pid=96467) log_opt_values /opt/stack/data/venv/lib/python3.12/site-packages/oslo_config/cfg.py:3253}}
Jun 30 08:21:01.325502 np0000003956 nova-scheduler[96467]: DEBUG cotyledon.oslo_config_glue [-] oslo_limit.endpoint_interface = public {{(pid=96467) log_opt_values /opt/stack/data/venv/lib/python3.12/site-packages/oslo_config/cfg.py:3253}}
Jun 30 08:21:01.325502 np0000003956 nova-scheduler[96467]: DEBUG cotyledon.oslo_config_glue [-] oslo_limit.endpoint_override = None {{(pid=96467) log_opt_values /opt/stack/data/venv/lib/python3.12/site-packages/oslo_config/cfg.py:3253}}
Jun 30 08:21:01.325502 np0000003956 nova-scheduler[96467]: DEBUG cotyledon.oslo_config_glue [-] oslo_limit.endpoint_region_name = None {{(pid=96467) log_opt_values /opt/stack/data/venv/lib/python3.12/site-packages/oslo_config/cfg.py:3253}}
Jun 30 08:21:01.325823 np0000003956 nova-scheduler[96467]: DEBUG cotyledon.oslo_config_glue [-] oslo_limit.endpoint_service_name = None {{(pid=96467) log_opt_values /opt/stack/data/venv/lib/python3.12/site-packages/oslo_config/cfg.py:3253}}
Jun 30 08:21:01.325823 np0000003956 nova-scheduler[96467]: DEBUG cotyledon.oslo_config_glue [-] oslo_limit.endpoint_service_type = None {{(pid=96467) log_opt_values /opt/stack/data/venv/lib/python3.12/site-packages/oslo_config/cfg.py:3253}}
Jun 30 08:21:01.325823 np0000003956 nova-scheduler[96467]: DEBUG cotyledon.oslo_config_glue [-] oslo_limit.insecure = False {{(pid=96467) log_opt_values /opt/stack/data/venv/lib/python3.12/site-packages/oslo_config/cfg.py:3253}}
Jun 30 08:21:01.325823 np0000003956 nova-scheduler[96467]: DEBUG cotyledon.oslo_config_glue [-] oslo_limit.keyfile = None {{(pid=96467) log_opt_values /opt/stack/data/venv/lib/python3.12/site-packages/oslo_config/cfg.py:3253}}
Jun 30 08:21:01.325823 np0000003956 nova-scheduler[96467]: DEBUG cotyledon.oslo_config_glue [-] oslo_limit.max_version = None {{(pid=96467) log_opt_values /opt/stack/data/venv/lib/python3.12/site-packages/oslo_config/cfg.py:3253}}
Jun 30 08:21:01.325823 np0000003956 nova-scheduler[96467]: DEBUG cotyledon.oslo_config_glue [-] oslo_limit.min_version = None {{(pid=96467) log_opt_values /opt/stack/data/venv/lib/python3.12/site-packages/oslo_config/cfg.py:3253}}
Jun 30 08:21:01.325823 np0000003956 nova-scheduler[96467]: DEBUG cotyledon.oslo_config_glue [-] oslo_limit.region_name = None {{(pid=96467) log_opt_values /opt/stack/data/venv/lib/python3.12/site-packages/oslo_config/cfg.py:3253}}
Jun 30 08:21:01.325823 np0000003956 nova-scheduler[96467]: DEBUG cotyledon.oslo_config_glue [-] oslo_limit.retriable_status_codes = None {{(pid=96467) log_opt_values /opt/stack/data/venv/lib/python3.12/site-packages/oslo_config/cfg.py:3253}}
Jun 30 08:21:01.325823 np0000003956 nova-scheduler[96467]: DEBUG cotyledon.oslo_config_glue [-] oslo_limit.service_name = None {{(pid=96467) log_opt_values /opt/stack/data/venv/lib/python3.12/site-packages/oslo_config/cfg.py:3253}}
Jun 30 08:21:01.326138 np0000003956 nova-scheduler[96467]: DEBUG cotyledon.oslo_config_glue [-] oslo_limit.service_type = None {{(pid=96467) log_opt_values /opt/stack/data/venv/lib/python3.12/site-packages/oslo_config/cfg.py:3253}}
Jun 30 08:21:01.326138 np0000003956 nova-scheduler[96467]: DEBUG cotyledon.oslo_config_glue [-] oslo_limit.split_loggers = False {{(pid=96467) log_opt_values /opt/stack/data/venv/lib/python3.12/site-packages/oslo_config/cfg.py:3253}}
Jun 30 08:21:01.326138 np0000003956 nova-scheduler[96467]: DEBUG cotyledon.oslo_config_glue [-] oslo_limit.status_code_retries = None {{(pid=96467) log_opt_values /opt/stack/data/venv/lib/python3.12/site-packages/oslo_config/cfg.py:3253}}
Jun 30 08:21:01.326138 np0000003956 nova-scheduler[96467]: DEBUG cotyledon.oslo_config_glue [-] oslo_limit.status_code_retry_delay = None {{(pid=96467) log_opt_values /opt/stack/data/venv/lib/python3.12/site-packages/oslo_config/cfg.py:3253}}
Jun 30 08:21:01.326138 np0000003956 nova-scheduler[96467]: DEBUG cotyledon.oslo_config_glue [-] oslo_limit.timeout = None {{(pid=96467) log_opt_values /opt/stack/data/venv/lib/python3.12/site-packages/oslo_config/cfg.py:3253}}
Jun 30 08:21:01.326138 np0000003956 nova-scheduler[96467]: DEBUG cotyledon.oslo_config_glue [-] oslo_limit.valid_interfaces = None {{(pid=96467) log_opt_values /opt/stack/data/venv/lib/python3.12/site-packages/oslo_config/cfg.py:3253}}
Jun 30 08:21:01.326138 np0000003956 nova-scheduler[96467]: DEBUG cotyledon.oslo_config_glue [-] oslo_limit.version = None {{(pid=96467) log_opt_values /opt/stack/data/venv/lib/python3.12/site-packages/oslo_config/cfg.py:3253}}
Jun 30 08:21:01.326138 np0000003956 nova-scheduler[96467]: DEBUG cotyledon.oslo_config_glue [-] oslo_reports.file_event_handler = None {{(pid=96467) log_opt_values /opt/stack/data/venv/lib/python3.12/site-packages/oslo_config/cfg.py:3253}}
Jun 30 08:21:01.326138 np0000003956 nova-scheduler[96467]: DEBUG cotyledon.oslo_config_glue [-] oslo_reports.file_event_handler_interval = 1 {{(pid=96467) log_opt_values /opt/stack/data/venv/lib/python3.12/site-packages/oslo_config/cfg.py:3253}}
Jun 30 08:21:01.326444 np0000003956 nova-scheduler[96467]: DEBUG cotyledon.oslo_config_glue [-] oslo_reports.log_dir = None {{(pid=96467) log_opt_values /opt/stack/data/venv/lib/python3.12/site-packages/oslo_config/cfg.py:3253}}
Jun 30 08:21:01.326444 np0000003956 nova-scheduler[96467]: DEBUG cotyledon.oslo_config_glue [-] ******************************************************************************** {{(pid=96467) log_opt_values /opt/stack/data/venv/lib/python3.12/site-packages/oslo_config/cfg.py:3260}}
Jun 30 08:21:01.326444 np0000003956 nova-scheduler[96467]: DEBUG cotyledon._service_worker [-] Run service ServiceWrapper(3) [96467] {{(pid=96467) wait_forever /opt/stack/data/venv/lib/python3.12/site-packages/cotyledon/_service_worker.py:218}}
Jun 30 08:21:01.326444 np0000003956 nova-scheduler[96467]: INFO nova.service [-] Starting scheduler node (version 33.1.0)
Jun 30 08:21:01.326444 np0000003956 nova-scheduler[96467]: INFO dbcounter [None req-428aaa10-f6cb-4e3f-ad93-473354e82d3b None None] Registered counter for database nova_cell0
Jun 30 08:21:01.326632 np0000003956 nova-scheduler[96461]: DEBUG oslo_db.sqlalchemy.engines [None req-39c405b1-ec3c-4dab-ad78-12843869ef67 None None] MySQL server mode set to STRICT_TRANS_TABLES,STRICT_ALL_TABLES,NO_ZERO_IN_DATE,NO_ZERO_DATE,ERROR_FOR_DIVISION_BY_ZERO,TRADITIONAL,NO_ENGINE_SUBSTITUTION {{(pid=96461) _check_effective_sql_mode /opt/stack/data/venv/lib/python3.12/site-packages/oslo_db/sqlalchemy/engines.py:325}}
Jun 30 08:21:01.326632 np0000003956 nova-scheduler[96461]: DEBUG dbcounter [-] [96461] Writer thread running {{(pid=96461) stat_writer /opt/stack/data/venv/lib/python3.12/site-packages/dbcounter.py:102}}
Jun 30 08:21:01.337228 np0000003956 nova-scheduler[96463]: DEBUG oslo_db.sqlalchemy.engines [None req-04659e76-9784-4c65-847d-90421991a0d0 None None] MySQL server mode set to STRICT_TRANS_TABLES,STRICT_ALL_TABLES,NO_ZERO_IN_DATE,NO_ZERO_DATE,ERROR_FOR_DIVISION_BY_ZERO,TRADITIONAL,NO_ENGINE_SUBSTITUTION {{(pid=96463) _check_effective_sql_mode /opt/stack/data/venv/lib/python3.12/site-packages/oslo_db/sqlalchemy/engines.py:325}}
Jun 30 08:21:01.341007 np0000003956 nova-scheduler[96465]: DEBUG oslo_db.sqlalchemy.engines [None req-c6591f47-871d-4e0d-a20b-08002bce5cb0 None None] MySQL server mode set to STRICT_TRANS_TABLES,STRICT_ALL_TABLES,NO_ZERO_IN_DATE,NO_ZERO_DATE,ERROR_FOR_DIVISION_BY_ZERO,TRADITIONAL,NO_ENGINE_SUBSTITUTION {{(pid=96465) _check_effective_sql_mode /opt/stack/data/venv/lib/python3.12/site-packages/oslo_db/sqlalchemy/engines.py:325}}
Jun 30 08:21:01.351001 np0000003956 nova-scheduler[96461]: DEBUG nova.service [None req-39c405b1-ec3c-4dab-ad78-12843869ef67 None None] Creating RPC server for service: nova-scheduler on topic: scheduler {{(pid=96461) start /opt/stack/nova/nova/service.py:196}}
Jun 30 08:21:01.353148 np0000003956 nova-scheduler[96463]: DEBUG dbcounter [-] [96463] Writer thread running {{(pid=96463) stat_writer /opt/stack/data/venv/lib/python3.12/site-packages/dbcounter.py:102}}
Jun 30 08:21:01.357309 np0000003956 nova-scheduler[96465]: DEBUG dbcounter [-] [96465] Writer thread running {{(pid=96465) stat_writer /opt/stack/data/venv/lib/python3.12/site-packages/dbcounter.py:102}}
Jun 30 08:21:01.358528 np0000003956 nova-scheduler[96463]: DEBUG nova.service [None req-04659e76-9784-4c65-847d-90421991a0d0 None None] Creating RPC server for service: nova-scheduler on topic: scheduler {{(pid=96463) start /opt/stack/nova/nova/service.py:196}}
Jun 30 08:21:01.364133 np0000003956 nova-scheduler[96465]: DEBUG nova.service [None req-c6591f47-871d-4e0d-a20b-08002bce5cb0 None None] Creating RPC server for service: nova-scheduler on topic: scheduler {{(pid=96465) start /opt/stack/nova/nova/service.py:196}}
Jun 30 08:21:01.372502 np0000003956 nova-scheduler[96467]: DEBUG oslo_db.sqlalchemy.engines [None req-428aaa10-f6cb-4e3f-ad93-473354e82d3b None None] MySQL server mode set to STRICT_TRANS_TABLES,STRICT_ALL_TABLES,NO_ZERO_IN_DATE,NO_ZERO_DATE,ERROR_FOR_DIVISION_BY_ZERO,TRADITIONAL,NO_ENGINE_SUBSTITUTION {{(pid=96467) _check_effective_sql_mode /opt/stack/data/venv/lib/python3.12/site-packages/oslo_db/sqlalchemy/engines.py:325}}
Jun 30 08:21:01.386411 np0000003956 nova-scheduler[96467]: DEBUG dbcounter [-] [96467] Writer thread running {{(pid=96467) stat_writer /opt/stack/data/venv/lib/python3.12/site-packages/dbcounter.py:102}}
Jun 30 08:21:01.390404 np0000003956 nova-scheduler[96467]: DEBUG nova.service [None req-428aaa10-f6cb-4e3f-ad93-473354e82d3b None None] Creating RPC server for service: nova-scheduler on topic: scheduler {{(pid=96467) start /opt/stack/nova/nova/service.py:196}}
Jun 30 08:21:01.394658 np0000003956 nova-scheduler[96461]: DEBUG nova.service [None req-39c405b1-ec3c-4dab-ad78-12843869ef67 None None] Join ServiceGroup membership for this service scheduler {{(pid=96461) start /opt/stack/nova/nova/service.py:222}}
Jun 30 08:21:01.394994 np0000003956 nova-scheduler[96461]: DEBUG nova.servicegroup.drivers.db [None req-39c405b1-ec3c-4dab-ad78-12843869ef67 None None] DB_Driver: join new ServiceGroup member np0000003956 to the scheduler group, service = {{(pid=96461) join /opt/stack/nova/nova/servicegroup/drivers/db.py:44}}
Jun 30 08:21:01.399489 np0000003956 nova-scheduler[96465]: DEBUG nova.service [None req-c6591f47-871d-4e0d-a20b-08002bce5cb0 None None] Join ServiceGroup membership for this service scheduler {{(pid=96465) start /opt/stack/nova/nova/service.py:222}}
Jun 30 08:21:01.399934 np0000003956 nova-scheduler[96465]: DEBUG nova.servicegroup.drivers.db [None req-c6591f47-871d-4e0d-a20b-08002bce5cb0 None None] DB_Driver: join new ServiceGroup member np0000003956 to the scheduler group, service = {{(pid=96465) join /opt/stack/nova/nova/servicegroup/drivers/db.py:44}}
Jun 30 08:21:01.403732 np0000003956 nova-scheduler[96463]: DEBUG nova.service [None req-04659e76-9784-4c65-847d-90421991a0d0 None None] Join ServiceGroup membership for this service scheduler {{(pid=96463) start /opt/stack/nova/nova/service.py:222}}
Jun 30 08:21:01.403968 np0000003956 nova-scheduler[96463]: DEBUG nova.servicegroup.drivers.db [None req-04659e76-9784-4c65-847d-90421991a0d0 None None] DB_Driver: join new ServiceGroup member np0000003956 to the scheduler group, service = {{(pid=96463) join /opt/stack/nova/nova/servicegroup/drivers/db.py:44}}
Jun 30 08:21:01.415723 np0000003956 nova-scheduler[96467]: DEBUG nova.service [None req-428aaa10-f6cb-4e3f-ad93-473354e82d3b None None] Join ServiceGroup membership for this service scheduler {{(pid=96467) start /opt/stack/nova/nova/service.py:222}}
Jun 30 08:21:01.416006 np0000003956 nova-scheduler[96467]: DEBUG nova.servicegroup.drivers.db [None req-428aaa10-f6cb-4e3f-ad93-473354e82d3b None None] DB_Driver: join new ServiceGroup member np0000003956 to the scheduler group, service = {{(pid=96467) join /opt/stack/nova/nova/servicegroup/drivers/db.py:44}}
Jun 30 08:21:06.404162 np0000003956 nova-scheduler[96465]: DEBUG oslo.service.backend._threading.loopingcall [None req-c4d9f41e-6219-4fa2-bcf7-fd17a20de050 None None] Dynamic interval looping call 'nova.service.Service.periodic_tasks' sleeping for 60.00 seconds {{(pid=96465) _run_loop /opt/stack/data/venv/lib/python3.12/site-packages/oslo_service/backend/_threading/loopingcall.py:125}}
Jun 30 08:21:06.411259 np0000003956 nova-scheduler[96461]: DEBUG oslo.service.backend._threading.loopingcall [-] Fixed interval looping call 'nova.servicegroup.drivers.db.DbDriver._report_state' sleeping for 119.99 seconds {{(pid=96461) _run_loop /opt/stack/data/venv/lib/python3.12/site-packages/oslo_service/backend/_threading/loopingcall.py:125}}
Jun 30 08:21:06.414764 np0000003956 nova-scheduler[96465]: DEBUG oslo.service.backend._threading.loopingcall [-] Fixed interval looping call 'nova.servicegroup.drivers.db.DbDriver._report_state' sleeping for 119.99 seconds {{(pid=96465) _run_loop /opt/stack/data/venv/lib/python3.12/site-packages/oslo_service/backend/_threading/loopingcall.py:125}}
Jun 30 08:21:06.415953 np0000003956 nova-scheduler[96463]: DEBUG oslo.service.backend._threading.loopingcall [-] Fixed interval looping call 'nova.servicegroup.drivers.db.DbDriver._report_state' sleeping for 119.99 seconds {{(pid=96463) _run_loop /opt/stack/data/venv/lib/python3.12/site-packages/oslo_service/backend/_threading/loopingcall.py:125}}
Jun 30 08:21:06.428988 np0000003956 nova-scheduler[96467]: DEBUG oslo.service.backend._threading.loopingcall [-] Fixed interval looping call 'nova.servicegroup.drivers.db.DbDriver._report_state' sleeping for 119.99 seconds {{(pid=96467) _run_loop /opt/stack/data/venv/lib/python3.12/site-packages/oslo_service/backend/_threading/loopingcall.py:125}}
Jun 30 08:21:09.884752 np0000003956 nova-scheduler[95268]: DEBUG dbcounter [-] [95268] Writing DB stats nova_api:SELECT=3 {{(pid=95268) stat_writer /opt/stack/data/venv/lib/python3.12/site-packages/dbcounter.py:115}}
Jun 30 08:21:10.047541 np0000003956 nova-scheduler[95268]: DEBUG dbcounter [-] [95268] Writing DB stats nova_cell0:SELECT=1 {{(pid=95268) stat_writer /opt/stack/data/venv/lib/python3.12/site-packages/dbcounter.py:115}}
Jun 30 08:21:10.048320 np0000003956 nova-scheduler[95268]: DEBUG dbcounter [-] [95268] Writing DB stats nova_cell1:SELECT=1 {{(pid=95268) stat_writer /opt/stack/data/venv/lib/python3.12/site-packages/dbcounter.py:115}}
Jun 30 08:21:16.405957 np0000003956 nova-scheduler[96461]: DEBUG dbcounter [-] [96461] Writing DB stats nova_cell0:SELECT=4,nova_cell0:INSERT=1,nova_cell0:UPDATE=1 {{(pid=96461) stat_writer /opt/stack/data/venv/lib/python3.12/site-packages/dbcounter.py:115}}
Jun 30 08:21:16.410140 np0000003956 nova-scheduler[96465]: DEBUG dbcounter [-] [96465] Writing DB stats nova_cell0:SELECT=3 {{(pid=96465) stat_writer /opt/stack/data/venv/lib/python3.12/site-packages/dbcounter.py:115}}
Jun 30 08:21:16.418124 np0000003956 nova-scheduler[96463]: DEBUG dbcounter [-] [96463] Writing DB stats nova_cell0:SELECT=3 {{(pid=96463) stat_writer /opt/stack/data/venv/lib/python3.12/site-packages/dbcounter.py:115}}
Jun 30 08:21:16.425959 np0000003956 nova-scheduler[96467]: DEBUG dbcounter [-] [96467] Writing DB stats nova_cell0:SELECT=3 {{(pid=96467) stat_writer /opt/stack/data/venv/lib/python3.12/site-packages/dbcounter.py:115}}
Jun 30 08:21:34.406415 np0000003956 nova-scheduler[96463]: DEBUG oslo.service.backend._threading.loopingcall [None req-eb9291db-1ea1-49dc-a76e-ce6fc7f40670 None None] Dynamic interval looping call 'nova.service.Service.periodic_tasks' sleeping for 60.00 seconds {{(pid=96463) _run_loop /opt/stack/data/venv/lib/python3.12/site-packages/oslo_service/backend/_threading/loopingcall.py:125}}
Jun 30 08:21:49.418391 np0000003956 nova-scheduler[96467]: DEBUG oslo.service.backend._threading.loopingcall [None req-98917852-2132-4bed-b015-d3df3893d630 None None] Dynamic interval looping call 'nova.service.Service.periodic_tasks' sleeping for 60.00 seconds {{(pid=96467) _run_loop /opt/stack/data/venv/lib/python3.12/site-packages/oslo_service/backend/_threading/loopingcall.py:125}}
Jun 30 08:22:00.397902 np0000003956 nova-scheduler[96461]: DEBUG oslo.service.backend._threading.loopingcall [None req-a6be18ba-efb7-4c0d-8b6b-d6f7c88a2ec2 None None] Dynamic interval looping call 'nova.service.Service.periodic_tasks' sleeping for 60.00 seconds {{(pid=96461) _run_loop /opt/stack/data/venv/lib/python3.12/site-packages/oslo_service/backend/_threading/loopingcall.py:125}}
Jun 30 08:22:06.404877 np0000003956 nova-scheduler[96465]: DEBUG oslo.service.backend._threading.loopingcall [None req-c4d9f41e-6219-4fa2-bcf7-fd17a20de050 None None] Dynamic interval looping call 'nova.service.Service.periodic_tasks' sleeping for 60.00 seconds {{(pid=96465) _run_loop /opt/stack/data/venv/lib/python3.12/site-packages/oslo_service/backend/_threading/loopingcall.py:125}}
Jun 30 08:22:34.407051 np0000003956 nova-scheduler[96463]: DEBUG oslo.service.backend._threading.loopingcall [None req-eb9291db-1ea1-49dc-a76e-ce6fc7f40670 None None] Dynamic interval looping call 'nova.service.Service.periodic_tasks' sleeping for 60.00 seconds {{(pid=96463) _run_loop /opt/stack/data/venv/lib/python3.12/site-packages/oslo_service/backend/_threading/loopingcall.py:125}}
Jun 30 08:22:49.418862 np0000003956 nova-scheduler[96467]: DEBUG oslo.service.backend._threading.loopingcall [None req-98917852-2132-4bed-b015-d3df3893d630 None None] Dynamic interval looping call 'nova.service.Service.periodic_tasks' sleeping for 60.00 seconds {{(pid=96467) _run_loop /opt/stack/data/venv/lib/python3.12/site-packages/oslo_service/backend/_threading/loopingcall.py:125}}
Jun 30 08:23:00.398318 np0000003956 nova-scheduler[96461]: DEBUG oslo.service.backend._threading.loopingcall [None req-a6be18ba-efb7-4c0d-8b6b-d6f7c88a2ec2 None None] Dynamic interval looping call 'nova.service.Service.periodic_tasks' sleeping for 60.00 seconds {{(pid=96461) _run_loop /opt/stack/data/venv/lib/python3.12/site-packages/oslo_service/backend/_threading/loopingcall.py:125}}
Jun 30 08:23:06.406090 np0000003956 nova-scheduler[96465]: DEBUG oslo.service.backend._threading.loopingcall [None req-c4d9f41e-6219-4fa2-bcf7-fd17a20de050 None None] Dynamic interval looping call 'nova.service.Service.periodic_tasks' sleeping for 60.00 seconds {{(pid=96465) _run_loop /opt/stack/data/venv/lib/python3.12/site-packages/oslo_service/backend/_threading/loopingcall.py:125}}
Jun 30 08:23:06.410898 np0000003956 nova-scheduler[96461]: DEBUG oslo.service.backend._threading.loopingcall [-] Fixed interval looping call 'nova.servicegroup.drivers.db.DbDriver._report_state' sleeping for 119.99 seconds {{(pid=96461) _run_loop /opt/stack/data/venv/lib/python3.12/site-packages/oslo_service/backend/_threading/loopingcall.py:125}}
Jun 30 08:23:06.419953 np0000003956 nova-scheduler[96463]: DEBUG oslo.service.backend._threading.loopingcall [-] Fixed interval looping call 'nova.servicegroup.drivers.db.DbDriver._report_state' sleeping for 119.99 seconds {{(pid=96463) _run_loop /opt/stack/data/venv/lib/python3.12/site-packages/oslo_service/backend/_threading/loopingcall.py:125}}
Jun 30 08:23:06.423446 np0000003956 nova-scheduler[96465]: DEBUG oslo.service.backend._threading.loopingcall [-] Fixed interval looping call 'nova.servicegroup.drivers.db.DbDriver._report_state' sleeping for 119.98 seconds {{(pid=96465) _run_loop /opt/stack/data/venv/lib/python3.12/site-packages/oslo_service/backend/_threading/loopingcall.py:125}}
Jun 30 08:23:06.425321 np0000003956 nova-scheduler[96467]: DEBUG oslo.service.backend._threading.loopingcall [-] Fixed interval looping call 'nova.servicegroup.drivers.db.DbDriver._report_state' sleeping for 119.99 seconds {{(pid=96467) _run_loop /opt/stack/data/venv/lib/python3.12/site-packages/oslo_service/backend/_threading/loopingcall.py:125}}
Jun 30 08:23:15.254438 np0000003956 nova-scheduler[96461]: DEBUG nova.scheduler.manager [None req-bfda0819-48c7-4d5f-87e8-8170f5176204 tempest-DeleteServersTestJSON-1021775047 tempest-DeleteServersTestJSON-1021775047-project-member] Starting to schedule for instances: ['9fa22ba3-1c84-49b1-97b0-d14c44e4147e'] {{(pid=96461) select_destinations /opt/stack/nova/nova/scheduler/manager.py:209}}
Jun 30 08:23:15.254438 np0000003956 nova-scheduler[96461]: DEBUG nova.scheduler.request_filter [None req-bfda0819-48c7-4d5f-87e8-8170f5176204 tempest-DeleteServersTestJSON-1021775047 tempest-DeleteServersTestJSON-1021775047-project-member] compute_status_filter request filter added forbidden trait COMPUTE_STATUS_DISABLED {{(pid=96461) compute_status_filter /opt/stack/nova/nova/scheduler/request_filter.py:253}}
Jun 30 08:23:15.254438 np0000003956 nova-scheduler[96461]: DEBUG nova.scheduler.request_filter [None req-bfda0819-48c7-4d5f-87e8-8170f5176204 tempest-DeleteServersTestJSON-1021775047 tempest-DeleteServersTestJSON-1021775047-project-member] Request filter 'compute_status_filter' took 0.0 seconds {{(pid=96461) wrapper /opt/stack/nova/nova/scheduler/request_filter.py:46}}
Jun 30 08:23:15.254438 np0000003956 nova-scheduler[96461]: DEBUG nova.scheduler.request_filter [None req-bfda0819-48c7-4d5f-87e8-8170f5176204 tempest-DeleteServersTestJSON-1021775047 tempest-DeleteServersTestJSON-1021775047-project-member] Request filter 'accelerators_filter' took 0.0 seconds {{(pid=96461) wrapper /opt/stack/nova/nova/scheduler/request_filter.py:46}}
Jun 30 08:23:15.254438 np0000003956 nova-scheduler[96461]: DEBUG nova.scheduler.request_filter [None req-bfda0819-48c7-4d5f-87e8-8170f5176204 tempest-DeleteServersTestJSON-1021775047 tempest-DeleteServersTestJSON-1021775047-project-member] Request filter 'packed_virtqueue_filter' took 0.0 seconds {{(pid=96461) wrapper /opt/stack/nova/nova/scheduler/request_filter.py:46}}
Jun 30 08:23:15.254914 np0000003956 nova-scheduler[96461]: DEBUG nova.scheduler.request_filter [None req-bfda0819-48c7-4d5f-87e8-8170f5176204 tempest-DeleteServersTestJSON-1021775047 tempest-DeleteServersTestJSON-1021775047-project-member] Request filter 'remote_managed_ports_filter' took 0.0 seconds {{(pid=96461) wrapper /opt/stack/nova/nova/scheduler/request_filter.py:46}}
Jun 30 08:23:15.254914 np0000003956 nova-scheduler[96461]: DEBUG nova.scheduler.request_filter [None req-bfda0819-48c7-4d5f-87e8-8170f5176204 tempest-DeleteServersTestJSON-1021775047 tempest-DeleteServersTestJSON-1021775047-project-member] ephemeral_encryption_filter skipped {{(pid=96461) ephemeral_encryption_filter /opt/stack/nova/nova/scheduler/request_filter.py:426}}
Jun 30 08:23:15.254914 np0000003956 nova-scheduler[96461]: DEBUG nova.scheduler.request_filter [None req-bfda0819-48c7-4d5f-87e8-8170f5176204 tempest-DeleteServersTestJSON-1021775047 tempest-DeleteServersTestJSON-1021775047-project-member] virtio_sound_filter skipped {{(pid=96461) virtio_sound_filter /opt/stack/nova/nova/scheduler/request_filter.py:460}}
Jun 30 08:23:15.254914 np0000003956 nova-scheduler[96461]: DEBUG nova.scheduler.request_filter [None req-bfda0819-48c7-4d5f-87e8-8170f5176204 tempest-DeleteServersTestJSON-1021775047 tempest-DeleteServersTestJSON-1021775047-project-member] tpm_secret_security_filter skipped {{(pid=96461) tpm_secret_security_filter /opt/stack/nova/nova/scheduler/request_filter.py:477}}
Jun 30 08:23:15.848673 np0000003956 nova-scheduler[96461]: INFO nova.utils [None req-bfda0819-48c7-4d5f-87e8-8170f5176204 tempest-DeleteServersTestJSON-1021775047 tempest-DeleteServersTestJSON-1021775047-project-member] The cell worker thread pool ForkProcess-1.cell_worker is initialized
Jun 30 08:23:15.849171 np0000003956 nova-scheduler[96461]: DEBUG oslo_concurrency.lockutils [None req-bfda0819-48c7-4d5f-87e8-8170f5176204 tempest-DeleteServersTestJSON-1021775047 tempest-DeleteServersTestJSON-1021775047-project-member] Acquiring lock "c7a35d6f-c2f8-47da-b4a9-6ee4df35f5d1" by "nova.context.set_target_cell..get_or_set_cached_cell_and_set_connections" {{(pid=96461) inner /opt/stack/data/venv/lib/python3.12/site-packages/oslo_concurrency/lockutils.py:511}}
Jun 30 08:23:15.849382 np0000003956 nova-scheduler[96461]: DEBUG oslo_concurrency.lockutils [None req-bfda0819-48c7-4d5f-87e8-8170f5176204 tempest-DeleteServersTestJSON-1021775047 tempest-DeleteServersTestJSON-1021775047-project-member] Lock "c7a35d6f-c2f8-47da-b4a9-6ee4df35f5d1" acquired by "nova.context.set_target_cell..get_or_set_cached_cell_and_set_connections" :: waited 0.000s {{(pid=96461) inner /opt/stack/data/venv/lib/python3.12/site-packages/oslo_concurrency/lockutils.py:524}}
Jun 30 08:23:15.851560 np0000003956 nova-scheduler[96461]: DEBUG oslo_concurrency.lockutils [None req-bfda0819-48c7-4d5f-87e8-8170f5176204 tempest-DeleteServersTestJSON-1021775047 tempest-DeleteServersTestJSON-1021775047-project-member] Lock "c7a35d6f-c2f8-47da-b4a9-6ee4df35f5d1" "released" by "nova.context.set_target_cell..get_or_set_cached_cell_and_set_connections" :: held 0.002s {{(pid=96461) inner /opt/stack/data/venv/lib/python3.12/site-packages/oslo_concurrency/lockutils.py:543}}
Jun 30 08:23:15.853690 np0000003956 nova-scheduler[96461]: INFO dbcounter [None req-bfda0819-48c7-4d5f-87e8-8170f5176204 tempest-DeleteServersTestJSON-1021775047 tempest-DeleteServersTestJSON-1021775047-project-member] Registered counter for database nova_cell1
Jun 30 08:23:15.942904 np0000003956 nova-scheduler[96461]: DEBUG oslo_db.sqlalchemy.engines [None req-bfda0819-48c7-4d5f-87e8-8170f5176204 tempest-DeleteServersTestJSON-1021775047 tempest-DeleteServersTestJSON-1021775047-project-member] MySQL server mode set to STRICT_TRANS_TABLES,STRICT_ALL_TABLES,NO_ZERO_IN_DATE,NO_ZERO_DATE,ERROR_FOR_DIVISION_BY_ZERO,TRADITIONAL,NO_ENGINE_SUBSTITUTION {{(pid=96461) _check_effective_sql_mode /opt/stack/data/venv/lib/python3.12/site-packages/oslo_db/sqlalchemy/engines.py:325}}
Jun 30 08:23:15.949275 np0000003956 nova-scheduler[96461]: DEBUG dbcounter [-] [96461] Writer thread running {{(pid=96461) stat_writer /opt/stack/data/venv/lib/python3.12/site-packages/dbcounter.py:102}}
Jun 30 08:23:15.969185 np0000003956 nova-scheduler[96461]: DEBUG oslo_db.sqlalchemy.engines [None req-bfda0819-48c7-4d5f-87e8-8170f5176204 tempest-DeleteServersTestJSON-1021775047 tempest-DeleteServersTestJSON-1021775047-project-member] Parent process 95268 forked (96461) with an open database connection, which is being discarded and recreated. {{(pid=96461) checkout /opt/stack/data/venv/lib/python3.12/site-packages/oslo_db/sqlalchemy/engines.py:402}}
Jun 30 08:23:16.018082 np0000003956 nova-scheduler[96461]: DEBUG dbcounter [-] [96461] Writer thread running {{(pid=96461) stat_writer /opt/stack/data/venv/lib/python3.12/site-packages/dbcounter.py:102}}
Jun 30 08:23:16.022054 np0000003956 nova-scheduler[96461]: DEBUG oslo_concurrency.lockutils [None req-bfda0819-48c7-4d5f-87e8-8170f5176204 tempest-DeleteServersTestJSON-1021775047 tempest-DeleteServersTestJSON-1021775047-project-member] Acquiring lock "c7a35d6f-c2f8-47da-b4a9-6ee4df35f5d1" by "nova.context.set_target_cell..get_or_set_cached_cell_and_set_connections" {{(pid=96461) inner /opt/stack/data/venv/lib/python3.12/site-packages/oslo_concurrency/lockutils.py:511}}
Jun 30 08:23:16.022236 np0000003956 nova-scheduler[96461]: DEBUG oslo_concurrency.lockutils [None req-bfda0819-48c7-4d5f-87e8-8170f5176204 tempest-DeleteServersTestJSON-1021775047 tempest-DeleteServersTestJSON-1021775047-project-member] Lock "c7a35d6f-c2f8-47da-b4a9-6ee4df35f5d1" acquired by "nova.context.set_target_cell..get_or_set_cached_cell_and_set_connections" :: waited 0.000s {{(pid=96461) inner /opt/stack/data/venv/lib/python3.12/site-packages/oslo_concurrency/lockutils.py:524}}
Jun 30 08:23:16.022379 np0000003956 nova-scheduler[96461]: DEBUG oslo_concurrency.lockutils [None req-bfda0819-48c7-4d5f-87e8-8170f5176204 tempest-DeleteServersTestJSON-1021775047 tempest-DeleteServersTestJSON-1021775047-project-member] Lock "c7a35d6f-c2f8-47da-b4a9-6ee4df35f5d1" "released" by "nova.context.set_target_cell..get_or_set_cached_cell_and_set_connections" :: held 0.000s {{(pid=96461) inner /opt/stack/data/venv/lib/python3.12/site-packages/oslo_concurrency/lockutils.py:543}}
Jun 30 08:23:16.028748 np0000003956 nova-scheduler[96461]: DEBUG oslo_concurrency.lockutils [None req-bfda0819-48c7-4d5f-87e8-8170f5176204 tempest-DeleteServersTestJSON-1021775047 tempest-DeleteServersTestJSON-1021775047-project-member] Acquiring lock "np0000003956-np0000003956" by "nova.scheduler.host_manager.HostState.update.._locked_update" {{(pid=96461) inner /opt/stack/data/venv/lib/python3.12/site-packages/oslo_concurrency/lockutils.py:511}}
Jun 30 08:23:16.028928 np0000003956 nova-scheduler[96461]: DEBUG oslo_concurrency.lockutils [None req-bfda0819-48c7-4d5f-87e8-8170f5176204 tempest-DeleteServersTestJSON-1021775047 tempest-DeleteServersTestJSON-1021775047-project-member] Lock "np0000003956-np0000003956" acquired by "nova.scheduler.host_manager.HostState.update.._locked_update" :: waited 0.000s {{(pid=96461) inner /opt/stack/data/venv/lib/python3.12/site-packages/oslo_concurrency/lockutils.py:524}}
Jun 30 08:23:16.029859 np0000003956 nova-scheduler[96461]: DEBUG nova.scheduler.host_manager [None req-bfda0819-48c7-4d5f-87e8-8170f5176204 tempest-DeleteServersTestJSON-1021775047 tempest-DeleteServersTestJSON-1021775047-project-member] Update host state from compute node: ComputeNode(cpu_allocation_ratio=4.0,cpu_info='{"arch": "x86_64", "model": "EPYC-Milan", "vendor": "AMD", "topology": {"cells": 1, "sockets": 16, "cores": 1, "threads": 1}, "maxphysaddr": {"mode": "emulate", "bits": 40}, "features": ["mds-no", "pat", "fpu", "msr", "sep", "syscall", "pcid", "mce", "nx", "amd-psfd", "pdpe1gb", "vgif", "stibp", "rdrand", "cmp_legacy", "null-sel-clr-base", "wbnoinvd", "flushbyasid", "xsavec", "virt-ssbd", "rdctl-no", "sse", "ibrs", "misalignsse", "ssbd", "cx8", "skip-l1dfl-vmentry", "no-nested-data-bp", "pse36", "clflushopt", "vpclmulqdq", "lahf_lm", "vaes", "amd-stibp", "arat", "ibpb", "tsc-scale", "vmcb-clean", "ssse3", "pschange-mc-no", "smap", "pni", "sha-ni", "fxsr_opt", "pclmuldq", "x2apic", "xgetbv1", "f16c", "erms", "xsave", "stibp-always-on", "pku", "rdpid", "fma", "fsrm", "spec-ctrl", "avx2", "lfence-always-serializing", "xsaveopt", "amd-ssbd", "nrip-save", "npt", "pfthreshold", "v-vmsave-vmload", "vme", "rdseed", "mmx", "movbe", "popcnt", "topoext", "lbrv", "fxsr", "rdtscp", "sse2", "bmi1", "cx16", "svme-addr-chk", "cr8legacy", "clflush", "umip", "arch-capabilities", "pse", "abm", "xsaveerptr", "tsc", "osvw", "tsc_adjust", "hypervisor", "lm", "avx", "sse4a", "fsgsbase", "mmxext", "mtrr", "sse4.2", "cmov", "xsaves", "bmi2", "clzero", "invpcid", "clwb", "smep", "sse4.1", "3dnowprefetch", "de", "tsc-deadline", "apic", "gds-no", "svm", "perfctr_core", "aes", "adx", "pae", "pge", "pause-filter", "mca"]}',created_at=2026-06-30T08:21:26Z,current_workload=0,deleted=False,deleted_at=None,disk_allocation_ratio=1.0,disk_available_least=74,free_disk_gb=95,free_ram_mb=63789,host='np0000003956',host_ip=10.4.3.154,hypervisor_hostname='np0000003956',hypervisor_type='QEMU',hypervisor_version=8002002,id=1,local_gb=95,local_gb_used=0,mapped=1,memory_mb=64301,memory_mb_used=512,metrics='[]',numa_topology='{"nova_object.name": "NUMATopology", "nova_object.namespace": "nova", "nova_object.version": "1.2", "nova_object.data": {"cells": [{"nova_object.name": "NUMACell", "nova_object.namespace": "nova", "nova_object.version": "1.5", "nova_object.data": {"id": 0, "cpuset": [0, 1, 2, 3, 4, 5, 6, 7, 8, 9, 10, 11, 12, 13, 14, 15], "pcpuset": [0, 1, 2, 3, 4, 5, 6, 7, 8, 9, 10, 11, 12, 13, 14, 15], "memory": 64301, "cpu_usage": 0, "memory_usage": 0, "pinned_cpus": [], "siblings": [[6], [12], [2], [15], [5], [11], [8], [14], [4], [1], [7], [10], [0], [13], [3], [9]], "mempages": [{"nova_object.name": "NUMAPagesTopology", "nova_object.namespace": "nova", "nova_object.version": "1.1", "nova_object.data": {"size_kb": 4, "total": 16461068, "used": 0, "reserved": 0}, "nova_object.changes": ["size_kb", "total", "used", "reserved"]}, {"nova_object.name": "NUMAPagesTopology", "nova_object.namespace": "nova", "nova_object.version": "1.1", "nova_object.data": {"size_kb": 2048, "total": 0, "used": 0, "reserved": 0}, "nova_object.changes": ["size_kb", "total", "used", "reserved"]}, {"nova_object.name": "NUMAPagesTopology", "nova_object.namespace": "nova", "nova_object.version": "1.1", "nova_object.data": {"size_kb": 1048576, "total": 0, "used": 0, "reserved": 0}, "nova_object.changes": ["size_kb", "total", "used", "reserved"]}], "network_metadata": {"nova_object.name": "NetworkMetadata", "nova_object.namespace": "nova", "nova_object.version": "1.0", "nova_object.data": {"physnets": [], "tunneled": false}, "nova_object.changes": ["physnets", "tunneled"]}, "socket": null}, "nova_object.changes": ["cpu_usage", "pcpuset", "socket", "pinned_cpus", "siblings", "cpuset", "id", "mempages", "memory", "memory_usage", "network_metadata"]}]}, "nova_object.changes": ["cells"]}',pci_device_pools=PciDevicePoolList,ram_allocation_ratio=1.0,running_vms=0,service_id=2,stats={failed_builds='0',uptime=' 08:23:13 up 28 min, 2 users, load average: 4.61, 2.27, 1.16
Jun 30 08:23:16.029859 np0000003956 nova-scheduler[96461]: '},supported_hv_specs=[HVSpec,HVSpec,HVSpec,HVSpec,HVSpec,HVSpec,HVSpec,HVSpec,HVSpec,HVSpec,HVSpec,HVSpec,HVSpec,HVSpec,HVSpec,HVSpec,HVSpec,HVSpec,HVSpec,HVSpec,HVSpec,HVSpec,HVSpec,HVSpec,HVSpec],updated_at=2026-06-30T08:23:15Z,uuid=461d675b-fadd-4451-8072-c249b0225f42,vcpus=16,vcpus_used=0) {{(pid=96461) _locked_update /opt/stack/nova/nova/scheduler/host_manager.py:168}}
Jun 30 08:23:16.031114 np0000003956 nova-scheduler[96461]: DEBUG nova.scheduler.host_manager [None req-bfda0819-48c7-4d5f-87e8-8170f5176204 tempest-DeleteServersTestJSON-1021775047 tempest-DeleteServersTestJSON-1021775047-project-member] Update host state with aggregates: [] {{(pid=96461) _locked_update /opt/stack/nova/nova/scheduler/host_manager.py:171}}
Jun 30 08:23:16.031273 np0000003956 nova-scheduler[96461]: DEBUG nova.scheduler.host_manager [None req-bfda0819-48c7-4d5f-87e8-8170f5176204 tempest-DeleteServersTestJSON-1021775047 tempest-DeleteServersTestJSON-1021775047-project-member] Update host state with service dict: {'id': 2, 'uuid': 'd196ed61-791c-45ee-b075-b4a543e17a66', 'host': 'np0000003956', 'binary': 'nova-compute', 'topic': 'compute', 'report_count': 1, 'disabled': False, 'disabled_reason': None, 'last_seen_up': datetime.datetime(2026, 6, 30, 8, 21, 35, tzinfo=datetime.timezone.utc), 'forced_down': False, 'version': 72, 'created_at': datetime.datetime(2026, 6, 30, 8, 21, 25, tzinfo=datetime.timezone.utc), 'updated_at': datetime.datetime(2026, 6, 30, 8, 21, 35, tzinfo=datetime.timezone.utc), 'deleted_at': None, 'deleted': False} {{(pid=96461) _locked_update /opt/stack/nova/nova/scheduler/host_manager.py:174}}
Jun 30 08:23:16.031455 np0000003956 nova-scheduler[96461]: DEBUG nova.scheduler.host_manager [None req-bfda0819-48c7-4d5f-87e8-8170f5176204 tempest-DeleteServersTestJSON-1021775047 tempest-DeleteServersTestJSON-1021775047-project-member] Update host state with instances: [] {{(pid=96461) _locked_update /opt/stack/nova/nova/scheduler/host_manager.py:177}}
Jun 30 08:23:16.031587 np0000003956 nova-scheduler[96461]: DEBUG oslo_concurrency.lockutils [None req-bfda0819-48c7-4d5f-87e8-8170f5176204 tempest-DeleteServersTestJSON-1021775047 tempest-DeleteServersTestJSON-1021775047-project-member] Lock "np0000003956-np0000003956" "released" by "nova.scheduler.host_manager.HostState.update.._locked_update" :: held 0.003s {{(pid=96461) inner /opt/stack/data/venv/lib/python3.12/site-packages/oslo_concurrency/lockutils.py:543}}
