Jun 04 07:28:39.634632 np0000002108 devstack@g-api.service[102153]: DEBUG glance_store.location [None req-e305fb8b-0908-4044-86d8-14945f455115 tempest-ImageDependencyTests-1803533763 tempest-ImageDependencyTests-1803533763-project-member] Registering scheme swift+https with {'store': , 'location_class': , 'store_entry': 'swift'} {{(pid=102153) register_scheme_map /opt/stack/data/venv/lib/python3.12/site-packages/glance_store/location.py:146}}
Jun 04 07:28:39.634714 np0000002108 devstack@g-api.service[102153]: DEBUG glance_store.location [None req-e305fb8b-0908-4044-86d8-14945f455115 tempest-ImageDependencyTests-1803533763 tempest-ImageDependencyTests-1803533763-project-member] Registering scheme swift+https with {'store': , 'location_class': , 'store_entry': 'swift'} {{(pid=102153) register_scheme_map /opt/stack/data/venv/lib/python3.12/site-packages/glance_store/location.py:146}}
Jun 04 07:28:39.634813 np0000002108 devstack@g-api.service[102153]: DEBUG glance_store.location [None req-e305fb8b-0908-4044-86d8-14945f455115 tempest-ImageDependencyTests-1803533763 tempest-ImageDependencyTests-1803533763-project-member] Registering scheme swift with {'store': , 'location_class': , 'store_entry': 'swift'} {{(pid=102153) register_scheme_map /opt/stack/data/venv/lib/python3.12/site-packages/glance_store/location.py:146}}
Jun 04 07:28:39.634883 np0000002108 devstack@g-api.service[102153]: DEBUG glance_store.location [None req-e305fb8b-0908-4044-86d8-14945f455115 tempest-ImageDependencyTests-1803533763 tempest-ImageDependencyTests-1803533763-project-member] Registering scheme swift+https with {'store': , 'location_class': , 'store_entry': 'swift'} {{(pid=102153) register_scheme_map /opt/stack/data/venv/lib/python3.12/site-packages/glance_store/location.py:146}}
Jun 04 07:28:39.634941 np0000002108 devstack@g-api.service[102153]: DEBUG glance_store.location [None req-e305fb8b-0908-4044-86d8-14945f455115 tempest-ImageDependencyTests-1803533763 tempest-ImageDependencyTests-1803533763-project-member] Registering scheme swift with {'store': , 'location_class': , 'store_entry': 'swift'} {{(pid=102153) register_scheme_map /opt/stack/data/venv/lib/python3.12/site-packages/glance_store/location.py:146}}
Jun 04 07:28:39.635046 np0000002108 devstack@g-api.service[102153]: DEBUG glance_store.location [None req-e305fb8b-0908-4044-86d8-14945f455115 tempest-ImageDependencyTests-1803533763 tempest-ImageDependencyTests-1803533763-project-member] Registering scheme swift+http with {'store': , 'location_class': , 'store_entry': 'swift'} {{(pid=102153) register_scheme_map /opt/stack/data/venv/lib/python3.12/site-packages/glance_store/location.py:146}}
Jun 04 07:28:39.635118 np0000002108 devstack@g-api.service[102153]: DEBUG glance_store.location [None req-e305fb8b-0908-4044-86d8-14945f455115 tempest-ImageDependencyTests-1803533763 tempest-ImageDependencyTests-1803533763-project-member] Registering scheme swift+https with {'store': , 'location_class': , 'store_entry': 'swift'} {{(pid=102153) register_scheme_map /opt/stack/data/venv/lib/python3.12/site-packages/glance_store/location.py:146}}
Jun 04 07:28:39.635169 np0000002108 devstack@g-api.service[102153]: DEBUG glance_store.location [None req-e305fb8b-0908-4044-86d8-14945f455115 tempest-ImageDependencyTests-1803533763 tempest-ImageDependencyTests-1803533763-project-member] Registering scheme swift with {'store': , 'location_class': , 'store_entry': 'swift'} {{(pid=102153) register_scheme_map /opt/stack/data/venv/lib/python3.12/site-packages/glance_store/location.py:146}}
Jun 04 07:28:39.635244 np0000002108 devstack@g-api.service[102153]: DEBUG glance_store.location [None req-e305fb8b-0908-4044-86d8-14945f455115 tempest-ImageDependencyTests-1803533763 tempest-ImageDependencyTests-1803533763-project-member] Registering scheme swift+http with {'store': , 'location_class': , 'store_entry': 'swift'} {{(pid=102153) register_scheme_map /opt/stack/data/venv/lib/python3.12/site-packages/glance_store/location.py:146}}
Jun 04 07:28:39.635307 np0000002108 devstack@g-api.service[102153]: DEBUG glance_store.location [None req-e305fb8b-0908-4044-86d8-14945f455115 tempest-ImageDependencyTests-1803533763 tempest-ImageDependencyTests-1803533763-project-member] Registering scheme swift+config with {'store': , 'location_class': , 'store_entry': 'swift'} {{(pid=102153) register_scheme_map /opt/stack/data/venv/lib/python3.12/site-packages/glance_store/location.py:146}}
Jun 04 07:28:39.784879 np0000002108 devstack@g-api.service[102155]: [pid: 102155|app: 0|req: 96/281] 127.0.0.1 () {46 vars in 1158 bytes} [Thu Jun 4 07:28:39 2026] PATCH /v2/images/3b72ffe8-5787-4f06-acf2-1cf50408c050 => generated 1469 bytes in 152 msecs (HTTP/1.1 200) 4 headers in 158 bytes (1 switches on core 0)
Jun 04 07:28:39.809957 np0000002108 devstack@g-api.service[102153]: DEBUG swiftclient [None req-e305fb8b-0908-4044-86d8-14945f455115 tempest-ImageDependencyTests-1803533763 tempest-ImageDependencyTests-1803533763-project-member] REQ: curl -i https://10.4.3.125:8080/v1/AUTH_91cd3652d082485a92506bd6021ed5e5/glance -I -H "X-Auth-Token: gAAAAABqISknQGkg..." {{(pid=102153) http_log /opt/stack/data/venv/lib/python3.12/site-packages/swiftclient/client.py:160}}
Jun 04 07:28:39.810271 np0000002108 devstack@g-api.service[102153]: DEBUG swiftclient [None req-e305fb8b-0908-4044-86d8-14945f455115 tempest-ImageDependencyTests-1803533763 tempest-ImageDependencyTests-1803533763-project-member] RESP STATUS: 204 No Content {{(pid=102153) http_log /opt/stack/data/venv/lib/python3.12/site-packages/swiftclient/client.py:161}}
Jun 04 07:28:39.810271 np0000002108 devstack@g-api.service[102153]: DEBUG swiftclient [None req-e305fb8b-0908-4044-86d8-14945f455115 tempest-ImageDependencyTests-1803533763 tempest-ImageDependencyTests-1803533763-project-member] RESP HEADERS: {'Date': 'Thu, 04 Jun 2026 07:28:39 GMT', 'Server': 'Apache/2.4.58 (Ubuntu)', 'Content-Type': 'text/plain; charset=utf-8', 'X-Container-Object-Count': '7', 'X-Container-Bytes-Used': '141492224', 'X-Timestamp': '1780557689.49670', 'Last-Modified': 'Thu, 04 Jun 2026 07:21:30 GMT', 'Accept-Ranges': 'bytes', 'X-Storage-Policy': 'Policy-0', 'X-Container-Sharding': 'False', 'Vary': 'Accept', 'X-Trans-Id': 'tx992840c2419a4166a1d52-006a212927', 'X-Openstack-Request-Id': 'tx992840c2419a4166a1d52-006a212927', 'Connection': 'close'} {{(pid=102153) http_log /opt/stack/data/venv/lib/python3.12/site-packages/swiftclient/client.py:162}}
Jun 04 07:28:39.810428 np0000002108 devstack@g-api.service[102153]: DEBUG glance_store._drivers.swift.store [None req-e305fb8b-0908-4044-86d8-14945f455115 tempest-ImageDependencyTests-1803533763 tempest-ImageDependencyTests-1803533763-project-member] Adding image object '352175c2-d97e-451b-a523-21034afed32c' to Swift {{(pid=102153) add /opt/stack/data/venv/lib/python3.12/site-packages/glance_store/_drivers/swift/store.py:970}}
Jun 04 07:28:39.815759 np0000002108 devstack@g-api.service[102153]: DEBUG oslo_utils.imageutils.format_inspector [None req-e305fb8b-0908-4044-86d8-14945f455115 tempest-ImageDependencyTests-1803533763 tempest-ImageDependencyTests-1803533763-project-member] Format inspector for vmdk does not match, excluding from consideration (Signature KDMV not found: b'2\xa5\xcax') {{(pid=102153) _process_chunk /opt/stack/data/venv/lib/python3.12/site-packages/oslo_utils/imageutils/format_inspector.py:1758}}
Jun 04 07:28:39.818655 np0000002108 devstack@g-api.service[102154]: DEBUG glance.api.middleware.version_negotiation [None req-7444043e-b376-432a-bc26-e519d53e7ed9 tempest-ServerBootFromVolumeStableRescueTest-751344636 tempest-ServerBootFromVolumeStableRescueTest-751344636-project-member] Determining version of request: GET /v2/images/3b72ffe8-5787-4f06-acf2-1cf50408c050 Accept: */* {{(pid=102154) process_request /opt/stack/glance/glance/api/middleware/version_negotiation.py:44}}
Jun 04 07:28:39.818862 np0000002108 devstack@g-api.service[102154]: DEBUG glance.api.middleware.version_negotiation [None req-7444043e-b376-432a-bc26-e519d53e7ed9 tempest-ServerBootFromVolumeStableRescueTest-751344636 tempest-ServerBootFromVolumeStableRescueTest-751344636-project-member] Using url versioning {{(pid=102154) process_request /opt/stack/glance/glance/api/middleware/version_negotiation.py:57}}
Jun 04 07:28:39.818967 np0000002108 devstack@g-api.service[102154]: DEBUG glance.api.middleware.version_negotiation [None req-7444043e-b376-432a-bc26-e519d53e7ed9 tempest-ServerBootFromVolumeStableRescueTest-751344636 tempest-ServerBootFromVolumeStableRescueTest-751344636-project-member] Matched version: v2 {{(pid=102154) process_request /opt/stack/glance/glance/api/middleware/version_negotiation.py:69}}
Jun 04 07:28:39.819121 np0000002108 devstack@g-api.service[102154]: DEBUG glance.api.middleware.version_negotiation [None req-7444043e-b376-432a-bc26-e519d53e7ed9 tempest-ServerBootFromVolumeStableRescueTest-751344636 tempest-ServerBootFromVolumeStableRescueTest-751344636-project-member] new path /v2/images/3b72ffe8-5787-4f06-acf2-1cf50408c050 {{(pid=102154) process_request /opt/stack/glance/glance/api/middleware/version_negotiation.py:70}}
Jun 04 07:28:39.828996 np0000002108 devstack@g-api.service[102154]: [pid: 102154|app: 0|req: 95/282] 127.0.0.1 () {44 vars in 1115 bytes} [Thu Jun 4 07:28:39 2026] GET /v2/images/3b72ffe8-5787-4f06-acf2-1cf50408c050 => generated 1469 bytes in 10 msecs (HTTP/1.1 200) 4 headers in 158 bytes (1 switches on core 0)
Jun 04 07:28:39.832975 np0000002108 devstack@g-api.service[102153]: DEBUG swiftclient [None req-e305fb8b-0908-4044-86d8-14945f455115 tempest-ImageDependencyTests-1803533763 tempest-ImageDependencyTests-1803533763-project-member] REQ: curl -i https://10.4.3.125:8080/v1/AUTH_91cd3652d082485a92506bd6021ed5e5/glance/352175c2-d97e-451b-a523-21034afed32c -X PUT -H "X-Auth-Token: gAAAAABqISknQGkg..." -H "Content-Length: 1024" {{(pid=102153) http_log /opt/stack/data/venv/lib/python3.12/site-packages/swiftclient/client.py:160}}
Jun 04 07:28:39.833107 np0000002108 devstack@g-api.service[102153]: DEBUG swiftclient [None req-e305fb8b-0908-4044-86d8-14945f455115 tempest-ImageDependencyTests-1803533763 tempest-ImageDependencyTests-1803533763-project-member] RESP STATUS: 201 Created {{(pid=102153) http_log /opt/stack/data/venv/lib/python3.12/site-packages/swiftclient/client.py:161}}
Jun 04 07:28:39.833305 np0000002108 devstack@g-api.service[102153]: DEBUG swiftclient [None req-e305fb8b-0908-4044-86d8-14945f455115 tempest-ImageDependencyTests-1803533763 tempest-ImageDependencyTests-1803533763-project-member] RESP HEADERS: {'Date': 'Thu, 04 Jun 2026 07:28:39 GMT', 'Server': 'Apache/2.4.58 (Ubuntu)', 'Content-Type': 'text/html; charset=UTF-8', 'Content-Length': '0', 'Etag': 'cf876fe6d0493910026191275e4a928e', 'Last-Modified': 'Thu, 04 Jun 2026 07:28:40 GMT', 'X-Trans-Id': 'tx624eb340b7ff405da8111-006a212927', 'X-Openstack-Request-Id': 'tx624eb340b7ff405da8111-006a212927', 'Connection': 'close'} {{(pid=102153) http_log /opt/stack/data/venv/lib/python3.12/site-packages/swiftclient/client.py:162}}
Jun 04 07:28:39.834087 np0000002108 devstack@g-api.service[102153]: INFO glance.location [None req-e305fb8b-0908-4044-86d8-14945f455115 tempest-ImageDependencyTests-1803533763 tempest-ImageDependencyTests-1803533763-project-member] Image format matched and virtual size computed: 1024
Jun 04 07:28:39.862370 np0000002108 devstack@g-api.service[102153]: DEBUG glance_store.backend [None req-e305fb8b-0908-4044-86d8-14945f455115 tempest-ImageDependencyTests-1803533763 tempest-ImageDependencyTests-1803533763-project-member] Attempting to import store swift {{(pid=102153) _load_store /opt/stack/data/venv/lib/python3.12/site-packages/glance_store/backend.py:215}}
Jun 04 07:28:39.864329 np0000002108 devstack@g-api.service[102153]: DEBUG glance_store.capabilities [None req-e305fb8b-0908-4044-86d8-14945f455115 tempest-ImageDependencyTests-1803533763 tempest-ImageDependencyTests-1803533763-project-member] Store glance_store._drivers.swift.store.SingleTenantStore doesn't support updating dynamic storage capabilities. Please overwrite 'update_capabilities' method of the store to implement updating logics if needed. {{(pid=102153) update_capabilities /opt/stack/data/venv/lib/python3.12/site-packages/glance_store/capabilities.py:91}}
Jun 04 07:28:39.864921 np0000002108 devstack@g-api.service[102153]: DEBUG glance_store.driver [None req-e305fb8b-0908-4044-86d8-14945f455115 tempest-ImageDependencyTests-1803533763 tempest-ImageDependencyTests-1803533763-project-member] Late loading location class glance_store._drivers.swift.store.StoreLocation {{(pid=102153) get_store_location_class /opt/stack/data/venv/lib/python3.12/site-packages/glance_store/driver.py:134}}
Jun 04 07:28:39.865060 np0000002108 devstack@g-api.service[102153]: DEBUG glance_store.location [None req-e305fb8b-0908-4044-86d8-14945f455115 tempest-ImageDependencyTests-1803533763 tempest-ImageDependencyTests-1803533763-project-member] Registering scheme swift+https with {'store': , 'location_class': , 'store_entry': 'swift'} {{(pid=102153) register_scheme_map /opt/stack/data/venv/lib/python3.12/site-packages/glance_store/location.py:146}}
Jun 04 07:28:39.865328 np0000002108 devstack@g-api.service[102153]: DEBUG glance_store.location [None req-e305fb8b-0908-4044-86d8-14945f455115 tempest-ImageDependencyTests-1803533763 tempest-ImageDependencyTests-1803533763-project-member] Registering scheme swift+https with {'store': , 'location_class': , 'store_entry': 'swift'} {{(pid=102153) register_scheme_map /opt/stack/data/venv/lib/python3.12/site-packages/glance_store/location.py:146}}
Jun 04 07:28:39.865496 np0000002108 devstack@g-api.service[102153]: DEBUG glance_store.location [None req-e305fb8b-0908-4044-86d8-14945f455115 tempest-ImageDependencyTests-1803533763 tempest-ImageDependencyTests-1803533763-project-member] Registering scheme swift with {'store': , 'location_class': , 'store_entry': 'swift'} {{(pid=102153) register_scheme_map /opt/stack/data/venv/lib/python3.12/site-packages/glance_store/location.py:146}}
Jun 04 07:28:39.865606 np0000002108 devstack@g-api.service[102153]: DEBUG glance_store.location [None req-e305fb8b-0908-4044-86d8-14945f455115 tempest-ImageDependencyTests-1803533763 tempest-ImageDependencyTests-1803533763-project-member] Registering scheme swift+https with {'store': , 'location_class': , 'store_entry': 'swift'} {{(pid=102153) register_scheme_map /opt/stack/data/venv/lib/python3.12/site-packages/glance_store/location.py:146}}
Jun 04 07:28:39.865728 np0000002108 devstack@g-api.service[102153]: DEBUG glance_store.location [None req-e305fb8b-0908-4044-86d8-14945f455115 tempest-ImageDependencyTests-1803533763 tempest-ImageDependencyTests-1803533763-project-member] Registering scheme swift with {'store': , 'location_class': , 'store_entry': 'swift'} {{(pid=102153) register_scheme_map /opt/stack/data/venv/lib/python3.12/site-packages/glance_store/location.py:146}}
Jun 04 07:28:39.865995 np0000002108 devstack@g-api.service[102153]: DEBUG glance_store.location [None req-e305fb8b-0908-4044-86d8-14945f455115 tempest-ImageDependencyTests-1803533763 tempest-ImageDependencyTests-1803533763-project-member] Registering scheme swift+http with {'store': , 'location_class': , 'store_entry': 'swift'} {{(pid=102153) register_scheme_map /opt/stack/data/venv/lib/python3.12/site-packages/glance_store/location.py:146}}
Jun 04 07:28:39.866287 np0000002108 devstack@g-api.service[102153]: DEBUG glance_store.location [None req-e305fb8b-0908-4044-86d8-14945f455115 tempest-ImageDependencyTests-1803533763 tempest-ImageDependencyTests-1803533763-project-member] Registering scheme swift+https with {'store': , 'location_class': , 'store_entry': 'swift'} {{(pid=102153) register_scheme_map /opt/stack/data/venv/lib/python3.12/site-packages/glance_store/location.py:146}}
Jun 04 07:28:39.866656 np0000002108 devstack@g-api.service[102153]: DEBUG glance_store.location [None req-e305fb8b-0908-4044-86d8-14945f455115 tempest-ImageDependencyTests-1803533763 tempest-ImageDependencyTests-1803533763-project-member] Registering scheme swift with {'store': , 'location_class': , 'store_entry': 'swift'} {{(pid=102153) register_scheme_map /opt/stack/data/venv/lib/python3.12/site-packages/glance_store/location.py:146}}
Jun 04 07:28:39.866781 np0000002108 devstack@g-api.service[102153]: DEBUG glance_store.location [None req-e305fb8b-0908-4044-86d8-14945f455115 tempest-ImageDependencyTests-1803533763 tempest-ImageDependencyTests-1803533763-project-member] Registering scheme swift+http with {'store': , 'location_class': , 'store_entry': 'swift'} {{(pid=102153) register_scheme_map /opt/stack/data/venv/lib/python3.12/site-packages/glance_store/location.py:146}}
Jun 04 07:28:39.866982 np0000002108 devstack@g-api.service[102153]: DEBUG glance_store.location [None req-e305fb8b-0908-4044-86d8-14945f455115 tempest-ImageDependencyTests-1803533763 tempest-ImageDependencyTests-1803533763-project-member] Registering scheme swift+config with {'store': , 'location_class': , 'store_entry': 'swift'} {{(pid=102153) register_scheme_map /opt/stack/data/venv/lib/python3.12/site-packages/glance_store/location.py:146}}
Jun 04 07:28:39.867180 np0000002108 devstack@g-api.service[102153]: DEBUG glance_store.backend [None req-e305fb8b-0908-4044-86d8-14945f455115 tempest-ImageDependencyTests-1803533763 tempest-ImageDependencyTests-1803533763-project-member] Skipping store.set_acls... not implemented. {{(pid=102153) set_acls /opt/stack/data/venv/lib/python3.12/site-packages/glance_store/backend.py:507}}
Jun 04 07:28:39.869089 np0000002108 devstack@g-api.service[102153]: [pid: 102153|app: 0|req: 92/283] 127.0.0.1 () {40 vars in 847 bytes} [Thu Jun 4 07:28:38 2026] PUT /v2/images/352175c2-d97e-451b-a523-21034afed32c/file => generated 0 bytes in 1193 msecs (HTTP/1.1 204) 4 headers in 171 bytes (1 switches on core 0)
Jun 04 07:28:39.875510 np0000002108 devstack@g-api.service[102155]: DEBUG glance.api.middleware.version_negotiation [None req-7444043e-b376-432a-bc26-e519d53e7ed9 tempest-ServerBootFromVolumeStableRescueTest-751344636 tempest-ServerBootFromVolumeStableRescueTest-751344636-project-member] Determining version of request: GET /v2/images/352175c2-d97e-451b-a523-21034afed32c Accept: application/json {{(pid=102155) process_request /opt/stack/glance/glance/api/middleware/version_negotiation.py:44}}
Jun 04 07:28:39.875637 np0000002108 devstack@g-api.service[102155]: DEBUG glance.api.middleware.version_negotiation [None req-7444043e-b376-432a-bc26-e519d53e7ed9 tempest-ServerBootFromVolumeStableRescueTest-751344636 tempest-ServerBootFromVolumeStableRescueTest-751344636-project-member] Using url versioning {{(pid=102155) process_request /opt/stack/glance/glance/api/middleware/version_negotiation.py:57}}
Jun 04 07:28:39.875769 np0000002108 devstack@g-api.service[102155]: DEBUG glance.api.middleware.version_negotiation [None req-7444043e-b376-432a-bc26-e519d53e7ed9 tempest-ServerBootFromVolumeStableRescueTest-751344636 tempest-ServerBootFromVolumeStableRescueTest-751344636-project-member] Matched version: v2 {{(pid=102155) process_request /opt/stack/glance/glance/api/middleware/version_negotiation.py:69}}
Jun 04 07:28:39.875871 np0000002108 devstack@g-api.service[102155]: DEBUG glance.api.middleware.version_negotiation [None req-7444043e-b376-432a-bc26-e519d53e7ed9 tempest-ServerBootFromVolumeStableRescueTest-751344636 tempest-ServerBootFromVolumeStableRescueTest-751344636-project-member] new path /v2/images/352175c2-d97e-451b-a523-21034afed32c {{(pid=102155) process_request /opt/stack/glance/glance/api/middleware/version_negotiation.py:70}}
Jun 04 07:28:39.879257 np0000002108 devstack@g-api.service[102154]: DEBUG glance.api.middleware.version_negotiation [None req-7444043e-b376-432a-bc26-e519d53e7ed9 tempest-ServerBootFromVolumeStableRescueTest-751344636 tempest-ServerBootFromVolumeStableRescueTest-751344636-project-member] Determining version of request: PUT /v2/images/3b72ffe8-5787-4f06-acf2-1cf50408c050/file Accept: */* {{(pid=102154) process_request /opt/stack/glance/glance/api/middleware/version_negotiation.py:44}}
Jun 04 07:28:39.879434 np0000002108 devstack@g-api.service[102154]: DEBUG glance.api.middleware.version_negotiation [None req-7444043e-b376-432a-bc26-e519d53e7ed9 tempest-ServerBootFromVolumeStableRescueTest-751344636 tempest-ServerBootFromVolumeStableRescueTest-751344636-project-member] Using url versioning {{(pid=102154) process_request /opt/stack/glance/glance/api/middleware/version_negotiation.py:57}}
Jun 04 07:28:39.879572 np0000002108 devstack@g-api.service[102154]: DEBUG glance.api.middleware.version_negotiation [None req-7444043e-b376-432a-bc26-e519d53e7ed9 tempest-ServerBootFromVolumeStableRescueTest-751344636 tempest-ServerBootFromVolumeStableRescueTest-751344636-project-member] Matched version: v2 {{(pid=102154) process_request /opt/stack/glance/glance/api/middleware/version_negotiation.py:69}}
Jun 04 07:28:39.879710 np0000002108 devstack@g-api.service[102154]: DEBUG glance.api.middleware.version_negotiation [None req-7444043e-b376-432a-bc26-e519d53e7ed9 tempest-ServerBootFromVolumeStableRescueTest-751344636 tempest-ServerBootFromVolumeStableRescueTest-751344636-project-member] new path /v2/images/3b72ffe8-5787-4f06-acf2-1cf50408c050/file {{(pid=102154) process_request /opt/stack/glance/glance/api/middleware/version_negotiation.py:70}}
Jun 04 07:28:39.886809 np0000002108 devstack@g-api.service[102155]: [pid: 102155|app: 0|req: 97/284] 127.0.0.1 () {40 vars in 838 bytes} [Thu Jun 4 07:28:39 2026] GET /v2/images/352175c2-d97e-451b-a523-21034afed32c => generated 808 bytes in 11 msecs (HTTP/1.1 200) 4 headers in 157 bytes (1 switches on core 0)
Jun 04 07:28:40.005508 np0000002108 devstack@g-api.service[102153]: DEBUG glance.api.middleware.version_negotiation [None req-e305fb8b-0908-4044-86d8-14945f455115 tempest-ImageDependencyTests-1803533763 tempest-ImageDependencyTests-1803533763-project-member] Determining version of request: GET /v2/images/352175c2-d97e-451b-a523-21034afed32c Accept: */* {{(pid=102153) process_request /opt/stack/glance/glance/api/middleware/version_negotiation.py:44}}
Jun 04 07:28:40.005672 np0000002108 devstack@g-api.service[102153]: DEBUG glance.api.middleware.version_negotiation [None req-e305fb8b-0908-4044-86d8-14945f455115 tempest-ImageDependencyTests-1803533763 tempest-ImageDependencyTests-1803533763-project-member] Using url versioning {{(pid=102153) process_request /opt/stack/glance/glance/api/middleware/version_negotiation.py:57}}
Jun 04 07:28:40.005743 np0000002108 devstack@g-api.service[102153]: DEBUG glance.api.middleware.version_negotiation [None req-e305fb8b-0908-4044-86d8-14945f455115 tempest-ImageDependencyTests-1803533763 tempest-ImageDependencyTests-1803533763-project-member] Matched version: v2 {{(pid=102153) process_request /opt/stack/glance/glance/api/middleware/version_negotiation.py:69}}
Jun 04 07:28:40.005814 np0000002108 devstack@g-api.service[102153]: DEBUG glance.api.middleware.version_negotiation [None req-e305fb8b-0908-4044-86d8-14945f455115 tempest-ImageDependencyTests-1803533763 tempest-ImageDependencyTests-1803533763-project-member] new path /v2/images/352175c2-d97e-451b-a523-21034afed32c {{(pid=102153) process_request /opt/stack/glance/glance/api/middleware/version_negotiation.py:70}}
Jun 04 07:28:40.016486 np0000002108 devstack@g-api.service[102153]: [pid: 102153|app: 0|req: 93/285] 127.0.0.1 () {44 vars in 1115 bytes} [Thu Jun 4 07:28:40 2026] GET /v2/images/352175c2-d97e-451b-a523-21034afed32c => generated 808 bytes in 11 msecs (HTTP/1.1 200) 4 headers in 157 bytes (1 switches on core 0)
Jun 04 07:28:40.018485 np0000002108 devstack@g-api.service[102155]: DEBUG glance.api.middleware.version_negotiation [None req-1051af42-7fe4-49d8-97c0-f77c25b47bbd tempest-ImageDependencyTests-1803533763 tempest-ImageDependencyTests-1803533763-project-member] Determining version of request: GET /v2/images/3b72ffe8-5787-4f06-acf2-1cf50408c050 Accept: application/json {{(pid=102155) process_request /opt/stack/glance/glance/api/middleware/version_negotiation.py:44}}
Jun 04 07:28:40.018485 np0000002108 devstack@g-api.service[102155]: DEBUG glance.api.middleware.version_negotiation [None req-1051af42-7fe4-49d8-97c0-f77c25b47bbd tempest-ImageDependencyTests-1803533763 tempest-ImageDependencyTests-1803533763-project-member] Using url versioning {{(pid=102155) process_request /opt/stack/glance/glance/api/middleware/version_negotiation.py:57}}
Jun 04 07:28:40.018485 np0000002108 devstack@g-api.service[102155]: DEBUG glance.api.middleware.version_negotiation [None req-1051af42-7fe4-49d8-97c0-f77c25b47bbd tempest-ImageDependencyTests-1803533763 tempest-ImageDependencyTests-1803533763-project-member] Matched version: v2 {{(pid=102155) process_request /opt/stack/glance/glance/api/middleware/version_negotiation.py:69}}
Jun 04 07:28:40.018485 np0000002108 devstack@g-api.service[102155]: DEBUG glance.api.middleware.version_negotiation [None req-1051af42-7fe4-49d8-97c0-f77c25b47bbd tempest-ImageDependencyTests-1803533763 tempest-ImageDependencyTests-1803533763-project-member] new path /v2/images/3b72ffe8-5787-4f06-acf2-1cf50408c050 {{(pid=102155) process_request /opt/stack/glance/glance/api/middleware/version_negotiation.py:70}}
Jun 04 07:28:40.024166 np0000002108 devstack@g-api.service[102153]: DEBUG glance.api.middleware.version_negotiation [None req-3f561227-6b55-4394-b973-bba7ea483022 tempest-ImageDependencyTests-1803533763 tempest-ImageDependencyTests-1803533763-project-member] Determining version of request: GET /v2/schemas/image Accept: */* {{(pid=102153) process_request /opt/stack/glance/glance/api/middleware/version_negotiation.py:44}}
Jun 04 07:28:40.024328 np0000002108 devstack@g-api.service[102153]: DEBUG glance.api.middleware.version_negotiation [None req-3f561227-6b55-4394-b973-bba7ea483022 tempest-ImageDependencyTests-1803533763 tempest-ImageDependencyTests-1803533763-project-member] Using url versioning {{(pid=102153) process_request /opt/stack/glance/glance/api/middleware/version_negotiation.py:57}}
Jun 04 07:28:40.025153 np0000002108 devstack@g-api.service[102153]: DEBUG glance.api.middleware.version_negotiation [None req-3f561227-6b55-4394-b973-bba7ea483022 tempest-ImageDependencyTests-1803533763 tempest-ImageDependencyTests-1803533763-project-member] Matched version: v2 {{(pid=102153) process_request /opt/stack/glance/glance/api/middleware/version_negotiation.py:69}}
Jun 04 07:28:40.025254 np0000002108 devstack@g-api.service[102153]: DEBUG glance.api.middleware.version_negotiation [None req-3f561227-6b55-4394-b973-bba7ea483022 tempest-ImageDependencyTests-1803533763 tempest-ImageDependencyTests-1803533763-project-member] new path /v2/schemas/image {{(pid=102153) process_request /opt/stack/glance/glance/api/middleware/version_negotiation.py:70}}
Jun 04 07:28:40.028911 np0000002108 devstack@g-api.service[102153]: [pid: 102153|app: 0|req: 94/286] 127.0.0.1 () {44 vars in 1055 bytes} [Thu Jun 4 07:28:40 2026] GET /v2/schemas/image => generated 6083 bytes in 5 msecs (HTTP/1.1 200) 4 headers in 158 bytes (1 switches on core 0)
Jun 04 07:28:40.038791 np0000002108 devstack@g-api.service[102155]: [pid: 102155|app: 0|req: 98/287] 127.0.0.1 () {40 vars in 838 bytes} [Thu Jun 4 07:28:40 2026] GET /v2/images/3b72ffe8-5787-4f06-acf2-1cf50408c050 => generated 1469 bytes in 21 msecs (HTTP/1.1 200) 4 headers in 158 bytes (1 switches on core 0)
Jun 04 07:28:40.040048 np0000002108 devstack@g-api.service[102153]: DEBUG glance.api.middleware.version_negotiation [None req-3f561227-6b55-4394-b973-bba7ea483022 tempest-ImageDependencyTests-1803533763 tempest-ImageDependencyTests-1803533763-project-member] Determining version of request: GET /v2/schemas/image Accept: */* {{(pid=102153) process_request /opt/stack/glance/glance/api/middleware/version_negotiation.py:44}}
Jun 04 07:28:40.040231 np0000002108 devstack@g-api.service[102153]: DEBUG glance.api.middleware.version_negotiation [None req-3f561227-6b55-4394-b973-bba7ea483022 tempest-ImageDependencyTests-1803533763 tempest-ImageDependencyTests-1803533763-project-member] Using url versioning {{(pid=102153) process_request /opt/stack/glance/glance/api/middleware/version_negotiation.py:57}}
Jun 04 07:28:40.040402 np0000002108 devstack@g-api.service[102153]: DEBUG glance.api.middleware.version_negotiation [None req-3f561227-6b55-4394-b973-bba7ea483022 tempest-ImageDependencyTests-1803533763 tempest-ImageDependencyTests-1803533763-project-member] Matched version: v2 {{(pid=102153) process_request /opt/stack/glance/glance/api/middleware/version_negotiation.py:69}}
Jun 04 07:28:40.040491 np0000002108 devstack@g-api.service[102153]: DEBUG glance.api.middleware.version_negotiation [None req-3f561227-6b55-4394-b973-bba7ea483022 tempest-ImageDependencyTests-1803533763 tempest-ImageDependencyTests-1803533763-project-member] new path /v2/schemas/image {{(pid=102153) process_request /opt/stack/glance/glance/api/middleware/version_negotiation.py:70}}
Jun 04 07:28:40.046492 np0000002108 devstack@g-api.service[102153]: [pid: 102153|app: 0|req: 95/288] 127.0.0.1 () {44 vars in 1055 bytes} [Thu Jun 4 07:28:40 2026] GET /v2/schemas/image => generated 6083 bytes in 4 msecs (HTTP/1.1 200) 4 headers in 158 bytes (1 switches on core 0)
Jun 04 07:28:40.053187 np0000002108 devstack@g-api.service[102155]: DEBUG glance.api.middleware.version_negotiation [None req-2c166aaf-a2c8-409d-8aff-d1a185942343 tempest-ServerBootFromVolumeStableRescueTest-751344636 tempest-ServerBootFromVolumeStableRescueTest-751344636-project-member] Determining version of request: GET /v2/images/352175c2-d97e-451b-a523-21034afed32c Accept: */* {{(pid=102155) process_request /opt/stack/glance/glance/api/middleware/version_negotiation.py:44}}
Jun 04 07:28:40.053387 np0000002108 devstack@g-api.service[102155]: DEBUG glance.api.middleware.version_negotiation [None req-2c166aaf-a2c8-409d-8aff-d1a185942343 tempest-ServerBootFromVolumeStableRescueTest-751344636 tempest-ServerBootFromVolumeStableRescueTest-751344636-project-member] Using url versioning {{(pid=102155) process_request /opt/stack/glance/glance/api/middleware/version_negotiation.py:57}}
Jun 04 07:28:40.053562 np0000002108 devstack@g-api.service[102155]: DEBUG glance.api.middleware.version_negotiation [None req-2c166aaf-a2c8-409d-8aff-d1a185942343 tempest-ServerBootFromVolumeStableRescueTest-751344636 tempest-ServerBootFromVolumeStableRescueTest-751344636-project-member] Matched version: v2 {{(pid=102155) process_request /opt/stack/glance/glance/api/middleware/version_negotiation.py:69}}
Jun 04 07:28:40.053746 np0000002108 devstack@g-api.service[102155]: DEBUG glance.api.middleware.version_negotiation [None req-2c166aaf-a2c8-409d-8aff-d1a185942343 tempest-ServerBootFromVolumeStableRescueTest-751344636 tempest-ServerBootFromVolumeStableRescueTest-751344636-project-member] new path /v2/images/352175c2-d97e-451b-a523-21034afed32c {{(pid=102155) process_request /opt/stack/glance/glance/api/middleware/version_negotiation.py:70}}
Jun 04 07:28:40.067296 np0000002108 devstack@g-api.service[102155]: [pid: 102155|app: 0|req: 99/289] 127.0.0.1 () {44 vars in 1115 bytes} [Thu Jun 4 07:28:40 2026] GET /v2/images/352175c2-d97e-451b-a523-21034afed32c => generated 808 bytes in 15 msecs (HTTP/1.1 200) 4 headers in 157 bytes (1 switches on core 0)
Jun 04 07:28:40.075800 np0000002108 devstack@g-api.service[102153]: DEBUG glance.api.middleware.version_negotiation [None req-3f561227-6b55-4394-b973-bba7ea483022 tempest-ImageDependencyTests-1803533763 tempest-ImageDependencyTests-1803533763-project-member] Determining version of request: GET /v2/schemas/image Accept: */* {{(pid=102153) process_request /opt/stack/glance/glance/api/middleware/version_negotiation.py:44}}
Jun 04 07:28:40.075954 np0000002108 devstack@g-api.service[102153]: DEBUG glance.api.middleware.version_negotiation [None req-3f561227-6b55-4394-b973-bba7ea483022 tempest-ImageDependencyTests-1803533763 tempest-ImageDependencyTests-1803533763-project-member] Using url versioning {{(pid=102153) process_request /opt/stack/glance/glance/api/middleware/version_negotiation.py:57}}
Jun 04 07:28:40.076080 np0000002108 devstack@g-api.service[102153]: DEBUG glance.api.middleware.version_negotiation [None req-3f561227-6b55-4394-b973-bba7ea483022 tempest-ImageDependencyTests-1803533763 tempest-ImageDependencyTests-1803533763-project-member] Matched version: v2 {{(pid=102153) process_request /opt/stack/glance/glance/api/middleware/version_negotiation.py:69}}
Jun 04 07:28:40.076170 np0000002108 devstack@g-api.service[102153]: DEBUG glance.api.middleware.version_negotiation [None req-3f561227-6b55-4394-b973-bba7ea483022 tempest-ImageDependencyTests-1803533763 tempest-ImageDependencyTests-1803533763-project-member] new path /v2/schemas/image {{(pid=102153) process_request /opt/stack/glance/glance/api/middleware/version_negotiation.py:70}}
Jun 04 07:28:40.081054 np0000002108 devstack@g-api.service[102153]: [pid: 102153|app: 0|req: 96/290] 127.0.0.1 () {44 vars in 1055 bytes} [Thu Jun 4 07:28:40 2026] GET /v2/schemas/image => generated 6083 bytes in 5 msecs (HTTP/1.1 200) 4 headers in 158 bytes (1 switches on core 0)
Jun 04 07:28:40.088371 np0000002108 devstack@g-api.service[102155]: DEBUG glance.api.middleware.version_negotiation [None req-3f561227-6b55-4394-b973-bba7ea483022 tempest-ImageDependencyTests-1803533763 tempest-ImageDependencyTests-1803533763-project-member] Determining version of request: GET /v2/schemas/image Accept: */* {{(pid=102155) process_request /opt/stack/glance/glance/api/middleware/version_negotiation.py:44}}
Jun 04 07:28:40.088487 np0000002108 devstack@g-api.service[102155]: DEBUG glance.api.middleware.version_negotiation [None req-3f561227-6b55-4394-b973-bba7ea483022 tempest-ImageDependencyTests-1803533763 tempest-ImageDependencyTests-1803533763-project-member] Using url versioning {{(pid=102155) process_request /opt/stack/glance/glance/api/middleware/version_negotiation.py:57}}
Jun 04 07:28:40.088595 np0000002108 devstack@g-api.service[102155]: DEBUG glance.api.middleware.version_negotiation [None req-3f561227-6b55-4394-b973-bba7ea483022 tempest-ImageDependencyTests-1803533763 tempest-ImageDependencyTests-1803533763-project-member] Matched version: v2 {{(pid=102155) process_request /opt/stack/glance/glance/api/middleware/version_negotiation.py:69}}
Jun 04 07:28:40.088679 np0000002108 devstack@g-api.service[102155]: DEBUG glance.api.middleware.version_negotiation [None req-3f561227-6b55-4394-b973-bba7ea483022 tempest-ImageDependencyTests-1803533763 tempest-ImageDependencyTests-1803533763-project-member] new path /v2/schemas/image {{(pid=102155) process_request /opt/stack/glance/glance/api/middleware/version_negotiation.py:70}}
Jun 04 07:28:40.090974 np0000002108 devstack@g-api.service[102155]: [pid: 102155|app: 0|req: 100/291] 127.0.0.1 () {44 vars in 1055 bytes} [Thu Jun 4 07:28:40 2026] GET /v2/schemas/image => generated 6083 bytes in 2 msecs (HTTP/1.1 200) 4 headers in 158 bytes (1 switches on core 0)
Jun 04 07:28:40.110075 np0000002108 devstack@g-api.service[102153]: DEBUG glance.api.middleware.version_negotiation [None req-3f561227-6b55-4394-b973-bba7ea483022 tempest-ImageDependencyTests-1803533763 tempest-ImageDependencyTests-1803533763-project-member] Determining version of request: GET /v2/images/352175c2-d97e-451b-a523-21034afed32c Accept: */* {{(pid=102153) process_request /opt/stack/glance/glance/api/middleware/version_negotiation.py:44}}
Jun 04 07:28:40.110196 np0000002108 devstack@g-api.service[102153]: DEBUG glance.api.middleware.version_negotiation [None req-3f561227-6b55-4394-b973-bba7ea483022 tempest-ImageDependencyTests-1803533763 tempest-ImageDependencyTests-1803533763-project-member] Using url versioning {{(pid=102153) process_request /opt/stack/glance/glance/api/middleware/version_negotiation.py:57}}
Jun 04 07:28:40.110305 np0000002108 devstack@g-api.service[102153]: DEBUG glance.api.middleware.version_negotiation [None req-3f561227-6b55-4394-b973-bba7ea483022 tempest-ImageDependencyTests-1803533763 tempest-ImageDependencyTests-1803533763-project-member] Matched version: v2 {{(pid=102153) process_request /opt/stack/glance/glance/api/middleware/version_negotiation.py:69}}
Jun 04 07:28:40.110429 np0000002108 devstack@g-api.service[102153]: DEBUG glance.api.middleware.version_negotiation [None req-3f561227-6b55-4394-b973-bba7ea483022 tempest-ImageDependencyTests-1803533763 tempest-ImageDependencyTests-1803533763-project-member] new path /v2/images/352175c2-d97e-451b-a523-21034afed32c {{(pid=102153) process_request /opt/stack/glance/glance/api/middleware/version_negotiation.py:70}}
Jun 04 07:28:40.117819 np0000002108 devstack@g-api.service[102153]: [pid: 102153|app: 0|req: 97/292] 127.0.0.1 () {44 vars in 1115 bytes} [Thu Jun 4 07:28:40 2026] GET /v2/images/352175c2-d97e-451b-a523-21034afed32c => generated 808 bytes in 8 msecs (HTTP/1.1 200) 4 headers in 157 bytes (1 switches on core 0)
Jun 04 07:28:40.127602 np0000002108 devstack@g-api.service[102155]: DEBUG glance.api.middleware.version_negotiation [None req-3f561227-6b55-4394-b973-bba7ea483022 tempest-ImageDependencyTests-1803533763 tempest-ImageDependencyTests-1803533763-project-member] Determining version of request: GET /v2/schemas/image Accept: */* {{(pid=102155) process_request /opt/stack/glance/glance/api/middleware/version_negotiation.py:44}}
Jun 04 07:28:40.127602 np0000002108 devstack@g-api.service[102155]: DEBUG glance.api.middleware.version_negotiation [None req-3f561227-6b55-4394-b973-bba7ea483022 tempest-ImageDependencyTests-1803533763 tempest-ImageDependencyTests-1803533763-project-member] Using url versioning {{(pid=102155) process_request /opt/stack/glance/glance/api/middleware/version_negotiation.py:57}}
Jun 04 07:28:40.127602 np0000002108 devstack@g-api.service[102155]: DEBUG glance.api.middleware.version_negotiation [None req-3f561227-6b55-4394-b973-bba7ea483022 tempest-ImageDependencyTests-1803533763 tempest-ImageDependencyTests-1803533763-project-member] Matched version: v2 {{(pid=102155) process_request /opt/stack/glance/glance/api/middleware/version_negotiation.py:69}}
Jun 04 07:28:40.127602 np0000002108 devstack@g-api.service[102155]: DEBUG glance.api.middleware.version_negotiation [None req-3f561227-6b55-4394-b973-bba7ea483022 tempest-ImageDependencyTests-1803533763 tempest-ImageDependencyTests-1803533763-project-member] new path /v2/schemas/image {{(pid=102155) process_request /opt/stack/glance/glance/api/middleware/version_negotiation.py:70}}
Jun 04 07:28:40.131557 np0000002108 devstack@g-api.service[102155]: [pid: 102155|app: 0|req: 101/293] 127.0.0.1 () {44 vars in 1055 bytes} [Thu Jun 4 07:28:40 2026] GET /v2/schemas/image => generated 6083 bytes in 5 msecs (HTTP/1.1 200) 4 headers in 158 bytes (1 switches on core 0)
Jun 04 07:28:40.453241 np0000002108 devstack@g-api.service[102154]: INFO glance.api.v2.image_data [None req-7444043e-b376-432a-bc26-e519d53e7ed9 tempest-ServerBootFromVolumeStableRescueTest-751344636 tempest-ServerBootFromVolumeStableRescueTest-751344636-project-member] Unable to create trust: no such option collect_timing in group [keystone_authtoken] Use the existing user token.
Jun 04 07:28:40.540858 np0000002108 devstack@g-api.service[102153]: DEBUG glance.api.middleware.version_negotiation [None req-3f561227-6b55-4394-b973-bba7ea483022 tempest-ImageDependencyTests-1803533763 tempest-ImageDependencyTests-1803533763-project-member] Determining version of request: GET /versions Accept: */* {{(pid=102153) process_request /opt/stack/glance/glance/api/middleware/version_negotiation.py:44}}
Jun 04 07:28:40.541342 np0000002108 devstack@g-api.service[102153]: [pid: 102153|app: 0|req: 98/294] 127.0.0.1 () {44 vars in 1039 bytes} [Thu Jun 4 07:28:40 2026] GET /versions => generated 1407 bytes in 1 msecs (HTTP/1.1 200) 3 headers in 92 bytes (1 switches on core 0)
Jun 04 07:28:40.549742 np0000002108 devstack@g-api.service[102155]: DEBUG glance.api.middleware.version_negotiation [None req-3f561227-6b55-4394-b973-bba7ea483022 tempest-ImageDependencyTests-1803533763 tempest-ImageDependencyTests-1803533763-project-member] Determining version of request: GET /v2/images/352175c2-d97e-451b-a523-21034afed32c/locations Accept: */* {{(pid=102155) process_request /opt/stack/glance/glance/api/middleware/version_negotiation.py:44}}
Jun 04 07:28:40.549897 np0000002108 devstack@g-api.service[102155]: DEBUG glance.api.middleware.version_negotiation [None req-3f561227-6b55-4394-b973-bba7ea483022 tempest-ImageDependencyTests-1803533763 tempest-ImageDependencyTests-1803533763-project-member] Using url versioning {{(pid=102155) process_request /opt/stack/glance/glance/api/middleware/version_negotiation.py:57}}
Jun 04 07:28:40.550019 np0000002108 devstack@g-api.service[102155]: DEBUG glance.api.middleware.version_negotiation [None req-3f561227-6b55-4394-b973-bba7ea483022 tempest-ImageDependencyTests-1803533763 tempest-ImageDependencyTests-1803533763-project-member] Matched version: v2 {{(pid=102155) process_request /opt/stack/glance/glance/api/middleware/version_negotiation.py:69}}
Jun 04 07:28:40.550112 np0000002108 devstack@g-api.service[102155]: DEBUG glance.api.middleware.version_negotiation [None req-3f561227-6b55-4394-b973-bba7ea483022 tempest-ImageDependencyTests-1803533763 tempest-ImageDependencyTests-1803533763-project-member] new path /v2/images/352175c2-d97e-451b-a523-21034afed32c/locations {{(pid=102155) process_request /opt/stack/glance/glance/api/middleware/version_negotiation.py:70}}
Jun 04 07:28:40.691351 np0000002108 devstack@g-api.service[102155]: [pid: 102155|app: 0|req: 102/295] 127.0.0.1 () {44 vars in 1135 bytes} [Thu Jun 4 07:28:40 2026] GET /v2/images/352175c2-d97e-451b-a523-21034afed32c/locations => generated 92 bytes in 141 msecs (HTTP/1.1 200) 4 headers in 156 bytes (1 switches on core 0)
Jun 04 07:28:40.711198 np0000002108 devstack@g-api.service[102153]: DEBUG glance.api.middleware.version_negotiation [None req-3f561227-6b55-4394-b973-bba7ea483022 tempest-ImageDependencyTests-1803533763 tempest-ImageDependencyTests-1803533763-project-member] Determining version of request: GET /v2/images/352175c2-d97e-451b-a523-21034afed32c Accept: */* {{(pid=102153) process_request /opt/stack/glance/glance/api/middleware/version_negotiation.py:44}}
Jun 04 07:28:40.711556 np0000002108 devstack@g-api.service[102153]: DEBUG glance.api.middleware.version_negotiation [None req-3f561227-6b55-4394-b973-bba7ea483022 tempest-ImageDependencyTests-1803533763 tempest-ImageDependencyTests-1803533763-project-member] Using url versioning {{(pid=102153) process_request /opt/stack/glance/glance/api/middleware/version_negotiation.py:57}}
Jun 04 07:28:40.711556 np0000002108 devstack@g-api.service[102153]: DEBUG glance.api.middleware.version_negotiation [None req-3f561227-6b55-4394-b973-bba7ea483022 tempest-ImageDependencyTests-1803533763 tempest-ImageDependencyTests-1803533763-project-member] Matched version: v2 {{(pid=102153) process_request /opt/stack/glance/glance/api/middleware/version_negotiation.py:69}}
Jun 04 07:28:40.711556 np0000002108 devstack@g-api.service[102153]: DEBUG glance.api.middleware.version_negotiation [None req-3f561227-6b55-4394-b973-bba7ea483022 tempest-ImageDependencyTests-1803533763 tempest-ImageDependencyTests-1803533763-project-member] new path /v2/images/352175c2-d97e-451b-a523-21034afed32c {{(pid=102153) process_request /opt/stack/glance/glance/api/middleware/version_negotiation.py:70}}
Jun 04 07:28:40.721745 np0000002108 devstack@g-api.service[102153]: [pid: 102153|app: 0|req: 99/296] 127.0.0.1 () {44 vars in 1115 bytes} [Thu Jun 4 07:28:40 2026] GET /v2/images/352175c2-d97e-451b-a523-21034afed32c => generated 808 bytes in 10 msecs (HTTP/1.1 200) 4 headers in 157 bytes (1 switches on core 0)
Jun 04 07:28:40.732528 np0000002108 devstack@g-api.service[102155]: DEBUG glance.api.middleware.version_negotiation [None req-3f561227-6b55-4394-b973-bba7ea483022 service glance] Determining version of request: GET /v2/schemas/image Accept: */* {{(pid=102155) process_request /opt/stack/glance/glance/api/middleware/version_negotiation.py:44}}
Jun 04 07:28:40.732528 np0000002108 devstack@g-api.service[102155]: DEBUG glance.api.middleware.version_negotiation [None req-3f561227-6b55-4394-b973-bba7ea483022 service glance] Using url versioning {{(pid=102155) process_request /opt/stack/glance/glance/api/middleware/version_negotiation.py:57}}
Jun 04 07:28:40.732528 np0000002108 devstack@g-api.service[102155]: DEBUG glance.api.middleware.version_negotiation [None req-3f561227-6b55-4394-b973-bba7ea483022 service glance] Matched version: v2 {{(pid=102155) process_request /opt/stack/glance/glance/api/middleware/version_negotiation.py:69}}
Jun 04 07:28:40.732528 np0000002108 devstack@g-api.service[102155]: DEBUG glance.api.middleware.version_negotiation [None req-3f561227-6b55-4394-b973-bba7ea483022 service glance] new path /v2/schemas/image {{(pid=102155) process_request /opt/stack/glance/glance/api/middleware/version_negotiation.py:70}}
Jun 04 07:28:40.736011 np0000002108 devstack@g-api.service[102155]: [pid: 102155|app: 0|req: 103/297] 127.0.0.1 () {44 vars in 1055 bytes} [Thu Jun 4 07:28:40 2026] GET /v2/schemas/image => generated 6083 bytes in 4 msecs (HTTP/1.1 200) 4 headers in 158 bytes (1 switches on core 0)
Jun 04 07:28:40.748382 np0000002108 devstack@g-api.service[102153]: DEBUG glance.api.middleware.version_negotiation [None req-3f561227-6b55-4394-b973-bba7ea483022 tempest-ImageDependencyTests-1803533763 tempest-ImageDependencyTests-1803533763-project-member] Determining version of request: GET /v2/schemas/image Accept: */* {{(pid=102153) process_request /opt/stack/glance/glance/api/middleware/version_negotiation.py:44}}
Jun 04 07:28:40.748747 np0000002108 devstack@g-api.service[102153]: DEBUG glance.api.middleware.version_negotiation [None req-3f561227-6b55-4394-b973-bba7ea483022 tempest-ImageDependencyTests-1803533763 tempest-ImageDependencyTests-1803533763-project-member] Using url versioning {{(pid=102153) process_request /opt/stack/glance/glance/api/middleware/version_negotiation.py:57}}
Jun 04 07:28:40.748747 np0000002108 devstack@g-api.service[102153]: DEBUG glance.api.middleware.version_negotiation [None req-3f561227-6b55-4394-b973-bba7ea483022 tempest-ImageDependencyTests-1803533763 tempest-ImageDependencyTests-1803533763-project-member] Matched version: v2 {{(pid=102153) process_request /opt/stack/glance/glance/api/middleware/version_negotiation.py:69}}
Jun 04 07:28:40.748927 np0000002108 devstack@g-api.service[102153]: DEBUG glance.api.middleware.version_negotiation [None req-3f561227-6b55-4394-b973-bba7ea483022 tempest-ImageDependencyTests-1803533763 tempest-ImageDependencyTests-1803533763-project-member] new path /v2/schemas/image {{(pid=102153) process_request /opt/stack/glance/glance/api/middleware/version_negotiation.py:70}}
Jun 04 07:28:40.751970 np0000002108 devstack@g-api.service[102153]: [pid: 102153|app: 0|req: 100/298] 127.0.0.1 () {44 vars in 1055 bytes} [Thu Jun 4 07:28:40 2026] GET /v2/schemas/image => generated 6083 bytes in 4 msecs (HTTP/1.1 200) 4 headers in 158 bytes (1 switches on core 0)
Jun 04 07:28:40.789227 np0000002108 devstack@g-api.service[102155]: DEBUG glance.api.middleware.version_negotiation [None req-3f561227-6b55-4394-b973-bba7ea483022 tempest-ImageDependencyTests-1803533763 tempest-ImageDependencyTests-1803533763-project-member] Determining version of request: GET /v2/images/352175c2-d97e-451b-a523-21034afed32c Accept: */* {{(pid=102155) process_request /opt/stack/glance/glance/api/middleware/version_negotiation.py:44}}
Jun 04 07:28:40.790452 np0000002108 devstack@g-api.service[102155]: DEBUG glance.api.middleware.version_negotiation [None req-3f561227-6b55-4394-b973-bba7ea483022 tempest-ImageDependencyTests-1803533763 tempest-ImageDependencyTests-1803533763-project-member] Using url versioning {{(pid=102155) process_request /opt/stack/glance/glance/api/middleware/version_negotiation.py:57}}
Jun 04 07:28:40.790452 np0000002108 devstack@g-api.service[102155]: DEBUG glance.api.middleware.version_negotiation [None req-3f561227-6b55-4394-b973-bba7ea483022 tempest-ImageDependencyTests-1803533763 tempest-ImageDependencyTests-1803533763-project-member] Matched version: v2 {{(pid=102155) process_request /opt/stack/glance/glance/api/middleware/version_negotiation.py:69}}
Jun 04 07:28:40.790452 np0000002108 devstack@g-api.service[102155]: DEBUG glance.api.middleware.version_negotiation [None req-3f561227-6b55-4394-b973-bba7ea483022 tempest-ImageDependencyTests-1803533763 tempest-ImageDependencyTests-1803533763-project-member] new path /v2/images/352175c2-d97e-451b-a523-21034afed32c {{(pid=102155) process_request /opt/stack/glance/glance/api/middleware/version_negotiation.py:70}}
Jun 04 07:28:40.805411 np0000002108 devstack@g-api.service[102155]: [pid: 102155|app: 0|req: 104/299] 127.0.0.1 () {44 vars in 1115 bytes} [Thu Jun 4 07:28:40 2026] GET /v2/images/352175c2-d97e-451b-a523-21034afed32c => generated 808 bytes in 16 msecs (HTTP/1.1 200) 4 headers in 157 bytes (1 switches on core 0)
Jun 04 07:28:40.812070 np0000002108 devstack@g-api.service[102153]: DEBUG glance.api.middleware.version_negotiation [None req-3f561227-6b55-4394-b973-bba7ea483022 tempest-ImageDependencyTests-1803533763 tempest-ImageDependencyTests-1803533763-project-member] Determining version of request: GET /v2/images/352175c2-d97e-451b-a523-21034afed32c/file Accept: */* {{(pid=102153) process_request /opt/stack/glance/glance/api/middleware/version_negotiation.py:44}}
Jun 04 07:28:40.812530 np0000002108 devstack@g-api.service[102153]: DEBUG glance.api.middleware.version_negotiation [None req-3f561227-6b55-4394-b973-bba7ea483022 tempest-ImageDependencyTests-1803533763 tempest-ImageDependencyTests-1803533763-project-member] Using url versioning {{(pid=102153) process_request /opt/stack/glance/glance/api/middleware/version_negotiation.py:57}}
